[INFO] cloning repository https://github.com/higgsofwolfram74/rwordfinder
[INFO] running `Command { std: "git" "-c" "credential.helper=" "-c" "credential.helper=/workspace/cargo-home/bin/git-credential-null" "clone" "--bare" "https://github.com/higgsofwolfram74/rwordfinder" "/workspace/cache/git-repos/https%3A%2F%2Fgithub.com%2Fhiggsofwolfram74%2Frwordfinder", kill_on_drop: false }`
[INFO] [stderr] Cloning into bare repository '/workspace/cache/git-repos/https%3A%2F%2Fgithub.com%2Fhiggsofwolfram74%2Frwordfinder'...
[INFO] running `Command { std: "git" "rev-parse" "HEAD", kill_on_drop: false }`
[INFO] [stdout] 131310c36691ca292a098cfa107db52f5eb24f8f
[INFO] checking higgsofwolfram74/rwordfinder against 1.55.0 for beta-1.56-3
[INFO] running `Command { std: "git" "clone" "/workspace/cache/git-repos/https%3A%2F%2Fgithub.com%2Fhiggsofwolfram74%2Frwordfinder" "/workspace/builds/worker-107/source", kill_on_drop: false }`
[INFO] [stderr] Cloning into '/workspace/builds/worker-107/source'...
[INFO] [stderr] done.
[INFO] validating manifest of git repo https://github.com/higgsofwolfram74/rwordfinder on toolchain 1.55.0
[INFO] running `Command { std: "/workspace/cargo-home/bin/cargo" "+1.55.0" "metadata" "--manifest-path" "Cargo.toml" "--no-deps", kill_on_drop: false }`
[INFO] started tweaking git repo https://github.com/higgsofwolfram74/rwordfinder
[INFO] finished tweaking git repo https://github.com/higgsofwolfram74/rwordfinder
[INFO] tweaked toml for git repo https://github.com/higgsofwolfram74/rwordfinder written to /workspace/builds/worker-107/source/Cargo.toml
[INFO] crate git repo https://github.com/higgsofwolfram74/rwordfinder already has a lockfile, it will not be regenerated
[INFO] running `Command { std: "/workspace/cargo-home/bin/cargo" "+1.55.0" "fetch" "--manifest-path" "Cargo.toml", kill_on_drop: false }`
[INFO] [stderr]     Blocking waiting for file lock on package cache
[INFO] [stderr]     Blocking waiting for file lock on package cache
[INFO] [stderr]  Downloading crates ...
[INFO] [stderr]   Downloaded wfd v0.1.7
[INFO] [stderr]   Downloaded memoffset v0.6.3
[INFO] [stderr]   Downloaded crossbeam-epoch v0.9.4
[INFO] [stderr]   Downloaded native-dialog v0.5.5
[INFO] running `Command { std: "docker" "create" "-v" "/var/lib/crater-agent-workspace/builds/worker-107/target:/opt/rustwide/target:rw,Z" "-v" "/var/lib/crater-agent-workspace/builds/worker-107/source:/opt/rustwide/workdir:ro,Z" "-v" "/var/lib/crater-agent-workspace/cargo-home:/opt/rustwide/cargo-home:ro,Z" "-v" "/var/lib/crater-agent-workspace/rustup-home:/opt/rustwide/rustup-home:ro,Z" "-e" "SOURCE_DIR=/opt/rustwide/workdir" "-e" "CARGO_TARGET_DIR=/opt/rustwide/target" "-e" "CARGO_HOME=/opt/rustwide/cargo-home" "-e" "RUSTUP_HOME=/opt/rustwide/rustup-home" "-w" "/opt/rustwide/workdir" "-m" "1610612736" "--user" "0:0" "--network" "none" "ghcr.io/rust-lang/crates-build-env/linux@sha256:a89201d6b5b9fd45c15d5952ece0a0129e7e80cb26ec023fd59cf09bc26f1604" "/opt/rustwide/cargo-home/bin/cargo" "+1.55.0" "metadata" "--no-deps" "--format-version=1", kill_on_drop: false }`
[INFO] [stdout] f796b3effb8fb20f5a140a5c30491131558feb41b0a331cfd43147e652ec3a19
[INFO] running `Command { std: "docker" "start" "-a" "f796b3effb8fb20f5a140a5c30491131558feb41b0a331cfd43147e652ec3a19", kill_on_drop: false }`
[INFO] running `Command { std: "docker" "inspect" "f796b3effb8fb20f5a140a5c30491131558feb41b0a331cfd43147e652ec3a19", kill_on_drop: false }`
[INFO] running `Command { std: "docker" "rm" "-f" "f796b3effb8fb20f5a140a5c30491131558feb41b0a331cfd43147e652ec3a19", kill_on_drop: false }`
[INFO] [stdout] f796b3effb8fb20f5a140a5c30491131558feb41b0a331cfd43147e652ec3a19
[INFO] running `Command { std: "docker" "create" "-v" "/var/lib/crater-agent-workspace/builds/worker-107/target:/opt/rustwide/target:rw,Z" "-v" "/var/lib/crater-agent-workspace/builds/worker-107/source:/opt/rustwide/workdir:ro,Z" "-v" "/var/lib/crater-agent-workspace/cargo-home:/opt/rustwide/cargo-home:ro,Z" "-v" "/var/lib/crater-agent-workspace/rustup-home:/opt/rustwide/rustup-home:ro,Z" "-e" "SOURCE_DIR=/opt/rustwide/workdir" "-e" "CARGO_TARGET_DIR=/opt/rustwide/target" "-e" "CARGO_INCREMENTAL=0" "-e" "RUST_BACKTRACE=full" "-e" "RUSTFLAGS=--cap-lints=warn" "-e" "CARGO_HOME=/opt/rustwide/cargo-home" "-e" "RUSTUP_HOME=/opt/rustwide/rustup-home" "-w" "/opt/rustwide/workdir" "-m" "1610612736" "--user" "0:0" "--network" "none" "ghcr.io/rust-lang/crates-build-env/linux@sha256:a89201d6b5b9fd45c15d5952ece0a0129e7e80cb26ec023fd59cf09bc26f1604" "/opt/rustwide/cargo-home/bin/cargo" "+1.55.0" "check" "--frozen" "--all" "--all-targets" "--message-format=json", kill_on_drop: false }`
[INFO] [stdout] b432e875457859baa67b04c0b8d7bb9dce7c5c839934fc5173543c3b935b1d53
[INFO] running `Command { std: "docker" "start" "-a" "b432e875457859baa67b04c0b8d7bb9dce7c5c839934fc5173543c3b935b1d53", kill_on_drop: false }`
[INFO] [stderr]     Blocking waiting for file lock on package cache
[INFO] [stderr]    Compiling libc v0.2.94
[INFO] [stderr]    Compiling proc-macro2 v1.0.27
[INFO] [stderr]    Compiling unicode-xid v0.2.2
[INFO] [stderr]    Compiling syn v1.0.72
[INFO] [stderr]     Checking either v1.6.1
[INFO] [stderr]    Compiling crossbeam-utils v0.8.4
[INFO] [stderr]    Compiling quote v1.0.9
[INFO] [stderr]     Checking num_cpus v1.13.0
[INFO] [stderr]     Checking dirs-sys-next v0.1.2
[INFO] [stderr]     Checking raw-window-handle v0.3.3
[INFO] [stderr]     Checking which v4.1.0
[INFO] [stderr]     Checking crossbeam-epoch v0.9.4
[INFO] [stderr]     Checking crossbeam-channel v0.5.1
[INFO] [stderr]     Checking dirs-next v2.0.0
[INFO] [stderr]     Checking crossbeam-deque v0.8.0
[INFO] [stderr]     Checking rayon-core v1.9.0
[INFO] [stderr]     Checking rayon v1.5.0
[INFO] [stderr]    Compiling thiserror-impl v1.0.25
[INFO] [stderr]     Checking thiserror v1.0.25
[INFO] [stderr]     Checking native-dialog v0.5.5
[INFO] [stderr]     Checking rwordfinder v0.1.0 (/opt/rustwide/workdir)
[INFO] [stdout] error[E0433]: failed to resolve: use of undeclared type `MessageType`
[INFO] [stdout]   --> src/main.rs:77:23
[INFO] [stdout]    |
[INFO] [stdout] 77 |             .set_type(MessageType::Info)
[INFO] [stdout]    |                       ^^^^^^^^^^^ use of undeclared type `MessageType`
[INFO] [stdout] 
[INFO] [stdout] 
[INFO] [stdout] error[E0433]: failed to resolve: use of undeclared type `FileDialog`
[INFO] [stdout]   --> src/main.rs:65:20
[INFO] [stdout]    |
[INFO] [stdout] 65 |         let path = FileDialog::new()
[INFO] [stdout]    |                    ^^^^^^^^^^ not found in this scope
[INFO] [stdout]    |
[INFO] [stdout] help: consider importing this struct
[INFO] [stdout]    |
[INFO] [stdout] 4  | use native_dialog::FileDialog;
[INFO] [stdout]    |
[INFO] [stdout] 
[INFO] [stdout] 
[INFO] [stdout] error[E0433]: failed to resolve: use of undeclared type `MessageDialog`
[INFO] [stdout]   --> src/main.rs:76:19
[INFO] [stdout]    |
[INFO] [stdout] 76 |         let yes = MessageDialog::new()
[INFO] [stdout]    |                   ^^^^^^^^^^^^^ not found in this scope
[INFO] [stdout]    |
[INFO] [stdout] help: consider importing this struct
[INFO] [stdout]    |
[INFO] [stdout] 4  | use native_dialog::MessageDialog;
[INFO] [stdout]    |
[INFO] [stdout] 
[INFO] [stdout] 
[INFO] [stdout] error[E0433]: failed to resolve: use of undeclared type `MessageType`
[INFO] [stdout]   --> src/main.rs:77:23
[INFO] [stdout]    |
[INFO] [stdout] 77 |             .set_type(MessageType::Info)
[INFO] [stdout]    |                       ^^^^^^^^^^^ use of undeclared type `MessageType`
[INFO] [stdout] 
[INFO] [stdout] 
[INFO] [stdout] error[E0433]: failed to resolve: use of undeclared type `FileDialog`
[INFO] [stdout]   --> src/main.rs:65:20
[INFO] [stdout]    |
[INFO] [stdout] 65 |         let path = FileDialog::new()
[INFO] [stdout]    |                    ^^^^^^^^^^ not found in this scope
[INFO] [stdout]    |
[INFO] [stdout] help: consider importing this struct
[INFO] [stdout]    |
[INFO] [stdout] 4  | use native_dialog::FileDialog;
[INFO] [stdout]    |
[INFO] [stdout] 
[INFO] [stdout] 
[INFO] [stdout] error[E0433]: failed to resolve: use of undeclared type `MessageDialog`
[INFO] [stdout]   --> src/main.rs:76:19
[INFO] [stdout]    |
[INFO] [stdout] 76 |         let yes = MessageDialog::new()
[INFO] [stdout]    |                   ^^^^^^^^^^^^^ not found in this scope
[INFO] [stdout]    |
[INFO] [stdout] help: consider importing this struct
[INFO] [stdout]    |
[INFO] [stdout] 4  | use native_dialog::MessageDialog;
[INFO] [stdout]    |
[INFO] [stdout] 
[INFO] [stdout] 
[INFO] [stdout] error: aborting due to 3 previous errors
[INFO] [stdout] 
[INFO] [stdout] 
[INFO] [stdout] For more information about this error, try `rustc --explain E0433`.
[INFO] [stdout] 
[INFO] [stderr] error: could not compile `rwordfinder` due to 4 previous errors
[INFO] [stderr] warning: build failed, waiting for other jobs to finish...
[INFO] [stdout] error: aborting due to 3 previous errors
[INFO] [stdout] 
[INFO] [stdout] 
[INFO] [stdout] For more information about this error, try `rustc --explain E0433`.
[INFO] [stdout] 
[INFO] [stderr] error: build failed
[INFO] running `Command { std: "docker" "inspect" "b432e875457859baa67b04c0b8d7bb9dce7c5c839934fc5173543c3b935b1d53", kill_on_drop: false }`
[INFO] running `Command { std: "docker" "rm" "-f" "b432e875457859baa67b04c0b8d7bb9dce7c5c839934fc5173543c3b935b1d53", kill_on_drop: false }`
[INFO] [stdout] b432e875457859baa67b04c0b8d7bb9dce7c5c839934fc5173543c3b935b1d53
