[INFO] cloning repository https://github.com/hideki1217/homNand
[INFO] running `Command { std: "git" "-c" "credential.helper=" "-c" "credential.helper=/workspace/cargo-home/bin/git-credential-null" "clone" "--bare" "https://github.com/hideki1217/homNand" "/workspace/cache/git-repos/https%3A%2F%2Fgithub.com%2Fhideki1217%2FhomNand", kill_on_drop: false }`
[INFO] [stderr] Cloning into bare repository '/workspace/cache/git-repos/https%3A%2F%2Fgithub.com%2Fhideki1217%2FhomNand'...
[INFO] running `Command { std: "git" "rev-parse" "HEAD", kill_on_drop: false }`
[INFO] [stdout] a5a910dedc09916b3aa849e54de8b1aacb099bdd
[INFO] checking hideki1217/homNand against beta-2021-10-15 for beta-1.56-3
[INFO] running `Command { std: "git" "clone" "/workspace/cache/git-repos/https%3A%2F%2Fgithub.com%2Fhideki1217%2FhomNand" "/workspace/builds/worker-96/source", kill_on_drop: false }`
[INFO] [stderr] Cloning into '/workspace/builds/worker-96/source'...
[INFO] [stderr] done.
[INFO] validating manifest of git repo https://github.com/hideki1217/homNand on toolchain beta-2021-10-15
[INFO] running `Command { std: "/workspace/cargo-home/bin/cargo" "+beta-2021-10-15" "metadata" "--manifest-path" "Cargo.toml" "--no-deps", kill_on_drop: false }`
[INFO] started tweaking git repo https://github.com/hideki1217/homNand
[INFO] finished tweaking git repo https://github.com/hideki1217/homNand
[INFO] tweaked toml for git repo https://github.com/hideki1217/homNand written to /workspace/builds/worker-96/source/Cargo.toml
[INFO] crate git repo https://github.com/hideki1217/homNand already has a lockfile, it will not be regenerated
[INFO] running `Command { std: "/workspace/cargo-home/bin/cargo" "+beta-2021-10-15" "fetch" "--manifest-path" "Cargo.toml", kill_on_drop: false }`
[INFO] [stderr]     Blocking waiting for file lock on package cache
[INFO] [stderr]     Blocking waiting for file lock on package cache
[INFO] running `Command { std: "docker" "create" "-v" "/var/lib/crater-agent-workspace/builds/worker-96/target:/opt/rustwide/target:rw,Z" "-v" "/var/lib/crater-agent-workspace/builds/worker-96/source:/opt/rustwide/workdir:ro,Z" "-v" "/var/lib/crater-agent-workspace/cargo-home:/opt/rustwide/cargo-home:ro,Z" "-v" "/var/lib/crater-agent-workspace/rustup-home:/opt/rustwide/rustup-home:ro,Z" "-e" "SOURCE_DIR=/opt/rustwide/workdir" "-e" "CARGO_TARGET_DIR=/opt/rustwide/target" "-e" "CARGO_HOME=/opt/rustwide/cargo-home" "-e" "RUSTUP_HOME=/opt/rustwide/rustup-home" "-w" "/opt/rustwide/workdir" "-m" "1610612736" "--user" "0:0" "--network" "none" "ghcr.io/rust-lang/crates-build-env/linux@sha256:a89201d6b5b9fd45c15d5952ece0a0129e7e80cb26ec023fd59cf09bc26f1604" "/opt/rustwide/cargo-home/bin/cargo" "+beta-2021-10-15" "metadata" "--no-deps" "--format-version=1", kill_on_drop: false }`
[INFO] [stdout] ca49928a37882f686c907d697780cf50e6d94177c8e9ad30312cf7c66e259665
[INFO] running `Command { std: "docker" "start" "-a" "ca49928a37882f686c907d697780cf50e6d94177c8e9ad30312cf7c66e259665", kill_on_drop: false }`
[INFO] running `Command { std: "docker" "inspect" "ca49928a37882f686c907d697780cf50e6d94177c8e9ad30312cf7c66e259665", kill_on_drop: false }`
[INFO] running `Command { std: "docker" "rm" "-f" "ca49928a37882f686c907d697780cf50e6d94177c8e9ad30312cf7c66e259665", kill_on_drop: false }`
[INFO] [stdout] ca49928a37882f686c907d697780cf50e6d94177c8e9ad30312cf7c66e259665
[INFO] running `Command { std: "docker" "create" "-v" "/var/lib/crater-agent-workspace/builds/worker-96/target:/opt/rustwide/target:rw,Z" "-v" "/var/lib/crater-agent-workspace/builds/worker-96/source:/opt/rustwide/workdir:ro,Z" "-v" "/var/lib/crater-agent-workspace/cargo-home:/opt/rustwide/cargo-home:ro,Z" "-v" "/var/lib/crater-agent-workspace/rustup-home:/opt/rustwide/rustup-home:ro,Z" "-e" "SOURCE_DIR=/opt/rustwide/workdir" "-e" "CARGO_TARGET_DIR=/opt/rustwide/target" "-e" "CARGO_INCREMENTAL=0" "-e" "RUST_BACKTRACE=full" "-e" "RUSTFLAGS=--cap-lints=warn" "-e" "CARGO_HOME=/opt/rustwide/cargo-home" "-e" "RUSTUP_HOME=/opt/rustwide/rustup-home" "-w" "/opt/rustwide/workdir" "-m" "1610612736" "--user" "0:0" "--network" "none" "ghcr.io/rust-lang/crates-build-env/linux@sha256:a89201d6b5b9fd45c15d5952ece0a0129e7e80cb26ec023fd59cf09bc26f1604" "/opt/rustwide/cargo-home/bin/cargo" "+beta-2021-10-15" "check" "--frozen" "--all" "--all-targets" "--message-format=json", kill_on_drop: false }`
[INFO] [stdout] 216d48d62fa1db42ae491174b5b2fbc20090289e50e2d680a02ebdfe31528d45
[INFO] running `Command { std: "docker" "start" "-a" "216d48d62fa1db42ae491174b5b2fbc20090289e50e2d680a02ebdfe31528d45", kill_on_drop: false }`
[INFO] [stderr]     Blocking waiting for file lock on package cache
[INFO] [stderr]    Compiling libm v0.2.1
[INFO] [stderr]    Compiling libc v0.2.99
[INFO] [stderr]    Compiling cc v1.0.70
[INFO] [stderr]     Checking debug_print v1.0.0
[INFO] [stderr]    Compiling num-traits v0.2.14
[INFO] [stderr]    Compiling num-bigint v0.4.0
[INFO] [stderr]    Compiling num-iter v0.1.42
[INFO] [stderr]    Compiling num-rational v0.4.0
[INFO] [stderr]    Compiling utils v0.1.0 (/opt/rustwide/workdir/utils)
[INFO] [stderr]     Checking getrandom v0.2.3
[INFO] [stderr]     Checking rand_core v0.6.3
[INFO] [stderr]     Checking num-integer v0.1.44
[INFO] [stderr]     Checking num-complex v0.4.0
[INFO] [stderr]     Checking rand_chacha v0.3.1
[INFO] [stderr]     Checking rand v0.8.4
[INFO] [stderr]     Checking rand_distr v0.4.1
[INFO] [stderr]     Checking num v0.4.0
[INFO] [stdout] error[E0554]: `#![feature]` may not be used on the beta release channel
[INFO] [stdout]  --> utils/src/lib.rs:1:1
[INFO] [stdout]   |
[INFO] [stdout] 1 | #![feature(adt_const_params)]
[INFO] [stdout]   | ^^^^^^^^^^^^^^^^^^^^^^^^^^^^^
[INFO] [stdout] 
[INFO] [stdout] 
[INFO] [stdout] error[E0554]: `#![feature]` may not be used on the beta release channel
[INFO] [stdout]  --> utils/src/lib.rs:2:1
[INFO] [stdout]   |
[INFO] [stdout] 2 | #![feature(generic_const_exprs)]
[INFO] [stdout]   | ^^^^^^^^^^^^^^^^^^^^^^^^^^^^^^^^
[INFO] [stdout] 
[INFO] [stdout] 
[INFO] [stdout] error[E0554]: `#![feature]` may not be used on the beta release channel
[INFO] [stdout]  --> utils/src/lib.rs:3:1
[INFO] [stdout]   |
[INFO] [stdout] 3 | #![feature(test)]
[INFO] [stdout]   | ^^^^^^^^^^^^^^^^^
[INFO] [stdout] 
[INFO] [stdout] 
[INFO] [stdout] warning: the feature `adt_const_params` is incomplete and may not be safe to use and/or cause compiler crashes
[INFO] [stdout]  --> utils/src/lib.rs:1:12
[INFO] [stdout]   |
[INFO] [stdout] 1 | #![feature(adt_const_params)]
[INFO] [stdout]   |            ^^^^^^^^^^^^^^^^
[INFO] [stdout]   |
[INFO] [stdout]   = note: `#[warn(incomplete_features)]` on by default
[INFO] [stdout]   = note: see issue #44580 <https://github.com/rust-lang/rust/issues/44580> for more information
[INFO] [stdout] 
[INFO] [stdout] 
[INFO] [stdout] warning: the feature `generic_const_exprs` is incomplete and may not be safe to use and/or cause compiler crashes
[INFO] [stdout]  --> utils/src/lib.rs:2:12
[INFO] [stdout]   |
[INFO] [stdout] 2 | #![feature(generic_const_exprs)]
[INFO] [stdout]   |            ^^^^^^^^^^^^^^^^^^^
[INFO] [stdout]   |
[INFO] [stdout]   = note: see issue #76560 <https://github.com/rust-lang/rust/issues/76560> for more information
[INFO] [stdout] 
[INFO] [stdout] 
[INFO] [stdout] warning: unnecessary parentheses around function argument
[INFO] [stdout]    --> utils/src/math.rs:635:28
[INFO] [stdout]     |
[INFO] [stdout] 635 |         Torus32::from_bits((1 << (32 - n)))
[INFO] [stdout]     |                            ^^^^^^^^^^^^^^^ help: remove these parentheses
[INFO] [stdout]     |
[INFO] [stdout]     = note: `#[warn(unused_parens)]` on by default
[INFO] [stdout] 
[INFO] [stdout] 
[INFO] [stdout] error[E0554]: `#![feature]` may not be used on the beta release channel
[INFO] [stdout]  --> utils/src/lib.rs:1:1
[INFO] [stdout]   |
[INFO] [stdout] 1 | #![feature(adt_const_params)]
[INFO] [stdout]   | ^^^^^^^^^^^^^^^^^^^^^^^^^^^^^
[INFO] [stdout] 
[INFO] [stdout] 
[INFO] [stdout] error[E0554]: `#![feature]` may not be used on the beta release channel
[INFO] [stdout]  --> utils/src/lib.rs:2:1
[INFO] [stdout]   |
[INFO] [stdout] 2 | #![feature(generic_const_exprs)]
[INFO] [stdout]   | ^^^^^^^^^^^^^^^^^^^^^^^^^^^^^^^^
[INFO] [stdout] 
[INFO] [stdout] 
[INFO] [stdout] error[E0554]: `#![feature]` may not be used on the beta release channel
[INFO] [stdout]  --> utils/src/lib.rs:3:1
[INFO] [stdout]   |
[INFO] [stdout] 3 | #![feature(test)]
[INFO] [stdout]   | ^^^^^^^^^^^^^^^^^
[INFO] [stdout] 
[INFO] [stdout] 
[INFO] [stdout] warning: the feature `adt_const_params` is incomplete and may not be safe to use and/or cause compiler crashes
[INFO] [stdout]  --> utils/src/lib.rs:1:12
[INFO] [stdout]   |
[INFO] [stdout] 1 | #![feature(adt_const_params)]
[INFO] [stdout]   |            ^^^^^^^^^^^^^^^^
[INFO] [stdout]   |
[INFO] [stdout]   = note: `#[warn(incomplete_features)]` on by default
[INFO] [stdout]   = note: see issue #44580 <https://github.com/rust-lang/rust/issues/44580> for more information
[INFO] [stdout] 
[INFO] [stdout] 
[INFO] [stdout] warning: the feature `generic_const_exprs` is incomplete and may not be safe to use and/or cause compiler crashes
[INFO] [stdout]  --> utils/src/lib.rs:2:12
[INFO] [stdout]   |
[INFO] [stdout] 2 | #![feature(generic_const_exprs)]
[INFO] [stdout]   |            ^^^^^^^^^^^^^^^^^^^
[INFO] [stdout]   |
[INFO] [stdout]   = note: see issue #76560 <https://github.com/rust-lang/rust/issues/76560> for more information
[INFO] [stdout] 
[INFO] [stdout] 
[INFO] [stdout] warning: unnecessary parentheses around function argument
[INFO] [stdout]    --> utils/src/math.rs:635:28
[INFO] [stdout]     |
[INFO] [stdout] 635 |         Torus32::from_bits((1 << (32 - n)))
[INFO] [stdout]     |                            ^^^^^^^^^^^^^^^ help: remove these parentheses
[INFO] [stdout]     |
[INFO] [stdout]     = note: `#[warn(unused_parens)]` on by default
[INFO] [stdout] 
[INFO] [stdout] 
[INFO] [stdout] error: aborting due to 3 previous errors; 3 warnings emitted
[INFO] [stdout] 
[INFO] [stdout] 
[INFO] [stdout] For more information about this error, try `rustc --explain E0554`.
[INFO] [stdout] 
[INFO] [stderr] error: could not compile `utils` due to 4 previous errors; 3 warnings emitted
[INFO] [stderr] warning: build failed, waiting for other jobs to finish...
[INFO] [stdout] error: aborting due to 3 previous errors; 3 warnings emitted
[INFO] [stdout] 
[INFO] [stdout] 
[INFO] [stdout] For more information about this error, try `rustc --explain E0554`.
[INFO] [stdout] 
[INFO] [stderr] error: build failed
[INFO] running `Command { std: "docker" "inspect" "216d48d62fa1db42ae491174b5b2fbc20090289e50e2d680a02ebdfe31528d45", kill_on_drop: false }`
[INFO] running `Command { std: "docker" "rm" "-f" "216d48d62fa1db42ae491174b5b2fbc20090289e50e2d680a02ebdfe31528d45", kill_on_drop: false }`
[INFO] [stdout] 216d48d62fa1db42ae491174b5b2fbc20090289e50e2d680a02ebdfe31528d45
