[INFO] cloning repository https://github.com/hfiguiere/gpsami
[INFO] running `Command { std: "git" "-c" "credential.helper=" "-c" "credential.helper=/workspace/cargo-home/bin/git-credential-null" "clone" "--bare" "https://github.com/hfiguiere/gpsami" "/workspace/cache/git-repos/https%3A%2F%2Fgithub.com%2Fhfiguiere%2Fgpsami", kill_on_drop: false }`
[INFO] [stderr] Cloning into bare repository '/workspace/cache/git-repos/https%3A%2F%2Fgithub.com%2Fhfiguiere%2Fgpsami'...
[INFO] running `Command { std: "git" "rev-parse" "HEAD", kill_on_drop: false }`
[INFO] [stdout] 8d6a41829e0156ad61b56a6e1f6ac833a96c6af5
[INFO] checking hfiguiere/gpsami against beta-2021-10-15 for beta-1.56-3
[INFO] running `Command { std: "git" "clone" "/workspace/cache/git-repos/https%3A%2F%2Fgithub.com%2Fhfiguiere%2Fgpsami" "/workspace/builds/worker-91/source", kill_on_drop: false }`
[INFO] [stderr] Cloning into '/workspace/builds/worker-91/source'...
[INFO] [stderr] done.
[INFO] validating manifest of git repo https://github.com/hfiguiere/gpsami on toolchain beta-2021-10-15
[INFO] running `Command { std: "/workspace/cargo-home/bin/cargo" "+beta-2021-10-15" "metadata" "--manifest-path" "Cargo.toml" "--no-deps", kill_on_drop: false }`
[INFO] started tweaking git repo https://github.com/hfiguiere/gpsami
[INFO] finished tweaking git repo https://github.com/hfiguiere/gpsami
[INFO] tweaked toml for git repo https://github.com/hfiguiere/gpsami written to /workspace/builds/worker-91/source/Cargo.toml
[INFO] crate git repo https://github.com/hfiguiere/gpsami already has a lockfile, it will not be regenerated
[INFO] running `Command { std: "/workspace/cargo-home/bin/cargo" "+beta-2021-10-15" "fetch" "--manifest-path" "Cargo.toml", kill_on_drop: false }`
[INFO] [stderr]     Blocking waiting for file lock on package cache
[INFO] [stderr]     Blocking waiting for file lock on package cache
[INFO] [stderr]  Downloading crates ...
[INFO] [stderr]   Downloaded gobject-sys v0.10.0
[INFO] [stderr]   Downloaded pango v0.9.0
[INFO] [stderr]   Downloaded gdk-sys v0.10.0
[INFO] [stderr]   Downloaded atk-sys v0.10.0
[INFO] [stderr]   Downloaded gtk-sys v0.10.0
[INFO] [stderr]   Downloaded gettext-rs v0.4.4
[INFO] [stderr]   Downloaded gdk-pixbuf v0.9.0
[INFO] [stderr]   Downloaded gio v0.9.0
[INFO] [stderr]   Downloaded gdk v0.13.0
[INFO] [stderr]   Downloaded glib-macros v0.10.0
[INFO] [stderr]   Downloaded atk v0.9.0
[INFO] [stderr]   Downloaded proc-macro2 v0.4.20
[INFO] [stderr]   Downloaded glib-sys v0.10.0
[INFO] [stderr]   Downloaded cairo-sys-rs v0.10.0
[INFO] [stderr]   Downloaded gio-sys v0.10.0
[INFO] [stderr]   Downloaded pango-sys v0.10.0
[INFO] [stderr]   Downloaded locale_config v0.2.3
[INFO] [stderr]   Downloaded system-deps v1.3.1
[INFO] [stderr]   Downloaded pkg-config v0.3.11
[INFO] [stderr]   Downloaded cc v1.0.17
[INFO] [stderr]   Downloaded libudev v0.2.0
[INFO] [stderr]   Downloaded gudev-sys v0.7.0
[INFO] [stderr]   Downloaded gtk v0.9.0
[INFO] [stderr]   Downloaded gudev v0.9.0
[INFO] [stderr]   Downloaded gdk-pixbuf-sys v0.10.0
[INFO] [stderr]   Downloaded gettext-sys v0.19.9
[INFO] [stderr]   Downloaded cairo-rs v0.9.0
[INFO] [stderr]   Downloaded glib v0.10.0
[INFO] running `Command { std: "docker" "create" "-v" "/var/lib/crater-agent-workspace/builds/worker-91/target:/opt/rustwide/target:rw,Z" "-v" "/var/lib/crater-agent-workspace/builds/worker-91/source:/opt/rustwide/workdir:ro,Z" "-v" "/var/lib/crater-agent-workspace/cargo-home:/opt/rustwide/cargo-home:ro,Z" "-v" "/var/lib/crater-agent-workspace/rustup-home:/opt/rustwide/rustup-home:ro,Z" "-e" "SOURCE_DIR=/opt/rustwide/workdir" "-e" "CARGO_TARGET_DIR=/opt/rustwide/target" "-e" "CARGO_HOME=/opt/rustwide/cargo-home" "-e" "RUSTUP_HOME=/opt/rustwide/rustup-home" "-w" "/opt/rustwide/workdir" "-m" "1610612736" "--user" "0:0" "--network" "none" "ghcr.io/rust-lang/crates-build-env/linux@sha256:a89201d6b5b9fd45c15d5952ece0a0129e7e80cb26ec023fd59cf09bc26f1604" "/opt/rustwide/cargo-home/bin/cargo" "+beta-2021-10-15" "metadata" "--no-deps" "--format-version=1", kill_on_drop: false }`
[INFO] [stdout] a7db5a57ee31ac8581754601e67c81e95eeeecff0660b276a76d107fd47b2ede
[INFO] running `Command { std: "docker" "start" "-a" "a7db5a57ee31ac8581754601e67c81e95eeeecff0660b276a76d107fd47b2ede", kill_on_drop: false }`
[INFO] running `Command { std: "docker" "inspect" "a7db5a57ee31ac8581754601e67c81e95eeeecff0660b276a76d107fd47b2ede", kill_on_drop: false }`
[INFO] running `Command { std: "docker" "rm" "-f" "a7db5a57ee31ac8581754601e67c81e95eeeecff0660b276a76d107fd47b2ede", kill_on_drop: false }`
[INFO] [stdout] a7db5a57ee31ac8581754601e67c81e95eeeecff0660b276a76d107fd47b2ede
[INFO] running `Command { std: "docker" "create" "-v" "/var/lib/crater-agent-workspace/builds/worker-91/target:/opt/rustwide/target:rw,Z" "-v" "/var/lib/crater-agent-workspace/builds/worker-91/source:/opt/rustwide/workdir:ro,Z" "-v" "/var/lib/crater-agent-workspace/cargo-home:/opt/rustwide/cargo-home:ro,Z" "-v" "/var/lib/crater-agent-workspace/rustup-home:/opt/rustwide/rustup-home:ro,Z" "-e" "SOURCE_DIR=/opt/rustwide/workdir" "-e" "CARGO_TARGET_DIR=/opt/rustwide/target" "-e" "CARGO_INCREMENTAL=0" "-e" "RUST_BACKTRACE=full" "-e" "RUSTFLAGS=--cap-lints=warn" "-e" "CARGO_HOME=/opt/rustwide/cargo-home" "-e" "RUSTUP_HOME=/opt/rustwide/rustup-home" "-w" "/opt/rustwide/workdir" "-m" "1610612736" "--user" "0:0" "--network" "none" "ghcr.io/rust-lang/crates-build-env/linux@sha256:a89201d6b5b9fd45c15d5952ece0a0129e7e80cb26ec023fd59cf09bc26f1604" "/opt/rustwide/cargo-home/bin/cargo" "+beta-2021-10-15" "check" "--frozen" "--all" "--all-targets" "--message-format=json", kill_on_drop: false }`
[INFO] [stdout] a1ef995c9ce436da37e5388435e9403574d07d5b8a30f2408a588b42a0b2c734
[INFO] running `Command { std: "docker" "start" "-a" "a1ef995c9ce436da37e5388435e9403574d07d5b8a30f2408a588b42a0b2c734", kill_on_drop: false }`
[INFO] [stderr]    Compiling syn v1.0.33
[INFO] [stderr]    Compiling pkg-config v0.3.11
[INFO] [stderr]    Compiling serde v1.0.114
[INFO] [stderr]    Compiling version-compare v0.0.10
[INFO] [stderr]    Compiling strum v0.18.0
[INFO] [stderr]     Checking libc v0.2.42
[INFO] [stderr]    Compiling proc-macro-nested v0.1.3
[INFO] [stderr]     Checking futures-sink v0.3.5
[INFO] [stderr]    Compiling anyhow v1.0.31
[INFO] [stderr]    Compiling either v1.5.3
[INFO] [stderr]     Checking bitflags v1.0.3
[INFO] [stderr]    Compiling gio v0.9.0
[INFO] [stderr]    Compiling gdk-pixbuf v0.9.0
[INFO] [stderr]     Checking lazy_static v1.2.0
[INFO] [stderr]    Compiling cairo-rs v0.9.0
[INFO] [stderr]    Compiling pango v0.9.0
[INFO] [stderr]    Compiling cc v1.0.17
[INFO] [stderr]     Checking regex-syntax v0.6.14
[INFO] [stderr]    Compiling gdk v0.13.0
[INFO] [stderr]    Compiling atk v0.9.0
[INFO] [stderr]     Checking rustc-serialize v0.3.24
[INFO] [stderr]    Compiling proc-macro2 v1.0.18
[INFO] [stderr]    Compiling heck v0.3.1
[INFO] [stderr]    Compiling pin-project-internal v0.4.22
[INFO] [stderr]    Compiling proc-macro-error-attr v1.0.3
[INFO] [stderr]     Checking futures-task v0.3.5
[INFO] [stderr]    Compiling proc-macro-error v1.0.3
[INFO] [stderr]     Checking aho-corasick v0.7.8
[INFO] [stderr]    Compiling itertools v0.9.0
[INFO] [stderr]    Compiling quote v1.0.2
[INFO] [stderr]     Checking futures-channel v0.3.5
[INFO] [stderr]     Checking thread_local v1.0.1
[INFO] [stderr]     Checking dirs v1.0.4
[INFO] [stderr]    Compiling gudev-sys v0.7.0
[INFO] [stderr]    Compiling libudev-sys v0.1.4
[INFO] [stderr]    Compiling gtk v0.9.0
[INFO] [stderr]    Compiling gettext-sys v0.19.9
[INFO] [stderr]     Checking regex v1.3.4
[INFO] [stderr]     Checking libudev v0.2.0
[INFO] [stderr]     Checking locale_config v0.2.3
[INFO] [stderr]    Compiling toml v0.5.6
[INFO] [stderr]    Compiling syn-mid v0.5.0
[INFO] [stderr]     Checking gettext-rs v0.4.4
[INFO] [stderr]    Compiling proc-macro-crate v0.1.4
[INFO] [stderr]    Compiling thiserror-impl v1.0.20
[INFO] [stderr]    Compiling strum_macros v0.18.0
[INFO] [stderr]    Compiling proc-macro-hack v0.5.11
[INFO] [stderr]    Compiling futures-macro v0.3.5
[INFO] [stderr]    Compiling thiserror v1.0.20
[INFO] [stderr]     Checking pin-project v0.4.22
[INFO] [stderr]    Compiling system-deps v1.3.1
[INFO] [stderr]     Checking futures-util v0.3.5
[INFO] [stderr]    Compiling glib-macros v0.10.0
[INFO] [stderr]    Compiling glib-sys v0.10.0
[INFO] [stderr]    Compiling gobject-sys v0.10.0
[INFO] [stderr]    Compiling gio-sys v0.10.0
[INFO] [stderr]    Compiling cairo-sys-rs v0.10.0
[INFO] [stderr]    Compiling gdk-pixbuf-sys v0.10.0
[INFO] [stderr]    Compiling pango-sys v0.10.0
[INFO] [stderr]    Compiling atk-sys v0.10.0
[INFO] [stderr]    Compiling gdk-sys v0.10.0
[INFO] [stderr]    Compiling gtk-sys v0.10.0
[INFO] [stderr]     Checking futures-executor v0.3.5
[INFO] [stderr]     Checking glib v0.10.0
[INFO] [stderr]     Checking futures v0.3.5
[INFO] [stderr]     Checking gudev v0.9.0
[INFO] [stderr]     Checking gpsami v0.1.0 (/opt/rustwide/workdir)
[INFO] [stdout] error[E0583]: file not found for module `config`
[INFO] [stdout]   --> src/main.rs:28:1
[INFO] [stdout]    |
[INFO] [stdout] 28 | mod config;
[INFO] [stdout]    | ^^^^^^^^^^^
[INFO] [stdout]    |
[INFO] [stdout]    = help: to create the module `config`, create file "src/config.rs" or "src/config/mod.rs"
[INFO] [stdout] 
[INFO] [stdout] 
[INFO] [stdout] error[E0583]: file not found for module `static_resources`
[INFO] [stdout]   --> src/main.rs:33:1
[INFO] [stdout]    |
[INFO] [stdout] 33 | mod static_resources;
[INFO] [stdout]    | ^^^^^^^^^^^^^^^^^^^^^
[INFO] [stdout]    |
[INFO] [stdout]    = help: to create the module `static_resources`, create file "src/static_resources.rs" or "src/static_resources/mod.rs"
[INFO] [stdout] 
[INFO] [stdout] 
[INFO] [stdout] error[E0425]: cannot find value `LOCALEDIR` in module `config`
[INFO] [stdout]   --> src/main.rs:57:42
[INFO] [stdout]    |
[INFO] [stdout] 57 |         bindtextdomain("gpsami", config::LOCALEDIR);
[INFO] [stdout]    |                                          ^^^^^^^^^ not found in `config`
[INFO] [stdout] 
[INFO] [stdout] 
[INFO] [stdout] error[E0583]: file not found for module `config`
[INFO] [stdout]   --> src/main.rs:28:1
[INFO] [stdout]    |
[INFO] [stdout] 28 | mod config;
[INFO] [stdout]    | ^^^^^^^^^^^
[INFO] [stdout]    |
[INFO] [stdout]    = help: to create the module `config`, create file "src/config.rs" or "src/config/mod.rs"
[INFO] [stdout] 
[INFO] [stdout] 
[INFO] [stdout] error[E0425]: cannot find function `init` in module `static_resources`
[INFO] [stdout]   --> src/main.rs:60:27
[INFO] [stdout]    |
[INFO] [stdout] 60 |         static_resources::init().expect("Could not load resources");
[INFO] [stdout]    |                           ^^^^ not found in `static_resources`
[INFO] [stdout]    |
[INFO] [stdout] help: consider importing one of these items
[INFO] [stdout]    |
[INFO] [stdout] 23 | use crate::init;
[INFO] [stdout]    |
[INFO] [stdout] 23 | use gtk::init;
[INFO] [stdout]    |
[INFO] [stdout] 
[INFO] [stdout] 
[INFO] [stderr] error: could not compile `gpsami` due to 5 previous errors; 5 warnings emitted
[INFO] [stderr] warning: build failed, waiting for other jobs to finish...
[INFO] [stdout] warning: use of deprecated macro `RustcDecodable`: rustc-serialize is deprecated and no longer supported
[INFO] [stdout]   --> src/devices.rs:22:24
[INFO] [stdout]    |
[INFO] [stdout] 22 | #[derive(Clone, Debug, RustcDecodable)]
[INFO] [stdout]    |                        ^^^^^^^^^^^^^^
[INFO] [stdout]    |
[INFO] [stdout]    = note: `#[warn(deprecated)]` on by default
[INFO] [stdout] 
[INFO] [stdout] 
[INFO] [stdout] warning: use of deprecated macro `RustcDecodable`: rustc-serialize is deprecated and no longer supported
[INFO] [stdout]   --> src/devices.rs:31:24
[INFO] [stdout]    |
[INFO] [stdout] 31 | #[derive(Clone, Debug, RustcDecodable)]
[INFO] [stdout]    |                        ^^^^^^^^^^^^^^
[INFO] [stdout] 
[INFO] [stdout] 
[INFO] [stdout] warning: use of deprecated macro `RustcDecodable`: rustc-serialize is deprecated and no longer supported
[INFO] [stdout]   --> src/devices.rs:40:24
[INFO] [stdout]    |
[INFO] [stdout] 40 | #[derive(Clone, Debug, RustcDecodable)]
[INFO] [stdout]    |                        ^^^^^^^^^^^^^^
[INFO] [stdout] 
[INFO] [stdout] 
[INFO] [stdout] warning: use of deprecated macro `RustcDecodable`: rustc-serialize is deprecated and no longer supported
[INFO] [stdout]   --> src/drivers.rs:27:30
[INFO] [stdout]    |
[INFO] [stdout] 27 | #[derive(Copy, Clone, Debug, RustcDecodable)]
[INFO] [stdout]    |                              ^^^^^^^^^^^^^^
[INFO] [stdout] 
[INFO] [stdout] 
[INFO] [stdout] warning: use of deprecated macro `RustcDecodable`: rustc-serialize is deprecated and no longer supported
[INFO] [stdout]   --> src/drivers.rs:34:24
[INFO] [stdout]    |
[INFO] [stdout] 34 | #[derive(Clone, Debug, RustcDecodable)]
[INFO] [stdout]    |                        ^^^^^^^^^^^^^^
[INFO] [stdout] 
[INFO] [stdout] 
[INFO] [stdout] error: aborting due to 4 previous errors; 5 warnings emitted
[INFO] [stdout] 
[INFO] [stdout] 
[INFO] [stdout] Some errors have detailed explanations: E0425, E0583.
[INFO] [stdout] 
[INFO] [stdout] For more information about an error, try `rustc --explain E0425`.
[INFO] [stdout] 
[INFO] [stdout] error[E0583]: file not found for module `static_resources`
[INFO] [stdout]   --> src/main.rs:33:1
[INFO] [stdout]    |
[INFO] [stdout] 33 | mod static_resources;
[INFO] [stdout]    | ^^^^^^^^^^^^^^^^^^^^^
[INFO] [stdout]    |
[INFO] [stdout]    = help: to create the module `static_resources`, create file "src/static_resources.rs" or "src/static_resources/mod.rs"
[INFO] [stdout] 
[INFO] [stdout] 
[INFO] [stdout] error[E0425]: cannot find value `LOCALEDIR` in module `config`
[INFO] [stdout]   --> src/main.rs:57:42
[INFO] [stdout]    |
[INFO] [stdout] 57 |         bindtextdomain("gpsami", config::LOCALEDIR);
[INFO] [stdout]    |                                          ^^^^^^^^^ not found in `config`
[INFO] [stdout] 
[INFO] [stdout] 
[INFO] [stdout] error[E0425]: cannot find function `init` in module `static_resources`
[INFO] [stdout]   --> src/main.rs:60:27
[INFO] [stdout]    |
[INFO] [stdout] 60 |         static_resources::init().expect("Could not load resources");
[INFO] [stdout]    |                           ^^^^ not found in `static_resources`
[INFO] [stdout]    |
[INFO] [stdout] help: consider importing one of these items
[INFO] [stdout]    |
[INFO] [stdout] 23 | use crate::init;
[INFO] [stdout]    |
[INFO] [stdout] 23 | use gtk::init;
[INFO] [stdout]    |
[INFO] [stdout] 
[INFO] [stdout] 
[INFO] [stdout] warning: use of deprecated macro `RustcDecodable`: rustc-serialize is deprecated and no longer supported
[INFO] [stdout]   --> src/devices.rs:22:24
[INFO] [stdout]    |
[INFO] [stdout] 22 | #[derive(Clone, Debug, RustcDecodable)]
[INFO] [stdout]    |                        ^^^^^^^^^^^^^^
[INFO] [stdout]    |
[INFO] [stdout]    = note: `#[warn(deprecated)]` on by default
[INFO] [stdout] 
[INFO] [stdout] 
[INFO] [stdout] warning: use of deprecated macro `RustcDecodable`: rustc-serialize is deprecated and no longer supported
[INFO] [stdout]   --> src/devices.rs:31:24
[INFO] [stdout]    |
[INFO] [stdout] 31 | #[derive(Clone, Debug, RustcDecodable)]
[INFO] [stdout]    |                        ^^^^^^^^^^^^^^
[INFO] [stdout] 
[INFO] [stdout] 
[INFO] [stdout] warning: use of deprecated macro `RustcDecodable`: rustc-serialize is deprecated and no longer supported
[INFO] [stdout]   --> src/devices.rs:40:24
[INFO] [stdout]    |
[INFO] [stdout] 40 | #[derive(Clone, Debug, RustcDecodable)]
[INFO] [stdout]    |                        ^^^^^^^^^^^^^^
[INFO] [stdout] 
[INFO] [stdout] 
[INFO] [stdout] warning: use of deprecated macro `RustcDecodable`: rustc-serialize is deprecated and no longer supported
[INFO] [stdout]   --> src/drivers.rs:27:30
[INFO] [stdout]    |
[INFO] [stdout] 27 | #[derive(Copy, Clone, Debug, RustcDecodable)]
[INFO] [stdout]    |                              ^^^^^^^^^^^^^^
[INFO] [stdout] 
[INFO] [stdout] 
[INFO] [stdout] warning: use of deprecated macro `RustcDecodable`: rustc-serialize is deprecated and no longer supported
[INFO] [stdout]   --> src/drivers.rs:34:24
[INFO] [stdout]    |
[INFO] [stdout] 34 | #[derive(Clone, Debug, RustcDecodable)]
[INFO] [stdout]    |                        ^^^^^^^^^^^^^^
[INFO] [stdout] 
[INFO] [stdout] 
[INFO] [stdout] error: aborting due to 4 previous errors; 5 warnings emitted
[INFO] [stdout] 
[INFO] [stdout] 
[INFO] [stdout] Some errors have detailed explanations: E0425, E0583.
[INFO] [stdout] 
[INFO] [stdout] For more information about an error, try `rustc --explain E0425`.
[INFO] [stdout] 
[INFO] [stderr] error: build failed
[INFO] running `Command { std: "docker" "inspect" "a1ef995c9ce436da37e5388435e9403574d07d5b8a30f2408a588b42a0b2c734", kill_on_drop: false }`
[INFO] running `Command { std: "docker" "rm" "-f" "a1ef995c9ce436da37e5388435e9403574d07d5b8a30f2408a588b42a0b2c734", kill_on_drop: false }`
[INFO] [stdout] a1ef995c9ce436da37e5388435e9403574d07d5b8a30f2408a588b42a0b2c734
