[INFO] cloning repository https://github.com/hfcredidio/aoc_2020
[INFO] running `Command { std: "git" "-c" "credential.helper=" "-c" "credential.helper=/workspace/cargo-home/bin/git-credential-null" "clone" "--bare" "https://github.com/hfcredidio/aoc_2020" "/workspace/cache/git-repos/https%3A%2F%2Fgithub.com%2Fhfcredidio%2Faoc_2020", kill_on_drop: false }`
[INFO] [stderr] Cloning into bare repository '/workspace/cache/git-repos/https%3A%2F%2Fgithub.com%2Fhfcredidio%2Faoc_2020'...
[INFO] running `Command { std: "git" "rev-parse" "HEAD", kill_on_drop: false }`
[INFO] [stdout] 6d383047782ceea59e53e308037e610f7737b7ca
[INFO] checking hfcredidio/aoc_2020 against beta-2021-10-15 for beta-1.56-3
[INFO] running `Command { std: "git" "clone" "/workspace/cache/git-repos/https%3A%2F%2Fgithub.com%2Fhfcredidio%2Faoc_2020" "/workspace/builds/worker-40/source", kill_on_drop: false }`
[INFO] [stderr] Cloning into '/workspace/builds/worker-40/source'...
[INFO] [stderr] done.
[INFO] validating manifest of git repo https://github.com/hfcredidio/aoc_2020 on toolchain beta-2021-10-15
[INFO] running `Command { std: "/workspace/cargo-home/bin/cargo" "+beta-2021-10-15" "metadata" "--manifest-path" "Cargo.toml" "--no-deps", kill_on_drop: false }`
[INFO] started tweaking git repo https://github.com/hfcredidio/aoc_2020
[INFO] finished tweaking git repo https://github.com/hfcredidio/aoc_2020
[INFO] tweaked toml for git repo https://github.com/hfcredidio/aoc_2020 written to /workspace/builds/worker-40/source/Cargo.toml
[INFO] crate git repo https://github.com/hfcredidio/aoc_2020 already has a lockfile, it will not be regenerated
[INFO] running `Command { std: "/workspace/cargo-home/bin/cargo" "+beta-2021-10-15" "fetch" "--manifest-path" "Cargo.toml", kill_on_drop: false }`
[INFO] running `Command { std: "docker" "create" "-v" "/var/lib/crater-agent-workspace/builds/worker-40/target:/opt/rustwide/target:rw,Z" "-v" "/var/lib/crater-agent-workspace/builds/worker-40/source:/opt/rustwide/workdir:ro,Z" "-v" "/var/lib/crater-agent-workspace/cargo-home:/opt/rustwide/cargo-home:ro,Z" "-v" "/var/lib/crater-agent-workspace/rustup-home:/opt/rustwide/rustup-home:ro,Z" "-e" "SOURCE_DIR=/opt/rustwide/workdir" "-e" "CARGO_TARGET_DIR=/opt/rustwide/target" "-e" "CARGO_HOME=/opt/rustwide/cargo-home" "-e" "RUSTUP_HOME=/opt/rustwide/rustup-home" "-w" "/opt/rustwide/workdir" "-m" "1610612736" "--user" "0:0" "--network" "none" "ghcr.io/rust-lang/crates-build-env/linux@sha256:a89201d6b5b9fd45c15d5952ece0a0129e7e80cb26ec023fd59cf09bc26f1604" "/opt/rustwide/cargo-home/bin/cargo" "+beta-2021-10-15" "metadata" "--no-deps" "--format-version=1", kill_on_drop: false }`
[INFO] [stdout] 47b3102c392044c3338965efb9d75a1d70e3d8beffeb6d36e4f0605eedc4cb64
[INFO] running `Command { std: "docker" "start" "-a" "47b3102c392044c3338965efb9d75a1d70e3d8beffeb6d36e4f0605eedc4cb64", kill_on_drop: false }`
[INFO] running `Command { std: "docker" "inspect" "47b3102c392044c3338965efb9d75a1d70e3d8beffeb6d36e4f0605eedc4cb64", kill_on_drop: false }`
[INFO] running `Command { std: "docker" "rm" "-f" "47b3102c392044c3338965efb9d75a1d70e3d8beffeb6d36e4f0605eedc4cb64", kill_on_drop: false }`
[INFO] [stdout] 47b3102c392044c3338965efb9d75a1d70e3d8beffeb6d36e4f0605eedc4cb64
[INFO] running `Command { std: "docker" "create" "-v" "/var/lib/crater-agent-workspace/builds/worker-40/target:/opt/rustwide/target:rw,Z" "-v" "/var/lib/crater-agent-workspace/builds/worker-40/source:/opt/rustwide/workdir:ro,Z" "-v" "/var/lib/crater-agent-workspace/cargo-home:/opt/rustwide/cargo-home:ro,Z" "-v" "/var/lib/crater-agent-workspace/rustup-home:/opt/rustwide/rustup-home:ro,Z" "-e" "SOURCE_DIR=/opt/rustwide/workdir" "-e" "CARGO_TARGET_DIR=/opt/rustwide/target" "-e" "CARGO_INCREMENTAL=0" "-e" "RUST_BACKTRACE=full" "-e" "RUSTFLAGS=--cap-lints=warn" "-e" "CARGO_HOME=/opt/rustwide/cargo-home" "-e" "RUSTUP_HOME=/opt/rustwide/rustup-home" "-w" "/opt/rustwide/workdir" "-m" "1610612736" "--user" "0:0" "--network" "none" "ghcr.io/rust-lang/crates-build-env/linux@sha256:a89201d6b5b9fd45c15d5952ece0a0129e7e80cb26ec023fd59cf09bc26f1604" "/opt/rustwide/cargo-home/bin/cargo" "+beta-2021-10-15" "check" "--frozen" "--all" "--all-targets" "--message-format=json", kill_on_drop: false }`
[INFO] [stdout] 0d400cdd56acefb3b0f3128ebbae3743d45f99d7806b17b03fd09a54b10dac5a
[INFO] running `Command { std: "docker" "start" "-a" "0d400cdd56acefb3b0f3128ebbae3743d45f99d7806b17b03fd09a54b10dac5a", kill_on_drop: false }`
[INFO] [stderr]     Blocking waiting for file lock on package cache
[INFO] [stderr]     Checking aoc_2020 v0.1.0 (/opt/rustwide/workdir)
[INFO] [stdout] error[E0554]: `#![feature]` may not be used on the beta release channel
[INFO] [stdout]  --> src/main.rs:1:1
[INFO] [stdout]   |
[INFO] [stdout] 1 | #![feature(iterator_fold_self)]
[INFO] [stdout]   | ^^^^^^^^^^^^^^^^^^^^^^^^^^^^^^^
[INFO] [stdout] 
[INFO] [stdout] 
[INFO] [stdout] error[E0554]: `#![feature]` may not be used on the beta release channel
[INFO] [stdout]  --> src/main.rs:2:1
[INFO] [stdout]   |
[INFO] [stdout] 2 | #![feature(peekable_next_if)]
[INFO] [stdout]   | ^^^^^^^^^^^^^^^^^^^^^^^^^^^^^
[INFO] [stdout] 
[INFO] [stdout] 
[INFO] [stdout] error[E0554]: `#![feature]` may not be used on the beta release channel
[INFO] [stdout]  --> src/main.rs:1:1
[INFO] [stdout]   |
[INFO] [stdout] 1 | #![feature(iterator_fold_self)]
[INFO] [stdout]   | ^^^^^^^^^^^^^^^^^^^^^^^^^^^^^^^
[INFO] [stdout] 
[INFO] [stdout] 
[INFO] [stdout] error[E0599]: no method named `fold_first` found for struct `Filter` in the current scope
[INFO] [stdout]   --> src/day16.rs:98:10
[INFO] [stdout]    |
[INFO] [stdout] 98 |         .fold_first(|acc, fields| {
[INFO] [stdout]    |          ^^^^^^^^^^ method not found in `Filter<Map<std::slice::Iter<'_, Vec<u64>>, [closure@src/day16.rs:91:14: 96:10]>, [closure@src/day16.rs:97:17: 97:76]>`
[INFO] [stdout] 
[INFO] [stdout] 
[INFO] [stdout] error[E0599]: no method named `fold_first` found for struct `Map` in the current scope
[INFO] [stdout]   --> src/day6.rs:13:10
[INFO] [stdout]    |
[INFO] [stdout] 13 |         .fold_first(|acc, x| acc.intersection(&x).copied().collect())
[INFO] [stdout]    |          ^^^^^^^^^^ method not found in `Map<std::str::Lines<'_>, for<'r> fn(&'r str) -> HashSet<char> {unique_chars}>`
[INFO] [stdout] 
[INFO] [stdout] 
[INFO] [stdout] error: aborting due to 4 previous errors
[INFO] [stdout] 
[INFO] [stdout] 
[INFO] [stdout] Some errors have detailed explanations: E0554, E0599.
[INFO] [stdout] 
[INFO] [stdout] For more information about an error, try `rustc --explain E0554`.
[INFO] [stdout] 
[INFO] [stderr] error: could not compile `aoc_2020` due to 5 previous errors
[INFO] [stderr] warning: build failed, waiting for other jobs to finish...
[INFO] [stdout] error[E0554]: `#![feature]` may not be used on the beta release channel
[INFO] [stdout]  --> src/main.rs:2:1
[INFO] [stdout]   |
[INFO] [stdout] 2 | #![feature(peekable_next_if)]
[INFO] [stdout]   | ^^^^^^^^^^^^^^^^^^^^^^^^^^^^^
[INFO] [stdout] 
[INFO] [stdout] 
[INFO] [stdout] error[E0599]: no method named `fold_first` found for struct `Filter` in the current scope
[INFO] [stdout]   --> src/day16.rs:98:10
[INFO] [stdout]    |
[INFO] [stdout] 98 |         .fold_first(|acc, fields| {
[INFO] [stdout]    |          ^^^^^^^^^^ method not found in `Filter<Map<std::slice::Iter<'_, Vec<u64>>, [closure@src/day16.rs:91:14: 96:10]>, [closure@src/day16.rs:97:17: 97:76]>`
[INFO] [stdout] 
[INFO] [stdout] 
[INFO] [stdout] error[E0599]: no method named `fold_first` found for struct `Map` in the current scope
[INFO] [stdout]   --> src/day6.rs:13:10
[INFO] [stdout]    |
[INFO] [stdout] 13 |         .fold_first(|acc, x| acc.intersection(&x).copied().collect())
[INFO] [stdout]    |          ^^^^^^^^^^ method not found in `Map<std::str::Lines<'_>, for<'r> fn(&'r str) -> HashSet<char> {unique_chars}>`
[INFO] [stdout] 
[INFO] [stdout] 
[INFO] [stdout] error: aborting due to 4 previous errors
[INFO] [stdout] 
[INFO] [stdout] 
[INFO] [stdout] Some errors have detailed explanations: E0554, E0599.
[INFO] [stdout] 
[INFO] [stdout] For more information about an error, try `rustc --explain E0554`.
[INFO] [stdout] 
[INFO] [stderr] error: build failed
[INFO] running `Command { std: "docker" "inspect" "0d400cdd56acefb3b0f3128ebbae3743d45f99d7806b17b03fd09a54b10dac5a", kill_on_drop: false }`
[INFO] running `Command { std: "docker" "rm" "-f" "0d400cdd56acefb3b0f3128ebbae3743d45f99d7806b17b03fd09a54b10dac5a", kill_on_drop: false }`
[INFO] [stdout] 0d400cdd56acefb3b0f3128ebbae3743d45f99d7806b17b03fd09a54b10dac5a
