[INFO] cloning repository https://github.com/hexjelly/bear
[INFO] running `Command { std: "git" "-c" "credential.helper=" "-c" "credential.helper=/workspace/cargo-home/bin/git-credential-null" "clone" "--bare" "https://github.com/hexjelly/bear" "/workspace/cache/git-repos/https%3A%2F%2Fgithub.com%2Fhexjelly%2Fbear", kill_on_drop: false }`
[INFO] [stderr] Cloning into bare repository '/workspace/cache/git-repos/https%3A%2F%2Fgithub.com%2Fhexjelly%2Fbear'...
[INFO] running `Command { std: "git" "rev-parse" "HEAD", kill_on_drop: false }`
[INFO] [stdout] 0f7e1e8e5c4c2d73d00fedf186804544b217af5b
[INFO] checking hexjelly/bear against beta-2021-10-15 for beta-1.56-3
[INFO] running `Command { std: "git" "clone" "/workspace/cache/git-repos/https%3A%2F%2Fgithub.com%2Fhexjelly%2Fbear" "/workspace/builds/worker-110/source", kill_on_drop: false }`
[INFO] [stderr] Cloning into '/workspace/builds/worker-110/source'...
[INFO] [stderr] done.
[INFO] validating manifest of git repo https://github.com/hexjelly/bear on toolchain beta-2021-10-15
[INFO] running `Command { std: "/workspace/cargo-home/bin/cargo" "+beta-2021-10-15" "metadata" "--manifest-path" "Cargo.toml" "--no-deps", kill_on_drop: false }`
[INFO] started tweaking git repo https://github.com/hexjelly/bear
[INFO] finished tweaking git repo https://github.com/hexjelly/bear
[INFO] tweaked toml for git repo https://github.com/hexjelly/bear written to /workspace/builds/worker-110/source/Cargo.toml
[INFO] crate git repo https://github.com/hexjelly/bear already has a lockfile, it will not be regenerated
[INFO] running `Command { std: "/workspace/cargo-home/bin/cargo" "+beta-2021-10-15" "fetch" "--manifest-path" "Cargo.toml", kill_on_drop: false }`
[INFO] [stderr]     Blocking waiting for file lock on package cache
[INFO] [stderr]     Blocking waiting for file lock on package cache
[INFO] [stderr]  Downloading crates ...
[INFO] [stderr]   Downloaded atty v0.2.8
[INFO] [stderr]   Downloaded rand_core v0.6.0
[INFO] [stderr]   Downloaded heck v0.3.0
[INFO] running `Command { std: "docker" "create" "-v" "/var/lib/crater-agent-workspace/builds/worker-110/target:/opt/rustwide/target:rw,Z" "-v" "/var/lib/crater-agent-workspace/builds/worker-110/source:/opt/rustwide/workdir:ro,Z" "-v" "/var/lib/crater-agent-workspace/cargo-home:/opt/rustwide/cargo-home:ro,Z" "-v" "/var/lib/crater-agent-workspace/rustup-home:/opt/rustwide/rustup-home:ro,Z" "-e" "SOURCE_DIR=/opt/rustwide/workdir" "-e" "CARGO_TARGET_DIR=/opt/rustwide/target" "-e" "CARGO_HOME=/opt/rustwide/cargo-home" "-e" "RUSTUP_HOME=/opt/rustwide/rustup-home" "-w" "/opt/rustwide/workdir" "-m" "1610612736" "--user" "0:0" "--network" "none" "ghcr.io/rust-lang/crates-build-env/linux@sha256:a89201d6b5b9fd45c15d5952ece0a0129e7e80cb26ec023fd59cf09bc26f1604" "/opt/rustwide/cargo-home/bin/cargo" "+beta-2021-10-15" "metadata" "--no-deps" "--format-version=1", kill_on_drop: false }`
[INFO] [stdout] 7e114b875f140ed9c17e0b03296e15ba3565ad6db2e960d458b4515cac89605b
[INFO] running `Command { std: "docker" "start" "-a" "7e114b875f140ed9c17e0b03296e15ba3565ad6db2e960d458b4515cac89605b", kill_on_drop: false }`
[INFO] running `Command { std: "docker" "inspect" "7e114b875f140ed9c17e0b03296e15ba3565ad6db2e960d458b4515cac89605b", kill_on_drop: false }`
[INFO] running `Command { std: "docker" "rm" "-f" "7e114b875f140ed9c17e0b03296e15ba3565ad6db2e960d458b4515cac89605b", kill_on_drop: false }`
[INFO] [stdout] 7e114b875f140ed9c17e0b03296e15ba3565ad6db2e960d458b4515cac89605b
[INFO] running `Command { std: "docker" "create" "-v" "/var/lib/crater-agent-workspace/builds/worker-110/target:/opt/rustwide/target:rw,Z" "-v" "/var/lib/crater-agent-workspace/builds/worker-110/source:/opt/rustwide/workdir:ro,Z" "-v" "/var/lib/crater-agent-workspace/cargo-home:/opt/rustwide/cargo-home:ro,Z" "-v" "/var/lib/crater-agent-workspace/rustup-home:/opt/rustwide/rustup-home:ro,Z" "-e" "SOURCE_DIR=/opt/rustwide/workdir" "-e" "CARGO_TARGET_DIR=/opt/rustwide/target" "-e" "CARGO_INCREMENTAL=0" "-e" "RUST_BACKTRACE=full" "-e" "RUSTFLAGS=--cap-lints=warn" "-e" "CARGO_HOME=/opt/rustwide/cargo-home" "-e" "RUSTUP_HOME=/opt/rustwide/rustup-home" "-w" "/opt/rustwide/workdir" "-m" "1610612736" "--user" "0:0" "--network" "none" "ghcr.io/rust-lang/crates-build-env/linux@sha256:a89201d6b5b9fd45c15d5952ece0a0129e7e80cb26ec023fd59cf09bc26f1604" "/opt/rustwide/cargo-home/bin/cargo" "+beta-2021-10-15" "check" "--frozen" "--all" "--all-targets" "--message-format=json", kill_on_drop: false }`
[INFO] [stdout] 09ed605731a38c616dc75dad94a69ca27d91303d353c37c23898a545a0d632fc
[INFO] running `Command { std: "docker" "start" "-a" "09ed605731a38c616dc75dad94a69ca27d91303d353c37c23898a545a0d632fc", kill_on_drop: false }`
[INFO] [stderr]     Blocking waiting for file lock on package cache
[INFO] [stderr]    Compiling libc v0.2.81
[INFO] [stderr]    Compiling proc-macro2 v1.0.2
[INFO] [stderr]    Compiling getrandom v0.2.0
[INFO] [stderr]    Compiling syn v1.0.5
[INFO] [stderr]     Checking unicode-width v0.1.4
[INFO] [stderr]    Compiling unicode-segmentation v1.2.1
[INFO] [stderr]     Checking ppv-lite86 v0.2.10
[INFO] [stderr]     Checking vec_map v0.8.0
[INFO] [stderr]     Checking bitflags v1.0.1
[INFO] [stderr]     Checking textwrap v0.11.0
[INFO] [stderr]    Compiling heck v0.3.0
[INFO] [stderr]    Compiling quote v1.0.2
[INFO] [stderr]     Checking atty v0.2.8
[INFO] [stderr]     Checking clap v2.33.0
[INFO] [stderr]     Checking rand_core v0.6.0
[INFO] [stderr]    Compiling proc-macro-error-attr v1.0.4
[INFO] [stderr]     Checking rand_chacha v0.3.0
[INFO] [stderr]    Compiling proc-macro-error v1.0.4
[INFO] [stderr]     Checking rand v0.8.4
[INFO] [stderr]    Compiling structopt-derive v0.4.15
[INFO] [stderr]     Checking structopt v0.3.22
[INFO] [stderr]     Checking bear v0.1.1 (/opt/rustwide/workdir)
[INFO] [stdout] warning: unused `#[macro_use]` import
[INFO] [stdout]  --> src/main.rs:2:1
[INFO] [stdout]   |
[INFO] [stdout] 2 | #[macro_use]
[INFO] [stdout]   | ^^^^^^^^^^^^
[INFO] [stdout]   |
[INFO] [stdout]   = note: `#[warn(unused_imports)]` on by default
[INFO] [stdout] 
[INFO] [stdout] 
[INFO] [stdout] warning: unused `#[macro_use]` import
[INFO] [stdout]  --> src/main.rs:2:1
[INFO] [stdout]   |
[INFO] [stdout] 2 | #[macro_use]
[INFO] [stdout]   | ^^^^^^^^^^^^
[INFO] [stdout]   |
[INFO] [stdout]   = note: `#[warn(unused_imports)]` on by default
[INFO] [stdout] 
[INFO] [stdout] 
[INFO] [stdout] error[E0061]: this function takes 1 argument but 2 arguments were supplied
[INFO] [stdout]    --> src/main.rs:43:13
[INFO] [stdout]     |
[INFO] [stdout] 43  |         rng.gen_range(1, 100)
[INFO] [stdout]     |             ^^^^^^^^^ -  --- supplied 2 arguments
[INFO] [stdout]     |             |
[INFO] [stdout]     |             expected 1 argument
[INFO] [stdout]     |
[INFO] [stdout] note: associated function defined here
[INFO] [stdout]    --> /opt/rustwide/cargo-home/registry/src/github.com-1ecc6299db9ec823/rand-0.8.4/src/rng.rs:129:8
[INFO] [stdout]     |
[INFO] [stdout] 129 |     fn gen_range<T, R>(&mut self, range: R) -> T
[INFO] [stdout]     |        ^^^^^^^^^
[INFO] [stdout] 
[INFO] [stdout] 
[INFO] [stdout] error[E0061]: this function takes 1 argument but 2 arguments were supplied
[INFO] [stdout]    --> src/main.rs:59:31
[INFO] [stdout]     |
[INFO] [stdout] 59  |                 newline = rng.gen_range(1, 100);
[INFO] [stdout]     |                               ^^^^^^^^^ -  --- supplied 2 arguments
[INFO] [stdout]     |                               |
[INFO] [stdout]     |                               expected 1 argument
[INFO] [stdout]     |
[INFO] [stdout] note: associated function defined here
[INFO] [stdout]    --> /opt/rustwide/cargo-home/registry/src/github.com-1ecc6299db9ec823/rand-0.8.4/src/rng.rs:129:8
[INFO] [stdout]     |
[INFO] [stdout] 129 |     fn gen_range<T, R>(&mut self, range: R) -> T
[INFO] [stdout]     |        ^^^^^^^^^
[INFO] [stdout] 
[INFO] [stdout] 
[INFO] [stdout] error: aborting due to 2 previous errors; 1 warning emitted
[INFO] [stdout] 
[INFO] [stdout] 
[INFO] [stdout] For more information about this error, try `rustc --explain E0061`.
[INFO] [stdout] 
[INFO] [stdout] error[E0061]: this function takes 1 argument but 2 arguments were supplied
[INFO] [stdout]    --> src/main.rs:43:13
[INFO] [stdout]     |
[INFO] [stdout] 43  |         rng.gen_range(1, 100)
[INFO] [stdout]     |             ^^^^^^^^^ -  --- supplied 2 arguments
[INFO] [stdout]     |             |
[INFO] [stdout]     |             expected 1 argument
[INFO] [stdout]     |
[INFO] [stdout] note: associated function defined here
[INFO] [stdout]    --> /opt/rustwide/cargo-home/registry/src/github.com-1ecc6299db9ec823/rand-0.8.4/src/rng.rs:129:8
[INFO] [stdout]     |
[INFO] [stdout] 129 |     fn gen_range<T, R>(&mut self, range: R) -> T
[INFO] [stdout]     |        ^^^^^^^^^
[INFO] [stdout] 
[INFO] [stdout] 
[INFO] [stdout] error[E0061]: this function takes 1 argument but 2 arguments were supplied
[INFO] [stdout]    --> src/main.rs:59:31
[INFO] [stdout]     |
[INFO] [stdout] 59  |                 newline = rng.gen_range(1, 100);
[INFO] [stdout]     |                               ^^^^^^^^^ -  --- supplied 2 arguments
[INFO] [stdout]     |                               |
[INFO] [stdout]     |                               expected 1 argument
[INFO] [stdout]     |
[INFO] [stdout] note: associated function defined here
[INFO] [stdout]    --> /opt/rustwide/cargo-home/registry/src/github.com-1ecc6299db9ec823/rand-0.8.4/src/rng.rs:129:8
[INFO] [stdout]     |
[INFO] [stdout] 129 |     fn gen_range<T, R>(&mut self, range: R) -> T
[INFO] [stdout]     |        ^^^^^^^^^
[INFO] [stdout] 
[INFO] [stdout] 
[INFO] [stderr] error: could not compile `bear` due to 3 previous errors; 1 warning emitted
[INFO] [stderr] warning: build failed, waiting for other jobs to finish...
[INFO] [stdout] error: aborting due to 2 previous errors; 1 warning emitted
[INFO] [stdout] 
[INFO] [stdout] 
[INFO] [stdout] For more information about this error, try `rustc --explain E0061`.
[INFO] [stdout] 
[INFO] [stderr] error: build failed
[INFO] running `Command { std: "docker" "inspect" "09ed605731a38c616dc75dad94a69ca27d91303d353c37c23898a545a0d632fc", kill_on_drop: false }`
[INFO] running `Command { std: "docker" "rm" "-f" "09ed605731a38c616dc75dad94a69ca27d91303d353c37c23898a545a0d632fc", kill_on_drop: false }`
[INFO] [stdout] 09ed605731a38c616dc75dad94a69ca27d91303d353c37c23898a545a0d632fc
