[INFO] cloning repository https://github.com/hdoordt/four-wheel-drive-demo
[INFO] running `Command { std: "git" "-c" "credential.helper=" "-c" "credential.helper=/workspace/cargo-home/bin/git-credential-null" "clone" "--bare" "https://github.com/hdoordt/four-wheel-drive-demo" "/workspace/cache/git-repos/https%3A%2F%2Fgithub.com%2Fhdoordt%2Ffour-wheel-drive-demo", kill_on_drop: false }`
[INFO] [stderr] Cloning into bare repository '/workspace/cache/git-repos/https%3A%2F%2Fgithub.com%2Fhdoordt%2Ffour-wheel-drive-demo'...
[INFO] running `Command { std: "git" "rev-parse" "HEAD", kill_on_drop: false }`
[INFO] [stdout] 53a48d91b18c96d9f30fcf4ea35326cf25832d50
[INFO] checking hdoordt/four-wheel-drive-demo against beta-2021-10-15 for beta-1.56-3
[INFO] running `Command { std: "git" "clone" "/workspace/cache/git-repos/https%3A%2F%2Fgithub.com%2Fhdoordt%2Ffour-wheel-drive-demo" "/workspace/builds/worker-73/source", kill_on_drop: false }`
[INFO] [stderr] Cloning into '/workspace/builds/worker-73/source'...
[INFO] [stderr] done.
[INFO] validating manifest of git repo https://github.com/hdoordt/four-wheel-drive-demo on toolchain beta-2021-10-15
[INFO] running `Command { std: "/workspace/cargo-home/bin/cargo" "+beta-2021-10-15" "metadata" "--manifest-path" "Cargo.toml" "--no-deps", kill_on_drop: false }`
[INFO] removed /workspace/builds/worker-73/source/.cargo/config
[INFO] started tweaking git repo https://github.com/hdoordt/four-wheel-drive-demo
[INFO] finished tweaking git repo https://github.com/hdoordt/four-wheel-drive-demo
[INFO] tweaked toml for git repo https://github.com/hdoordt/four-wheel-drive-demo written to /workspace/builds/worker-73/source/Cargo.toml
[INFO] crate git repo https://github.com/hdoordt/four-wheel-drive-demo already has a lockfile, it will not be regenerated
[INFO] running `Command { std: "/workspace/cargo-home/bin/cargo" "+beta-2021-10-15" "fetch" "--manifest-path" "Cargo.toml", kill_on_drop: false }`
[INFO] [stderr]     Updating git repository `https://github.com/hdoordt/ring-buf-rs.git`
[INFO] [stderr]     Blocking waiting for file lock on package cache
[INFO] running `Command { std: "docker" "create" "-v" "/var/lib/crater-agent-workspace/builds/worker-73/target:/opt/rustwide/target:rw,Z" "-v" "/var/lib/crater-agent-workspace/builds/worker-73/source:/opt/rustwide/workdir:ro,Z" "-v" "/var/lib/crater-agent-workspace/cargo-home:/opt/rustwide/cargo-home:ro,Z" "-v" "/var/lib/crater-agent-workspace/rustup-home:/opt/rustwide/rustup-home:ro,Z" "-e" "SOURCE_DIR=/opt/rustwide/workdir" "-e" "CARGO_TARGET_DIR=/opt/rustwide/target" "-e" "CARGO_HOME=/opt/rustwide/cargo-home" "-e" "RUSTUP_HOME=/opt/rustwide/rustup-home" "-w" "/opt/rustwide/workdir" "-m" "1610612736" "--user" "0:0" "--network" "none" "ghcr.io/rust-lang/crates-build-env/linux@sha256:a89201d6b5b9fd45c15d5952ece0a0129e7e80cb26ec023fd59cf09bc26f1604" "/opt/rustwide/cargo-home/bin/cargo" "+beta-2021-10-15" "metadata" "--no-deps" "--format-version=1", kill_on_drop: false }`
[INFO] [stdout] 9ecaf36b33ae113150f54121ebbe7a3cf4833190577dd1b85cc5c0e845959328
[INFO] running `Command { std: "docker" "start" "-a" "9ecaf36b33ae113150f54121ebbe7a3cf4833190577dd1b85cc5c0e845959328", kill_on_drop: false }`
[INFO] running `Command { std: "docker" "inspect" "9ecaf36b33ae113150f54121ebbe7a3cf4833190577dd1b85cc5c0e845959328", kill_on_drop: false }`
[INFO] running `Command { std: "docker" "rm" "-f" "9ecaf36b33ae113150f54121ebbe7a3cf4833190577dd1b85cc5c0e845959328", kill_on_drop: false }`
[INFO] [stdout] 9ecaf36b33ae113150f54121ebbe7a3cf4833190577dd1b85cc5c0e845959328
[INFO] running `Command { std: "docker" "create" "-v" "/var/lib/crater-agent-workspace/builds/worker-73/target:/opt/rustwide/target:rw,Z" "-v" "/var/lib/crater-agent-workspace/builds/worker-73/source:/opt/rustwide/workdir:ro,Z" "-v" "/var/lib/crater-agent-workspace/cargo-home:/opt/rustwide/cargo-home:ro,Z" "-v" "/var/lib/crater-agent-workspace/rustup-home:/opt/rustwide/rustup-home:ro,Z" "-e" "SOURCE_DIR=/opt/rustwide/workdir" "-e" "CARGO_TARGET_DIR=/opt/rustwide/target" "-e" "CARGO_INCREMENTAL=0" "-e" "RUST_BACKTRACE=full" "-e" "RUSTFLAGS=--cap-lints=warn" "-e" "CARGO_HOME=/opt/rustwide/cargo-home" "-e" "RUSTUP_HOME=/opt/rustwide/rustup-home" "-w" "/opt/rustwide/workdir" "-m" "1610612736" "--user" "0:0" "--network" "none" "ghcr.io/rust-lang/crates-build-env/linux@sha256:a89201d6b5b9fd45c15d5952ece0a0129e7e80cb26ec023fd59cf09bc26f1604" "/opt/rustwide/cargo-home/bin/cargo" "+beta-2021-10-15" "check" "--frozen" "--all" "--all-targets" "--message-format=json", kill_on_drop: false }`
[INFO] [stdout] acffced842e123a261eac07d8aaf2d0b05e36535e439310eb48807f6e5ca7ca1
[INFO] running `Command { std: "docker" "start" "-a" "acffced842e123a261eac07d8aaf2d0b05e36535e439310eb48807f6e5ca7ca1", kill_on_drop: false }`
[INFO] [stderr]    Compiling typenum v1.11.2
[INFO] [stderr]    Compiling cortex-m v0.6.2
[INFO] [stderr]     Checking stable_deref_trait v1.1.1
[INFO] [stderr]    Compiling proc-macro2 v1.0.9
[INFO] [stderr]     Checking vcell v0.1.2
[INFO] [stderr]    Compiling syn v1.0.16
[INFO] [stderr]    Compiling byteorder v1.3.4
[INFO] [stderr]    Compiling cortex-m-rt v0.6.12
[INFO] [stderr]     Checking nb v0.1.2
[INFO] [stderr]    Compiling stm32f3 v0.9.0
[INFO] [stderr]    Compiling stm32-usbd v0.5.1
[INFO] [stderr]     Checking r0 v0.2.2
[INFO] [stderr]     Checking void v1.0.2
[INFO] [stderr]    Compiling cortex-m-semihosting v0.3.5
[INFO] [stderr]     Checking usb-device v0.2.5
[INFO] [stderr]     Checking m v0.1.1
[INFO] [stderr]    Compiling rustc_version v0.2.3
[INFO] [stderr]     Checking volatile-register v0.2.0
[INFO] [stderr]     Checking embedded-hal v0.2.3
[INFO] [stderr]    Compiling bare-metal v0.2.5
[INFO] [stderr]    Compiling cast v0.2.3
[INFO] [stderr]    Compiling quote v1.0.2
[INFO] [stderr]     Checking hash32 v0.1.1
[INFO] [stderr]     Checking generic-array v0.12.3
[INFO] [stderr]     Checking generic-array v0.13.2
[INFO] [stderr]     Checking generic-array v0.11.1
[INFO] [stderr]     Checking as-slice v0.1.3
[INFO] [stderr]     Checking heapless v0.3.7
[INFO] [stderr]     Checking aligned v0.3.2
[INFO] [stderr]     Checking ring_buf v0.1.0 (https://github.com/hdoordt/ring-buf-rs.git?branch=master#c6f7feb0)
[INFO] [stderr]    Compiling cortex-m-rt-macros v0.1.8
[INFO] [stderr]     Checking stm32f3xx-hal v0.4.1
[INFO] [stderr]     Checking four-wd-demo v0.1.0 (/opt/rustwide/workdir)
[INFO] [stdout] error[E0554]: `#![feature]` may not be used on the beta release channel
[INFO] [stdout]  --> src/main.rs:4:1
[INFO] [stdout]   |
[INFO] [stdout] 4 | #![feature(never_type)]
[INFO] [stdout]   | ^^^^^^^^^^^^^^^^^^^^^^^
[INFO] [stdout] 
[INFO] [stdout] 
[INFO] [stdout] warning: unused imports: `Write as HalWrite`, `WriteRead as HalWriteRead`
[INFO] [stdout]   --> src/main.rs:17:35
[INFO] [stdout]    |
[INFO] [stdout] 17 | use embedded_hal::blocking::i2c::{Write as HalWrite, WriteRead as HalWriteRead};
[INFO] [stdout]    |                                   ^^^^^^^^^^^^^^^^^  ^^^^^^^^^^^^^^^^^^^^^^^^^
[INFO] [stdout]    |
[INFO] [stdout]    = note: `#[warn(unused_imports)]` on by default
[INFO] [stdout] 
[INFO] [stdout] 
[INFO] [stdout] warning: unused import: `driver::motor::Motors`
[INFO] [stdout]   --> src/main.rs:20:5
[INFO] [stdout]    |
[INFO] [stdout] 20 | use driver::motor::Motors;
[INFO] [stdout]    |     ^^^^^^^^^^^^^^^^^^^^^
[INFO] [stdout] 
[INFO] [stdout] 
[INFO] [stdout] warning: unused import: `driver::compass::Led::*`
[INFO] [stdout]   --> src/main.rs:54:9
[INFO] [stdout]    |
[INFO] [stdout] 54 |     use driver::compass::Led::*;
[INFO] [stdout]    |         ^^^^^^^^^^^^^^^^^^^^^^^
[INFO] [stdout] 
[INFO] [stdout] 
[INFO] [stdout] error: language item required, but not found: `eh_personality`
[INFO] [stdout] 
[INFO] [stdout] 
[INFO] [stdout] error[E0554]: `#![feature]` may not be used on the beta release channel
[INFO] [stdout]  --> src/main.rs:4:1
[INFO] [stdout]   |
[INFO] [stdout] 4 | #![feature(never_type)]
[INFO] [stdout]   | ^^^^^^^^^^^^^^^^^^^^^^^
[INFO] [stdout] 
[INFO] [stdout] 
[INFO] [stdout] warning: unused imports: `Write as HalWrite`, `WriteRead as HalWriteRead`
[INFO] [stdout]   --> src/main.rs:17:35
[INFO] [stdout]    |
[INFO] [stdout] 17 | use embedded_hal::blocking::i2c::{Write as HalWrite, WriteRead as HalWriteRead};
[INFO] [stdout]    |                                   ^^^^^^^^^^^^^^^^^  ^^^^^^^^^^^^^^^^^^^^^^^^^
[INFO] [stdout]    |
[INFO] [stdout]    = note: `#[warn(unused_imports)]` on by default
[INFO] [stdout] 
[INFO] [stdout] 
[INFO] [stdout] warning: unused import: `driver::motor::Motors`
[INFO] [stdout]   --> src/main.rs:20:5
[INFO] [stdout]    |
[INFO] [stdout] 20 | use driver::motor::Motors;
[INFO] [stdout]    |     ^^^^^^^^^^^^^^^^^^^^^
[INFO] [stdout] 
[INFO] [stdout] 
[INFO] [stdout] warning: unused import: `driver::compass::Led::*`
[INFO] [stdout]   --> src/main.rs:54:9
[INFO] [stdout]    |
[INFO] [stdout] 54 |     use driver::compass::Led::*;
[INFO] [stdout]    |         ^^^^^^^^^^^^^^^^^^^^^^^
[INFO] [stdout] 
[INFO] [stdout] 
[INFO] [stdout] error[E0152]: found duplicate lang item `panic_impl`
[INFO] [stdout]   --> src/main.rs:26:1
[INFO] [stdout]    |
[INFO] [stdout] 26 | unsafe fn panic_handler(info: &core::panic::PanicInfo) -> ! {
[INFO] [stdout]    | ^^^^^^^^^^^^^^^^^^^^^^^^^^^^^^^^^^^^^^^^^^^^^^^^^^^^^^^^^^^
[INFO] [stdout]    |
[INFO] [stdout]    = note: the lang item is first defined in crate `std` (which `test` depends on)
[INFO] [stdout]    = note: first definition in `std` loaded from /opt/rustwide/rustup-home/toolchains/beta-2021-10-15-x86_64-unknown-linux-gnu/lib/rustlib/x86_64-unknown-linux-gnu/lib/libstd-9a950938f3668a37.rlib
[INFO] [stdout]    = note: second definition in the local crate (`four_wd_demo`)
[INFO] [stdout] 
[INFO] [stdout] 
[INFO] [stdout] error: aborting due to 2 previous errors; 3 warnings emitted
[INFO] [stdout] 
[INFO] [stdout] 
[INFO] [stdout] For more information about this error, try `rustc --explain E0554`.
[INFO] [stdout] 
[INFO] [stderr] error: could not compile `four-wd-demo` due to 3 previous errors; 3 warnings emitted
[INFO] [stderr] warning: build failed, waiting for other jobs to finish...
[INFO] [stdout] error: aborting due to 2 previous errors; 3 warnings emitted
[INFO] [stdout] 
[INFO] [stdout] 
[INFO] [stdout] Some errors have detailed explanations: E0152, E0554.
[INFO] [stdout] 
[INFO] [stdout] For more information about an error, try `rustc --explain E0152`.
[INFO] [stdout] 
[INFO] [stderr] error: build failed
[INFO] running `Command { std: "docker" "inspect" "acffced842e123a261eac07d8aaf2d0b05e36535e439310eb48807f6e5ca7ca1", kill_on_drop: false }`
[INFO] running `Command { std: "docker" "rm" "-f" "acffced842e123a261eac07d8aaf2d0b05e36535e439310eb48807f6e5ca7ca1", kill_on_drop: false }`
[INFO] [stdout] acffced842e123a261eac07d8aaf2d0b05e36535e439310eb48807f6e5ca7ca1
