[INFO] cloning repository https://github.com/hch12907/craft
[INFO] running `Command { std: "git" "-c" "credential.helper=" "-c" "credential.helper=/workspace/cargo-home/bin/git-credential-null" "clone" "--bare" "https://github.com/hch12907/craft" "/workspace/cache/git-repos/https%3A%2F%2Fgithub.com%2Fhch12907%2Fcraft", kill_on_drop: false }`
[INFO] [stderr] Cloning into bare repository '/workspace/cache/git-repos/https%3A%2F%2Fgithub.com%2Fhch12907%2Fcraft'...
[INFO] running `Command { std: "git" "rev-parse" "HEAD", kill_on_drop: false }`
[INFO] [stdout] 20dbf7ff3c1b71e3e3e28e9fd54d654adb22d646
[INFO] checking hch12907/craft against beta-2021-10-15 for beta-1.56-3
[INFO] running `Command { std: "git" "clone" "/workspace/cache/git-repos/https%3A%2F%2Fgithub.com%2Fhch12907%2Fcraft" "/workspace/builds/worker-92/source", kill_on_drop: false }`
[INFO] [stderr] Cloning into '/workspace/builds/worker-92/source'...
[INFO] [stderr] done.
[INFO] validating manifest of git repo https://github.com/hch12907/craft on toolchain beta-2021-10-15
[INFO] running `Command { std: "/workspace/cargo-home/bin/cargo" "+beta-2021-10-15" "metadata" "--manifest-path" "Cargo.toml" "--no-deps", kill_on_drop: false }`
[INFO] started tweaking git repo https://github.com/hch12907/craft
[INFO] finished tweaking git repo https://github.com/hch12907/craft
[INFO] tweaked toml for git repo https://github.com/hch12907/craft written to /workspace/builds/worker-92/source/Cargo.toml
[INFO] crate git repo https://github.com/hch12907/craft already has a lockfile, it will not be regenerated
[INFO] running `Command { std: "/workspace/cargo-home/bin/cargo" "+beta-2021-10-15" "fetch" "--manifest-path" "Cargo.toml", kill_on_drop: false }`
[INFO] [stderr]     Blocking waiting for file lock on package cache
[INFO] [stderr]     Updating crates.io index
[INFO] [stderr]     Blocking waiting for file lock on package cache
[INFO] running `Command { std: "docker" "create" "-v" "/var/lib/crater-agent-workspace/builds/worker-92/target:/opt/rustwide/target:rw,Z" "-v" "/var/lib/crater-agent-workspace/builds/worker-92/source:/opt/rustwide/workdir:ro,Z" "-v" "/var/lib/crater-agent-workspace/cargo-home:/opt/rustwide/cargo-home:ro,Z" "-v" "/var/lib/crater-agent-workspace/rustup-home:/opt/rustwide/rustup-home:ro,Z" "-e" "SOURCE_DIR=/opt/rustwide/workdir" "-e" "CARGO_TARGET_DIR=/opt/rustwide/target" "-e" "CARGO_HOME=/opt/rustwide/cargo-home" "-e" "RUSTUP_HOME=/opt/rustwide/rustup-home" "-w" "/opt/rustwide/workdir" "-m" "1610612736" "--user" "0:0" "--network" "none" "ghcr.io/rust-lang/crates-build-env/linux@sha256:a89201d6b5b9fd45c15d5952ece0a0129e7e80cb26ec023fd59cf09bc26f1604" "/opt/rustwide/cargo-home/bin/cargo" "+beta-2021-10-15" "metadata" "--no-deps" "--format-version=1", kill_on_drop: false }`
[INFO] [stdout] 8b5b9291b2a019dcf9058c940cc8c7c80501c7eef7cc045c741dc75cc576cf48
[INFO] running `Command { std: "docker" "start" "-a" "8b5b9291b2a019dcf9058c940cc8c7c80501c7eef7cc045c741dc75cc576cf48", kill_on_drop: false }`
[INFO] running `Command { std: "docker" "inspect" "8b5b9291b2a019dcf9058c940cc8c7c80501c7eef7cc045c741dc75cc576cf48", kill_on_drop: false }`
[INFO] running `Command { std: "docker" "rm" "-f" "8b5b9291b2a019dcf9058c940cc8c7c80501c7eef7cc045c741dc75cc576cf48", kill_on_drop: false }`
[INFO] [stdout] 8b5b9291b2a019dcf9058c940cc8c7c80501c7eef7cc045c741dc75cc576cf48
[INFO] running `Command { std: "docker" "create" "-v" "/var/lib/crater-agent-workspace/builds/worker-92/target:/opt/rustwide/target:rw,Z" "-v" "/var/lib/crater-agent-workspace/builds/worker-92/source:/opt/rustwide/workdir:ro,Z" "-v" "/var/lib/crater-agent-workspace/cargo-home:/opt/rustwide/cargo-home:ro,Z" "-v" "/var/lib/crater-agent-workspace/rustup-home:/opt/rustwide/rustup-home:ro,Z" "-e" "SOURCE_DIR=/opt/rustwide/workdir" "-e" "CARGO_TARGET_DIR=/opt/rustwide/target" "-e" "CARGO_INCREMENTAL=0" "-e" "RUST_BACKTRACE=full" "-e" "RUSTFLAGS=--cap-lints=warn" "-e" "CARGO_HOME=/opt/rustwide/cargo-home" "-e" "RUSTUP_HOME=/opt/rustwide/rustup-home" "-w" "/opt/rustwide/workdir" "-m" "1610612736" "--user" "0:0" "--network" "none" "ghcr.io/rust-lang/crates-build-env/linux@sha256:a89201d6b5b9fd45c15d5952ece0a0129e7e80cb26ec023fd59cf09bc26f1604" "/opt/rustwide/cargo-home/bin/cargo" "+beta-2021-10-15" "check" "--frozen" "--all" "--all-targets" "--message-format=json", kill_on_drop: false }`
[INFO] [stdout] 1940b6533e39b472d29eac63e03bf54592fb962364299c768422b84ce3b001dd
[INFO] running `Command { std: "docker" "start" "-a" "1940b6533e39b472d29eac63e03bf54592fb962364299c768422b84ce3b001dd", kill_on_drop: false }`
[INFO] [stderr]     Blocking waiting for file lock on package cache
[INFO] [stderr]    Compiling libc v0.2.69
[INFO] [stderr]    Compiling cc v1.0.50
[INFO] [stderr]    Compiling byteorder v1.3.4
[INFO] [stderr]    Compiling nix v0.14.1
[INFO] [stderr]     Checking void v1.0.2
[INFO] [stderr]     Checking lazycell v1.2.1
[INFO] [stderr]    Compiling pkg-config v0.3.17
[INFO] [stderr]    Compiling proc-macro2 v1.0.12
[INFO] [stderr]     Checking arrayvec v0.5.1
[INFO] [stderr]     Checking downcast-rs v1.1.1
[INFO] [stderr]     Checking xdg v2.2.0
[INFO] [stderr]     Checking scopeguard v1.0.0
[INFO] [stderr]     Checking smallvec v1.2.0
[INFO] [stderr]     Checking xml-rs v0.8.0
[INFO] [stderr]    Compiling syn v1.0.19
[INFO] [stderr]    Compiling memchr v2.3.3
[INFO] [stderr]     Checking instant v0.1.2
[INFO] [stderr]     Checking arc-swap v0.4.6
[INFO] [stderr]     Checking pin-project-lite v0.1.5
[INFO] [stderr]     Checking bytes v0.5.4
[INFO] [stderr]    Compiling num-traits v0.2.11
[INFO] [stderr]     Checking log v0.4.8
[INFO] [stderr]    Compiling quote v0.6.13
[INFO] [stderr]    Compiling gl_generator v0.13.1
[INFO] [stderr]     Checking gl v0.14.0
[INFO] [stderr]     Checking lock_api v0.3.3
[INFO] [stderr]    Compiling wayland-scanner v0.23.6
[INFO] [stderr]    Compiling x11-dl v2.18.5
[INFO] [stderr]     Checking stb_truetype v0.3.1
[INFO] [stderr]    Compiling libloading v0.5.2
[INFO] [stderr]    Compiling glutin_egl_sys v0.1.4
[INFO] [stderr]    Compiling glutin_glx_sys v0.1.6
[INFO] [stderr]     Checking net2 v0.2.33
[INFO] [stderr]     Checking iovec v0.1.4
[INFO] [stderr]     Checking getrandom v0.1.14
[INFO] [stderr]     Checking rand_os v0.1.3
[INFO] [stderr]     Checking memmap v0.7.0
[INFO] [stderr]     Checking parking_lot_core v0.7.0
[INFO] [stderr]     Checking shared_library v0.1.9
[INFO] [stderr]     Checking raw-window-handle v0.3.3
[INFO] [stderr]     Checking num_cpus v1.13.0
[INFO] [stderr]     Checking signal-hook-registry v1.2.0
[INFO] [stderr]    Compiling quote v1.0.4
[INFO] [stderr]     Checking rand v0.6.5
[INFO] [stderr]     Checking osmesa-sys v0.1.2
[INFO] [stderr]     Checking rand_core v0.5.1
[INFO] [stderr]     Checking mio v0.6.21
[INFO] [stderr]     Checking parking_lot v0.10.0
[INFO] [stderr]     Checking dlib v0.4.1
[INFO] [stderr]     Checking rand_chacha v0.2.2
[INFO] [stderr]     Checking wayland-sys v0.23.6
[INFO] [stderr]     Checking approx v0.3.2
[INFO] [stderr]     Checking ordered-float v1.0.2
[INFO] [stderr]     Checking line_drawing v0.7.0
[INFO] [stderr]     Checking rand v0.7.3
[INFO] [stderr]     Checking rusttype v0.8.2
[INFO] [stderr]    Compiling wayland-client v0.23.6
[INFO] [stderr]    Compiling wayland-protocols v0.23.6
[INFO] [stderr]     Checking mio-extras v2.0.6
[INFO] [stderr]     Checking mio-uds v0.6.8
[INFO] [stderr]     Checking rusttype v0.7.9
[INFO] [stderr]     Checking cgmath v0.17.0
[INFO] [stderr]     Checking andrew v0.2.1
[INFO] [stderr]     Checking rand_distr v0.2.2
[INFO] [stderr]     Checking gekraftet_core v0.1.0 (/opt/rustwide/workdir/gekraftet_core)
[INFO] [stdout] error[E0557]: feature has been removed
[INFO] [stdout]  --> gekraftet_core/src/lib.rs:1:12
[INFO] [stdout]   |
[INFO] [stdout] 1 | #![feature(const_generics)]
[INFO] [stdout]   |            ^^^^^^^^^^^^^^ feature has been removed
[INFO] [stdout]   |
[INFO] [stdout]   = note: removed in favor of `#![feature(adt_const_params]` and `#![feature(generic_const_exprs)]`
[INFO] [stdout] 
[INFO] [stdout] 
[INFO] [stdout] error[E0557]: feature has been removed
[INFO] [stdout]  --> gekraftet_core/src/lib.rs:1:12
[INFO] [stdout]   |
[INFO] [stdout] 1 | #![feature(const_generics)]
[INFO] [stdout]   |            ^^^^^^^^^^^^^^ feature has been removed
[INFO] [stdout]   |
[INFO] [stdout]   = note: removed in favor of `#![feature(adt_const_params]` and `#![feature(generic_const_exprs)]`
[INFO] [stdout] 
[INFO] [stdout] 
[INFO] [stdout] error[E0554]: `#![feature]` may not be used on the beta release channel
[INFO] [stdout]  --> gekraftet_core/src/lib.rs:1:1
[INFO] [stdout]   |
[INFO] [stdout] 1 | #![feature(const_generics)]
[INFO] [stdout]   | ^^^^^^^^^^^^^^^^^^^^^^^^^^^
[INFO] [stdout] 
[INFO] [stdout] 
[INFO] [stdout] warning: unused import: `Point2`
[INFO] [stdout]  --> gekraftet_core/src/world/position.rs:2:15
[INFO] [stdout]   |
[INFO] [stdout] 2 | use cgmath::{ Point2, Point3 };
[INFO] [stdout]   |               ^^^^^^
[INFO] [stdout]   |
[INFO] [stdout]   = note: `#[warn(unused_imports)]` on by default
[INFO] [stdout] 
[INFO] [stdout] 
[INFO] [stdout] error[E0554]: `#![feature]` may not be used on the beta release channel
[INFO] [stdout]  --> gekraftet_core/src/lib.rs:1:1
[INFO] [stdout]   |
[INFO] [stdout] 1 | #![feature(const_generics)]
[INFO] [stdout]   | ^^^^^^^^^^^^^^^^^^^^^^^^^^^
[INFO] [stdout] 
[INFO] [stdout] 
[INFO] [stdout] warning: unused import: `Point2`
[INFO] [stdout]  --> gekraftet_core/src/world/position.rs:2:15
[INFO] [stdout]   |
[INFO] [stdout] 2 | use cgmath::{ Point2, Point3 };
[INFO] [stdout]   |               ^^^^^^
[INFO] [stdout]   |
[INFO] [stdout]   = note: `#[warn(unused_imports)]` on by default
[INFO] [stdout] 
[INFO] [stdout] 
[INFO] [stderr]     Checking wayland-commons v0.23.6
[INFO] [stderr]     Checking calloop v0.4.4
[INFO] [stdout] error: aborting due to 2 previous errors; 1 warning emitted
[INFO] [stdout] 
[INFO] [stdout] 
[INFO] [stdout] Some errors have detailed explanations: E0554, E0557.
[INFO] [stdout] 
[INFO] [stdout] For more information about an error, try `rustc --explain E0554`.
[INFO] [stdout] 
[INFO] [stderr] error: could not compile `gekraftet_core` due to 3 previous errors; 1 warning emitted
[INFO] [stderr] warning: build failed, waiting for other jobs to finish...
[INFO] [stdout] error: aborting due to 2 previous errors; 1 warning emitted
[INFO] [stdout] 
[INFO] [stdout] 
[INFO] [stdout] Some errors have detailed explanations: E0554, E0557.
[INFO] [stdout] 
[INFO] [stdout] For more information about an error, try `rustc --explain E0554`.
[INFO] [stdout] 
[INFO] [stderr] error: build failed
[INFO] running `Command { std: "docker" "inspect" "1940b6533e39b472d29eac63e03bf54592fb962364299c768422b84ce3b001dd", kill_on_drop: false }`
[INFO] running `Command { std: "docker" "rm" "-f" "1940b6533e39b472d29eac63e03bf54592fb962364299c768422b84ce3b001dd", kill_on_drop: false }`
[INFO] [stdout] 1940b6533e39b472d29eac63e03bf54592fb962364299c768422b84ce3b001dd
