[INFO] cloning repository https://github.com/haze/bruhbot
[INFO] running `Command { std: "git" "-c" "credential.helper=" "-c" "credential.helper=/workspace/cargo-home/bin/git-credential-null" "clone" "--bare" "https://github.com/haze/bruhbot" "/workspace/cache/git-repos/https%3A%2F%2Fgithub.com%2Fhaze%2Fbruhbot", kill_on_drop: false }`
[INFO] [stderr] Cloning into bare repository '/workspace/cache/git-repos/https%3A%2F%2Fgithub.com%2Fhaze%2Fbruhbot'...
[INFO] running `Command { std: "git" "rev-parse" "HEAD", kill_on_drop: false }`
[INFO] [stdout] 055adc3759769b50cf37ee4d5763765bfc3d71ba
[INFO] checking haze/bruhbot against beta-2021-10-15 for beta-1.56-3
[INFO] running `Command { std: "git" "clone" "/workspace/cache/git-repos/https%3A%2F%2Fgithub.com%2Fhaze%2Fbruhbot" "/workspace/builds/worker-49/source", kill_on_drop: false }`
[INFO] [stderr] Cloning into '/workspace/builds/worker-49/source'...
[INFO] [stderr] done.
[INFO] validating manifest of git repo https://github.com/haze/bruhbot on toolchain beta-2021-10-15
[INFO] running `Command { std: "/workspace/cargo-home/bin/cargo" "+beta-2021-10-15" "metadata" "--manifest-path" "Cargo.toml" "--no-deps", kill_on_drop: false }`
[INFO] started tweaking git repo https://github.com/haze/bruhbot
[INFO] finished tweaking git repo https://github.com/haze/bruhbot
[INFO] tweaked toml for git repo https://github.com/haze/bruhbot written to /workspace/builds/worker-49/source/Cargo.toml
[INFO] running `Command { std: "/workspace/cargo-home/bin/cargo" "+beta-2021-10-15" "generate-lockfile" "--manifest-path" "Cargo.toml" "-Zno-index-update", kill_on_drop: false }`
[INFO] [stderr]     Blocking waiting for file lock on package cache
[INFO] [stderr]     Updating git repository `https://github.com/serenity-rs/serenity`
[INFO] running `Command { std: "/workspace/cargo-home/bin/cargo" "+beta-2021-10-15" "fetch" "--manifest-path" "Cargo.toml", kill_on_drop: false }`
[INFO] [stderr]     Blocking waiting for file lock on package cache
[INFO] [stderr]     Blocking waiting for file lock on package cache
[INFO] running `Command { std: "docker" "create" "-v" "/var/lib/crater-agent-workspace/builds/worker-49/target:/opt/rustwide/target:rw,Z" "-v" "/var/lib/crater-agent-workspace/builds/worker-49/source:/opt/rustwide/workdir:ro,Z" "-v" "/var/lib/crater-agent-workspace/cargo-home:/opt/rustwide/cargo-home:ro,Z" "-v" "/var/lib/crater-agent-workspace/rustup-home:/opt/rustwide/rustup-home:ro,Z" "-e" "SOURCE_DIR=/opt/rustwide/workdir" "-e" "CARGO_TARGET_DIR=/opt/rustwide/target" "-e" "CARGO_HOME=/opt/rustwide/cargo-home" "-e" "RUSTUP_HOME=/opt/rustwide/rustup-home" "-w" "/opt/rustwide/workdir" "-m" "1610612736" "--user" "0:0" "--network" "none" "ghcr.io/rust-lang/crates-build-env/linux@sha256:a89201d6b5b9fd45c15d5952ece0a0129e7e80cb26ec023fd59cf09bc26f1604" "/opt/rustwide/cargo-home/bin/cargo" "+beta-2021-10-15" "metadata" "--no-deps" "--format-version=1", kill_on_drop: false }`
[INFO] [stdout] 996a01b88518db33da4444106abd9dd8b4c4f1129d03aafb6df2ce79b0ffecd9
[INFO] running `Command { std: "docker" "start" "-a" "996a01b88518db33da4444106abd9dd8b4c4f1129d03aafb6df2ce79b0ffecd9", kill_on_drop: false }`
[INFO] running `Command { std: "docker" "inspect" "996a01b88518db33da4444106abd9dd8b4c4f1129d03aafb6df2ce79b0ffecd9", kill_on_drop: false }`
[INFO] running `Command { std: "docker" "rm" "-f" "996a01b88518db33da4444106abd9dd8b4c4f1129d03aafb6df2ce79b0ffecd9", kill_on_drop: false }`
[INFO] [stdout] 996a01b88518db33da4444106abd9dd8b4c4f1129d03aafb6df2ce79b0ffecd9
[INFO] running `Command { std: "docker" "create" "-v" "/var/lib/crater-agent-workspace/builds/worker-49/target:/opt/rustwide/target:rw,Z" "-v" "/var/lib/crater-agent-workspace/builds/worker-49/source:/opt/rustwide/workdir:ro,Z" "-v" "/var/lib/crater-agent-workspace/cargo-home:/opt/rustwide/cargo-home:ro,Z" "-v" "/var/lib/crater-agent-workspace/rustup-home:/opt/rustwide/rustup-home:ro,Z" "-e" "SOURCE_DIR=/opt/rustwide/workdir" "-e" "CARGO_TARGET_DIR=/opt/rustwide/target" "-e" "CARGO_INCREMENTAL=0" "-e" "RUST_BACKTRACE=full" "-e" "RUSTFLAGS=--cap-lints=warn" "-e" "CARGO_HOME=/opt/rustwide/cargo-home" "-e" "RUSTUP_HOME=/opt/rustwide/rustup-home" "-w" "/opt/rustwide/workdir" "-m" "1610612736" "--user" "0:0" "--network" "none" "ghcr.io/rust-lang/crates-build-env/linux@sha256:a89201d6b5b9fd45c15d5952ece0a0129e7e80cb26ec023fd59cf09bc26f1604" "/opt/rustwide/cargo-home/bin/cargo" "+beta-2021-10-15" "check" "--frozen" "--all" "--all-targets" "--message-format=json", kill_on_drop: false }`
[INFO] [stdout] 80f790cd3c46a9216112bccdad587dae857e792df5cd9545e95197f877691f59
[INFO] running `Command { std: "docker" "start" "-a" "80f790cd3c46a9216112bccdad587dae857e792df5cd9545e95197f877691f59", kill_on_drop: false }`
[INFO] [stderr]     Blocking waiting for file lock on package cache
[INFO] [stderr]    Compiling libc v0.2.104
[INFO] [stderr]    Compiling syn v1.0.80
[INFO] [stderr]    Compiling futures-core v0.3.17
[INFO] [stderr]     Checking slab v0.4.5
[INFO] [stderr]     Checking futures-sink v0.3.17
[INFO] [stderr]    Compiling futures-channel v0.3.17
[INFO] [stderr]    Compiling futures-task v0.3.17
[INFO] [stderr]     Checking futures-io v0.3.17
[INFO] [stderr]    Compiling typenum v1.14.0
[INFO] [stderr]     Checking matches v0.1.9
[INFO] [stderr]     Checking unicode-bidi v0.3.7
[INFO] [stderr]     Checking ppv-lite86 v0.2.14
[INFO] [stderr]     Checking cpufeatures v0.2.1
[INFO] [stderr]    Compiling async-trait v0.1.51
[INFO] [stderr]     Checking httpdate v0.3.2
[INFO] [stderr]     Checking ipnet v2.3.1
[INFO] [stderr]     Checking utf-8 v0.7.6
[INFO] [stderr]    Compiling serenity v0.10.9 (https://github.com/serenity-rs/serenity?branch=current#00185318)
[INFO] [stderr]     Checking unicode-width v0.1.9
[INFO] [stderr]     Checking typemap_rev v0.1.5
[INFO] [stderr]     Checking uwl v0.6.0
[INFO] [stderr]     Checking static_assertions v1.1.0
[INFO] [stderr]     Checking dotenv v0.15.0
[INFO] [stderr]    Compiling futures-macro v0.3.17
[INFO] [stderr]    Compiling futures-util v0.3.17
[INFO] [stderr]    Compiling indexmap v1.7.0
[INFO] [stderr]    Compiling tokio v1.12.0
[INFO] [stderr]    Compiling memoffset v0.6.4
[INFO] [stderr]    Compiling crossbeam-epoch v0.8.2
[INFO] [stderr]    Compiling ring v0.16.20
[INFO] [stderr]    Compiling unicase v2.6.0
[INFO] [stderr]     Checking tinyvec v1.5.0
[INFO] [stderr]     Checking http-body v0.3.1
[INFO] [stderr]     Checking want v0.3.0
[INFO] [stderr]     Checking crossbeam-channel v0.4.4
[INFO] [stderr]     Checking crossbeam-queue v0.2.3
[INFO] [stderr]     Checking form_urlencoded v1.0.1
[INFO] [stderr]     Checking getopts v0.2.21
[INFO] [stderr]     Checking unicode-normalization v0.1.19
[INFO] [stderr]    Compiling mime_guess v2.0.3
[INFO] [stderr]     Checking crossbeam-deque v0.7.4
[INFO] [stderr]     Checking mio v0.7.14
[INFO] [stderr]     Checking net2 v0.2.37
[INFO] [stderr]     Checking iovec v0.1.4
[INFO] [stderr]     Checking num_cpus v1.13.0
[INFO] [stderr]     Checking getrandom v0.1.16
[INFO] [stderr]     Checking openssl-sys v0.9.67
[INFO] [stderr]     Checking socket2 v0.4.2
[INFO] [stderr]     Checking socket2 v0.3.19
[INFO] [stderr]     Checking time v0.1.44
[INFO] [stderr]     Checking atty v0.2.14
[INFO] [stderr]     Checking nix v0.23.0
[INFO] [stderr]     Checking flate2 v1.0.22
[INFO] [stderr]     Checking env_logger v0.7.1
[INFO] [stderr]     Checking crossbeam v0.7.3
[INFO] [stderr]     Checking rand_core v0.5.1
[INFO] [stderr]     Checking pretty-bytes v0.2.2
[INFO] [stderr]     Checking generic-array v0.14.4
[INFO] [stderr]     Checking idna v0.2.3
[INFO] [stderr]     Checking mio v0.6.23
[INFO] [stderr]     Checking pretty_env_logger v0.4.0
[INFO] [stderr]     Checking rand_chacha v0.2.2
[INFO] [stderr]     Checking openssl v0.10.36
[INFO] [stderr]     Checking rand v0.7.3
[INFO] [stderr]     Checking url v2.2.2
[INFO] [stderr]     Checking block-buffer v0.9.0
[INFO] [stderr]     Checking digest v0.9.0
[INFO] [stderr]     Checking webpki v0.21.4
[INFO] [stderr]     Checking sct v0.6.1
[INFO] [stderr]     Checking tokio v0.2.25
[INFO] [stderr]     Checking sha-1 v0.9.8
[INFO] [stderr]     Checking rustls v0.19.1
[INFO] [stderr]     Checking webpki-roots v0.20.0
[INFO] [stderr]     Checking webpki-roots v0.21.1
[INFO] [stderr]     Checking tungstenite v0.11.1
[INFO] [stderr]    Compiling tracing-attributes v0.1.18
[INFO] [stderr]    Compiling tokio-macros v1.5.0
[INFO] [stderr]    Compiling serde_derive v1.0.130
[INFO] [stderr]    Compiling pin-project-internal v1.0.8
[INFO] [stderr]    Compiling command_attr v0.3.7 (https://github.com/serenity-rs/serenity?branch=current#00185318)
[INFO] [stderr]     Checking native-tls v0.2.8
[INFO] [stderr]     Checking ctrlc v3.2.1
[INFO] [stderr]     Checking tracing v0.1.29
[INFO] [stderr]     Checking pin-project v1.0.8
[INFO] [stderr]     Checking tokio-util v0.3.1
[INFO] [stderr]     Checking tokio-tls v0.3.1
[INFO] [stderr]     Checking tracing-futures v0.2.5
[INFO] [stderr]     Checking h2 v0.2.7
[INFO] [stderr]     Checking futures v0.3.17
[INFO] [stderr]     Checking tokio-util v0.6.8
[INFO] [stderr]     Checking tokio-rustls v0.22.0
[INFO] [stderr]     Checking serde v1.0.130
[INFO] [stderr]     Checking async-tungstenite v0.11.0
[INFO] [stderr]     Checking h2 v0.3.6
[INFO] [stderr]     Checking serde_json v1.0.68
[INFO] [stderr]     Checking serde_urlencoded v0.7.0
[INFO] [stderr]     Checking chrono v0.4.19
[INFO] [stderr]     Checking hyper v0.13.10
[INFO] [stderr]     Checking hyper v0.14.13
[INFO] [stderr]     Checking serde-aux v0.6.1
[INFO] [stderr]     Checking hyper-tls v0.4.3
[INFO] [stderr]     Checking hyper-rustls v0.22.1
[INFO] [stderr]     Checking reqwest v0.10.10
[INFO] [stderr]     Checking reqwest v0.11.5
[INFO] [stderr]     Checking brobot v0.2.0 (/opt/rustwide/workdir)
[INFO] [stdout] error[E0432]: unresolved imports `serenity::client::bridge::voice::ClientVoiceManager`, `serenity::voice`
[INFO] [stdout]   --> src/audio.rs:6:3
[INFO] [stdout]    |
[INFO] [stdout] 6  |   client::bridge::voice::ClientVoiceManager,
[INFO] [stdout]    |   ^^^^^^^^^^^^^^^^^^^^^^^^^^^^^^^^^^^^^^^^^ no `ClientVoiceManager` in `client::bridge::voice`
[INFO] [stdout] ...
[INFO] [stdout] 17 |   voice,
[INFO] [stdout]    |   ^^^^^ no `voice` in the root
[INFO] [stdout] 
[INFO] [stdout] 
[INFO] [stdout] error[E0433]: failed to resolve: could not find `main` in `tokio`
[INFO] [stdout]   --> src/main.rs:77:10
[INFO] [stdout]    |
[INFO] [stdout] 77 | #[tokio::main]
[INFO] [stdout]    |          ^^^^ could not find `main` in `tokio`
[INFO] [stdout] 
[INFO] [stdout] 
[INFO] [stdout] error[E0432]: unresolved imports `serenity::client::bridge::voice::ClientVoiceManager`, `serenity::voice`
[INFO] [stdout]   --> src/audio.rs:6:3
[INFO] [stdout]    |
[INFO] [stdout] 6  |   client::bridge::voice::ClientVoiceManager,
[INFO] [stdout]    |   ^^^^^^^^^^^^^^^^^^^^^^^^^^^^^^^^^^^^^^^^^ no `ClientVoiceManager` in `client::bridge::voice`
[INFO] [stdout] ...
[INFO] [stdout] 17 |   voice,
[INFO] [stdout]    |   ^^^^^ no `voice` in the root
[INFO] [stdout] 
[INFO] [stdout] 
[INFO] [stdout] error[E0433]: failed to resolve: could not find `main` in `tokio`
[INFO] [stdout]   --> src/main.rs:77:10
[INFO] [stdout]    |
[INFO] [stdout] 77 | #[tokio::main]
[INFO] [stdout]    |          ^^^^ could not find `main` in `tokio`
[INFO] [stdout] 
[INFO] [stdout] 
[INFO] [stdout] error[E0433]: failed to resolve: could not find `signal` in `tokio`
[INFO] [stdout]    --> src/main.rs:126:10
[INFO] [stdout]     |
[INFO] [stdout] 126 |   tokio::signal::ctrl_c()
[INFO] [stdout]     |          ^^^^^^ could not find `signal` in `tokio`
[INFO] [stdout] 
[INFO] [stdout] 
[INFO] [stdout] error[E0433]: failed to resolve: could not find `signal` in `tokio`
[INFO] [stdout]    --> src/main.rs:126:10
[INFO] [stdout]     |
[INFO] [stdout] 126 |   tokio::signal::ctrl_c()
[INFO] [stdout]     |          ^^^^^^ could not find `signal` in `tokio`
[INFO] [stdout] 
[INFO] [stdout] 
[INFO] [stdout] error[E0599]: no function or associated item named `new` found for struct `serenity::Client` in the current scope
[INFO] [stdout]   --> src/main.rs:93:28
[INFO] [stdout]    |
[INFO] [stdout] 93 |   let mut client = Client::new(&token)
[INFO] [stdout]    |                            ^^^ function or associated item not found in `serenity::Client`
[INFO] [stdout] 
[INFO] [stdout] 
[INFO] [stdout] error[E0599]: no function or associated item named `new` found for struct `serenity::Client` in the current scope
[INFO] [stdout]   --> src/main.rs:93:28
[INFO] [stdout]    |
[INFO] [stdout] 93 |   let mut client = Client::new(&token)
[INFO] [stdout]    |                            ^^^ function or associated item not found in `serenity::Client`
[INFO] [stdout] 
[INFO] [stdout] 
[INFO] [stdout] error[E0599]: no method named `lock` found for struct `Arc<_>` in the current scope
[INFO] [stdout]    --> src/main.rs:130:23
[INFO] [stdout]     |
[INFO] [stdout] 130 |   shard_manager_clone.lock().await.shutdown_all().await;
[INFO] [stdout]     |                       ^^^^ method not found in `Arc<_>`
[INFO] [stdout]     |
[INFO] [stdout]     = note: `shard_manager_clone` is a function, perhaps you wish to call it
[INFO] [stdout] 
[INFO] [stdout] 
[INFO] [stdout] error[E0599]: no method named `lock` found for struct `Arc<_>` in the current scope
[INFO] [stdout]    --> src/main.rs:130:23
[INFO] [stdout]     |
[INFO] [stdout] 130 |   shard_manager_clone.lock().await.shutdown_all().await;
[INFO] [stdout]     |                       ^^^^ method not found in `Arc<_>`
[INFO] [stdout]     |
[INFO] [stdout]     = note: `shard_manager_clone` is a function, perhaps you wish to call it
[INFO] [stdout] 
[INFO] [stdout] 
[INFO] [stdout] error[E0599]: no method named `read` found for struct `Arc<_>` in the current scope
[INFO] [stdout]    --> src/main.rs:134:39
[INFO] [stdout]     |
[INFO] [stdout] 134 |   if let Some(queue_map) = data_clone.read().await.get::<audio::QueueKey>() {
[INFO] [stdout]     |                                       ^^^^ method not found in `Arc<_>`
[INFO] [stdout]     |
[INFO] [stdout]     = note: `data_clone` is a function, perhaps you wish to call it
[INFO] [stdout] 
[INFO] [stdout] 
[INFO] [stdout] error[E0599]: no method named `read` found for struct `Arc<_>` in the current scope
[INFO] [stdout]    --> src/main.rs:134:39
[INFO] [stdout]     |
[INFO] [stdout] 134 |   if let Some(queue_map) = data_clone.read().await.get::<audio::QueueKey>() {
[INFO] [stdout]     |                                       ^^^^ method not found in `Arc<_>`
[INFO] [stdout]     |
[INFO] [stdout]     = note: `data_clone` is a function, perhaps you wish to call it
[INFO] [stdout] 
[INFO] [stdout] 
[INFO] [stdout] error[E0599]: no method named `json` found for struct `reqwest::Response` in the current scope
[INFO] [stdout]    --> src/audio.rs:646:20
[INFO] [stdout]     |
[INFO] [stdout] 646 |           response.json::<EmbedInfo>().await.ok()
[INFO] [stdout]     |                    ^^^^ method not found in `reqwest::Response`
[INFO] [stdout] 
[INFO] [stdout] 
[INFO] [stdout] error[E0599]: no method named `json` found for struct `reqwest::Response` in the current scope
[INFO] [stdout]    --> src/audio.rs:646:20
[INFO] [stdout]     |
[INFO] [stdout] 646 |           response.json::<EmbedInfo>().await.ok()
[INFO] [stdout]     |                    ^^^^ method not found in `reqwest::Response`
[INFO] [stdout] 
[INFO] [stdout] 
[INFO] [stdout] error[E0599]: no method named `json` found for struct `reqwest::Response` in the current scope
[INFO] [stdout]    --> src/audio.rs:658:20
[INFO] [stdout]     |
[INFO] [stdout] 658 |           response.json::<EmbedInfo>().await.ok()
[INFO] [stdout]     |                    ^^^^ method not found in `reqwest::Response`
[INFO] [stdout] 
[INFO] [stdout] 
[INFO] [stdout] error[E0599]: no method named `json` found for struct `reqwest::Response` in the current scope
[INFO] [stdout]    --> src/audio.rs:658:20
[INFO] [stdout]     |
[INFO] [stdout] 658 |           response.json::<EmbedInfo>().await.ok()
[INFO] [stdout]     |                    ^^^^ method not found in `reqwest::Response`
[INFO] [stdout] 
[INFO] [stdout] 
[INFO] [stdout] error[E0599]: no method named `json` found for struct `reqwest::Response` in the current scope
[INFO] [stdout]    --> src/search.rs:132:8
[INFO] [stdout]     |
[INFO] [stdout] 132 |       .json::<QueryRoot>()
[INFO] [stdout]     |        ^^^^ method not found in `reqwest::Response`
[INFO] [stdout] 
[INFO] [stdout] 
[INFO] [stdout] error[E0599]: no method named `json` found for struct `reqwest::Response` in the current scope
[INFO] [stdout]    --> src/search.rs:132:8
[INFO] [stdout]     |
[INFO] [stdout] 132 |       .json::<QueryRoot>()
[INFO] [stdout]     |        ^^^^ method not found in `reqwest::Response`
[INFO] [stdout] 
[INFO] [stdout] 
[INFO] [stdout] error[E0599]: no method named `json` found for struct `reqwest::Response` in the current scope
[INFO] [stdout]    --> src/search.rs:408:8
[INFO] [stdout]     |
[INFO] [stdout] 408 |       .json::<QueryRoot>()
[INFO] [stdout]     |        ^^^^ method not found in `reqwest::Response`
[INFO] [stdout] 
[INFO] [stdout] 
[INFO] [stdout] error[E0599]: no method named `json` found for struct `reqwest::Response` in the current scope
[INFO] [stdout]    --> src/search.rs:408:8
[INFO] [stdout]     |
[INFO] [stdout] 408 |       .json::<QueryRoot>()
[INFO] [stdout]     |        ^^^^ method not found in `reqwest::Response`
[INFO] [stdout] 
[INFO] [stdout] 
[INFO] [stdout] error[E0752]: `main` function is not allowed to be `async`
[INFO] [stdout]   --> src/main.rs:78:1
[INFO] [stdout]    |
[INFO] [stdout] 78 | async fn main() -> Result<(), Box<dyn std::error::Error + Send + Sync>> {
[INFO] [stdout]    | ^^^^^^^^^^^^^^^^^^^^^^^^^^^^^^^^^^^^^^^^^^^^^^^^^^^^^^^^^^^^^^^^^^^^^^^ `main` function is not allowed to be `async`
[INFO] [stdout] 
[INFO] [stdout] 
[INFO] [stdout] error: aborting due to 11 previous errors
[INFO] [stdout] 
[INFO] [stdout] 
[INFO] [stdout] Some errors have detailed explanations: E0432, E0433, E0599, E0752.
[INFO] [stdout] 
[INFO] [stdout] For more information about an error, try `rustc --explain E0432`.
[INFO] [stdout] 
[INFO] [stderr] error: could not compile `brobot` due to 12 previous errors
[INFO] [stderr] warning: build failed, waiting for other jobs to finish...
[INFO] [stdout] error: aborting due to 10 previous errors
[INFO] [stdout] 
[INFO] [stdout] 
[INFO] [stdout] Some errors have detailed explanations: E0432, E0433, E0599.
[INFO] [stdout] 
[INFO] [stdout] For more information about an error, try `rustc --explain E0432`.
[INFO] [stdout] 
[INFO] [stderr] error: build failed
[INFO] running `Command { std: "docker" "inspect" "80f790cd3c46a9216112bccdad587dae857e792df5cd9545e95197f877691f59", kill_on_drop: false }`
[INFO] running `Command { std: "docker" "rm" "-f" "80f790cd3c46a9216112bccdad587dae857e792df5cd9545e95197f877691f59", kill_on_drop: false }`
[INFO] [stdout] 80f790cd3c46a9216112bccdad587dae857e792df5cd9545e95197f877691f59
