[INFO] cloning repository https://github.com/hayeah/shadowsocks-rust
[INFO] running `Command { std: "git" "-c" "credential.helper=" "-c" "credential.helper=/workspace/cargo-home/bin/git-credential-null" "clone" "--bare" "https://github.com/hayeah/shadowsocks-rust" "/workspace/cache/git-repos/https%3A%2F%2Fgithub.com%2Fhayeah%2Fshadowsocks-rust", kill_on_drop: false }`
[INFO] [stderr] Cloning into bare repository '/workspace/cache/git-repos/https%3A%2F%2Fgithub.com%2Fhayeah%2Fshadowsocks-rust'...
[INFO] running `Command { std: "git" "rev-parse" "HEAD", kill_on_drop: false }`
[INFO] [stdout] a776fd85ab9bfa36d1cf5fdc23b2e0d07908a86b
[INFO] checking hayeah/shadowsocks-rust against 1.55.0 for beta-1.56-3
[INFO] running `Command { std: "git" "clone" "/workspace/cache/git-repos/https%3A%2F%2Fgithub.com%2Fhayeah%2Fshadowsocks-rust" "/workspace/builds/worker-119/source", kill_on_drop: false }`
[INFO] [stderr] Cloning into '/workspace/builds/worker-119/source'...
[INFO] [stderr] done.
[INFO] validating manifest of git repo https://github.com/hayeah/shadowsocks-rust on toolchain 1.55.0
[INFO] running `Command { std: "/workspace/cargo-home/bin/cargo" "+1.55.0" "metadata" "--manifest-path" "Cargo.toml" "--no-deps", kill_on_drop: false }`
[INFO] started tweaking git repo https://github.com/hayeah/shadowsocks-rust
[INFO] finished tweaking git repo https://github.com/hayeah/shadowsocks-rust
[INFO] tweaked toml for git repo https://github.com/hayeah/shadowsocks-rust written to /workspace/builds/worker-119/source/Cargo.toml
[INFO] running `Command { std: "/workspace/cargo-home/bin/cargo" "+1.55.0" "generate-lockfile" "--manifest-path" "Cargo.toml" "-Zno-index-update", kill_on_drop: false }`
[INFO] [stderr]     Blocking waiting for file lock on package cache
[INFO] running `Command { std: "/workspace/cargo-home/bin/cargo" "+1.55.0" "fetch" "--manifest-path" "Cargo.toml", kill_on_drop: false }`
[INFO] [stderr]     Blocking waiting for file lock on package cache
[INFO] [stderr]     Blocking waiting for file lock on package cache
[INFO] running `Command { std: "docker" "create" "-v" "/var/lib/crater-agent-workspace/builds/worker-119/target:/opt/rustwide/target:rw,Z" "-v" "/var/lib/crater-agent-workspace/builds/worker-119/source:/opt/rustwide/workdir:ro,Z" "-v" "/var/lib/crater-agent-workspace/cargo-home:/opt/rustwide/cargo-home:ro,Z" "-v" "/var/lib/crater-agent-workspace/rustup-home:/opt/rustwide/rustup-home:ro,Z" "-e" "SOURCE_DIR=/opt/rustwide/workdir" "-e" "CARGO_TARGET_DIR=/opt/rustwide/target" "-e" "CARGO_HOME=/opt/rustwide/cargo-home" "-e" "RUSTUP_HOME=/opt/rustwide/rustup-home" "-w" "/opt/rustwide/workdir" "-m" "1610612736" "--user" "0:0" "--network" "none" "ghcr.io/rust-lang/crates-build-env/linux@sha256:a89201d6b5b9fd45c15d5952ece0a0129e7e80cb26ec023fd59cf09bc26f1604" "/opt/rustwide/cargo-home/bin/cargo" "+1.55.0" "metadata" "--no-deps" "--format-version=1", kill_on_drop: false }`
[INFO] [stdout] 0672ca6a937306a3479969846dffcddc99087393868bc99ae01c1acc9102c223
[INFO] running `Command { std: "docker" "start" "-a" "0672ca6a937306a3479969846dffcddc99087393868bc99ae01c1acc9102c223", kill_on_drop: false }`
[INFO] running `Command { std: "docker" "inspect" "0672ca6a937306a3479969846dffcddc99087393868bc99ae01c1acc9102c223", kill_on_drop: false }`
[INFO] running `Command { std: "docker" "rm" "-f" "0672ca6a937306a3479969846dffcddc99087393868bc99ae01c1acc9102c223", kill_on_drop: false }`
[INFO] [stdout] 0672ca6a937306a3479969846dffcddc99087393868bc99ae01c1acc9102c223
[INFO] running `Command { std: "docker" "create" "-v" "/var/lib/crater-agent-workspace/builds/worker-119/target:/opt/rustwide/target:rw,Z" "-v" "/var/lib/crater-agent-workspace/builds/worker-119/source:/opt/rustwide/workdir:ro,Z" "-v" "/var/lib/crater-agent-workspace/cargo-home:/opt/rustwide/cargo-home:ro,Z" "-v" "/var/lib/crater-agent-workspace/rustup-home:/opt/rustwide/rustup-home:ro,Z" "-e" "SOURCE_DIR=/opt/rustwide/workdir" "-e" "CARGO_TARGET_DIR=/opt/rustwide/target" "-e" "CARGO_INCREMENTAL=0" "-e" "RUST_BACKTRACE=full" "-e" "RUSTFLAGS=--cap-lints=warn" "-e" "CARGO_HOME=/opt/rustwide/cargo-home" "-e" "RUSTUP_HOME=/opt/rustwide/rustup-home" "-w" "/opt/rustwide/workdir" "-m" "1610612736" "--user" "0:0" "--network" "none" "ghcr.io/rust-lang/crates-build-env/linux@sha256:a89201d6b5b9fd45c15d5952ece0a0129e7e80cb26ec023fd59cf09bc26f1604" "/opt/rustwide/cargo-home/bin/cargo" "+1.55.0" "check" "--frozen" "--all" "--all-targets" "--message-format=json", kill_on_drop: false }`
[INFO] [stdout] 4f28e7a6c1bb3bf081c1ec5bff67e37fe075d4f9448126fb42212948c0e7a0a1
[INFO] running `Command { std: "docker" "start" "-a" "4f28e7a6c1bb3bf081c1ec5bff67e37fe075d4f9448126fb42212948c0e7a0a1", kill_on_drop: false }`
[INFO] [stderr]     Blocking waiting for file lock on package cache
[INFO] [stderr]    Compiling proc-macro2 v1.0.30
[INFO] [stderr]    Compiling syn v1.0.80
[INFO] [stderr]    Compiling libc v0.2.104
[INFO] [stderr]    Compiling memchr v2.4.1
[INFO] [stderr]    Compiling log v0.4.14
[INFO] [stderr]     Checking slab v0.4.5
[INFO] [stderr]     Checking bytes v0.5.6
[INFO] [stderr]     Checking tower-service v0.3.1
[INFO] [stderr]    Compiling typenum v1.14.0
[INFO] [stderr]     Checking tower-layer v0.3.1
[INFO] [stderr]     Checking bytes v1.1.0
[INFO] [stderr]     Checking unicode-bidi v0.3.7
[INFO] [stderr]    Compiling cc v1.0.71
[INFO] [stderr]     Checking ppv-lite86 v0.2.14
[INFO] [stderr]     Checking unicode-width v0.1.9
[INFO] [stderr]     Checking httpdate v0.3.2
[INFO] [stderr]     Checking once_cell v1.8.0
[INFO] [stderr]     Checking dtoa v0.4.8
[INFO] [stderr]     Checking checked_int_cast v1.0.0
[INFO] [stderr]     Checking lru_time_cache v0.9.0
[INFO] [stderr]     Checking byte_string v1.0.0
[INFO] [stderr]    Compiling futures-task v0.3.17
[INFO] [stderr]    Compiling futures-channel v0.3.17
[INFO] [stderr]    Compiling futures-util v0.3.17
[INFO] [stderr]     Checking tracing-core v0.1.21
[INFO] [stderr]     Checking tinyvec v1.5.0
[INFO] [stderr]    Compiling serde_derive v1.0.130
[INFO] [stderr]    Compiling serde v1.0.130
[INFO] [stderr]    Compiling httparse v1.5.1
[INFO] [stderr]    Compiling time v0.2.27
[INFO] [stderr]     Checking pest v2.1.3
[INFO] [stderr]    Compiling futures-macro v0.3.17
[INFO] [stderr]    Compiling standback v0.2.17
[INFO] [stderr]    Compiling pest_meta v2.1.3
[INFO] [stderr]     Checking indexmap v1.7.0
[INFO] [stderr]     Checking textwrap v0.11.0
[INFO] [stderr]     Checking qrcode v0.11.2
[INFO] [stderr]     Checking unicode-normalization v0.1.19
[INFO] [stderr]    Compiling ring v0.16.20
[INFO] [stderr]     Checking http v0.2.5
[INFO] [stderr]     Checking want v0.3.0
[INFO] [stderr]    Compiling quote v1.0.10
[INFO] [stderr]     Checking aho-corasick v0.7.18
[INFO] [stderr]     Checking generic-array v0.12.4
[INFO] [stderr]     Checking idna v0.2.3
[INFO] [stderr]     Checking net2 v0.2.37
[INFO] [stderr]     Checking iovec v0.1.4
[INFO] [stderr]     Checking signal-hook-registry v1.4.0
[INFO] [stderr]     Checking num_cpus v1.13.0
[INFO] [stderr]     Checking getrandom v0.1.16
[INFO] [stderr]     Checking atty v0.2.14
[INFO] [stderr]     Checking socket2 v0.3.19
[INFO] [stderr]     Checking clap v2.33.3
[INFO] [stderr]     Checking rand_core v0.5.1
[INFO] [stderr]     Checking mio v0.6.23
[INFO] [stderr]     Checking http-body v0.3.1
[INFO] [stderr]     Checking digest v0.8.1
[INFO] [stderr]     Checking block-buffer v0.7.3
[INFO] [stderr]     Checking crypto-mac v0.7.0
[INFO] [stderr]     Checking regex v1.5.4
[INFO] [stderr]     Checking url v2.2.2
[INFO] [stderr]     Checking rand_chacha v0.2.2
[INFO] [stderr]     Checking hmac v0.7.1
[INFO] [stderr]     Checking md-5 v0.8.0
[INFO] [stderr]     Checking sha-1 v0.8.2
[INFO] [stderr]     Checking rand v0.7.3
[INFO] [stderr]     Checking hkdf v0.8.0
[INFO] [stderr]     Checking mio-uds v0.6.8
[INFO] [stderr]     Checking env_logger v0.7.1
[INFO] [stderr]    Compiling pest_generator v2.1.3
[INFO] [stderr]    Compiling tokio-macros v0.2.6
[INFO] [stderr]    Compiling pin-project-internal v0.4.28
[INFO] [stderr]    Compiling tracing-attributes v0.1.18
[INFO] [stderr]    Compiling pin-project-internal v1.0.8
[INFO] [stderr]    Compiling time-macros-impl v0.1.2
[INFO] [stderr]    Compiling pest_derive v2.1.0
[INFO] [stderr]     Checking time-macros v0.1.1
[INFO] [stderr]     Checking tokio v0.2.25
[INFO] [stderr]     Checking tracing v0.1.29
[INFO] [stderr]     Checking pin-project v1.0.8
[INFO] [stderr]     Checking pin-project v0.4.28
[INFO] [stderr]     Checking tracing-futures v0.2.5
[INFO] [stderr]     Checking tower-discover v0.3.0
[INFO] [stderr]     Checking tower-load-shed v0.3.0
[INFO] [stderr]     Checking tower-util v0.3.1
[INFO] [stderr]     Checking futures-executor v0.3.17
[INFO] [stderr]     Checking futures v0.3.17
[INFO] [stderr]     Checking tower-load v0.3.0
[INFO] [stderr]     Checking tokio-util v0.3.1
[INFO] [stderr]     Checking tower-timeout v0.3.0
[INFO] [stderr]     Checking tower-retry v0.3.0
[INFO] [stderr]     Checking tower-buffer v0.3.0
[INFO] [stderr]     Checking tower-limit v0.3.1
[INFO] [stderr]     Checking h2 v0.2.7
[INFO] [stderr]     Checking tower v0.3.1
[INFO] [stderr]     Checking serde_urlencoded v0.6.1
[INFO] [stderr]     Checking json5 v0.2.8
[INFO] [stderr]     Checking hyper v0.13.10
[INFO] [stderr]     Checking shadowsocks-rust v1.8.1 (/opt/rustwide/workdir)
[INFO] [stdout] error[E0599]: no variant or associated item named `Aes128Cfb` found for enum `CipherType` in the current scope
[INFO] [stdout]    --> src/crypto/cipher.rs:798:31
[INFO] [stdout]     |
[INFO] [stdout] 169 | pub enum CipherType {
[INFO] [stdout]     | ------------------- variant or associated item `Aes128Cfb` not found here
[INFO] [stdout] ...
[INFO] [stdout] 798 |         let key = CipherType::Aes128Cfb.bytes_to_key(b"PassWORD");
[INFO] [stdout]     |                               ^^^^^^^^^
[INFO] [stdout]     |                               |
[INFO] [stdout]     |                               variant or associated item not found in `CipherType`
[INFO] [stdout]     |                               help: there is a variant with a similar name: `Aes128Gcm`
[INFO] [stdout] 
[INFO] [stdout] 
[INFO] [stdout] error[E0599]: no variant or associated item named `Aes128Cfb` found for enum `CipherType` in the current scope
[INFO] [stdout]    --> src/crypto/cipher.rs:799:30
[INFO] [stdout]     |
[INFO] [stdout] 169 | pub enum CipherType {
[INFO] [stdout]     | ------------------- variant or associated item `Aes128Cfb` not found here
[INFO] [stdout] ...
[INFO] [stdout] 799 |         let iv = CipherType::Aes128Cfb.gen_init_vec();
[INFO] [stdout]     |                              ^^^^^^^^^
[INFO] [stdout]     |                              |
[INFO] [stdout]     |                              variant or associated item not found in `CipherType`
[INFO] [stdout]     |                              help: there is a variant with a similar name: `Aes128Gcm`
[INFO] [stdout] 
[INFO] [stdout] 
[INFO] [stdout] error[E0599]: no variant or associated item named `Aes128Cfb` found for enum `CipherType` in the current scope
[INFO] [stdout]    --> src/crypto/cipher.rs:800:52
[INFO] [stdout]     |
[INFO] [stdout] 169 | pub enum CipherType {
[INFO] [stdout]     | ------------------- variant or associated item `Aes128Cfb` not found here
[INFO] [stdout] ...
[INFO] [stdout] 800 |         let mut encryptor = new_stream(CipherType::Aes128Cfb, &key[0..], &iv[0..], CryptoMode::Encrypt);
[INFO] [stdout]     |                                                    ^^^^^^^^^
[INFO] [stdout]     |                                                    |
[INFO] [stdout]     |                                                    variant or associated item not found in `CipherType`
[INFO] [stdout]     |                                                    help: there is a variant with a similar name: `Aes128Gcm`
[INFO] [stdout] 
[INFO] [stdout] 
[INFO] [stdout] error[E0599]: no variant or associated item named `Aes128Cfb` found for enum `CipherType` in the current scope
[INFO] [stdout]    --> src/crypto/cipher.rs:801:52
[INFO] [stdout]     |
[INFO] [stdout] 169 | pub enum CipherType {
[INFO] [stdout]     | ------------------- variant or associated item `Aes128Cfb` not found here
[INFO] [stdout] ...
[INFO] [stdout] 801 |         let mut decryptor = new_stream(CipherType::Aes128Cfb, &key[0..], &iv[0..], CryptoMode::Decrypt);
[INFO] [stdout]     |                                                    ^^^^^^^^^
[INFO] [stdout]     |                                                    |
[INFO] [stdout]     |                                                    variant or associated item not found in `CipherType`
[INFO] [stdout]     |                                                    help: there is a variant with a similar name: `Aes128Gcm`
[INFO] [stdout] 
[INFO] [stdout] 
[INFO] [stdout] warning: unused variable: `context`
[INFO] [stdout]    --> src/relay/tcprelay/mod.rs:191:5
[INFO] [stdout]     |
[INFO] [stdout] 191 |     context: &Context,
[INFO] [stdout]     |     ^^^^^^^ help: if this is intentional, prefix it with an underscore: `_context`
[INFO] [stdout]     |
[INFO] [stdout]     = note: `#[warn(unused_variables)]` on by default
[INFO] [stdout] 
[INFO] [stdout] 
[INFO] [stdout] error: aborting due to 4 previous errors
[INFO] [stdout] 
[INFO] [stdout] 
[INFO] [stdout] For more information about this error, try `rustc --explain E0599`.
[INFO] [stdout] 
[INFO] [stderr] error: could not compile `shadowsocks-rust` due to 5 previous errors
[INFO] [stderr] warning: build failed, waiting for other jobs to finish...
[INFO] [stdout] warning: 1 warning emitted
[INFO] [stdout] 
[INFO] [stdout] 
[INFO] [stderr] error: build failed
[INFO] running `Command { std: "docker" "inspect" "4f28e7a6c1bb3bf081c1ec5bff67e37fe075d4f9448126fb42212948c0e7a0a1", kill_on_drop: false }`
[INFO] running `Command { std: "docker" "rm" "-f" "4f28e7a6c1bb3bf081c1ec5bff67e37fe075d4f9448126fb42212948c0e7a0a1", kill_on_drop: false }`
[INFO] [stdout] 4f28e7a6c1bb3bf081c1ec5bff67e37fe075d4f9448126fb42212948c0e7a0a1
