[INFO] cloning repository https://github.com/hamidrezakp/weplay-client
[INFO] running `Command { std: "git" "-c" "credential.helper=" "-c" "credential.helper=/workspace/cargo-home/bin/git-credential-null" "clone" "--bare" "https://github.com/hamidrezakp/weplay-client" "/workspace/cache/git-repos/https%3A%2F%2Fgithub.com%2Fhamidrezakp%2Fweplay-client", kill_on_drop: false }`
[INFO] [stderr] Cloning into bare repository '/workspace/cache/git-repos/https%3A%2F%2Fgithub.com%2Fhamidrezakp%2Fweplay-client'...
[INFO] running `Command { std: "git" "rev-parse" "HEAD", kill_on_drop: false }`
[INFO] [stdout] 960dd41157436d70be8cff949ca507665eea09a6
[INFO] checking hamidrezakp/weplay-client against beta-2021-10-15 for beta-1.56-3
[INFO] running `Command { std: "git" "clone" "/workspace/cache/git-repos/https%3A%2F%2Fgithub.com%2Fhamidrezakp%2Fweplay-client" "/workspace/builds/worker-36/source", kill_on_drop: false }`
[INFO] [stderr] Cloning into '/workspace/builds/worker-36/source'...
[INFO] [stderr] done.
[INFO] validating manifest of git repo https://github.com/hamidrezakp/weplay-client on toolchain beta-2021-10-15
[INFO] running `Command { std: "/workspace/cargo-home/bin/cargo" "+beta-2021-10-15" "metadata" "--manifest-path" "Cargo.toml" "--no-deps", kill_on_drop: false }`
[INFO] started tweaking git repo https://github.com/hamidrezakp/weplay-client
[INFO] finished tweaking git repo https://github.com/hamidrezakp/weplay-client
[INFO] tweaked toml for git repo https://github.com/hamidrezakp/weplay-client written to /workspace/builds/worker-36/source/Cargo.toml
[INFO] crate git repo https://github.com/hamidrezakp/weplay-client already has a lockfile, it will not be regenerated
[INFO] running `Command { std: "/workspace/cargo-home/bin/cargo" "+beta-2021-10-15" "fetch" "--manifest-path" "Cargo.toml", kill_on_drop: false }`
[INFO] [stderr]     Blocking waiting for file lock on package cache
[INFO] [stderr]     Blocking waiting for file lock on package cache
[INFO] running `Command { std: "docker" "create" "-v" "/var/lib/crater-agent-workspace/builds/worker-36/target:/opt/rustwide/target:rw,Z" "-v" "/var/lib/crater-agent-workspace/builds/worker-36/source:/opt/rustwide/workdir:ro,Z" "-v" "/var/lib/crater-agent-workspace/cargo-home:/opt/rustwide/cargo-home:ro,Z" "-v" "/var/lib/crater-agent-workspace/rustup-home:/opt/rustwide/rustup-home:ro,Z" "-e" "SOURCE_DIR=/opt/rustwide/workdir" "-e" "CARGO_TARGET_DIR=/opt/rustwide/target" "-e" "CARGO_HOME=/opt/rustwide/cargo-home" "-e" "RUSTUP_HOME=/opt/rustwide/rustup-home" "-w" "/opt/rustwide/workdir" "-m" "1610612736" "--user" "0:0" "--network" "none" "ghcr.io/rust-lang/crates-build-env/linux@sha256:a89201d6b5b9fd45c15d5952ece0a0129e7e80cb26ec023fd59cf09bc26f1604" "/opt/rustwide/cargo-home/bin/cargo" "+beta-2021-10-15" "metadata" "--no-deps" "--format-version=1", kill_on_drop: false }`
[INFO] [stdout] c2f25c8b4b00d9b670cf2714dbb82039a5323ea72b662729fc102b61c3c8bb17
[INFO] running `Command { std: "docker" "start" "-a" "c2f25c8b4b00d9b670cf2714dbb82039a5323ea72b662729fc102b61c3c8bb17", kill_on_drop: false }`
[INFO] running `Command { std: "docker" "inspect" "c2f25c8b4b00d9b670cf2714dbb82039a5323ea72b662729fc102b61c3c8bb17", kill_on_drop: false }`
[INFO] running `Command { std: "docker" "rm" "-f" "c2f25c8b4b00d9b670cf2714dbb82039a5323ea72b662729fc102b61c3c8bb17", kill_on_drop: false }`
[INFO] [stdout] c2f25c8b4b00d9b670cf2714dbb82039a5323ea72b662729fc102b61c3c8bb17
[INFO] running `Command { std: "docker" "create" "-v" "/var/lib/crater-agent-workspace/builds/worker-36/target:/opt/rustwide/target:rw,Z" "-v" "/var/lib/crater-agent-workspace/builds/worker-36/source:/opt/rustwide/workdir:ro,Z" "-v" "/var/lib/crater-agent-workspace/cargo-home:/opt/rustwide/cargo-home:ro,Z" "-v" "/var/lib/crater-agent-workspace/rustup-home:/opt/rustwide/rustup-home:ro,Z" "-e" "SOURCE_DIR=/opt/rustwide/workdir" "-e" "CARGO_TARGET_DIR=/opt/rustwide/target" "-e" "CARGO_INCREMENTAL=0" "-e" "RUST_BACKTRACE=full" "-e" "RUSTFLAGS=--cap-lints=warn" "-e" "CARGO_HOME=/opt/rustwide/cargo-home" "-e" "RUSTUP_HOME=/opt/rustwide/rustup-home" "-w" "/opt/rustwide/workdir" "-m" "1610612736" "--user" "0:0" "--network" "none" "ghcr.io/rust-lang/crates-build-env/linux@sha256:a89201d6b5b9fd45c15d5952ece0a0129e7e80cb26ec023fd59cf09bc26f1604" "/opt/rustwide/cargo-home/bin/cargo" "+beta-2021-10-15" "check" "--frozen" "--all" "--all-targets" "--message-format=json", kill_on_drop: false }`
[INFO] [stdout] e733b0f272b1661baebe9969da49cb2da8171828cc7ef954e166c829e148fdc9
[INFO] running `Command { std: "docker" "start" "-a" "e733b0f272b1661baebe9969da49cb2da8171828cc7ef954e166c829e148fdc9", kill_on_drop: false }`
[INFO] [stderr]    Compiling libc v0.2.82
[INFO] [stderr]    Compiling version_check v0.9.2
[INFO] [stderr]    Compiling typenum v1.12.0
[INFO] [stderr]    Compiling log v0.4.13
[INFO] [stderr]    Compiling syn v1.0.58
[INFO] [stderr]    Compiling memchr v2.3.4
[INFO] [stderr]     Checking futures-core v0.3.9
[INFO] [stderr]    Compiling getrandom v0.2.1
[INFO] [stderr]     Checking pin-project-lite v0.2.4
[INFO] [stderr]    Compiling pin-project-internal v0.4.27
[INFO] [stderr]     Checking futures-sink v0.3.9
[INFO] [stderr]     Checking once_cell v1.5.2
[INFO] [stderr]    Compiling httparse v1.3.4
[INFO] [stderr]     Checking pin-project-lite v0.1.11
[INFO] [stderr]     Checking byteorder v1.4.2
[INFO] [stderr]     Checking byte-tools v0.3.1
[INFO] [stderr]    Compiling serde v1.0.119
[INFO] [stderr]     Checking cpuid-bool v0.1.2
[INFO] [stderr]     Checking base64 v0.12.3
[INFO] [stderr]     Checking try-lock v0.2.3
[INFO] [stderr]     Checking safemem v0.3.3
[INFO] [stderr]     Checking fake-simd v0.1.2
[INFO] [stderr]     Checking remove_dir_all v0.5.3
[INFO] [stderr]     Checking utf-8 v0.7.5
[INFO] [stderr]     Checking opaque-debug v0.2.3
[INFO] [stderr]     Checking dtoa v0.4.7
[INFO] [stderr]     Checking futures-io v0.3.9
[INFO] [stderr]     Checking httpdate v0.3.2
[INFO] [stderr]     Checking tower-service v0.3.0
[INFO] [stderr]     Checking scoped-tls v1.0.0
[INFO] [stderr]     Checking urlencoding v1.1.1
[INFO] [stderr]     Checking http v0.2.3
[INFO] [stderr]     Checking tinyvec v1.1.0
[INFO] [stderr]     Checking unicode-bidi v0.3.4
[INFO] [stderr]    Compiling indexmap v1.6.1
[INFO] [stderr]     Checking form_urlencoded v1.0.0
[INFO] [stderr]     Checking tracing-core v0.1.17
[INFO] [stderr]     Checking input_buffer v0.3.1
[INFO] [stderr]     Checking block-padding v0.1.5
[INFO] [stderr]     Checking futures-channel v0.3.9
[INFO] [stderr]     Checking unicode-normalization v0.1.16
[INFO] [stderr]     Checking futures-task v0.3.9
[INFO] [stderr]     Checking headers-core v0.2.0
[INFO] [stderr]     Checking http-body v0.3.1
[INFO] [stderr]    Compiling generic-array v0.14.4
[INFO] [stderr]    Compiling unicase v2.6.0
[INFO] [stderr]     Checking futures-util v0.3.9
[INFO] [stderr]     Checking idna v0.2.0
[INFO] [stderr]     Checking buf_redux v0.8.4
[INFO] [stderr]     Checking twoway v0.1.8
[INFO] [stderr]     Checking tracing v0.1.22
[INFO] [stderr]     Checking want v0.3.0
[INFO] [stderr]     Checking getrandom v0.1.16
[INFO] [stderr]     Checking iovec v0.1.4
[INFO] [stderr]     Checking net2 v0.2.37
[INFO] [stderr]     Checking socket2 v0.3.19
[INFO] [stderr]     Checking time v0.1.43
[INFO] [stderr]     Checking serde_json v1.0.61
[INFO] [stderr]     Checking rand_core v0.6.1
[INFO] [stderr]     Checking generic-array v0.12.3
[INFO] [stderr]    Compiling mime_guess v2.0.3
[INFO] [stderr]     Checking rand_chacha v0.3.0
[INFO] [stderr]     Checking digest v0.8.1
[INFO] [stderr]     Checking block-buffer v0.7.3
[INFO] [stderr]     Checking rand_core v0.5.1
[INFO] [stderr]     Checking mio v0.6.23
[INFO] [stderr]     Checking url v2.2.0
[INFO] [stderr]     Checking block-buffer v0.9.0
[INFO] [stderr]     Checking digest v0.9.0
[INFO] [stderr]     Checking sha-1 v0.8.2
[INFO] [stderr]     Checking rand v0.8.1
[INFO] [stderr]     Checking rand_chacha v0.2.2
[INFO] [stderr]     Checking sha-1 v0.9.2
[INFO] [stderr]     Checking headers v0.3.2
[INFO] [stderr]     Checking rand v0.7.3
[INFO] [stderr]     Checking serde_urlencoded v0.6.1
[INFO] [stderr]     Checking tokio v0.2.24
[INFO] [stderr]    Compiling pin-project-internal v1.0.4
[INFO] [stderr]     Checking tempfile v3.2.0
[INFO] [stderr]     Checking futures v0.3.9
[INFO] [stderr]     Checking tungstenite v0.11.1
[INFO] [stderr]     Checking multipart v0.17.1
[INFO] [stderr]     Checking pin-project v0.4.27
[INFO] [stderr]     Checking pin-project v1.0.4
[INFO] [stderr]     Checking tracing-futures v0.2.4
[INFO] [stderr]     Checking tokio-util v0.3.1
[INFO] [stderr]     Checking tokio-tungstenite v0.11.0
[INFO] [stderr]     Checking h2 v0.2.7
[INFO] [stderr]     Checking hyper v0.13.9
[INFO] [stderr]     Checking warp v0.2.5
[INFO] [stderr]     Checking weplay-client v0.1.0 (/opt/rustwide/workdir)
[INFO] [stdout] error: cannot find macro `debug` in this scope
[INFO] [stdout]    --> src/main.rs:101:13
[INFO] [stdout]     |
[INFO] [stdout] 101 |             debug!("Command: {}", command.trim_end());
[INFO] [stdout]     |             ^^^^^
[INFO] [stdout] 
[INFO] [stdout] 
[INFO] [stdout] error: cannot find macro `debug` in this scope
[INFO] [stdout]    --> src/main.rs:110:13
[INFO] [stdout]     |
[INFO] [stdout] 110 |             debug!("Response: {}", response.trim_end());
[INFO] [stdout]     |             ^^^^^
[INFO] [stdout] 
[INFO] [stdout] 
[INFO] [stdout] error[E0433]: failed to resolve: use of undeclared crate or module `serde_json`
[INFO] [stdout]   --> src/main.rs:80:11
[INFO] [stdout]    |
[INFO] [stdout] 80 |     match serde_json::from_str::<Value>(&send_command_sync(instance, &ipc_string)) {
[INFO] [stdout]    |           ^^^^^^^^^^ use of undeclared crate or module `serde_json`
[INFO] [stdout] 
[INFO] [stdout] 
[INFO] [stdout] error[E0433]: failed to resolve: use of undeclared type `Value`
[INFO] [stdout]   --> src/main.rs:82:20
[INFO] [stdout]    |
[INFO] [stdout] 82 |             if let Value::String(ref error) = feedback["error"] {
[INFO] [stdout]    |                    ^^^^^ use of undeclared type `Value`
[INFO] [stdout] 
[INFO] [stdout] 
[INFO] [stdout] error[E0412]: cannot find type `TimeStamp` in this scope
[INFO] [stdout]   --> src/main.rs:68:10
[INFO] [stdout]    |
[INFO] [stdout] 68 |     Seek(TimeStamp),
[INFO] [stdout]    |          ^^^^^^^^^ not found in this scope
[INFO] [stdout] 
[INFO] [stdout] 
[INFO] [stdout] error[E0412]: cannot find type `Error` in this scope
[INFO] [stdout]   --> src/main.rs:71:84
[INFO] [stdout]    |
[INFO] [stdout] 71 | pub fn run_mpv_command(instance: &Mpv, command: &str, args: &[&str]) -> Result<(), Error> {
[INFO] [stdout]    |                                                                                    ^^^^^ not found in this scope
[INFO] [stdout]    |
[INFO] [stdout] help: consider importing one of these items
[INFO] [stdout]    |
[INFO] [stdout] 1  | use core::fmt::Error;
[INFO] [stdout]    |
[INFO] [stdout] 1  | use crate::fmt::Error;
[INFO] [stdout]    |
[INFO] [stdout] 1  | use serde::__private::fmt::Error;
[INFO] [stdout]    |
[INFO] [stdout] 1  | use serde::__private::ser::Error;
[INFO] [stdout]    |
[INFO] [stdout]      and 7 other candidates
[INFO] [stdout] 
[INFO] [stdout] 
[INFO] [stdout] error[E0412]: cannot find type `Value` in this scope
[INFO] [stdout]   --> src/main.rs:80:34
[INFO] [stdout]    |
[INFO] [stdout] 71 | pub fn run_mpv_command(instance: &Mpv, command: &str, args: &[&str]) -> Result<(), Error> {
[INFO] [stdout]    |                       - help: you might be missing a type parameter: `<Value>`
[INFO] [stdout] ...
[INFO] [stdout] 80 |     match serde_json::from_str::<Value>(&send_command_sync(instance, &ipc_string)) {
[INFO] [stdout]    |                                  ^^^^^ not found in this scope
[INFO] [stdout] 
[INFO] [stdout] 
[INFO] [stdout] error[E0425]: cannot find function, tuple struct or tuple variant `Error` in this scope
[INFO] [stdout]   --> src/main.rs:86:25
[INFO] [stdout]    |
[INFO] [stdout] 86 |                     Err(Error(ErrorCode::MpvError(error.to_string())))
[INFO] [stdout]    |                         ^^^^^
[INFO] [stdout]    |
[INFO] [stdout] help: a local variable with a similar name exists
[INFO] [stdout]    |
[INFO] [stdout] 86 |                     Err(error(ErrorCode::MpvError(error.to_string())))
[INFO] [stdout]    |                         ~~~~~
[INFO] [stdout] help: consider importing one of these items
[INFO] [stdout]    |
[INFO] [stdout] 1  | use core::fmt::Error;
[INFO] [stdout]    |
[INFO] [stdout] 1  | use crate::fmt::Error;
[INFO] [stdout]    |
[INFO] [stdout] 1  | use serde::__private::fmt::Error;
[INFO] [stdout]    |
[INFO] [stdout] 1  | use serde::__private::ser::Error;
[INFO] [stdout]    |
[INFO] [stdout]      and 1 other candidate
[INFO] [stdout] 
[INFO] [stdout] 
[INFO] [stdout] error[E0425]: cannot find function, tuple struct or tuple variant `Error` in this scope
[INFO] [stdout]   --> src/main.rs:89:21
[INFO] [stdout]    |
[INFO] [stdout] 89 |                 Err(Error(ErrorCode::UnexpectedResult))
[INFO] [stdout]    |                     ^^^^^ not found in this scope
[INFO] [stdout]    |
[INFO] [stdout] help: consider importing one of these items
[INFO] [stdout]    |
[INFO] [stdout] 1  | use core::fmt::Error;
[INFO] [stdout]    |
[INFO] [stdout] 1  | use crate::fmt::Error;
[INFO] [stdout]    |
[INFO] [stdout] 1  | use serde::__private::fmt::Error;
[INFO] [stdout]    |
[INFO] [stdout] 1  | use serde::__private::ser::Error;
[INFO] [stdout]    |
[INFO] [stdout]      and 1 other candidate
[INFO] [stdout] 
[INFO] [stdout] 
[INFO] [stdout] error[E0425]: cannot find function, tuple struct or tuple variant `Error` in this scope
[INFO] [stdout]   --> src/main.rs:92:25
[INFO] [stdout]    |
[INFO] [stdout] 92 |         Err(why) => Err(Error(ErrorCode::JsonParseError(why.to_string()))),
[INFO] [stdout]    |                         ^^^^^ not found in this scope
[INFO] [stdout]    |
[INFO] [stdout] help: consider importing one of these items
[INFO] [stdout]    |
[INFO] [stdout] 1  | use core::fmt::Error;
[INFO] [stdout]    |
[INFO] [stdout] 1  | use crate::fmt::Error;
[INFO] [stdout]    |
[INFO] [stdout] 1  | use serde::__private::fmt::Error;
[INFO] [stdout]    |
[INFO] [stdout] 1  | use serde::__private::ser::Error;
[INFO] [stdout]    |
[INFO] [stdout]      and 1 other candidate
[INFO] [stdout] 
[INFO] [stdout] 
[INFO] [stdout] warning: unused imports: `Display`, `self`
[INFO] [stdout]  --> src/main.rs:1:16
[INFO] [stdout]   |
[INFO] [stdout] 1 | use std::fmt::{self, Display};
[INFO] [stdout]   |                ^^^^  ^^^^^^^
[INFO] [stdout]   |
[INFO] [stdout]   = note: `#[warn(unused_imports)]` on by default
[INFO] [stdout] 
[INFO] [stdout] 
[INFO] [stdout] error: cannot find macro `debug` in this scope
[INFO] [stdout]    --> src/main.rs:101:13
[INFO] [stdout]     |
[INFO] [stdout] 101 |             debug!("Command: {}", command.trim_end());
[INFO] [stdout]     |             ^^^^^
[INFO] [stdout] 
[INFO] [stdout] 
[INFO] [stdout] error: cannot find macro `debug` in this scope
[INFO] [stdout]    --> src/main.rs:110:13
[INFO] [stdout]     |
[INFO] [stdout] 110 |             debug!("Response: {}", response.trim_end());
[INFO] [stdout]     |             ^^^^^
[INFO] [stdout] 
[INFO] [stdout] 
[INFO] [stdout] error[E0433]: failed to resolve: use of undeclared crate or module `serde_json`
[INFO] [stdout]   --> src/main.rs:80:11
[INFO] [stdout]    |
[INFO] [stdout] 80 |     match serde_json::from_str::<Value>(&send_command_sync(instance, &ipc_string)) {
[INFO] [stdout]    |           ^^^^^^^^^^ use of undeclared crate or module `serde_json`
[INFO] [stdout] 
[INFO] [stdout] 
[INFO] [stdout] error[E0433]: failed to resolve: use of undeclared type `Value`
[INFO] [stdout]   --> src/main.rs:82:20
[INFO] [stdout]    |
[INFO] [stdout] 82 |             if let Value::String(ref error) = feedback["error"] {
[INFO] [stdout]    |                    ^^^^^ use of undeclared type `Value`
[INFO] [stdout] 
[INFO] [stdout] 
[INFO] [stdout] error[E0412]: cannot find type `TimeStamp` in this scope
[INFO] [stdout]   --> src/main.rs:68:10
[INFO] [stdout]    |
[INFO] [stdout] 68 |     Seek(TimeStamp),
[INFO] [stdout]    |          ^^^^^^^^^ not found in this scope
[INFO] [stdout] 
[INFO] [stdout] 
[INFO] [stdout] error[E0412]: cannot find type `Error` in this scope
[INFO] [stdout]   --> src/main.rs:71:84
[INFO] [stdout]    |
[INFO] [stdout] 71 | pub fn run_mpv_command(instance: &Mpv, command: &str, args: &[&str]) -> Result<(), Error> {
[INFO] [stdout]    |                                                                                    ^^^^^ not found in this scope
[INFO] [stdout]    |
[INFO] [stdout] help: consider importing one of these items
[INFO] [stdout]    |
[INFO] [stdout] 1  | use core::fmt::Error;
[INFO] [stdout]    |
[INFO] [stdout] 1  | use crate::fmt::Error;
[INFO] [stdout]    |
[INFO] [stdout] 1  | use serde::__private::fmt::Error;
[INFO] [stdout]    |
[INFO] [stdout] 1  | use serde::__private::ser::Error;
[INFO] [stdout]    |
[INFO] [stdout]      and 7 other candidates
[INFO] [stdout] 
[INFO] [stdout] 
[INFO] [stdout] error[E0412]: cannot find type `Value` in this scope
[INFO] [stdout]   --> src/main.rs:80:34
[INFO] [stdout]    |
[INFO] [stdout] 71 | pub fn run_mpv_command(instance: &Mpv, command: &str, args: &[&str]) -> Result<(), Error> {
[INFO] [stdout]    |                       - help: you might be missing a type parameter: `<Value>`
[INFO] [stdout] ...
[INFO] [stdout] 80 |     match serde_json::from_str::<Value>(&send_command_sync(instance, &ipc_string)) {
[INFO] [stdout]    |                                  ^^^^^ not found in this scope
[INFO] [stdout] 
[INFO] [stdout] 
[INFO] [stdout] error[E0425]: cannot find function, tuple struct or tuple variant `Error` in this scope
[INFO] [stdout]   --> src/main.rs:86:25
[INFO] [stdout]    |
[INFO] [stdout] 86 |                     Err(Error(ErrorCode::MpvError(error.to_string())))
[INFO] [stdout]    |                         ^^^^^
[INFO] [stdout]    |
[INFO] [stdout] help: a local variable with a similar name exists
[INFO] [stdout]    |
[INFO] [stdout] 86 |                     Err(error(ErrorCode::MpvError(error.to_string())))
[INFO] [stdout]    |                         ~~~~~
[INFO] [stdout] help: consider importing one of these items
[INFO] [stdout]    |
[INFO] [stdout] 1  | use core::fmt::Error;
[INFO] [stdout]    |
[INFO] [stdout] 1  | use crate::fmt::Error;
[INFO] [stdout]    |
[INFO] [stdout] 1  | use serde::__private::fmt::Error;
[INFO] [stdout]    |
[INFO] [stdout] 1  | use serde::__private::ser::Error;
[INFO] [stdout]    |
[INFO] [stdout]      and 1 other candidate
[INFO] [stdout] 
[INFO] [stdout] 
[INFO] [stdout] error[E0425]: cannot find function, tuple struct or tuple variant `Error` in this scope
[INFO] [stdout]   --> src/main.rs:89:21
[INFO] [stdout]    |
[INFO] [stdout] 89 |                 Err(Error(ErrorCode::UnexpectedResult))
[INFO] [stdout]    |                     ^^^^^ not found in this scope
[INFO] [stdout]    |
[INFO] [stdout] help: consider importing one of these items
[INFO] [stdout]    |
[INFO] [stdout] 1  | use core::fmt::Error;
[INFO] [stdout]    |
[INFO] [stdout] 1  | use crate::fmt::Error;
[INFO] [stdout]    |
[INFO] [stdout] 1  | use serde::__private::fmt::Error;
[INFO] [stdout]    |
[INFO] [stdout] 1  | use serde::__private::ser::Error;
[INFO] [stdout]    |
[INFO] [stdout]      and 1 other candidate
[INFO] [stdout] 
[INFO] [stdout] 
[INFO] [stdout] error[E0425]: cannot find function, tuple struct or tuple variant `Error` in this scope
[INFO] [stdout]   --> src/main.rs:92:25
[INFO] [stdout]    |
[INFO] [stdout] 92 |         Err(why) => Err(Error(ErrorCode::JsonParseError(why.to_string()))),
[INFO] [stdout]    |                         ^^^^^ not found in this scope
[INFO] [stdout]    |
[INFO] [stdout] help: consider importing one of these items
[INFO] [stdout]    |
[INFO] [stdout] 1  | use core::fmt::Error;
[INFO] [stdout]    |
[INFO] [stdout] 1  | use crate::fmt::Error;
[INFO] [stdout]    |
[INFO] [stdout] 1  | use serde::__private::fmt::Error;
[INFO] [stdout]    |
[INFO] [stdout] 1  | use serde::__private::ser::Error;
[INFO] [stdout]    |
[INFO] [stdout]      and 1 other candidate
[INFO] [stdout] 
[INFO] [stdout] 
[INFO] [stdout] warning: unused imports: `Display`, `self`
[INFO] [stdout]  --> src/main.rs:1:16
[INFO] [stdout]   |
[INFO] [stdout] 1 | use std::fmt::{self, Display};
[INFO] [stdout]   |                ^^^^  ^^^^^^^
[INFO] [stdout]   |
[INFO] [stdout]   = note: `#[warn(unused_imports)]` on by default
[INFO] [stdout] 
[INFO] [stdout] 
[INFO] [stdout] error[E0599]: no method named `write_all` found for reference `&UnixStream` in the current scope
[INFO] [stdout]     --> src/main.rs:98:18
[INFO] [stdout]      |
[INFO] [stdout] 98   |     match stream.write_all(command.as_bytes()) {
[INFO] [stdout]      |                  ^^^^^^^^^ method not found in `&UnixStream`
[INFO] [stdout]      |
[INFO] [stdout]      = help: items from traits can only be used if the trait is in scope
[INFO] [stdout] help: the following trait is implemented but not in scope; perhaps add a `use` for it:
[INFO] [stdout]      |
[INFO] [stdout] 1    | use std::io::Write;
[INFO] [stdout]      |
[INFO] [stdout] 
[INFO] [stdout] 
[INFO] [stdout] error[E0599]: no method named `read_line` found for struct `BufReader` in the current scope
[INFO] [stdout]     --> src/main.rs:107:28
[INFO] [stdout]      |
[INFO] [stdout] 107  |                     reader.read_line(&mut response).unwrap();
[INFO] [stdout]      |                            ^^^^^^^^^ method not found in `BufReader<&UnixStream>`
[INFO] [stdout]      |
[INFO] [stdout]      = help: items from traits can only be used if the trait is in scope
[INFO] [stdout] help: the following trait is implemented but not in scope; perhaps add a `use` for it:
[INFO] [stdout]      |
[INFO] [stdout] 1    | use std::io::BufRead;
[INFO] [stdout]      |
[INFO] [stdout] 
[INFO] [stdout] 
[INFO] [stdout] error: aborting due to 12 previous errors; 1 warning emitted
[INFO] [stdout] 
[INFO] [stdout] 
[INFO] [stdout] Some errors have detailed explanations: E0412, E0425, E0433, E0599.
[INFO] [stdout] 
[INFO] [stdout] For more information about an error, try `rustc --explain E0412`.
[INFO] [stdout] 
[INFO] [stderr] error: could not compile `weplay-client` due to 13 previous errors; 1 warning emitted
[INFO] [stderr] warning: build failed, waiting for other jobs to finish...
[INFO] [stdout] error[E0599]: no method named `write_all` found for reference `&UnixStream` in the current scope
[INFO] [stdout]     --> src/main.rs:98:18
[INFO] [stdout]      |
[INFO] [stdout] 98   |     match stream.write_all(command.as_bytes()) {
[INFO] [stdout]      |                  ^^^^^^^^^ method not found in `&UnixStream`
[INFO] [stdout]      |
[INFO] [stdout]      = help: items from traits can only be used if the trait is in scope
[INFO] [stdout] help: the following trait is implemented but not in scope; perhaps add a `use` for it:
[INFO] [stdout]      |
[INFO] [stdout] 1    | use std::io::Write;
[INFO] [stdout]      |
[INFO] [stdout] 
[INFO] [stdout] 
[INFO] [stdout] error[E0599]: no method named `read_line` found for struct `BufReader` in the current scope
[INFO] [stdout]     --> src/main.rs:107:28
[INFO] [stdout]      |
[INFO] [stdout] 107  |                     reader.read_line(&mut response).unwrap();
[INFO] [stdout]      |                            ^^^^^^^^^ method not found in `BufReader<&UnixStream>`
[INFO] [stdout]      |
[INFO] [stdout]      = help: items from traits can only be used if the trait is in scope
[INFO] [stdout] help: the following trait is implemented but not in scope; perhaps add a `use` for it:
[INFO] [stdout]      |
[INFO] [stdout] 1    | use std::io::BufRead;
[INFO] [stdout]      |
[INFO] [stdout] 
[INFO] [stdout] 
[INFO] [stdout] error: aborting due to 12 previous errors; 1 warning emitted
[INFO] [stdout] 
[INFO] [stdout] 
[INFO] [stdout] Some errors have detailed explanations: E0412, E0425, E0433, E0599.
[INFO] [stdout] 
[INFO] [stdout] For more information about an error, try `rustc --explain E0412`.
[INFO] [stdout] 
[INFO] [stderr] error: build failed
[INFO] running `Command { std: "docker" "inspect" "e733b0f272b1661baebe9969da49cb2da8171828cc7ef954e166c829e148fdc9", kill_on_drop: false }`
[INFO] running `Command { std: "docker" "rm" "-f" "e733b0f272b1661baebe9969da49cb2da8171828cc7ef954e166c829e148fdc9", kill_on_drop: false }`
[INFO] [stdout] e733b0f272b1661baebe9969da49cb2da8171828cc7ef954e166c829e148fdc9
