[INFO] cloning repository https://github.com/haimgel/get-cookie
[INFO] running `Command { std: "git" "-c" "credential.helper=" "-c" "credential.helper=/workspace/cargo-home/bin/git-credential-null" "clone" "--bare" "https://github.com/haimgel/get-cookie" "/workspace/cache/git-repos/https%3A%2F%2Fgithub.com%2Fhaimgel%2Fget-cookie", kill_on_drop: false }`
[INFO] [stderr] Cloning into bare repository '/workspace/cache/git-repos/https%3A%2F%2Fgithub.com%2Fhaimgel%2Fget-cookie'...
[INFO] running `Command { std: "git" "rev-parse" "HEAD", kill_on_drop: false }`
[INFO] [stdout] 09663459cced24c02f20f54e315974695ce86281
[INFO] checking haimgel/get-cookie against 1.55.0 for beta-1.56-3
[INFO] running `Command { std: "git" "clone" "/workspace/cache/git-repos/https%3A%2F%2Fgithub.com%2Fhaimgel%2Fget-cookie" "/workspace/builds/worker-43/source", kill_on_drop: false }`
[INFO] [stderr] Cloning into '/workspace/builds/worker-43/source'...
[INFO] [stderr] done.
[INFO] validating manifest of git repo https://github.com/haimgel/get-cookie on toolchain 1.55.0
[INFO] running `Command { std: "/workspace/cargo-home/bin/cargo" "+1.55.0" "metadata" "--manifest-path" "Cargo.toml" "--no-deps", kill_on_drop: false }`
[INFO] started tweaking git repo https://github.com/haimgel/get-cookie
[INFO] finished tweaking git repo https://github.com/haimgel/get-cookie
[INFO] tweaked toml for git repo https://github.com/haimgel/get-cookie written to /workspace/builds/worker-43/source/Cargo.toml
[INFO] crate git repo https://github.com/haimgel/get-cookie already has a lockfile, it will not be regenerated
[INFO] running `Command { std: "/workspace/cargo-home/bin/cargo" "+1.55.0" "fetch" "--manifest-path" "Cargo.toml", kill_on_drop: false }`
[INFO] [stderr]     Blocking waiting for file lock on package cache
[INFO] [stderr]     Blocking waiting for file lock on package cache
[INFO] [stderr]  Downloading crates ...
[INFO] [stderr]   Downloaded secret-service v1.1.3
[INFO] [stderr]   Downloaded keyring v0.10.1
[INFO] running `Command { std: "docker" "create" "-v" "/var/lib/crater-agent-workspace/builds/worker-43/target:/opt/rustwide/target:rw,Z" "-v" "/var/lib/crater-agent-workspace/builds/worker-43/source:/opt/rustwide/workdir:ro,Z" "-v" "/var/lib/crater-agent-workspace/cargo-home:/opt/rustwide/cargo-home:ro,Z" "-v" "/var/lib/crater-agent-workspace/rustup-home:/opt/rustwide/rustup-home:ro,Z" "-e" "SOURCE_DIR=/opt/rustwide/workdir" "-e" "CARGO_TARGET_DIR=/opt/rustwide/target" "-e" "CARGO_HOME=/opt/rustwide/cargo-home" "-e" "RUSTUP_HOME=/opt/rustwide/rustup-home" "-w" "/opt/rustwide/workdir" "-m" "1610612736" "--user" "0:0" "--network" "none" "ghcr.io/rust-lang/crates-build-env/linux@sha256:a89201d6b5b9fd45c15d5952ece0a0129e7e80cb26ec023fd59cf09bc26f1604" "/opt/rustwide/cargo-home/bin/cargo" "+1.55.0" "metadata" "--no-deps" "--format-version=1", kill_on_drop: false }`
[INFO] [stdout] 4ec78f6458d28fd220387db49a53a3656df79e366462ef05cb0f5ed95ef95d24
[INFO] running `Command { std: "docker" "start" "-a" "4ec78f6458d28fd220387db49a53a3656df79e366462ef05cb0f5ed95ef95d24", kill_on_drop: false }`
[INFO] running `Command { std: "docker" "inspect" "4ec78f6458d28fd220387db49a53a3656df79e366462ef05cb0f5ed95ef95d24", kill_on_drop: false }`
[INFO] running `Command { std: "docker" "rm" "-f" "4ec78f6458d28fd220387db49a53a3656df79e366462ef05cb0f5ed95ef95d24", kill_on_drop: false }`
[INFO] [stdout] 4ec78f6458d28fd220387db49a53a3656df79e366462ef05cb0f5ed95ef95d24
[INFO] running `Command { std: "docker" "create" "-v" "/var/lib/crater-agent-workspace/builds/worker-43/target:/opt/rustwide/target:rw,Z" "-v" "/var/lib/crater-agent-workspace/builds/worker-43/source:/opt/rustwide/workdir:ro,Z" "-v" "/var/lib/crater-agent-workspace/cargo-home:/opt/rustwide/cargo-home:ro,Z" "-v" "/var/lib/crater-agent-workspace/rustup-home:/opt/rustwide/rustup-home:ro,Z" "-e" "SOURCE_DIR=/opt/rustwide/workdir" "-e" "CARGO_TARGET_DIR=/opt/rustwide/target" "-e" "CARGO_INCREMENTAL=0" "-e" "RUST_BACKTRACE=full" "-e" "RUSTFLAGS=--cap-lints=warn" "-e" "CARGO_HOME=/opt/rustwide/cargo-home" "-e" "RUSTUP_HOME=/opt/rustwide/rustup-home" "-w" "/opt/rustwide/workdir" "-m" "1610612736" "--user" "0:0" "--network" "none" "ghcr.io/rust-lang/crates-build-env/linux@sha256:a89201d6b5b9fd45c15d5952ece0a0129e7e80cb26ec023fd59cf09bc26f1604" "/opt/rustwide/cargo-home/bin/cargo" "+1.55.0" "check" "--frozen" "--all" "--all-targets" "--message-format=json", kill_on_drop: false }`
[INFO] [stdout] 411bedc85dfdf7422c6390a2d55ed67fa42bfecc4c5568c9af9c98b2083d78a8
[INFO] running `Command { std: "docker" "start" "-a" "411bedc85dfdf7422c6390a2d55ed67fa42bfecc4c5568c9af9c98b2083d78a8", kill_on_drop: false }`
[INFO] [stderr]     Blocking waiting for file lock on package cache
[INFO] [stderr]    Compiling typenum v1.13.0
[INFO] [stderr]    Compiling libc v0.2.90
[INFO] [stderr]    Compiling getrandom v0.1.16
[INFO] [stderr]    Compiling proc-macro2 v1.0.24
[INFO] [stderr]     Checking opaque-debug v0.3.0
[INFO] [stderr]     Checking subtle v2.4.0
[INFO] [stderr]    Compiling unicode-xid v0.2.1
[INFO] [stderr]     Checking ppv-lite86 v0.2.10
[INFO] [stderr]    Compiling syn v1.0.64
[INFO] [stderr]    Compiling cc v1.0.67
[INFO] [stderr]     Checking block-padding v0.2.1
[INFO] [stderr]     Checking ahash v0.4.7
[INFO] [stderr]    Compiling memchr v2.3.4
[INFO] [stderr]     Checking cpuid-bool v0.1.2
[INFO] [stderr]     Checking spin v0.5.2
[INFO] [stderr]     Checking untrusted v0.7.1
[INFO] [stderr]     Checking once_cell v1.7.2
[INFO] [stderr]     Checking fallible-streaming-iterator v0.1.9
[INFO] [stderr]     Checking fallible-iterator v0.2.0
[INFO] [stderr]    Compiling num-traits v0.2.14
[INFO] [stderr]    Compiling num-integer v0.1.44
[INFO] [stderr]    Compiling num-bigint v0.3.2
[INFO] [stderr]    Compiling num-iter v0.1.42
[INFO] [stderr]    Compiling num-rational v0.3.2
[INFO] [stderr]    Compiling generic-array v0.14.4
[INFO] [stderr]    Compiling libsqlite3-sys v0.20.1
[INFO] [stderr]     Checking hashbrown v0.9.1
[INFO] [stderr]     Checking hashlink v0.6.0
[INFO] [stderr]    Compiling quote v1.0.9
[INFO] [stderr]     Checking rusqlite v0.24.2
[INFO] [stderr]     Checking num-complex v0.3.1
[INFO] [stderr]     Checking dbus v0.2.3
[INFO] [stderr]     Checking time v0.1.44
[INFO] [stderr]     Checking dirs-sys v0.3.5
[INFO] [stderr]    Compiling ring v0.16.20
[INFO] [stderr]     Checking dirs v3.0.1
[INFO] [stderr]     Checking rand_core v0.5.1
[INFO] [stderr]     Checking chrono v0.4.19
[INFO] [stderr]     Checking cipher v0.2.5
[INFO] [stderr]     Checking digest v0.9.0
[INFO] [stderr]     Checking crypto-mac v0.10.0
[INFO] [stderr]     Checking block-buffer v0.9.0
[INFO] [stderr]     Checking rand_chacha v0.2.2
[INFO] [stderr]     Checking hmac v0.10.1
[INFO] [stderr]     Checking sha2 v0.9.3
[INFO] [stderr]     Checking aes-soft v0.6.4
[INFO] [stderr]     Checking block-modes v0.7.0
[INFO] [stderr]     Checking rand v0.7.3
[INFO] [stderr]     Checking hkdf v0.10.0
[INFO] [stderr]     Checking aes v0.6.0
[INFO] [stderr]     Checking num v0.3.1
[INFO] [stderr]     Checking secret-service v1.1.3
[INFO] [stderr]     Checking keyring v0.10.1
[INFO] [stderr]    Compiling thiserror-impl v1.0.24
[INFO] [stderr]     Checking thiserror v1.0.24
[INFO] [stderr]     Checking get-cookie v0.1.0 (/opt/rustwide/workdir)
[INFO] [stdout] error[E0425]: cannot find function `chrome_profile_dir` in this scope
[INFO] [stdout]   --> src/chrome/mod.rs:28:22
[INFO] [stdout]    |
[INFO] [stdout] 28 |     let mut result = chrome_profile_dir()?;
[INFO] [stdout]    |                      ^^^^^^^^^^^^^^^^^^ not found in this scope
[INFO] [stdout] 
[INFO] [stdout] 
[INFO] [stdout] error[E0425]: cannot find function `decrypt_encrypted_cookie` in this scope
[INFO] [stdout]   --> src/chrome/mod.rs:79:42
[INFO] [stdout]    |
[INFO] [stdout] 57 | fn get_encrypted_cookie(domain: &str, cookie_name: &str) -> Result<Cookie, GetCookieError> {
[INFO] [stdout]    | ------------------------------------------------------------------------------------------ similarly named function `get_encrypted_cookie` defined here
[INFO] [stdout] ...
[INFO] [stdout] 79 |         cookie.value = CookieValue::Text(decrypt_encrypted_cookie(&encrypted)?)
[INFO] [stdout]    |                                          ^^^^^^^^^^^^^^^^^^^^^^^^ help: a function with a similar name exists: `get_encrypted_cookie`
[INFO] [stdout] 
[INFO] [stdout] 
[INFO] [stdout] warning: unused import: `dirs::home_dir`
[INFO] [stdout]  --> src/chrome/mod.rs:1:5
[INFO] [stdout]   |
[INFO] [stdout] 1 | use dirs::home_dir;
[INFO] [stdout]   |     ^^^^^^^^^^^^^^
[INFO] [stdout]   |
[INFO] [stdout]   = note: `#[warn(unused_imports)]` on by default
[INFO] [stdout] 
[INFO] [stdout] 
[INFO] [stdout] error[E0425]: cannot find function `chrome_profile_dir` in this scope
[INFO] [stdout]   --> src/chrome/mod.rs:28:22
[INFO] [stdout]    |
[INFO] [stdout] 28 |     let mut result = chrome_profile_dir()?;
[INFO] [stdout]    |                      ^^^^^^^^^^^^^^^^^^ not found in this scope
[INFO] [stdout] 
[INFO] [stdout] 
[INFO] [stdout] error[E0425]: cannot find function `decrypt_encrypted_cookie` in this scope
[INFO] [stdout]   --> src/chrome/mod.rs:79:42
[INFO] [stdout]    |
[INFO] [stdout] 57 | fn get_encrypted_cookie(domain: &str, cookie_name: &str) -> Result<Cookie, GetCookieError> {
[INFO] [stdout]    | ------------------------------------------------------------------------------------------ similarly named function `get_encrypted_cookie` defined here
[INFO] [stdout] ...
[INFO] [stdout] 79 |         cookie.value = CookieValue::Text(decrypt_encrypted_cookie(&encrypted)?)
[INFO] [stdout]    |                                          ^^^^^^^^^^^^^^^^^^^^^^^^ help: a function with a similar name exists: `get_encrypted_cookie`
[INFO] [stdout] 
[INFO] [stdout] 
[INFO] [stdout] warning: unused import: `dirs::home_dir`
[INFO] [stdout]  --> src/chrome/mod.rs:1:5
[INFO] [stdout]   |
[INFO] [stdout] 1 | use dirs::home_dir;
[INFO] [stdout]   |     ^^^^^^^^^^^^^^
[INFO] [stdout]   |
[INFO] [stdout]   = note: `#[warn(unused_imports)]` on by default
[INFO] [stdout] 
[INFO] [stdout] 
[INFO] [stdout] error: aborting due to 2 previous errors; 1 warning emitted
[INFO] [stdout] 
[INFO] [stdout] 
[INFO] [stdout] For more information about this error, try `rustc --explain E0425`.
[INFO] [stdout] 
[INFO] [stderr] error: could not compile `get-cookie` due to 3 previous errors; 1 warning emitted
[INFO] [stderr] warning: build failed, waiting for other jobs to finish...
[INFO] [stdout] error: aborting due to 2 previous errors; 1 warning emitted
[INFO] [stdout] 
[INFO] [stdout] 
[INFO] [stderr] error: build failed
[INFO] [stdout] For more information about this error, try `rustc --explain E0425`.
[INFO] [stdout] 
[INFO] running `Command { std: "docker" "inspect" "411bedc85dfdf7422c6390a2d55ed67fa42bfecc4c5568c9af9c98b2083d78a8", kill_on_drop: false }`
[INFO] running `Command { std: "docker" "rm" "-f" "411bedc85dfdf7422c6390a2d55ed67fa42bfecc4c5568c9af9c98b2083d78a8", kill_on_drop: false }`
[INFO] [stdout] 411bedc85dfdf7422c6390a2d55ed67fa42bfecc4c5568c9af9c98b2083d78a8
