[INFO] cloning repository https://github.com/guissalustiano/nalgebra_image
[INFO] running `Command { std: "git" "-c" "credential.helper=" "-c" "credential.helper=/workspace/cargo-home/bin/git-credential-null" "clone" "--bare" "https://github.com/guissalustiano/nalgebra_image" "/workspace/cache/git-repos/https%3A%2F%2Fgithub.com%2Fguissalustiano%2Fnalgebra_image", kill_on_drop: false }`
[INFO] [stderr] Cloning into bare repository '/workspace/cache/git-repos/https%3A%2F%2Fgithub.com%2Fguissalustiano%2Fnalgebra_image'...
[INFO] running `Command { std: "git" "rev-parse" "HEAD", kill_on_drop: false }`
[INFO] [stdout] f187d69ec0f489c63755b878d9281c20622f4ce2
[INFO] checking guissalustiano/nalgebra_image against beta-2021-10-15 for beta-1.56-3
[INFO] running `Command { std: "git" "clone" "/workspace/cache/git-repos/https%3A%2F%2Fgithub.com%2Fguissalustiano%2Fnalgebra_image" "/workspace/builds/worker-4/source", kill_on_drop: false }`
[INFO] [stderr] Cloning into '/workspace/builds/worker-4/source'...
[INFO] [stderr] done.
[INFO] validating manifest of git repo https://github.com/guissalustiano/nalgebra_image on toolchain beta-2021-10-15
[INFO] running `Command { std: "/workspace/cargo-home/bin/cargo" "+beta-2021-10-15" "metadata" "--manifest-path" "Cargo.toml" "--no-deps", kill_on_drop: false }`
[INFO] started tweaking git repo https://github.com/guissalustiano/nalgebra_image
[INFO] finished tweaking git repo https://github.com/guissalustiano/nalgebra_image
[INFO] tweaked toml for git repo https://github.com/guissalustiano/nalgebra_image written to /workspace/builds/worker-4/source/Cargo.toml
[INFO] crate git repo https://github.com/guissalustiano/nalgebra_image already has a lockfile, it will not be regenerated
[INFO] running `Command { std: "/workspace/cargo-home/bin/cargo" "+beta-2021-10-15" "fetch" "--manifest-path" "Cargo.toml", kill_on_drop: false }`
[INFO] [stderr]     Blocking waiting for file lock on package cache
[INFO] [stderr]     Blocking waiting for file lock on package cache
[INFO] running `Command { std: "docker" "create" "-v" "/var/lib/crater-agent-workspace/builds/worker-4/target:/opt/rustwide/target:rw,Z" "-v" "/var/lib/crater-agent-workspace/builds/worker-4/source:/opt/rustwide/workdir:ro,Z" "-v" "/var/lib/crater-agent-workspace/cargo-home:/opt/rustwide/cargo-home:ro,Z" "-v" "/var/lib/crater-agent-workspace/rustup-home:/opt/rustwide/rustup-home:ro,Z" "-e" "SOURCE_DIR=/opt/rustwide/workdir" "-e" "CARGO_TARGET_DIR=/opt/rustwide/target" "-e" "CARGO_HOME=/opt/rustwide/cargo-home" "-e" "RUSTUP_HOME=/opt/rustwide/rustup-home" "-w" "/opt/rustwide/workdir" "-m" "1610612736" "--user" "0:0" "--network" "none" "ghcr.io/rust-lang/crates-build-env/linux@sha256:a89201d6b5b9fd45c15d5952ece0a0129e7e80cb26ec023fd59cf09bc26f1604" "/opt/rustwide/cargo-home/bin/cargo" "+beta-2021-10-15" "metadata" "--no-deps" "--format-version=1", kill_on_drop: false }`
[INFO] [stdout] 79046d83b30c8caf92ff4ce4926d4bf49ea635b327cc0adcd5489d44d44c3d14
[INFO] [stderr] WARNING: Your kernel does not support swap limit capabilities or the cgroup is not mounted. Memory limited without swap.
[INFO] running `Command { std: "docker" "start" "-a" "79046d83b30c8caf92ff4ce4926d4bf49ea635b327cc0adcd5489d44d44c3d14", kill_on_drop: false }`
[INFO] running `Command { std: "docker" "inspect" "79046d83b30c8caf92ff4ce4926d4bf49ea635b327cc0adcd5489d44d44c3d14", kill_on_drop: false }`
[INFO] running `Command { std: "docker" "rm" "-f" "79046d83b30c8caf92ff4ce4926d4bf49ea635b327cc0adcd5489d44d44c3d14", kill_on_drop: false }`
[INFO] [stdout] 79046d83b30c8caf92ff4ce4926d4bf49ea635b327cc0adcd5489d44d44c3d14
[INFO] running `Command { std: "docker" "create" "-v" "/var/lib/crater-agent-workspace/builds/worker-4/target:/opt/rustwide/target:rw,Z" "-v" "/var/lib/crater-agent-workspace/builds/worker-4/source:/opt/rustwide/workdir:ro,Z" "-v" "/var/lib/crater-agent-workspace/cargo-home:/opt/rustwide/cargo-home:ro,Z" "-v" "/var/lib/crater-agent-workspace/rustup-home:/opt/rustwide/rustup-home:ro,Z" "-e" "SOURCE_DIR=/opt/rustwide/workdir" "-e" "CARGO_TARGET_DIR=/opt/rustwide/target" "-e" "CARGO_INCREMENTAL=0" "-e" "RUST_BACKTRACE=full" "-e" "RUSTFLAGS=--cap-lints=warn" "-e" "CARGO_HOME=/opt/rustwide/cargo-home" "-e" "RUSTUP_HOME=/opt/rustwide/rustup-home" "-w" "/opt/rustwide/workdir" "-m" "1610612736" "--user" "0:0" "--network" "none" "ghcr.io/rust-lang/crates-build-env/linux@sha256:a89201d6b5b9fd45c15d5952ece0a0129e7e80cb26ec023fd59cf09bc26f1604" "/opt/rustwide/cargo-home/bin/cargo" "+beta-2021-10-15" "check" "--frozen" "--all" "--all-targets" "--message-format=json", kill_on_drop: false }`
[INFO] [stderr] WARNING: Your kernel does not support swap limit capabilities or the cgroup is not mounted. Memory limited without swap.
[INFO] [stdout] ac39567a841e971a6500d4ad3f06db69ee8bbff3187ba27efc7e634c2613c72b
[INFO] running `Command { std: "docker" "start" "-a" "ac39567a841e971a6500d4ad3f06db69ee8bbff3187ba27efc7e634c2613c72b", kill_on_drop: false }`
[INFO] [stderr]     Checking weezl v0.1.4
[INFO] [stderr]     Checking matrixmultiply v0.3.0
[INFO] [stderr]     Checking num_cpus v1.13.0
[INFO] [stderr]     Checking approx v0.4.0
[INFO] [stderr]     Checking simba v0.4.0
[INFO] [stderr]     Checking rayon-core v1.9.0
[INFO] [stderr]     Checking gif v0.11.2
[INFO] [stderr]     Checking rayon v1.5.0
[INFO] [stderr]     Checking jpeg-decoder v0.1.22
[INFO] [stderr]     Checking tiff v0.6.1
[INFO] [stderr]     Checking image v0.23.14
[INFO] [stderr]     Checking nalgebra v0.25.3
[INFO] [stderr]     Checking pixel_test v0.1.0 (/opt/rustwide/workdir)
[INFO] [stdout] error[E0658]: associated type bounds are unstable
[INFO] [stdout]  --> src/image.rs:5:43
[INFO] [stdout]   |
[INFO] [stdout] 5 | pub fn img2matrix(img: RgbImage) -> Pixel<U: Unsigned+Clone> {
[INFO] [stdout]   |                                           ^^^^^^^^^^^^^^^^^
[INFO] [stdout]   |
[INFO] [stdout]   = note: see issue #52662 <https://github.com/rust-lang/rust/issues/52662> for more information
[INFO] [stdout] 
[INFO] [stdout] 
[INFO] [stdout] warning: trait objects without an explicit `dyn` are deprecated
[INFO] [stdout]  --> src/image.rs:5:37
[INFO] [stdout]   |
[INFO] [stdout] 5 | pub fn img2matrix(img: RgbImage) -> Pixel<U: Unsigned+Clone> {
[INFO] [stdout]   |                                     ^^^^^^^^^^^^^^^^^^^^^^^^ help: use `dyn`: `dyn Pixel<U: Unsigned+Clone>`
[INFO] [stdout]   |
[INFO] [stdout]   = note: `#[warn(bare_trait_objects)]` on by default
[INFO] [stdout]   = warning: this is accepted in the current edition (Rust 2018) but is a hard error in Rust 2021!
[INFO] [stdout]   = note: for more information, see <https://doc.rust-lang.org/nightly/edition-guide/rust-2021/warnings-promoted-to-error.html>
[INFO] [stdout] 
[INFO] [stdout] 
[INFO] [stdout] error[E0107]: this trait takes 1 generic argument but 0 generic arguments were supplied
[INFO] [stdout]  --> src/image.rs:5:37
[INFO] [stdout]   |
[INFO] [stdout] 5 | pub fn img2matrix(img: RgbImage) -> Pixel<U: Unsigned+Clone> {
[INFO] [stdout]   |                                     ^^^^^ expected 1 generic argument
[INFO] [stdout]   |
[INFO] [stdout] note: trait defined here, with 1 generic parameter: `U`
[INFO] [stdout]  --> src/pixel_types/mod.rs:7:11
[INFO] [stdout]   |
[INFO] [stdout] 7 | pub trait Pixel<U: Unsigned + Copy>: Copy {}
[INFO] [stdout]   |           ^^^^^ -
[INFO] [stdout] help: add missing generic argument
[INFO] [stdout]   |
[INFO] [stdout] 5 | pub fn img2matrix(img: RgbImage) -> Pixel<U, U: Unsigned+Clone> {
[INFO] [stdout]   |                                           ++
[INFO] [stdout] 
[INFO] [stdout] 
[INFO] [stdout] error[E0220]: associated type `U` not found for `pixel_types::Pixel<[type error]>`
[INFO] [stdout]  --> src/image.rs:5:43
[INFO] [stdout]   |
[INFO] [stdout] 5 | pub fn img2matrix(img: RgbImage) -> Pixel<U: Unsigned+Clone> {
[INFO] [stdout]   |                                           ^ associated type `U` not found
[INFO] [stdout] 
[INFO] [stdout] 
[INFO] [stdout] error: aborting due to 3 previous errors; 1 warning emitted
[INFO] [stdout] 
[INFO] [stdout] 
[INFO] [stdout] Some errors have detailed explanations: E0107, E0220, E0658.
[INFO] [stdout] 
[INFO] [stdout] For more information about an error, try `rustc --explain E0107`.
[INFO] [stdout] 
[INFO] [stderr] error: could not compile `pixel_test` due to 4 previous errors; 1 warning emitted
[INFO] [stderr] warning: build failed, waiting for other jobs to finish...
[INFO] [stdout] error[E0658]: associated type bounds are unstable
[INFO] [stdout]  --> src/image.rs:5:43
[INFO] [stdout]   |
[INFO] [stdout] 5 | pub fn img2matrix(img: RgbImage) -> Pixel<U: Unsigned+Clone> {
[INFO] [stdout]   |                                           ^^^^^^^^^^^^^^^^^
[INFO] [stdout]   |
[INFO] [stdout]   = note: see issue #52662 <https://github.com/rust-lang/rust/issues/52662> for more information
[INFO] [stdout] 
[INFO] [stdout] 
[INFO] [stdout] warning: trait objects without an explicit `dyn` are deprecated
[INFO] [stdout]  --> src/image.rs:5:37
[INFO] [stdout]   |
[INFO] [stdout] 5 | pub fn img2matrix(img: RgbImage) -> Pixel<U: Unsigned+Clone> {
[INFO] [stdout]   |                                     ^^^^^^^^^^^^^^^^^^^^^^^^ help: use `dyn`: `dyn Pixel<U: Unsigned+Clone>`
[INFO] [stdout]   |
[INFO] [stdout]   = note: `#[warn(bare_trait_objects)]` on by default
[INFO] [stdout]   = warning: this is accepted in the current edition (Rust 2018) but is a hard error in Rust 2021!
[INFO] [stdout]   = note: for more information, see <https://doc.rust-lang.org/nightly/edition-guide/rust-2021/warnings-promoted-to-error.html>
[INFO] [stdout] 
[INFO] [stdout] 
[INFO] [stdout] error[E0107]: this trait takes 1 generic argument but 0 generic arguments were supplied
[INFO] [stdout]  --> src/image.rs:5:37
[INFO] [stdout]   |
[INFO] [stdout] 5 | pub fn img2matrix(img: RgbImage) -> Pixel<U: Unsigned+Clone> {
[INFO] [stdout]   |                                     ^^^^^ expected 1 generic argument
[INFO] [stdout]   |
[INFO] [stdout] note: trait defined here, with 1 generic parameter: `U`
[INFO] [stdout]  --> src/pixel_types/mod.rs:7:11
[INFO] [stdout]   |
[INFO] [stdout] 7 | pub trait Pixel<U: Unsigned + Copy>: Copy {}
[INFO] [stdout]   |           ^^^^^ -
[INFO] [stdout] help: add missing generic argument
[INFO] [stdout]   |
[INFO] [stdout] 5 | pub fn img2matrix(img: RgbImage) -> Pixel<U, U: Unsigned+Clone> {
[INFO] [stdout]   |                                           ++
[INFO] [stdout] 
[INFO] [stdout] 
[INFO] [stdout] error[E0220]: associated type `U` not found for `pixel_types::Pixel<[type error]>`
[INFO] [stdout]  --> src/image.rs:5:43
[INFO] [stdout]   |
[INFO] [stdout] 5 | pub fn img2matrix(img: RgbImage) -> Pixel<U: Unsigned+Clone> {
[INFO] [stdout]   |                                           ^ associated type `U` not found
[INFO] [stdout] 
[INFO] [stdout] 
[INFO] [stdout] error: aborting due to 3 previous errors; 1 warning emitted
[INFO] [stdout] 
[INFO] [stdout] 
[INFO] [stdout] Some errors have detailed explanations: E0107, E0220, E0658.
[INFO] [stdout] 
[INFO] [stdout] For more information about an error, try `rustc --explain E0107`.
[INFO] [stdout] 
[INFO] [stderr] error: build failed
[INFO] running `Command { std: "docker" "inspect" "ac39567a841e971a6500d4ad3f06db69ee8bbff3187ba27efc7e634c2613c72b", kill_on_drop: false }`
[INFO] running `Command { std: "docker" "rm" "-f" "ac39567a841e971a6500d4ad3f06db69ee8bbff3187ba27efc7e634c2613c72b", kill_on_drop: false }`
[INFO] [stdout] ac39567a841e971a6500d4ad3f06db69ee8bbff3187ba27efc7e634c2613c72b
