[INFO] cloning repository https://github.com/guiqulaxi/image-to-text
[INFO] running `Command { std: "git" "-c" "credential.helper=" "-c" "credential.helper=/workspace/cargo-home/bin/git-credential-null" "clone" "--bare" "https://github.com/guiqulaxi/image-to-text" "/workspace/cache/git-repos/https%3A%2F%2Fgithub.com%2Fguiqulaxi%2Fimage-to-text", kill_on_drop: false }`
[INFO] [stderr] Cloning into bare repository '/workspace/cache/git-repos/https%3A%2F%2Fgithub.com%2Fguiqulaxi%2Fimage-to-text'...
[INFO] running `Command { std: "git" "rev-parse" "HEAD", kill_on_drop: false }`
[INFO] [stdout] dad78e9a4d67d3b9f24d51e0c2828faa4e62e9e1
[INFO] checking guiqulaxi/image-to-text against beta-2021-10-15 for beta-1.56-3
[INFO] running `Command { std: "git" "clone" "/workspace/cache/git-repos/https%3A%2F%2Fgithub.com%2Fguiqulaxi%2Fimage-to-text" "/workspace/builds/worker-7/source", kill_on_drop: false }`
[INFO] [stderr] Cloning into '/workspace/builds/worker-7/source'...
[INFO] [stderr] done.
[INFO] validating manifest of git repo https://github.com/guiqulaxi/image-to-text on toolchain beta-2021-10-15
[INFO] running `Command { std: "/workspace/cargo-home/bin/cargo" "+beta-2021-10-15" "metadata" "--manifest-path" "Cargo.toml" "--no-deps", kill_on_drop: false }`
[INFO] started tweaking git repo https://github.com/guiqulaxi/image-to-text
[INFO] finished tweaking git repo https://github.com/guiqulaxi/image-to-text
[INFO] tweaked toml for git repo https://github.com/guiqulaxi/image-to-text written to /workspace/builds/worker-7/source/Cargo.toml
[INFO] crate git repo https://github.com/guiqulaxi/image-to-text already has a lockfile, it will not be regenerated
[INFO] running `Command { std: "/workspace/cargo-home/bin/cargo" "+beta-2021-10-15" "fetch" "--manifest-path" "Cargo.toml", kill_on_drop: false }`
[INFO] [stderr]     Blocking waiting for file lock on package cache
[INFO] [stderr]  Downloading crates ...
[INFO] [stderr]   Downloaded kernel32-sys v0.2.2
[INFO] [stderr]   Downloaded scopeguard v0.3.3
[INFO] [stderr]   Downloaded winapi-build v0.1.1
[INFO] [stderr]   Downloaded winapi v0.2.8
[INFO] [stderr]   Downloaded num v0.1.41
[INFO] [stderr]   Downloaded custom_derive v0.1.7
[INFO] [stderr]   Downloaded generic-array v0.2.1
[INFO] [stderr]   Downloaded nodrop v0.1.12
[INFO] [stderr]   Downloaded deflate v0.7.17
[INFO] [stderr]   Downloaded stb_truetype v0.2.1
[INFO] [stderr]   Downloaded arrayvec v0.4.6
[INFO] [stderr]   Downloaded thread_local v0.2.7
[INFO] [stderr]   Downloaded lzw v0.10.0
[INFO] [stderr]   Downloaded enum_primitive v0.1.1
[INFO] [stderr]   Downloaded byteorder v1.2.1
[INFO] [stderr]   Downloaded bitflags v1.0.1
[INFO] [stderr]   Downloaded cfg-if v0.1.2
[INFO] [stderr]   Downloaded log v0.4.1
[INFO] [stderr]   Downloaded lazy_static v0.2.11
[INFO] [stderr]   Downloaded png v0.11.0
[INFO] [stderr]   Downloaded nalgebra v0.11.2
[INFO] [stderr]   Downloaded num-rational v0.1.40
[INFO] [stderr]   Downloaded alga v0.5.2
[INFO] [stderr]   Downloaded approx v0.1.1
[INFO] [stderr]   Downloaded adler32 v1.0.2
[INFO] [stderr]   Downloaded rayon v0.8.2
[INFO] [stderr]   Downloaded conv v0.3.3
[INFO] [stderr]   Downloaded color_quant v1.0.0
[INFO] [stderr]   Downloaded jpeg-decoder v0.1.13
[INFO] [stderr]   Downloaded image v0.18.0
[INFO] [stderr]   Downloaded gif v0.9.2
[INFO] [stderr]   Downloaded imageproc v0.13.0
[INFO] [stderr]   Downloaded itertools v0.6.5
[INFO] [stderr]   Downloaded coco v0.1.1
[INFO] [stderr]   Downloaded fuchsia-zircon v0.3.2
[INFO] [stderr]   Downloaded num_cpus v1.8.0
[INFO] [stderr]   Downloaded rayon v0.7.1
[INFO] [stderr]   Downloaded inflate v0.3.3
[INFO] [stderr]   Downloaded scoped_threadpool v0.1.8
[INFO] [stderr]   Downloaded typenum v1.9.0
[INFO] [stderr]   Downloaded num-complex v0.1.41
[INFO] [stderr]   Downloaded regex-syntax v0.3.9
[INFO] [stderr]   Downloaded num-iter v0.1.34
[INFO] [stderr]   Downloaded rustc-serialize v0.3.24
[INFO] [stderr]   Downloaded thread-id v2.0.0
[INFO] [stderr]   Downloaded libc v0.2.35
[INFO] [stderr]   Downloaded either v1.4.0
[INFO] [stderr]   Downloaded fuchsia-zircon-sys v0.3.2
[INFO] [stderr]   Downloaded rand v0.3.19
[INFO] [stderr]   Downloaded rayon-core v1.3.0
[INFO] [stderr]   Downloaded log v0.3.9
[INFO] [stderr]   Downloaded utf8-ranges v0.1.3
[INFO] [stderr]   Downloaded env_logger v0.3.5
[INFO] [stderr]   Downloaded quickcheck v0.2.27
[INFO] [stderr]   Downloaded linked-hash-map v0.5.0
[INFO] [stderr]   Downloaded rusttype v0.2.3
[INFO] [stderr]   Downloaded num-bigint v0.1.41
[INFO] [stderr]   Downloaded num-traits v0.1.41
[INFO] [stderr]   Downloaded aho-corasick v0.5.3
[INFO] [stderr]   Downloaded regex v0.1.80
[INFO] [stderr]   Downloaded memchr v0.1.11
[INFO] [stderr]   Downloaded byteorder v0.4.2
[INFO] [stderr]   Downloaded num-integer v0.1.35
[INFO] running `Command { std: "docker" "create" "-v" "/var/lib/crater-agent-workspace/builds/worker-7/target:/opt/rustwide/target:rw,Z" "-v" "/var/lib/crater-agent-workspace/builds/worker-7/source:/opt/rustwide/workdir:ro,Z" "-v" "/var/lib/crater-agent-workspace/cargo-home:/opt/rustwide/cargo-home:ro,Z" "-v" "/var/lib/crater-agent-workspace/rustup-home:/opt/rustwide/rustup-home:ro,Z" "-e" "SOURCE_DIR=/opt/rustwide/workdir" "-e" "CARGO_TARGET_DIR=/opt/rustwide/target" "-e" "CARGO_HOME=/opt/rustwide/cargo-home" "-e" "RUSTUP_HOME=/opt/rustwide/rustup-home" "-w" "/opt/rustwide/workdir" "-m" "1610612736" "--user" "0:0" "--network" "none" "ghcr.io/rust-lang/crates-build-env/linux@sha256:a89201d6b5b9fd45c15d5952ece0a0129e7e80cb26ec023fd59cf09bc26f1604" "/opt/rustwide/cargo-home/bin/cargo" "+beta-2021-10-15" "metadata" "--no-deps" "--format-version=1", kill_on_drop: false }`
[INFO] [stdout] 1b83aa111ff9993809addf2b1bc074e9e76c955fc25e710c4d2fc079f73e44c3
[INFO] [stderr] WARNING: Your kernel does not support swap limit capabilities or the cgroup is not mounted. Memory limited without swap.
[INFO] running `Command { std: "docker" "start" "-a" "1b83aa111ff9993809addf2b1bc074e9e76c955fc25e710c4d2fc079f73e44c3", kill_on_drop: false }`
[INFO] running `Command { std: "docker" "inspect" "1b83aa111ff9993809addf2b1bc074e9e76c955fc25e710c4d2fc079f73e44c3", kill_on_drop: false }`
[INFO] running `Command { std: "docker" "rm" "-f" "1b83aa111ff9993809addf2b1bc074e9e76c955fc25e710c4d2fc079f73e44c3", kill_on_drop: false }`
[INFO] [stdout] 1b83aa111ff9993809addf2b1bc074e9e76c955fc25e710c4d2fc079f73e44c3
[INFO] running `Command { std: "docker" "create" "-v" "/var/lib/crater-agent-workspace/builds/worker-7/target:/opt/rustwide/target:rw,Z" "-v" "/var/lib/crater-agent-workspace/builds/worker-7/source:/opt/rustwide/workdir:ro,Z" "-v" "/var/lib/crater-agent-workspace/cargo-home:/opt/rustwide/cargo-home:ro,Z" "-v" "/var/lib/crater-agent-workspace/rustup-home:/opt/rustwide/rustup-home:ro,Z" "-e" "SOURCE_DIR=/opt/rustwide/workdir" "-e" "CARGO_TARGET_DIR=/opt/rustwide/target" "-e" "CARGO_INCREMENTAL=0" "-e" "RUST_BACKTRACE=full" "-e" "RUSTFLAGS=--cap-lints=warn" "-e" "CARGO_HOME=/opt/rustwide/cargo-home" "-e" "RUSTUP_HOME=/opt/rustwide/rustup-home" "-w" "/opt/rustwide/workdir" "-m" "1610612736" "--user" "0:0" "--network" "none" "ghcr.io/rust-lang/crates-build-env/linux@sha256:a89201d6b5b9fd45c15d5952ece0a0129e7e80cb26ec023fd59cf09bc26f1604" "/opt/rustwide/cargo-home/bin/cargo" "+beta-2021-10-15" "check" "--frozen" "--all" "--all-targets" "--message-format=json", kill_on_drop: false }`
[INFO] [stdout] 9a4420aaf08ef4d8d2726a9d056871282c8f8de44b902ff609c0cd68401cae82
[INFO] [stderr] WARNING: Your kernel does not support swap limit capabilities or the cgroup is not mounted. Memory limited without swap.
[INFO] running `Command { std: "docker" "start" "-a" "9a4420aaf08ef4d8d2726a9d056871282c8f8de44b902ff609c0cd68401cae82", kill_on_drop: false }`
[INFO] [stderr]     Checking either v1.4.0
[INFO] [stderr]    Compiling rayon-core v1.3.0
[INFO] [stderr]     Checking linked-hash-map v0.5.0
[INFO] [stderr]     Checking scoped_threadpool v0.1.8
[INFO] [stderr]     Checking num_cpus v1.8.0
[INFO] [stderr]     Checking memchr v0.1.11
[INFO] [stderr]    Compiling typenum v1.9.0
[INFO] [stderr]     Checking inflate v0.3.3
[INFO] [stderr]     Checking deflate v0.7.17
[INFO] [stderr]     Checking enum_primitive v0.1.1
[INFO] [stderr]     Checking arrayvec v0.4.6
[INFO] [stderr]     Checking num-bigint v0.1.41
[INFO] [stderr]     Checking stb_truetype v0.2.1
[INFO] [stderr]     Checking gif v0.9.2
[INFO] [stderr]     Checking thread-id v2.0.0
[INFO] [stderr]     Checking thread_local v0.2.7
[INFO] [stderr]     Checking coco v0.1.1
[INFO] [stderr]     Checking itertools v0.6.5
[INFO] [stderr]     Checking aho-corasick v0.5.3
[INFO] [stderr]     Checking rusttype v0.2.3
[INFO] [stderr]     Checking regex v0.1.80
[INFO] [stderr]     Checking generic-array v0.2.1
[INFO] [stderr]     Checking rayon v0.8.2
[INFO] [stderr]     Checking rayon v0.7.1
[INFO] [stderr]     Checking nalgebra v0.11.2
[INFO] [stderr]     Checking num-rational v0.1.40
[INFO] [stderr]     Checking png v0.11.0
[INFO] [stdout] error[E0311]: the parameter type `K` may not live long enough
[INFO] [stdout]   --> /opt/rustwide/cargo-home/registry/src/github.com-1ecc6299db9ec823/rusttype-0.2.3/src/support/bst/map.rs:81:19
[INFO] [stdout]    |
[INFO] [stdout] 81 |             match node.force() {
[INFO] [stdout]    |                   ^^^^
[INFO] [stdout]    |
[INFO] [stdout] note: the parameter type `K` must be valid for the anonymous lifetime defined on the function body at 78:37...
[INFO] [stdout]   --> /opt/rustwide/cargo-home/registry/src/github.com-1ecc6299db9ec823/rusttype-0.2.3/src/support/bst/map.rs:78:37
[INFO] [stdout]    |
[INFO] [stdout] 78 |                 node: node::NodeRef<marker::Immut, K, V, marker::LeafOrInternal>)
[INFO] [stdout]    |                                     ^^^^^^^^^^^^^
[INFO] [stdout] 
[INFO] [stdout] 
[INFO] [stdout] error[E0311]: the parameter type `V` may not live long enough
[INFO] [stdout]   --> /opt/rustwide/cargo-home/registry/src/github.com-1ecc6299db9ec823/rusttype-0.2.3/src/support/bst/map.rs:81:19
[INFO] [stdout]    |
[INFO] [stdout] 81 |             match node.force() {
[INFO] [stdout]    |                   ^^^^
[INFO] [stdout]    |
[INFO] [stdout] note: the parameter type `V` must be valid for the anonymous lifetime defined on the function body at 78:37...
[INFO] [stdout]   --> /opt/rustwide/cargo-home/registry/src/github.com-1ecc6299db9ec823/rusttype-0.2.3/src/support/bst/map.rs:78:37
[INFO] [stdout]    |
[INFO] [stdout] 78 |                 node: node::NodeRef<marker::Immut, K, V, marker::LeafOrInternal>)
[INFO] [stdout]    |                                     ^^^^^^^^^^^^^
[INFO] [stdout] 
[INFO] [stdout] 
[INFO] [stdout] error: aborting due to 2 previous errors
[INFO] [stdout] 
[INFO] [stdout] 
[INFO] [stderr] error: could not compile `rusttype` due to 3 previous errors
[INFO] [stderr] warning: build failed, waiting for other jobs to finish...
[INFO] [stdout] error[E0119]: conflicting implementations of trait `std::ops::Mul<&_>` for type `geometry::translation::TranslationBase<_, _, _>`
[INFO] [stdout]    --> /opt/rustwide/cargo-home/registry/src/github.com-1ecc6299db9ec823/nalgebra-0.11.2/src/geometry/isometry_ops.rs:68:9
[INFO] [stdout]     |
[INFO] [stdout] 68  | /         impl<$($lives ,)* N, D: DimName, S, R> $Op<$Rhs> for $Lhs
[INFO] [stdout] 69  | |             where N: Real,
[INFO] [stdout] 70  | |                   S: OwnedStorage<N, D, U1>,
[INFO] [stdout] 71  | |                   R: Rotation<PointBase<N, D, S>>,
[INFO] [stdout] ...   |
[INFO] [stdout] 78  | |             }
[INFO] [stdout] 79  | |         }
[INFO] [stdout]     | |         ^
[INFO] [stdout]     | |         |
[INFO] [stdout]     | |_________first implementation here
[INFO] [stdout]     |           conflicting implementation for `geometry::translation::TranslationBase<_, _, _>`
[INFO] [stdout] ...
[INFO] [stdout] 286 | / isometry_binop_impl_all!(
[INFO] [stdout] 287 | |     Mul, mul;
[INFO] [stdout] 288 | |     self: TranslationBase<N, D, S>, right: R, Output = IsometryBase<N, D, S, R>;
[INFO] [stdout] 289 | |     [val val] => IsometryBase::from_parts(self, right);
[INFO] [stdout] ...   |
[INFO] [stdout] 292 | |     [ref ref] => IsometryBase::from_parts(self.clone(), right.clone());
[INFO] [stdout] 293 | | );
[INFO] [stdout]     | |__- in this macro invocation
[INFO] [stdout]     |
[INFO] [stdout]     = note: downstream crates may implement trait `alga::linear::Rotation<geometry::point::PointBase<_, _, _>>` for type `&_`
[INFO] [stdout]     = note: this error originates in the macro `isometry_binop_impl` (in Nightly builds, run with -Z macro-backtrace for more info)
[INFO] [stdout] 
[INFO] [stdout] 
[INFO] [stdout] error[E0119]: conflicting implementations of trait `std::ops::Mul<&_>` for type `&geometry::translation::TranslationBase<_, _, _>`
[INFO] [stdout]    --> /opt/rustwide/cargo-home/registry/src/github.com-1ecc6299db9ec823/nalgebra-0.11.2/src/geometry/isometry_ops.rs:68:9
[INFO] [stdout]     |
[INFO] [stdout] 68  | /         impl<$($lives ,)* N, D: DimName, S, R> $Op<$Rhs> for $Lhs
[INFO] [stdout] 69  | |             where N: Real,
[INFO] [stdout] 70  | |                   S: OwnedStorage<N, D, U1>,
[INFO] [stdout] 71  | |                   R: Rotation<PointBase<N, D, S>>,
[INFO] [stdout] ...   |
[INFO] [stdout] 78  | |             }
[INFO] [stdout] 79  | |         }
[INFO] [stdout]     | |         ^
[INFO] [stdout]     | |         |
[INFO] [stdout]     | |_________first implementation here
[INFO] [stdout]     |           conflicting implementation for `&geometry::translation::TranslationBase<_, _, _>`
[INFO] [stdout] ...
[INFO] [stdout] 286 | / isometry_binop_impl_all!(
[INFO] [stdout] 287 | |     Mul, mul;
[INFO] [stdout] 288 | |     self: TranslationBase<N, D, S>, right: R, Output = IsometryBase<N, D, S, R>;
[INFO] [stdout] 289 | |     [val val] => IsometryBase::from_parts(self, right);
[INFO] [stdout] ...   |
[INFO] [stdout] 292 | |     [ref ref] => IsometryBase::from_parts(self.clone(), right.clone());
[INFO] [stdout] 293 | | );
[INFO] [stdout]     | |__- in this macro invocation
[INFO] [stdout]     |
[INFO] [stdout]     = note: downstream crates may implement trait `alga::linear::Rotation<geometry::point::PointBase<_, _, _>>` for type `&_`
[INFO] [stdout]     = note: this error originates in the macro `isometry_binop_impl` (in Nightly builds, run with -Z macro-backtrace for more info)
[INFO] [stdout] 
[INFO] [stdout] 
[INFO] [stdout] error: aborting due to 2 previous errors
[INFO] [stdout] 
[INFO] [stdout] 
[INFO] [stdout] For more information about this error, try `rustc --explain E0119`.
[INFO] [stdout] 
[INFO] [stderr] error: build failed
[INFO] running `Command { std: "docker" "inspect" "9a4420aaf08ef4d8d2726a9d056871282c8f8de44b902ff609c0cd68401cae82", kill_on_drop: false }`
[INFO] running `Command { std: "docker" "rm" "-f" "9a4420aaf08ef4d8d2726a9d056871282c8f8de44b902ff609c0cd68401cae82", kill_on_drop: false }`
[INFO] [stdout] 9a4420aaf08ef4d8d2726a9d056871282c8f8de44b902ff609c0cd68401cae82
