[INFO] cloning repository https://github.com/grifhughes/rustchain
[INFO] running `Command { std: "git" "-c" "credential.helper=" "-c" "credential.helper=/workspace/cargo-home/bin/git-credential-null" "clone" "--bare" "https://github.com/grifhughes/rustchain" "/workspace/cache/git-repos/https%3A%2F%2Fgithub.com%2Fgrifhughes%2Frustchain", kill_on_drop: false }`
[INFO] [stderr] Cloning into bare repository '/workspace/cache/git-repos/https%3A%2F%2Fgithub.com%2Fgrifhughes%2Frustchain'...
[INFO] running `Command { std: "git" "rev-parse" "HEAD", kill_on_drop: false }`
[INFO] [stdout] cfe763908ecafd3dd35ae9ee5fcbb8a47d530b6a
[INFO] checking grifhughes/rustchain against beta-2021-10-15 for beta-1.56-3
[INFO] running `Command { std: "git" "clone" "/workspace/cache/git-repos/https%3A%2F%2Fgithub.com%2Fgrifhughes%2Frustchain" "/workspace/builds/worker-2/source", kill_on_drop: false }`
[INFO] [stderr] Cloning into '/workspace/builds/worker-2/source'...
[INFO] [stderr] done.
[INFO] validating manifest of git repo https://github.com/grifhughes/rustchain on toolchain beta-2021-10-15
[INFO] running `Command { std: "/workspace/cargo-home/bin/cargo" "+beta-2021-10-15" "metadata" "--manifest-path" "Cargo.toml" "--no-deps", kill_on_drop: false }`
[INFO] started tweaking git repo https://github.com/grifhughes/rustchain
[INFO] finished tweaking git repo https://github.com/grifhughes/rustchain
[INFO] tweaked toml for git repo https://github.com/grifhughes/rustchain written to /workspace/builds/worker-2/source/Cargo.toml
[INFO] crate git repo https://github.com/grifhughes/rustchain already has a lockfile, it will not be regenerated
[INFO] running `Command { std: "/workspace/cargo-home/bin/cargo" "+beta-2021-10-15" "fetch" "--manifest-path" "Cargo.toml", kill_on_drop: false }`
[INFO] [stderr]  Downloading crates ...
[INFO] [stderr]   Downloaded httparse v1.1.1
[INFO] [stderr]   Downloaded rustc-serialize v0.3.18
[INFO] [stderr]   Downloaded time v0.1.34
[INFO] [stderr]   Downloaded serde_json v0.6.0
[INFO] [stderr]   Downloaded rustc_version v0.1.6
[INFO] [stderr]   Downloaded lazy_static v0.1.15
[INFO] [stderr]   Downloaded cookie v0.2.2
[INFO] [stderr]   Downloaded num_cpus v0.2.10
[INFO] [stderr]   Downloaded uuid v0.1.18
[INFO] [stderr]   Downloaded mime v0.1.3
[INFO] [stderr]   Downloaded num v0.1.31
[INFO] [stderr]   Downloaded libc v0.2.7
[INFO] [stderr]   Downloaded pkg-config v0.3.7
[INFO] [stderr]   Downloaded winapi v0.2.5
[INFO] [stderr]   Downloaded openssl-sys v0.7.6
[INFO] [stderr]   Downloaded log v0.3.5
[INFO] [stderr]   Downloaded rust-crypto v0.2.34
[INFO] [stderr]   Downloaded gcc v0.3.24
[INFO] [stderr]   Downloaded serde_codegen v0.6.14
[INFO] [stderr]   Downloaded quasi v0.7.0
[INFO] [stderr]   Downloaded quasi_codegen v0.7.0
[INFO] [stderr]   Downloaded openssl-sys-extras v0.7.6
[INFO] [stderr]   Downloaded hyper v0.7.2
[INFO] [stderr]   Downloaded unicase v1.2.1
[INFO] [stderr]   Downloaded quasi_macros v0.7.0
[INFO] [stderr]   Downloaded serde_macros v0.6.14
[INFO] [stderr]   Downloaded serde v0.6.13
[INFO] [stderr]   Downloaded openssl v0.7.6
[INFO] [stderr]   Downloaded bincode v0.4.0
[INFO] [stderr]   Downloaded url v0.5.5
[INFO] [stderr] warning: TOML file found which contains invalid syntax and will soon not parse
[INFO] [stderr] at `/workspace/cargo-home/registry/src/github.com-1ecc6299db9ec823/url-0.5.5/Cargo.toml`.
[INFO] [stderr] 
[INFO] [stderr] The TOML spec requires newlines after table definitions (e.g., `[a] b = 1` is
[INFO] [stderr] invalid), but this file has a table header which does not have a newline after
[INFO] [stderr] it. A newline needs to be added and this warning will soon become a hard error
[INFO] [stderr] in the future.
[INFO] [stderr]   Downloaded aster v0.13.1
[INFO] running `Command { std: "docker" "create" "-v" "/var/lib/crater-agent-workspace/builds/worker-2/target:/opt/rustwide/target:rw,Z" "-v" "/var/lib/crater-agent-workspace/builds/worker-2/source:/opt/rustwide/workdir:ro,Z" "-v" "/var/lib/crater-agent-workspace/cargo-home:/opt/rustwide/cargo-home:ro,Z" "-v" "/var/lib/crater-agent-workspace/rustup-home:/opt/rustwide/rustup-home:ro,Z" "-e" "SOURCE_DIR=/opt/rustwide/workdir" "-e" "CARGO_TARGET_DIR=/opt/rustwide/target" "-e" "CARGO_HOME=/opt/rustwide/cargo-home" "-e" "RUSTUP_HOME=/opt/rustwide/rustup-home" "-w" "/opt/rustwide/workdir" "-m" "1610612736" "--user" "0:0" "--network" "none" "ghcr.io/rust-lang/crates-build-env/linux@sha256:a89201d6b5b9fd45c15d5952ece0a0129e7e80cb26ec023fd59cf09bc26f1604" "/opt/rustwide/cargo-home/bin/cargo" "+beta-2021-10-15" "metadata" "--no-deps" "--format-version=1", kill_on_drop: false }`
[INFO] [stdout] 55aaf080710899c67887aa2d71b015c85175bc95454350cb3bdf5a6bd445fed7
[INFO] [stderr] WARNING: Your kernel does not support swap limit capabilities or the cgroup is not mounted. Memory limited without swap.
[INFO] running `Command { std: "docker" "start" "-a" "55aaf080710899c67887aa2d71b015c85175bc95454350cb3bdf5a6bd445fed7", kill_on_drop: false }`
[INFO] running `Command { std: "docker" "inspect" "55aaf080710899c67887aa2d71b015c85175bc95454350cb3bdf5a6bd445fed7", kill_on_drop: false }`
[INFO] running `Command { std: "docker" "rm" "-f" "55aaf080710899c67887aa2d71b015c85175bc95454350cb3bdf5a6bd445fed7", kill_on_drop: false }`
[INFO] [stdout] 55aaf080710899c67887aa2d71b015c85175bc95454350cb3bdf5a6bd445fed7
[INFO] running `Command { std: "docker" "create" "-v" "/var/lib/crater-agent-workspace/builds/worker-2/target:/opt/rustwide/target:rw,Z" "-v" "/var/lib/crater-agent-workspace/builds/worker-2/source:/opt/rustwide/workdir:ro,Z" "-v" "/var/lib/crater-agent-workspace/cargo-home:/opt/rustwide/cargo-home:ro,Z" "-v" "/var/lib/crater-agent-workspace/rustup-home:/opt/rustwide/rustup-home:ro,Z" "-e" "SOURCE_DIR=/opt/rustwide/workdir" "-e" "CARGO_TARGET_DIR=/opt/rustwide/target" "-e" "CARGO_INCREMENTAL=0" "-e" "RUST_BACKTRACE=full" "-e" "RUSTFLAGS=--cap-lints=warn" "-e" "CARGO_HOME=/opt/rustwide/cargo-home" "-e" "RUSTUP_HOME=/opt/rustwide/rustup-home" "-w" "/opt/rustwide/workdir" "-m" "1610612736" "--user" "0:0" "--network" "none" "ghcr.io/rust-lang/crates-build-env/linux@sha256:a89201d6b5b9fd45c15d5952ece0a0129e7e80cb26ec023fd59cf09bc26f1604" "/opt/rustwide/cargo-home/bin/cargo" "+beta-2021-10-15" "check" "--frozen" "--all" "--all-targets" "--message-format=json", kill_on_drop: false }`
[INFO] [stdout] b4c86b9e38f5915e18caf192a0a6f7441eaf8bb019eadd2450d98512a677d537
[INFO] [stderr] WARNING: Your kernel does not support swap limit capabilities or the cgroup is not mounted. Memory limited without swap.
[INFO] running `Command { std: "docker" "start" "-a" "b4c86b9e38f5915e18caf192a0a6f7441eaf8bb019eadd2450d98512a677d537", kill_on_drop: false }`
[INFO] [stderr] warning: TOML file found which contains invalid syntax and will soon not parse
[INFO] [stderr] at `/opt/rustwide/cargo-home/registry/src/github.com-1ecc6299db9ec823/url-0.5.5/Cargo.toml`.
[INFO] [stderr] 
[INFO] [stderr] The TOML spec requires newlines after table definitions (e.g., `[a] b = 1` is
[INFO] [stderr] invalid), but this file has a table header which does not have a newline after
[INFO] [stderr] it. A newline needs to be added and this warning will soon become a hard error
[INFO] [stderr] in the future.
[INFO] [stderr]    Compiling gcc v0.3.24
[INFO] [stderr]     Checking rustc-serialize v0.3.18
[INFO] [stderr]    Compiling pkg-config v0.3.7
[INFO] [stderr]    Compiling aster v0.13.1
[INFO] [stderr]    Compiling serde_codegen v0.6.14
[INFO] [stderr]    Compiling quasi v0.7.0
[INFO] [stderr]     Checking httparse v1.1.1
[INFO] [stderr]    Compiling rustc_version v0.1.6
[INFO] [stderr]     Checking hpack v0.2.0
[INFO] [stderr]     Checking num_cpus v0.2.10
[INFO] [stdout] error[E0463]: can't find crate for `syntax`
[INFO] [stdout]   --> /opt/rustwide/cargo-home/registry/src/github.com-1ecc6299db9ec823/aster-0.13.1/src/lib.rs:10:1
[INFO] [stdout]    |
[INFO] [stdout] 10 | extern crate syntax;
[INFO] [stdout]    | ^^^^^^^^^^^^^^^^^^^^ can't find crate
[INFO] [stdout] 
[INFO] [stdout] 
[INFO] [stdout] error: aborting due to previous error
[INFO] [stdout] 
[INFO] [stdout] 
[INFO] [stdout] For more information about this error, try `rustc --explain E0463`.
[INFO] [stdout] 
[INFO] [stderr] error: could not compile `aster` due to 2 previous errors
[INFO] [stderr] warning: build failed, waiting for other jobs to finish...
[INFO] [stdout] error[E0463]: can't find crate for `syntax`
[INFO] [stdout]   --> /opt/rustwide/cargo-home/registry/src/github.com-1ecc6299db9ec823/quasi-0.7.0/src/lib.rs:19:1
[INFO] [stdout]    |
[INFO] [stdout] 19 | extern crate syntax;
[INFO] [stdout]    | ^^^^^^^^^^^^^^^^^^^^ can't find crate
[INFO] [stdout] 
[INFO] [stdout] 
[INFO] [stdout] error: aborting due to previous error
[INFO] [stdout] 
[INFO] [stdout] 
[INFO] [stdout] For more information about this error, try `rustc --explain E0463`.
[INFO] [stdout] 
[INFO] [stdout] error[E0642]: patterns aren't allowed in functions without bodies
[INFO] [stdout]    --> /opt/rustwide/cargo-home/registry/src/github.com-1ecc6299db9ec823/rustc-serialize-0.3.18/src/serialize.rs:145:45
[INFO] [stdout]     |
[INFO] [stdout] 145 | ...                   &f_name: &str,
[INFO] [stdout]     |                       ^^^^^^^ pattern not allowed in function without body
[INFO] [stdout] 
[INFO] [stdout] 
[INFO] [stdout] error: aborting due to previous error
[INFO] [stdout] 
[INFO] [stdout] 
[INFO] [stdout] For more information about this error, try `rustc --explain E0642`.
[INFO] [stdout] 
[INFO] [stderr] error: build failed
[INFO] running `Command { std: "docker" "inspect" "b4c86b9e38f5915e18caf192a0a6f7441eaf8bb019eadd2450d98512a677d537", kill_on_drop: false }`
[INFO] running `Command { std: "docker" "rm" "-f" "b4c86b9e38f5915e18caf192a0a6f7441eaf8bb019eadd2450d98512a677d537", kill_on_drop: false }`
[INFO] [stdout] b4c86b9e38f5915e18caf192a0a6f7441eaf8bb019eadd2450d98512a677d537
