[INFO] cloning repository https://github.com/greedyhao/ppg_algo_debug
[INFO] running `Command { std: "git" "-c" "credential.helper=" "-c" "credential.helper=/workspace/cargo-home/bin/git-credential-null" "clone" "--bare" "https://github.com/greedyhao/ppg_algo_debug" "/workspace/cache/git-repos/https%3A%2F%2Fgithub.com%2Fgreedyhao%2Fppg_algo_debug", kill_on_drop: false }`
[INFO] [stderr] Cloning into bare repository '/workspace/cache/git-repos/https%3A%2F%2Fgithub.com%2Fgreedyhao%2Fppg_algo_debug'...
[INFO] running `Command { std: "git" "rev-parse" "HEAD", kill_on_drop: false }`
[INFO] [stdout] 4601eddefc63826dbc43c76e30431c28e79fda84
[INFO] checking greedyhao/ppg_algo_debug against 1.55.0 for beta-1.56-3
[INFO] running `Command { std: "git" "clone" "/workspace/cache/git-repos/https%3A%2F%2Fgithub.com%2Fgreedyhao%2Fppg_algo_debug" "/workspace/builds/worker-14/source", kill_on_drop: false }`
[INFO] [stderr] Cloning into '/workspace/builds/worker-14/source'...
[INFO] [stderr] done.
[INFO] validating manifest of git repo https://github.com/greedyhao/ppg_algo_debug on toolchain 1.55.0
[INFO] running `Command { std: "/workspace/cargo-home/bin/cargo" "+1.55.0" "metadata" "--manifest-path" "Cargo.toml" "--no-deps", kill_on_drop: false }`
[INFO] started tweaking git repo https://github.com/greedyhao/ppg_algo_debug
[INFO] finished tweaking git repo https://github.com/greedyhao/ppg_algo_debug
[INFO] tweaked toml for git repo https://github.com/greedyhao/ppg_algo_debug written to /workspace/builds/worker-14/source/Cargo.toml
[INFO] running `Command { std: "/workspace/cargo-home/bin/cargo" "+1.55.0" "generate-lockfile" "--manifest-path" "Cargo.toml" "-Zno-index-update", kill_on_drop: false }`
[INFO] [stderr]     Updating git repository `https://github.com/emilk/egui`
[INFO] [stderr] warning: Patch `eframe v0.14.0 (https://github.com/emilk/egui?branch=master#bd06dec6)` was not used in the crate graph.
[INFO] [stderr] Check that the patched package version and available features are compatible
[INFO] [stderr] with the dependency requirements. If the patch has a different version from
[INFO] [stderr] what is locked in the Cargo.lock file, run `cargo update` to use the new
[INFO] [stderr] version. This may also occur with an optional dependency that is not enabled.
[INFO] running `Command { std: "/workspace/cargo-home/bin/cargo" "+1.55.0" "fetch" "--manifest-path" "Cargo.toml", kill_on_drop: false }`
[INFO] [stderr]     Blocking waiting for file lock on package cache
[INFO] [stderr] warning: Patch `eframe v0.14.0 (https://github.com/emilk/egui?branch=master#bd06dec6)` was not used in the crate graph.
[INFO] [stderr] Check that the patched package version and available features are compatible
[INFO] [stderr] with the dependency requirements. If the patch has a different version from
[INFO] [stderr] what is locked in the Cargo.lock file, run `cargo update` to use the new
[INFO] [stderr] version. This may also occur with an optional dependency that is not enabled.
[INFO] running `Command { std: "docker" "create" "-v" "/var/lib/crater-agent-workspace/builds/worker-14/target:/opt/rustwide/target:rw,Z" "-v" "/var/lib/crater-agent-workspace/builds/worker-14/source:/opt/rustwide/workdir:ro,Z" "-v" "/var/lib/crater-agent-workspace/cargo-home:/opt/rustwide/cargo-home:ro,Z" "-v" "/var/lib/crater-agent-workspace/rustup-home:/opt/rustwide/rustup-home:ro,Z" "-e" "SOURCE_DIR=/opt/rustwide/workdir" "-e" "CARGO_TARGET_DIR=/opt/rustwide/target" "-e" "CARGO_HOME=/opt/rustwide/cargo-home" "-e" "RUSTUP_HOME=/opt/rustwide/rustup-home" "-w" "/opt/rustwide/workdir" "-m" "1610612736" "--user" "0:0" "--network" "none" "ghcr.io/rust-lang/crates-build-env/linux@sha256:a89201d6b5b9fd45c15d5952ece0a0129e7e80cb26ec023fd59cf09bc26f1604" "/opt/rustwide/cargo-home/bin/cargo" "+1.55.0" "metadata" "--no-deps" "--format-version=1", kill_on_drop: false }`
[INFO] [stdout] adbabf4613fdcfdf33c86aeb2ee282d05255216d5a49a9e023a24038e3967045
[INFO] [stderr] WARNING: Your kernel does not support swap limit capabilities or the cgroup is not mounted. Memory limited without swap.
[INFO] running `Command { std: "docker" "start" "-a" "adbabf4613fdcfdf33c86aeb2ee282d05255216d5a49a9e023a24038e3967045", kill_on_drop: false }`
[INFO] running `Command { std: "docker" "inspect" "adbabf4613fdcfdf33c86aeb2ee282d05255216d5a49a9e023a24038e3967045", kill_on_drop: false }`
[INFO] running `Command { std: "docker" "rm" "-f" "adbabf4613fdcfdf33c86aeb2ee282d05255216d5a49a9e023a24038e3967045", kill_on_drop: false }`
[INFO] [stdout] adbabf4613fdcfdf33c86aeb2ee282d05255216d5a49a9e023a24038e3967045
[INFO] running `Command { std: "docker" "create" "-v" "/var/lib/crater-agent-workspace/builds/worker-14/target:/opt/rustwide/target:rw,Z" "-v" "/var/lib/crater-agent-workspace/builds/worker-14/source:/opt/rustwide/workdir:ro,Z" "-v" "/var/lib/crater-agent-workspace/cargo-home:/opt/rustwide/cargo-home:ro,Z" "-v" "/var/lib/crater-agent-workspace/rustup-home:/opt/rustwide/rustup-home:ro,Z" "-e" "SOURCE_DIR=/opt/rustwide/workdir" "-e" "CARGO_TARGET_DIR=/opt/rustwide/target" "-e" "CARGO_INCREMENTAL=0" "-e" "RUST_BACKTRACE=full" "-e" "RUSTFLAGS=--cap-lints=warn" "-e" "CARGO_HOME=/opt/rustwide/cargo-home" "-e" "RUSTUP_HOME=/opt/rustwide/rustup-home" "-w" "/opt/rustwide/workdir" "-m" "1610612736" "--user" "0:0" "--network" "none" "ghcr.io/rust-lang/crates-build-env/linux@sha256:a89201d6b5b9fd45c15d5952ece0a0129e7e80cb26ec023fd59cf09bc26f1604" "/opt/rustwide/cargo-home/bin/cargo" "+1.55.0" "check" "--frozen" "--all" "--all-targets" "--message-format=json", kill_on_drop: false }`
[INFO] [stdout] e655896a44b93ea2b4148b2e08398695c0175d75d0c90f45b3a19f8158de6f93
[INFO] [stderr] WARNING: Your kernel does not support swap limit capabilities or the cgroup is not mounted. Memory limited without swap.
[INFO] running `Command { std: "docker" "start" "-a" "e655896a44b93ea2b4148b2e08398695c0175d75d0c90f45b3a19f8158de6f93", kill_on_drop: false }`
[INFO] [stderr] warning: Patch `eframe v0.14.0 (https://github.com/emilk/egui?branch=master#bd06dec6)` was not used in the crate graph.
[INFO] [stderr] Check that the patched package version and available features are compatible
[INFO] [stderr] with the dependency requirements. If the patch has a different version from
[INFO] [stderr] what is locked in the Cargo.lock file, run `cargo update` to use the new
[INFO] [stderr] version. This may also occur with an optional dependency that is not enabled.
[INFO] [stderr]    Compiling proc-macro2 v1.0.30
[INFO] [stderr]    Compiling libc v0.2.104
[INFO] [stderr]    Compiling unicode-xid v0.2.2
[INFO] [stderr]    Compiling pkg-config v0.3.20
[INFO] [stderr]    Compiling syn v1.0.80
[INFO] [stderr]    Compiling serde v1.0.130
[INFO] [stderr]    Compiling anyhow v1.0.44
[INFO] [stderr]    Compiling unicode-segmentation v1.8.0
[INFO] [stderr]    Compiling smallvec v1.7.0
[INFO] [stderr]    Compiling either v1.6.1
[INFO] [stderr]    Compiling version-compare v0.0.11
[INFO] [stderr]    Compiling strum v0.21.0
[INFO] [stderr]    Compiling xml-rs v0.8.4
[INFO] [stderr]    Compiling log v0.4.14
[INFO] [stderr]    Compiling version_check v0.9.3
[INFO] [stderr]     Checking once_cell v1.8.0
[INFO] [stderr]     Checking bitflags v1.3.2
[INFO] [stderr]    Compiling memchr v2.4.1
[INFO] [stderr]    Compiling khronos_api v3.1.0
[INFO] [stderr]    Compiling cfg-if v1.0.0
[INFO] [stderr]     Checking downcast-rs v1.2.0
[INFO] [stderr]    Compiling crossbeam-utils v0.8.5
[INFO] [stderr]     Checking scoped-tls v1.0.0
[INFO] [stderr]     Checking ab_glyph_rasterizer v0.1.4
[INFO] [stderr]     Checking minimal-lexical v0.1.4
[INFO] [stderr]     Checking scopeguard v1.1.0
[INFO] [stderr]    Compiling crossbeam-epoch v0.9.5
[INFO] [stderr]    Compiling nix v0.18.0
[INFO] [stderr]     Checking ttf-parser v0.6.2
[INFO] [stderr]    Compiling crossbeam-queue v0.3.2
[INFO] [stderr]     Checking same-file v1.0.6
[INFO] [stderr]    Compiling parking_lot_core v0.8.5
[INFO] [stderr]     Checking ttf-parser v0.12.3
[INFO] [stderr]    Compiling winit v0.25.0
[INFO] [stderr]    Compiling cc v1.0.71
[INFO] [stderr]     Checking gimli v0.25.0
[INFO] [stderr]     Checking adler v1.0.2
[INFO] [stderr]     Checking atomic_refcell v0.1.8
[INFO] [stderr]     Checking emath v0.13.0
[INFO] [stderr]     Checking rustc-demangle v0.1.21
[INFO] [stderr]     Checking takeable-option v0.5.0
[INFO] [stderr]     Checking webbrowser v0.5.5
[INFO] [stderr]    Compiling rfd v0.4.4
[INFO] [stderr]     Checking libloading v0.7.1
[INFO] [stderr]     Checking instant v0.1.11
[INFO] [stderr]     Checking libloading v0.6.7
[INFO] [stderr]    Compiling memoffset v0.6.4
[INFO] [stderr]    Compiling miniz_oxide v0.4.4
[INFO] [stderr]    Compiling itertools v0.10.1
[INFO] [stderr]    Compiling cfg-expr v0.8.1
[INFO] [stderr]     Checking lock_api v0.4.5
[INFO] [stderr]    Compiling nom v7.0.0
[INFO] [stderr]    Compiling ahash v0.7.6
[INFO] [stderr]    Compiling heck v0.3.3
[INFO] [stderr]     Checking walkdir v2.3.2
[INFO] [stderr]    Compiling wayland-sys v0.28.6
[INFO] [stderr]    Compiling x11-dl v2.19.1
[INFO] [stderr]     Checking dlib v0.5.0
[INFO] [stderr]     Checking dlib v0.4.2
[INFO] [stderr]     Checking ordered-float v2.8.0
[INFO] [stderr]    Compiling gl_generator v0.14.0
[INFO] [stderr]     Checking owned_ttf_parser v0.6.0
[INFO] [stderr]     Checking owned_ttf_parser v0.12.1
[INFO] [stderr]     Checking crossbeam-channel v0.5.1
[INFO] [stderr]     Checking rusttype v0.9.2
[INFO] [stderr]     Checking ab_glyph v0.2.11
[INFO] [stderr]    Compiling quote v1.0.10
[INFO] [stderr]     Checking object v0.26.2
[INFO] [stderr]     Checking crossbeam-deque v0.8.1
[INFO] [stderr]    Compiling wayland-scanner v0.28.6
[INFO] [stderr]     Checking crossbeam v0.8.1
[INFO] [stderr]    Compiling backtrace v0.3.61
[INFO] [stderr]    Compiling glutin_glx_sys v0.1.7
[INFO] [stderr]    Compiling glutin_egl_sys v0.1.5
[INFO] [stderr]    Compiling glium v0.30.2
[INFO] [stderr]     Checking nix v0.20.0
[INFO] [stderr]     Checking dirs-sys v0.3.6
[INFO] [stderr]     Checking raw-window-handle v0.3.3
[INFO] [stderr]     Checking getrandom v0.2.3
[INFO] [stderr]     Checking memmap2 v0.1.0
[INFO] [stderr]     Checking mio v0.7.14
[INFO] [stderr]     Checking shared_library v0.1.9
[INFO] [stderr]     Checking memmap2 v0.2.3
[INFO] [stderr]     Checking addr2line v0.16.0
[INFO] [stderr]     Checking dirs v3.0.2
[INFO] [stderr]    Compiling xcb v0.9.0
[INFO] [stderr]     Checking parking_lot v0.11.2
[INFO] [stderr]     Checking osmesa-sys v0.1.2
[INFO] [stderr]     Checking mio-misc v1.2.1
[INFO] [stderr]     Checking xdg v2.4.0
[INFO] [stderr]     Checking xcursor v0.3.4
[INFO] [stderr]     Checking epaint v0.13.0
[INFO] [stderr]    Compiling wayland-client v0.28.6
[INFO] [stderr]    Compiling wayland-protocols v0.28.6
[INFO] [stderr]     Checking andrew v0.3.1
[INFO] [stderr]     Checking egui v0.13.1
[INFO] [stderr]    Compiling toml v0.5.8
[INFO] [stderr]     Checking epi v0.13.0
[INFO] [stderr]     Checking calloop v0.6.5
[INFO] [stderr]     Checking wayland-commons v0.28.6
[INFO] [stderr]    Compiling thiserror-impl v1.0.30
[INFO] [stderr]    Compiling strum_macros v0.21.1
[INFO] [stderr]     Checking wayland-cursor v0.28.6
[INFO] [stderr]     Checking wayland-egl v0.28.6
[INFO] [stderr]     Checking x11-clipboard v0.5.2
[INFO] [stderr]    Compiling thiserror v1.0.30
[INFO] [stderr]    Compiling system-deps v3.2.0
[INFO] [stderr]    Compiling glib-sys v0.14.0
[INFO] [stderr]    Compiling gobject-sys v0.14.0
[INFO] [stderr]    Compiling gio-sys v0.14.0
[INFO] [stderr]    Compiling pango-sys v0.14.0
[INFO] [stderr]    Compiling gdk-pixbuf-sys v0.14.0
[INFO] [stderr]    Compiling cairo-sys-rs v0.14.9
[INFO] [stderr]    Compiling gdk-sys v0.14.0
[INFO] [stderr]    Compiling atk-sys v0.14.0
[INFO] [stderr]    Compiling gtk-sys v0.14.0
[INFO] [stderr]     Checking smithay-client-toolkit v0.12.3
[INFO] [stderr]     Checking smithay-client-toolkit v0.14.0
[INFO] [stderr]     Checking smithay-clipboard v0.6.4
[INFO] [stderr]     Checking copypasta v0.7.1
[INFO] [stderr]     Checking glutin v0.27.0
[INFO] [stderr]     Checking egui_glium v0.13.1
[INFO] [stderr]     Checking eframe v0.13.1
[INFO] [stderr]     Checking ppg_algo_debug v0.1.0 (/opt/rustwide/workdir)
[INFO] [stdout] error[E0432]: unresolved import `plot::LineStyle`
[INFO] [stdout]  --> src/demo/plot_demo.rs:8:19
[INFO] [stdout]   |
[INFO] [stdout] 8 |     Legend, Line, LineStyle, Plot, Values,
[INFO] [stdout]   |                   ^^^^^^^^^ no `LineStyle` in `egui::plot`
[INFO] [stdout] 
[INFO] [stdout] 
[INFO] [stdout] error[E0433]: failed to resolve: could not find `ProgressBar` in `egui`
[INFO] [stdout]    --> src/demo/widget_gallery.rs:168:34
[INFO] [stdout]     |
[INFO] [stdout] 168 |         let progress_bar = egui::ProgressBar::new(progress)
[INFO] [stdout]     |                                  ^^^^^^^^^^^ could not find `ProgressBar` in `egui`
[INFO] [stdout] 
[INFO] [stdout] 
[INFO] [stdout] error[E0432]: unresolved import `plot::LineStyle`
[INFO] [stdout]  --> src/demo/plot_demo.rs:8:19
[INFO] [stdout]   |
[INFO] [stdout] 8 |     Legend, Line, LineStyle, Plot, Values,
[INFO] [stdout]   |                   ^^^^^^^^^ no `LineStyle` in `egui::plot`
[INFO] [stdout] 
[INFO] [stdout] 
[INFO] [stdout] error[E0433]: failed to resolve: could not find `ProgressBar` in `egui`
[INFO] [stdout]    --> src/demo/widget_gallery.rs:168:34
[INFO] [stdout]     |
[INFO] [stdout] 168 |         let progress_bar = egui::ProgressBar::new(progress)
[INFO] [stdout]     |                                  ^^^^^^^^^^^ could not find `ProgressBar` in `egui`
[INFO] [stdout] 
[INFO] [stdout] 
[INFO] [stdout] error[E0599]: no method named `style` found for struct `Line` in the current scope
[INFO] [stdout]   --> src/demo/plot_demo.rs:83:10
[INFO] [stdout]    |
[INFO] [stdout] 83 |         .style(self.line_style)
[INFO] [stdout]    |          ^^^^^ method not found in `Line`
[INFO] [stdout] 
[INFO] [stdout] 
[INFO] [stdout] error[E0599]: no method named `style` found for struct `Line` in the current scope
[INFO] [stdout]   --> src/demo/plot_demo.rs:95:10
[INFO] [stdout]    |
[INFO] [stdout] 95 |         .style(self.line_style)
[INFO] [stdout]    |          ^^^^^ method not found in `Line`
[INFO] [stdout] 
[INFO] [stdout] 
[INFO] [stdout] error[E0599]: no method named `num_columns` found for struct `Grid` in the current scope
[INFO] [stdout]   --> src/demo/widget_gallery.rs:62:18
[INFO] [stdout]    |
[INFO] [stdout] 62 |                 .num_columns(2)
[INFO] [stdout]    |                  ^^^^^^^^^^^ method not found in `Grid`
[INFO] [stdout] 
[INFO] [stdout] 
[INFO] [stdout] error: aborting due to 5 previous errors
[INFO] [stdout] 
[INFO] [stdout] 
[INFO] [stdout] Some errors have detailed explanations: E0432, E0433, E0599.
[INFO] [stdout] 
[INFO] [stdout] For more information about an error, try `rustc --explain E0432`.
[INFO] [stdout] 
[INFO] [stderr] error: could not compile `ppg_algo_debug` due to 6 previous errors
[INFO] [stderr] warning: build failed, waiting for other jobs to finish...
[INFO] [stdout] error[E0599]: no method named `style` found for struct `Line` in the current scope
[INFO] [stdout]   --> src/demo/plot_demo.rs:83:10
[INFO] [stdout]    |
[INFO] [stdout] 83 |         .style(self.line_style)
[INFO] [stdout]    |          ^^^^^ method not found in `Line`
[INFO] [stdout] 
[INFO] [stdout] 
[INFO] [stdout] error[E0599]: no method named `style` found for struct `Line` in the current scope
[INFO] [stdout]   --> src/demo/plot_demo.rs:95:10
[INFO] [stdout]    |
[INFO] [stdout] 95 |         .style(self.line_style)
[INFO] [stdout]    |          ^^^^^ method not found in `Line`
[INFO] [stdout] 
[INFO] [stdout] 
[INFO] [stdout] error[E0599]: no method named `num_columns` found for struct `Grid` in the current scope
[INFO] [stdout]   --> src/demo/widget_gallery.rs:62:18
[INFO] [stdout]    |
[INFO] [stdout] 62 |                 .num_columns(2)
[INFO] [stdout]    |                  ^^^^^^^^^^^ method not found in `Grid`
[INFO] [stdout] 
[INFO] [stdout] 
[INFO] [stdout] error: aborting due to 5 previous errors
[INFO] [stdout] 
[INFO] [stdout] 
[INFO] [stdout] Some errors have detailed explanations: E0432, E0433, E0599.
[INFO] [stdout] 
[INFO] [stdout] For more information about an error, try `rustc --explain E0432`.
[INFO] [stdout] 
[INFO] [stderr] error: build failed
[INFO] running `Command { std: "docker" "inspect" "e655896a44b93ea2b4148b2e08398695c0175d75d0c90f45b3a19f8158de6f93", kill_on_drop: false }`
[INFO] running `Command { std: "docker" "rm" "-f" "e655896a44b93ea2b4148b2e08398695c0175d75d0c90f45b3a19f8158de6f93", kill_on_drop: false }`
[INFO] [stdout] e655896a44b93ea2b4148b2e08398695c0175d75d0c90f45b3a19f8158de6f93
