[INFO] cloning repository https://github.com/greedia/byte-ranger
[INFO] running `Command { std: "git" "-c" "credential.helper=" "-c" "credential.helper=/workspace/cargo-home/bin/git-credential-null" "clone" "--bare" "https://github.com/greedia/byte-ranger" "/workspace/cache/git-repos/https%3A%2F%2Fgithub.com%2Fgreedia%2Fbyte-ranger", kill_on_drop: false }`
[INFO] [stderr] Cloning into bare repository '/workspace/cache/git-repos/https%3A%2F%2Fgithub.com%2Fgreedia%2Fbyte-ranger'...
[INFO] running `Command { std: "git" "rev-parse" "HEAD", kill_on_drop: false }`
[INFO] [stdout] 622e60a662ef859c319e86b079e7f8006a64d35f
[INFO] checking greedia/byte-ranger against beta-2021-10-15 for beta-1.56-3
[INFO] running `Command { std: "git" "clone" "/workspace/cache/git-repos/https%3A%2F%2Fgithub.com%2Fgreedia%2Fbyte-ranger" "/workspace/builds/worker-8/source", kill_on_drop: false }`
[INFO] [stderr] Cloning into '/workspace/builds/worker-8/source'...
[INFO] [stderr] done.
[INFO] validating manifest of git repo https://github.com/greedia/byte-ranger on toolchain beta-2021-10-15
[INFO] running `Command { std: "/workspace/cargo-home/bin/cargo" "+beta-2021-10-15" "metadata" "--manifest-path" "Cargo.toml" "--no-deps", kill_on_drop: false }`
[INFO] started tweaking git repo https://github.com/greedia/byte-ranger
[INFO] finished tweaking git repo https://github.com/greedia/byte-ranger
[INFO] tweaked toml for git repo https://github.com/greedia/byte-ranger written to /workspace/builds/worker-8/source/Cargo.toml
[INFO] crate git repo https://github.com/greedia/byte-ranger already has a lockfile, it will not be regenerated
[INFO] running `Command { std: "/workspace/cargo-home/bin/cargo" "+beta-2021-10-15" "fetch" "--manifest-path" "Cargo.toml", kill_on_drop: false }`
[INFO] [stderr]  Downloading crates ...
[INFO] [stderr]   Downloaded syn v1.0.32
[INFO] [stderr]   Downloaded rstest v0.6.3
[INFO] running `Command { std: "docker" "create" "-v" "/var/lib/crater-agent-workspace/builds/worker-8/target:/opt/rustwide/target:rw,Z" "-v" "/var/lib/crater-agent-workspace/builds/worker-8/source:/opt/rustwide/workdir:ro,Z" "-v" "/var/lib/crater-agent-workspace/cargo-home:/opt/rustwide/cargo-home:ro,Z" "-v" "/var/lib/crater-agent-workspace/rustup-home:/opt/rustwide/rustup-home:ro,Z" "-e" "SOURCE_DIR=/opt/rustwide/workdir" "-e" "CARGO_TARGET_DIR=/opt/rustwide/target" "-e" "CARGO_HOME=/opt/rustwide/cargo-home" "-e" "RUSTUP_HOME=/opt/rustwide/rustup-home" "-w" "/opt/rustwide/workdir" "-m" "1610612736" "--user" "0:0" "--network" "none" "ghcr.io/rust-lang/crates-build-env/linux@sha256:a89201d6b5b9fd45c15d5952ece0a0129e7e80cb26ec023fd59cf09bc26f1604" "/opt/rustwide/cargo-home/bin/cargo" "+beta-2021-10-15" "metadata" "--no-deps" "--format-version=1", kill_on_drop: false }`
[INFO] [stdout] 47913e5ab0e31ca06b20b37dde92f25c1c5978b8b7b7f336a85f170865b4ae75
[INFO] [stderr] WARNING: Your kernel does not support swap limit capabilities or the cgroup is not mounted. Memory limited without swap.
[INFO] running `Command { std: "docker" "start" "-a" "47913e5ab0e31ca06b20b37dde92f25c1c5978b8b7b7f336a85f170865b4ae75", kill_on_drop: false }`
[INFO] running `Command { std: "docker" "inspect" "47913e5ab0e31ca06b20b37dde92f25c1c5978b8b7b7f336a85f170865b4ae75", kill_on_drop: false }`
[INFO] running `Command { std: "docker" "rm" "-f" "47913e5ab0e31ca06b20b37dde92f25c1c5978b8b7b7f336a85f170865b4ae75", kill_on_drop: false }`
[INFO] [stdout] 47913e5ab0e31ca06b20b37dde92f25c1c5978b8b7b7f336a85f170865b4ae75
[INFO] running `Command { std: "docker" "create" "-v" "/var/lib/crater-agent-workspace/builds/worker-8/target:/opt/rustwide/target:rw,Z" "-v" "/var/lib/crater-agent-workspace/builds/worker-8/source:/opt/rustwide/workdir:ro,Z" "-v" "/var/lib/crater-agent-workspace/cargo-home:/opt/rustwide/cargo-home:ro,Z" "-v" "/var/lib/crater-agent-workspace/rustup-home:/opt/rustwide/rustup-home:ro,Z" "-e" "SOURCE_DIR=/opt/rustwide/workdir" "-e" "CARGO_TARGET_DIR=/opt/rustwide/target" "-e" "CARGO_INCREMENTAL=0" "-e" "RUST_BACKTRACE=full" "-e" "RUSTFLAGS=--cap-lints=warn" "-e" "CARGO_HOME=/opt/rustwide/cargo-home" "-e" "RUSTUP_HOME=/opt/rustwide/rustup-home" "-w" "/opt/rustwide/workdir" "-m" "1610612736" "--user" "0:0" "--network" "none" "ghcr.io/rust-lang/crates-build-env/linux@sha256:a89201d6b5b9fd45c15d5952ece0a0129e7e80cb26ec023fd59cf09bc26f1604" "/opt/rustwide/cargo-home/bin/cargo" "+beta-2021-10-15" "check" "--frozen" "--all" "--all-targets" "--message-format=json", kill_on_drop: false }`
[INFO] [stdout] 0afc4c15d862480d03aa377cd9a948f81d51a19b1a7e511aaf2d60a37a9abb2c
[INFO] [stderr] WARNING: Your kernel does not support swap limit capabilities or the cgroup is not mounted. Memory limited without swap.
[INFO] running `Command { std: "docker" "start" "-a" "0afc4c15d862480d03aa377cd9a948f81d51a19b1a7e511aaf2d60a37a9abb2c", kill_on_drop: false }`
[INFO] [stderr]    Compiling proc-macro2 v1.0.18
[INFO] [stderr]    Compiling syn v1.0.32
[INFO] [stderr]    Compiling rstest v0.6.3
[INFO] [stderr]    Compiling quote v1.0.7
[INFO] [stderr]     Checking byte-ranger v0.1.0 (/opt/rustwide/workdir)
[INFO] [stdout] error[E0308]: mismatched types
[INFO] [stdout]    --> src/lib.rs:584:9
[INFO] [stdout]     |
[INFO] [stdout] 584 |         assert_eq!(get_range, expected);
[INFO] [stdout]     |         ^^^^^^^^^^^^^^^^^^^^^^^^^^^^^^^^ expected enum `GetRange`, found enum `Scan`
[INFO] [stdout]     |
[INFO] [stdout]     = note: expected enum `GetRange<&()>`
[INFO] [stdout]                found enum `Scan<&()>`
[INFO] [stdout]     = note: this error originates in the macro `assert_eq` (in Nightly builds, run with -Z macro-backtrace for more info)
[INFO] [stdout] 
[INFO] [stdout] 
[INFO] [stdout] error[E0599]: no variant or associated item named `empty` found for enum `Scan` in the current scope
[INFO] [stdout]    --> src/lib.rs:554:19
[INFO] [stdout]     |
[INFO] [stdout] 129 | pub enum Scan<T> {
[INFO] [stdout]     | ---------------- variant or associated item `empty` not found here
[INFO] [stdout] ...
[INFO] [stdout] 554 |             Scan::empty(),
[INFO] [stdout]     |                   ^^^^^ variant or associated item not found in `Scan<_>`
[INFO] [stdout] 
[INFO] [stdout] 
[INFO] [stdout] error[E0599]: no variant or associated item named `final_range` found for enum `Scan` in the current scope
[INFO] [stdout]    --> src/lib.rs:559:19
[INFO] [stdout]     |
[INFO] [stdout] 129 | pub enum Scan<T> {
[INFO] [stdout]     | ---------------- variant or associated item `final_range` not found here
[INFO] [stdout] ...
[INFO] [stdout] 559 |             Scan::final_range(0, 100),
[INFO] [stdout]     |                   ^^^^^^^^^^^ variant or associated item not found in `Scan<_>`
[INFO] [stdout] 
[INFO] [stdout] 
[INFO] [stdout] error[E0308]: mismatched types
[INFO] [stdout]    --> src/lib.rs:633:9
[INFO] [stdout]     |
[INFO] [stdout] 633 |         assert_eq!(b, Scan::data(50, 101, &2));
[INFO] [stdout]     |         ^^^^^^^^^^^^^^^^^^^^^^^^^^^^^^^^^^^^^^^ expected enum `GetRange`, found enum `Scan`
[INFO] [stdout]     |
[INFO] [stdout]     = note: expected enum `GetRange<&{integer}>`
[INFO] [stdout]                found enum `Scan<&{integer}>`
[INFO] [stdout]     = note: this error originates in the macro `assert_eq` (in Nightly builds, run with -Z macro-backtrace for more info)
[INFO] [stdout] 
[INFO] [stdout] 
[INFO] [stderr] error: could not compile `byte-ranger` due to 5 previous errors
[INFO] [stdout] error: aborting due to 4 previous errors
[INFO] [stdout] 
[INFO] [stdout] 
[INFO] [stdout] Some errors have detailed explanations: E0308, E0599.
[INFO] [stdout] 
[INFO] [stdout] For more information about an error, try `rustc --explain E0308`.
[INFO] [stdout] 
[INFO] running `Command { std: "docker" "inspect" "0afc4c15d862480d03aa377cd9a948f81d51a19b1a7e511aaf2d60a37a9abb2c", kill_on_drop: false }`
[INFO] running `Command { std: "docker" "rm" "-f" "0afc4c15d862480d03aa377cd9a948f81d51a19b1a7e511aaf2d60a37a9abb2c", kill_on_drop: false }`
[INFO] [stdout] 0afc4c15d862480d03aa377cd9a948f81d51a19b1a7e511aaf2d60a37a9abb2c
