[INFO] cloning repository https://github.com/golemfactory/gu-exec-env-driver-wasm
[INFO] running `Command { std: "git" "-c" "credential.helper=" "-c" "credential.helper=/workspace/cargo-home/bin/git-credential-null" "clone" "--bare" "https://github.com/golemfactory/gu-exec-env-driver-wasm" "/workspace/cache/git-repos/https%3A%2F%2Fgithub.com%2Fgolemfactory%2Fgu-exec-env-driver-wasm", kill_on_drop: false }`
[INFO] [stderr] Cloning into bare repository '/workspace/cache/git-repos/https%3A%2F%2Fgithub.com%2Fgolemfactory%2Fgu-exec-env-driver-wasm'...
[INFO] running `Command { std: "git" "rev-parse" "HEAD", kill_on_drop: false }`
[INFO] [stdout] 9b20b9182f6126b6d9ba9fc4ba4aff8a37ac2cc0
[INFO] checking golemfactory/gu-exec-env-driver-wasm against 1.55.0 for beta-1.56-3
[INFO] running `Command { std: "git" "clone" "/workspace/cache/git-repos/https%3A%2F%2Fgithub.com%2Fgolemfactory%2Fgu-exec-env-driver-wasm" "/workspace/builds/worker-4/source", kill_on_drop: false }`
[INFO] [stderr] Cloning into '/workspace/builds/worker-4/source'...
[INFO] [stderr] done.
[INFO] validating manifest of git repo https://github.com/golemfactory/gu-exec-env-driver-wasm on toolchain 1.55.0
[INFO] running `Command { std: "/workspace/cargo-home/bin/cargo" "+1.55.0" "metadata" "--manifest-path" "Cargo.toml" "--no-deps", kill_on_drop: false }`
[INFO] started tweaking git repo https://github.com/golemfactory/gu-exec-env-driver-wasm
[INFO] finished tweaking git repo https://github.com/golemfactory/gu-exec-env-driver-wasm
[INFO] tweaked toml for git repo https://github.com/golemfactory/gu-exec-env-driver-wasm written to /workspace/builds/worker-4/source/Cargo.toml
[INFO] crate git repo https://github.com/golemfactory/gu-exec-env-driver-wasm already has a lockfile, it will not be regenerated
[INFO] running `Command { std: "/workspace/cargo-home/bin/cargo" "+1.55.0" "fetch" "--manifest-path" "Cargo.toml", kill_on_drop: false }`
[INFO] [stderr]     Blocking waiting for file lock on package cache
[INFO] [stderr]  Downloading crates ...
[INFO] [stderr]   Downloaded path-clean v0.1.0
[INFO] [stderr]   Downloaded mozjs v0.10.1
[INFO] [stderr]   Downloaded tool v0.2.1
[INFO] [stderr]   Downloaded cexpr v0.3.5
[INFO] [stderr]   Downloaded mozjs_sys v0.61.13
[INFO] running `Command { std: "docker" "create" "-v" "/var/lib/crater-agent-workspace/builds/worker-4/target:/opt/rustwide/target:rw,Z" "-v" "/var/lib/crater-agent-workspace/builds/worker-4/source:/opt/rustwide/workdir:ro,Z" "-v" "/var/lib/crater-agent-workspace/cargo-home:/opt/rustwide/cargo-home:ro,Z" "-v" "/var/lib/crater-agent-workspace/rustup-home:/opt/rustwide/rustup-home:ro,Z" "-e" "SOURCE_DIR=/opt/rustwide/workdir" "-e" "CARGO_TARGET_DIR=/opt/rustwide/target" "-e" "CARGO_HOME=/opt/rustwide/cargo-home" "-e" "RUSTUP_HOME=/opt/rustwide/rustup-home" "-w" "/opt/rustwide/workdir" "-m" "1610612736" "--user" "0:0" "--network" "none" "ghcr.io/rust-lang/crates-build-env/linux@sha256:a89201d6b5b9fd45c15d5952ece0a0129e7e80cb26ec023fd59cf09bc26f1604" "/opt/rustwide/cargo-home/bin/cargo" "+1.55.0" "metadata" "--no-deps" "--format-version=1", kill_on_drop: false }`
[INFO] [stdout] db9cff1c429cb193cf13555da550c4ad0cc91ee68303334ef25c3c53af080bc9
[INFO] [stderr] WARNING: Your kernel does not support swap limit capabilities or the cgroup is not mounted. Memory limited without swap.
[INFO] running `Command { std: "docker" "start" "-a" "db9cff1c429cb193cf13555da550c4ad0cc91ee68303334ef25c3c53af080bc9", kill_on_drop: false }`
[INFO] running `Command { std: "docker" "inspect" "db9cff1c429cb193cf13555da550c4ad0cc91ee68303334ef25c3c53af080bc9", kill_on_drop: false }`
[INFO] running `Command { std: "docker" "rm" "-f" "db9cff1c429cb193cf13555da550c4ad0cc91ee68303334ef25c3c53af080bc9", kill_on_drop: false }`
[INFO] [stdout] db9cff1c429cb193cf13555da550c4ad0cc91ee68303334ef25c3c53af080bc9
[INFO] running `Command { std: "docker" "create" "-v" "/var/lib/crater-agent-workspace/builds/worker-4/target:/opt/rustwide/target:rw,Z" "-v" "/var/lib/crater-agent-workspace/builds/worker-4/source:/opt/rustwide/workdir:ro,Z" "-v" "/var/lib/crater-agent-workspace/cargo-home:/opt/rustwide/cargo-home:ro,Z" "-v" "/var/lib/crater-agent-workspace/rustup-home:/opt/rustwide/rustup-home:ro,Z" "-e" "SOURCE_DIR=/opt/rustwide/workdir" "-e" "CARGO_TARGET_DIR=/opt/rustwide/target" "-e" "CARGO_INCREMENTAL=0" "-e" "RUST_BACKTRACE=full" "-e" "RUSTFLAGS=--cap-lints=warn" "-e" "CARGO_HOME=/opt/rustwide/cargo-home" "-e" "RUSTUP_HOME=/opt/rustwide/rustup-home" "-w" "/opt/rustwide/workdir" "-m" "1610612736" "--user" "0:0" "--network" "none" "ghcr.io/rust-lang/crates-build-env/linux@sha256:a89201d6b5b9fd45c15d5952ece0a0129e7e80cb26ec023fd59cf09bc26f1604" "/opt/rustwide/cargo-home/bin/cargo" "+1.55.0" "check" "--frozen" "--all" "--all-targets" "--message-format=json", kill_on_drop: false }`
[INFO] [stdout] 4fb5b9ba73e8a6945db69d31946870974ce755ee44984c3f7d6e0324137fb63d
[INFO] [stderr] WARNING: Your kernel does not support swap limit capabilities or the cgroup is not mounted. Memory limited without swap.
[INFO] running `Command { std: "docker" "start" "-a" "4fb5b9ba73e8a6945db69d31946870974ce755ee44984c3f7d6e0324137fb63d", kill_on_drop: false }`
[INFO] [stderr]    Compiling libc v0.2.62
[INFO] [stderr]    Compiling cc v1.0.45
[INFO] [stderr]    Compiling autocfg v0.1.6
[INFO] [stderr]    Compiling proc-macro2 v1.0.3
[INFO] [stderr]    Compiling memchr v2.2.1
[INFO] [stderr]    Compiling syn v1.0.5
[INFO] [stderr]    Compiling failure_derive v0.1.5
[INFO] [stderr]    Compiling bitflags v1.1.0
[INFO] [stderr]    Compiling cfg-if v0.1.9
[INFO] [stderr]    Compiling glob v0.3.0
[INFO] [stderr]    Compiling log v0.4.8
[INFO] [stderr]    Compiling byteorder v1.3.2
[INFO] [stderr]    Compiling rustc-demangle v0.1.16
[INFO] [stderr]    Compiling serde v1.0.100
[INFO] [stderr]     Checking rand_core v0.4.2
[INFO] [stderr]    Compiling quick-error v1.2.2
[INFO] [stderr]    Compiling regex-syntax v0.6.12
[INFO] [stderr]    Compiling unicode-width v0.1.6
[INFO] [stderr]    Compiling bindgen v0.49.2
[INFO] [stderr]    Compiling ansi_term v0.11.0
[INFO] [stderr]    Compiling strsim v0.8.0
[INFO] [stderr]    Compiling pkg-config v0.3.16
[INFO] [stderr]    Compiling termcolor v1.0.5
[INFO] [stderr]    Compiling vec_map v0.8.1
[INFO] [stderr]    Compiling shlex v0.1.1
[INFO] [stderr]    Compiling peeking_take_while v0.1.2
[INFO] [stderr]    Compiling ryu v1.0.0
[INFO] [stderr]     Checking itoa v0.4.4
[INFO] [stderr]    Compiling unicode-segmentation v1.3.0
[INFO] [stderr]     Checking podio v0.1.6
[INFO] [stderr]     Checking path-clean v0.1.0
[INFO] [stderr]     Checking semver-parser v0.7.0
[INFO] [stderr]     Checking either v1.5.2
[INFO] [stderr]     Checking tool v0.2.1
[INFO] [stderr]    Compiling nom v4.2.3
[INFO] [stderr]    Compiling thread_local v0.3.6
[INFO] [stderr]     Checking rand_core v0.3.1
[INFO] [stderr]     Checking rand_jitter v0.1.4
[INFO] [stderr]    Compiling humantime v1.2.0
[INFO] [stderr]    Compiling textwrap v0.11.0
[INFO] [stderr]     Checking miniz_oxide v0.3.2
[INFO] [stderr]    Compiling num-traits v0.2.8
[INFO] [stderr]    Compiling rand_chacha v0.1.1
[INFO] [stderr]    Compiling rand_pcg v0.1.2
[INFO] [stderr]    Compiling num-integer v0.1.41
[INFO] [stderr]    Compiling rand v0.6.5
[INFO] [stderr]    Compiling clang-sys v0.28.1
[INFO] [stderr]     Checking itertools v0.8.0
[INFO] [stderr]     Checking rand_isaac v0.1.1
[INFO] [stderr]     Checking rand_hc v0.1.0
[INFO] [stderr]     Checking rand_xorshift v0.1.1
[INFO] [stderr]     Checking crc32fast v1.2.0
[INFO] [stderr]    Compiling heck v0.3.1
[INFO] [stderr]    Compiling synstructure v0.10.2
[INFO] [stderr]    Compiling backtrace-sys v0.1.31
[INFO] [stderr]    Compiling libloading v0.5.2
[INFO] [stderr]    Compiling libz-sys v1.0.25
[INFO] [stderr]    Compiling bzip2-sys v0.1.7
[INFO] [stderr]    Compiling mozjs v0.10.1
[INFO] [stderr]    Compiling fxhash v0.2.1
[INFO] [stderr]    Compiling aho-corasick v0.7.6
[INFO] [stderr]    Compiling atty v0.2.13
[INFO] [stderr]    Compiling quote v1.0.2
[INFO] [stderr]     Checking time v0.1.42
[INFO] [stderr]     Checking flate2 v1.0.11
[INFO] [stderr]     Checking rand_os v0.1.3
[INFO] [stderr]    Compiling clap v2.33.0
[INFO] [stderr]    Compiling cexpr v0.3.5
[INFO] [stderr]    Compiling regex v1.3.1
[INFO] [stderr]     Checking bzip2 v0.3.3
[INFO] [stderr]    Compiling backtrace v0.3.37
[INFO] [stderr]     Checking zip v0.5.3
[INFO] [stderr]    Compiling env_logger v0.6.2
[INFO] [stderr]    Compiling failure v0.1.5
[INFO] [stderr]     Checking sp-wasm-memfs v0.1.2 (https://github.com/golemfactory/sp-wasm.git?branch=wasm-runner#41ae9f4c)
[INFO] [stderr]    Compiling which v2.0.1
[INFO] [stderr]    Compiling proc-macro-error v0.2.6
[INFO] [stderr]    Compiling serde_derive v1.0.100
[INFO] [stderr]    Compiling structopt-derive v0.3.1
[INFO] [stderr]     Checking structopt v0.3.1
[INFO] [stderr]    Compiling mozjs_sys v0.61.13
[INFO] [stderr]     Checking serde_json v1.0.40
[INFO] [stderr]     Checking chrono v0.4.9
[INFO] [stderr]     Checking semver v0.9.0
[INFO] [stderr]     Checking gu-wasm-env-api v0.1.0 (/opt/rustwide/workdir/gu-wasm-env-api)
[INFO] [stderr]     Checking uuid v0.7.4
[INFO] [stderr]     Checking gu-model v0.1.0 (https://github.com/golemfactory/golem-unlimited.git?branch=feature/wasm#5850bd9b)
[INFO] [stderr] error: failed to run custom build command for `mozjs_sys v0.61.13`
[INFO] [stderr] 
[INFO] [stderr] Caused by:
[INFO] [stderr]   process didn't exit successfully: `/opt/rustwide/target/debug/build/mozjs_sys-9d22da7ad9d53e8f/build-script-build` (exit status: 101)
[INFO] [stderr]   --- stdout
[INFO] [stderr]   [[ /opt/rustwide/cargo-home/registry/src/github.com-1ecc6299db9ec823/mozjs_sys-0.61.13/mozjs/js/src/configure -ot /opt/rustwide/cargo-home/registry/src/github.com-1ecc6299db9ec823/mozjs_sys-0.61.13/mozjs/js/src/configure.in ]] && touch /opt/rustwide/cargo-home/registry/src/github.com-1ecc6299db9ec823/mozjs_sys-0.61.13/mozjs/js/src/configure || true
[INFO] [stderr]   [[ /opt/rustwide/cargo-home/registry/src/github.com-1ecc6299db9ec823/mozjs_sys-0.61.13/mozjs/js/src/old-configure -ot /opt/rustwide/cargo-home/registry/src/github.com-1ecc6299db9ec823/mozjs_sys-0.61.13/mozjs/js/src/old-configure.in ]] && touch /opt/rustwide/cargo-home/registry/src/github.com-1ecc6299db9ec823/mozjs_sys-0.61.13/mozjs/js/src/old-configure || true
[INFO] [stderr]   ! [[ /opt/rustwide/cargo-home/registry/src/github.com-1ecc6299db9ec823/mozjs_sys-0.61.13/mozjs/js/src/configure.in -ot /opt/rustwide/cargo-home/registry/src/github.com-1ecc6299db9ec823/mozjs_sys-0.61.13/mozjs/js/src/configure ]] && touch /opt/rustwide/cargo-home/registry/src/github.com-1ecc6299db9ec823/mozjs_sys-0.61.13/mozjs/js/src/configure || true
[INFO] [stderr]   ! [[ /opt/rustwide/cargo-home/registry/src/github.com-1ecc6299db9ec823/mozjs_sys-0.61.13/mozjs/js/src/old-configure.in -ot /opt/rustwide/cargo-home/registry/src/github.com-1ecc6299db9ec823/mozjs_sys-0.61.13/mozjs/js/src/old-configure ]] && touch /opt/rustwide/cargo-home/registry/src/github.com-1ecc6299db9ec823/mozjs_sys-0.61.13/mozjs/js/src/old-configure || true
[INFO] [stderr]   if [[ /opt/rustwide/cargo-home/registry/src/github.com-1ecc6299db9ec823/mozjs_sys-0.61.13/mozjs/js/src/configure -nt /opt/rustwide/target/debug/build/mozjs_sys-0ced5babd35cff58/out/config.status ]] ; then \
[INFO] [stderr]     cd /opt/rustwide/target/debug/build/mozjs_sys-0ced5babd35cff58/out && \
[INFO] [stderr]     PYTHON="python2" MOZ_TOOLS="" \
[INFO] [stderr]     CC="gcc" CFLAGS="" \
[INFO] [stderr]     CPP="gcc -E" CPPFLAGS="" \
[INFO] [stderr]     CXX="g++" CXXFLAGS="" \
[INFO] [stderr]     AS="" AR="ar" \
[INFO] [stderr]     STLPORT_LIBS="" \
[INFO] [stderr]     /opt/rustwide/cargo-home/registry/src/github.com-1ecc6299db9ec823/mozjs_sys-0.61.13/mozjs/js/src/configure --disable-jemalloc --disable-js-shell --disable-tests --disable-shared-js --build-backends=RecursiveMake --disable-shared-js || (cat config.log && exit 1) ; \
[INFO] [stderr]   fi
[INFO] [stderr]   Creating Python environment
[INFO] [stderr]   New python executable in /opt/rustwide/target/debug/build/mozjs_sys-0ced5babd35cff58/out/_virtualenv/bin/python2
[INFO] [stderr]   Also creating executable in /opt/rustwide/target/debug/build/mozjs_sys-0ced5babd35cff58/out/_virtualenv/bin/python
[INFO] [stderr]   Installing setuptools, pip, wheel...done.
[INFO] [stderr]   Traceback (most recent call last):
[INFO] [stderr]     File "/opt/rustwide/cargo-home/registry/src/github.com-1ecc6299db9ec823/mozjs_sys-0.61.13/mozjs/third_party/python/psutil/setup.py", line 224, in <module>
[INFO] [stderr]       ETHTOOL_MACRO = get_ethtool_macro()
[INFO] [stderr]     File "/opt/rustwide/cargo-home/registry/src/github.com-1ecc6299db9ec823/mozjs_sys-0.61.13/mozjs/third_party/python/psutil/setup.py", line 212, in get_ethtool_macro
[INFO] [stderr]       compiler.compile([f.name])
[INFO] [stderr]     File "/usr/lib/python2.7/distutils/ccompiler.py", line 566, in compile
[INFO] [stderr]       depends, extra_postargs)
[INFO] [stderr]     File "/usr/lib/python2.7/distutils/ccompiler.py", line 362, in _setup_compile
[INFO] [stderr]       self.mkpath(os.path.dirname(obj))
[INFO] [stderr]     File "/usr/lib/python2.7/distutils/ccompiler.py", line 883, in mkpath
[INFO] [stderr]       mkpath(name, mode, dry_run=self.dry_run)
[INFO] [stderr]     File "/usr/lib/python2.7/distutils/dir_util.py", line 76, in mkpath
[INFO] [stderr]       "could not create '%s': %s" % (head, exc.args[-1]))
[INFO] [stderr]   distutils.errors.DistutilsFileError: could not create 'tmp': Read-only file system
[INFO] [stderr] 
[INFO] [stderr]   Error processing command. Ignoring because optional. (optional:setup.py:third_party/python/psutil:build_ext:--inplace)
[INFO] [stderr]   Error processing command. Ignoring because optional. (optional:packages.txt:comm/build/virtualenv_packages.txt)
[INFO] [stderr]   Reexecuting in the virtualenv
[INFO] [stderr]   checking for vcs source checkout... no
[INFO] [stderr]   checking for a shell... /usr/bin/sh
[INFO] [stderr]   checking for host system type... x86_64-pc-linux-gnu
[INFO] [stderr]   checking for target system type... x86_64-pc-linux-gnu
[INFO] [stderr]   checking for a shell... /usr/bin/sh
[INFO] [stderr]   checking for host system type... x86_64-pc-linux-gnu
[INFO] [stderr]   checking for target system type... x86_64-pc-linux-gnu
[INFO] [stderr]   checking for android platform directory... no
[INFO] [stderr]   checking for android sysroot directory... no
[INFO] [stderr]   checking for android system directory... no
[INFO] [stderr]   checking for the Android toolchain directory... not found
[INFO] [stderr]   checking for android platform directory... no
[INFO] [stderr]   checking for android system directory... no
[INFO] [stderr]   checking for android sysroot directory... no
[INFO] [stderr]   checking for the Android toolchain directory... not found
[INFO] [stderr]   checking for vcs source checkout... no
[INFO] [stderr]   checking whether cross compiling... no
[INFO] [stderr]   checking for the target C compiler... /usr/bin/gcc
[INFO] [stderr]   checking whether the target C compiler can be used... yes
[INFO] [stderr]   checking for Python 3... /usr/bin/python3 (3.8.10)
[INFO] [stderr]   checking for pkg_config... /usr/bin/pkg-config
[INFO] [stderr]   checking for pkg-config version... 0.29.1
[INFO] [stderr]   checking for yasm... not found
[INFO] [stderr]   checking for android ndk version... no
[INFO] [stderr]   checking for GoogleVR SDK... Not specified
[INFO] [stderr]   checking the target C compiler version... 9.3.0
[INFO] [stderr]   checking the target C compiler works... yes
[INFO] [stderr]   checking for the target C++ compiler... /usr/bin/g++
[INFO] [stderr]   checking whether the target C++ compiler can be used... yes
[INFO] [stderr]   checking the target C++ compiler version... 9.3.0
[INFO] [stderr]   checking the target C++ compiler works... yes
[INFO] [stderr]   checking for the host C compiler... /usr/bin/gcc
[INFO] [stderr]   checking whether the host C compiler can be used... yes
[INFO] [stderr]   checking the host C compiler version... 9.3.0
[INFO] [stderr]   checking the host C compiler works... yes
[INFO] [stderr]   checking for the host C++ compiler... /usr/bin/g++
[INFO] [stderr]   checking whether the host C++ compiler can be used... yes
[INFO] [stderr]   checking the host C++ compiler version... 9.3.0
[INFO] [stderr]   checking the host C++ compiler works... yes
[INFO] [stderr]   checking for 64-bit OS... yes
[INFO] [stderr]   checking bindgen cflags... no
[INFO] [stderr]   checking for linker... gold
[INFO] [stderr]   checking for stdint.h... yes
[INFO] [stderr]   checking for inttypes.h... yes
[INFO] [stderr]   checking for malloc.h... yes
[INFO] [stderr]   checking for alloca.h... yes
[INFO] [stderr]   checking for sys/byteorder.h... no
[INFO] [stderr]   checking for getopt.h... yes
[INFO] [stderr]   checking for unistd.h... yes
[INFO] [stderr]   checking for nl_types.h... yes
[INFO] [stderr]   checking for cpuid.h... yes
[INFO] [stderr]   checking for sys/statvfs.h... yes
[INFO] [stderr]   checking for sys/statfs.h... yes
[INFO] [stderr]   checking for sys/vfs.h... yes
[INFO] [stderr]   checking for sys/mount.h... yes
[INFO] [stderr]   checking for sys/quota.h... yes
[INFO] [stderr]   checking for linux/quota.h... yes
[INFO] [stderr]   checking for linux/if_addr.h... yes
[INFO] [stderr]   checking for linux/rtnetlink.h... yes
[INFO] [stderr]   checking for sys/queue.h... yes
[INFO] [stderr]   checking for sys/types.h... yes
[INFO] [stderr]   checking for netinet/in.h... yes
[INFO] [stderr]   checking for byteswap.h... yes
[INFO] [stderr]   checking for linux/perf_event.h... yes
[INFO] [stderr]   checking for perf_event_open system call... yes
[INFO] [stderr]   checking whether the C compiler supports -Wunreachable-code-return... no
[INFO] [stderr]   checking whether the C++ compiler supports -Wunreachable-code-return... no
[INFO] [stderr]   checking whether the C compiler supports -Wclass-varargs... no
[INFO] [stderr]   checking whether the C++ compiler supports -Wclass-varargs... no
[INFO] [stderr]   checking whether the C compiler supports -Wloop-analysis... no
[INFO] [stderr]   checking whether the C++ compiler supports -Wloop-analysis... no
[INFO] [stderr]   checking whether the C++ compiler supports -Wc++1z-compat... yes
[INFO] [stderr]   checking whether the C++ compiler supports -Wcomma... no
[INFO] [stderr]   checking whether the C compiler supports -Wduplicated-cond... yes
[INFO] [stderr]   checking whether the C++ compiler supports -Wduplicated-cond... yes
[INFO] [stderr]   checking whether the C++ compiler supports -Wimplicit-fallthrough... yes
[INFO] [stderr]   checking whether the C compiler supports -Wstring-conversion... no
[INFO] [stderr]   checking whether the C++ compiler supports -Wstring-conversion... no
[INFO] [stderr]   checking whether the C++ compiler supports -Wno-inline-new-delete... no
[INFO] [stderr]   checking whether the C compiler supports -Wno-error=maybe-uninitialized... yes
[INFO] [stderr]   checking whether the C++ compiler supports -Wno-error=maybe-uninitialized... yes
[INFO] [stderr]   checking whether the C compiler supports -Wno-error=deprecated-declarations... yes
[INFO] [stderr]   checking whether the C++ compiler supports -Wno-error=deprecated-declarations... yes
[INFO] [stderr]   checking whether the C compiler supports -Wno-error=array-bounds... yes
[INFO] [stderr]   checking whether the C++ compiler supports -Wno-error=array-bounds... yes
[INFO] [stderr]   checking whether the C compiler supports -Wno-error=free-nonheap-object... yes
[INFO] [stderr]   checking whether the C++ compiler supports -Wno-error=free-nonheap-object... yes
[INFO] [stderr]   checking whether the C compiler supports -Wformat... yes
[INFO] [stderr]   checking whether the C++ compiler supports -Wformat... yes
[INFO] [stderr]   checking whether the C compiler supports -Wformat-security... yes
[INFO] [stderr]   checking whether the C++ compiler supports -Wformat-security... yes
[INFO] [stderr]   checking whether the C compiler supports -Wformat-overflow=2... yes
[INFO] [stderr]   checking whether the C++ compiler supports -Wformat-overflow=2... yes
[INFO] [stderr]   checking whether the C compiler supports -Wno-gnu-zero-variadic-macro-arguments... no
[INFO] [stderr]   checking whether the C++ compiler supports -Wno-gnu-zero-variadic-macro-arguments... no
[INFO] [stderr]   checking whether the C++ compiler supports -Wno-noexcept-type... yes
[INFO] [stderr]   checking whether the C++ compiler supports -fno-sized-deallocation... yes
[INFO] [stderr]   checking for awk... /usr/bin/mawk
[INFO] [stderr]   checking for perl... /usr/bin/perl
[INFO] [stderr]   checking for minimum required perl version >= 5.006... 5.030000
[INFO] [stderr]   checking for full perl installation... yes
[INFO] [stderr]   checking for gmake... /usr/bin/make
[INFO] [stderr]   checking for watchman... not found
[INFO] [stderr]   checking for xargs... /usr/bin/xargs
[INFO] [stderr]   checking for rpmbuild... not found
[INFO] [stderr]   checking for autoconf... INFO: checking for vcs source checkout... 
[INFO] [stderr]   INFO: no
[INFO] [stderr]   INFO: checking for a shell... 
[INFO] [stderr]   INFO: /usr/bin/sh
[INFO] [stderr]   INFO: checking for host system type... 
[INFO] [stderr]   INFO: x86_64-pc-linux-gnu
[INFO] [stderr]   INFO: checking for target system type... 
[INFO] [stderr]   INFO: x86_64-pc-linux-gnu
[INFO] [stderr]   INFO: checking for a shell... 
[INFO] [stderr]   INFO: /usr/bin/sh
[INFO] [stderr]   INFO: checking for host system type... 
[INFO] [stderr]   INFO: x86_64-pc-linux-gnu
[INFO] [stderr]   INFO: checking for target system type... 
[INFO] [stderr]   INFO: x86_64-pc-linux-gnu
[INFO] [stderr]   INFO: checking for android platform directory... 
[INFO] [stderr]   INFO: no
[INFO] [stderr]   INFO: checking for android sysroot directory... 
[INFO] [stderr]   INFO: no
[INFO] [stderr]   INFO: checking for android system directory... 
[INFO] [stderr]   INFO: no
[INFO] [stderr]   INFO: checking for the Android toolchain directory... 
[INFO] [stderr]   INFO: not found
[INFO] [stderr]   INFO: checking for android platform directory... 
[INFO] [stderr]   INFO: no
[INFO] [stderr]   INFO: checking for android system directory... 
[INFO] [stderr]   INFO: no
[INFO] [stderr]   INFO: checking for android sysroot directory... 
[INFO] [stderr]   INFO: no
[INFO] [stderr]   INFO: checking for the Android toolchain directory... 
[INFO] [stderr]   INFO: not found
[INFO] [stderr]   INFO: checking for vcs source checkout... 
[INFO] [stderr]   INFO: no
[INFO] [stderr]   INFO: checking whether cross compiling... 
[INFO] [stderr]   INFO: no
[INFO] [stderr]   INFO: checking for the target C compiler... 
[INFO] [stderr]   DEBUG: _cc: Trying gcc
[INFO] [stderr]   INFO: /usr/bin/gcc
[INFO] [stderr]   INFO: checking whether the target C compiler can be used... 
[INFO] [stderr]   DEBUG: Creating `/tmp/conftest.E75J_D.c` with content:
[INFO] [stderr]   DEBUG: | #if defined(_MSC_VER)
[INFO] [stderr]   DEBUG: | #if defined(__clang__)
[INFO] [stderr]   DEBUG: | %COMPILER "clang-cl"
[INFO] [stderr]   DEBUG: | %VERSION _MSC_FULL_VER
[INFO] [stderr]   DEBUG: | #else
[INFO] [stderr]   DEBUG: | %COMPILER "msvc"
[INFO] [stderr]   DEBUG: | %VERSION _MSC_FULL_VER
[INFO] [stderr]   DEBUG: | #endif
[INFO] [stderr]   DEBUG: | #elif defined(__clang__)
[INFO] [stderr]   DEBUG: | %COMPILER "clang"
[INFO] [stderr]   DEBUG: | #  if !__cplusplus || __has_feature(cxx_alignof)
[INFO] [stderr]   DEBUG: | %VERSION __clang_major__.__clang_minor__.__clang_patchlevel__
[INFO] [stderr]   DEBUG: | #  endif
[INFO] [stderr]   DEBUG: | #elif defined(__GNUC__)
[INFO] [stderr]   DEBUG: | %COMPILER "gcc"
[INFO] [stderr]   DEBUG: | %VERSION __GNUC__.__GNUC_MINOR__.__GNUC_PATCHLEVEL__
[INFO] [stderr]   DEBUG: | #endif
[INFO] [stderr]   DEBUG: | 
[INFO] [stderr]   DEBUG: | #if __cplusplus
[INFO] [stderr]   DEBUG: | %cplusplus __cplusplus
[INFO] [stderr]   DEBUG: | #elif __STDC_VERSION__
[INFO] [stderr]   DEBUG: | %STDC_VERSION __STDC_VERSION__
[INFO] [stderr]   DEBUG: | #elif __STDC__
[INFO] [stderr]   DEBUG: | %STDC_VERSION 198900L
[INFO] [stderr]   DEBUG: | #endif
[INFO] [stderr]   DEBUG: | #if __i386__ || _M_IX86
[INFO] [stderr]   DEBUG: | %CPU "x86"
[INFO] [stderr]   DEBUG: | #elif __x86_64__ || _M_X64
[INFO] [stderr]   DEBUG: | %CPU "x86_64"
[INFO] [stderr]   DEBUG: | #elif __arm__ || _M_ARM
[INFO] [stderr]   DEBUG: | %CPU "arm"
[INFO] [stderr]   DEBUG: | #elif __aarch64__
[INFO] [stderr]   DEBUG: | %CPU "aarch64"
[INFO] [stderr]   DEBUG: | #elif __ia64__
[INFO] [stderr]   DEBUG: | %CPU "ia64"
[INFO] [stderr]   DEBUG: | #elif __s390x__
[INFO] [stderr]   DEBUG: | %CPU "s390x"
[INFO] [stderr]   DEBUG: | #elif __s390__
[INFO] [stderr]   DEBUG: | %CPU "s390"
[INFO] [stderr]   DEBUG: | #elif __powerpc64__
[INFO] [stderr]   DEBUG: | %CPU "ppc64"
[INFO] [stderr]   DEBUG: | #elif __powerpc__
[INFO] [stderr]   DEBUG: | %CPU "ppc"
[INFO] [stderr]   DEBUG: | #elif __alpha__
[INFO] [stderr]   DEBUG: | %CPU "Alpha"
[INFO] [stderr]   DEBUG: | #elif __hppa__
[INFO] [stderr]   DEBUG: | %CPU "hppa"
[INFO] [stderr]   DEBUG: | #elif __sparc__ && __arch64__
[INFO] [stderr]   DEBUG: | %CPU "sparc64"
[INFO] [stderr]   DEBUG: | #elif __sparc__
[INFO] [stderr]   DEBUG: | %CPU "sparc"
[INFO] [stderr]   DEBUG: | #elif __mips64
[INFO] [stderr]   DEBUG: | %CPU "mips64"
[INFO] [stderr]   DEBUG: | #elif __mips__
[INFO] [stderr]   DEBUG: | %CPU "mips32"
[INFO] [stderr]   DEBUG: | #elif __sh__
[INFO] [stderr]   DEBUG: | %CPU "sh4"
[INFO] [stderr]   DEBUG: | #endif
[INFO] [stderr]   DEBUG: | #if __FreeBSD_kernel__
[INFO] [stderr]   DEBUG: | %KERNEL "kFreeBSD"
[INFO] [stderr]   DEBUG: | #elif __DragonFly__
[INFO] [stderr]   DEBUG: | %KERNEL "DragonFly"
[INFO] [stderr]   DEBUG: | #elif __OpenBSD__
[INFO] [stderr]   DEBUG: | %KERNEL "OpenBSD"
[INFO] [stderr]   DEBUG: | #elif __sun__
[INFO] [stderr]   DEBUG: | %KERNEL "SunOS"
[INFO] [stderr]   DEBUG: | #elif __FreeBSD__
[INFO] [stderr]   DEBUG: | %KERNEL "FreeBSD"
[INFO] [stderr]   DEBUG: | #elif __linux__
[INFO] [stderr]   DEBUG: | %KERNEL "Linux"
[INFO] [stderr]   DEBUG: | #elif _WIN32 || __CYGWIN__
[INFO] [stderr]   DEBUG: | %KERNEL "WINNT"
[INFO] [stderr]   DEBUG: | #elif __NetBSD__
[INFO] [stderr]   DEBUG: | %KERNEL "NetBSD"
[INFO] [stderr]   DEBUG: | #elif __APPLE__
[INFO] [stderr]   DEBUG: | %KERNEL "Darwin"
[INFO] [stderr]   DEBUG: | #endif
[INFO] [stderr]   DEBUG: | #if _MSC_VER || __BYTE_ORDER__ == __ORDER_LITTLE_ENDIAN__
[INFO] [stderr]   DEBUG: | %ENDIANNESS "little"
[INFO] [stderr]   DEBUG: | #elif __BYTE_ORDER__ == __ORDER_BIG_ENDIAN__
[INFO] [stderr]   DEBUG: | %ENDIANNESS "big"
[INFO] [stderr]   DEBUG: | #endif
[INFO] [stderr]   DEBUG: Executing: `/usr/bin/gcc -E /tmp/conftest.E75J_D.c`
[INFO] [stderr]   DEBUG: COMPILER = gcc
[INFO] [stderr]   DEBUG: VERSION = 9.3.0
[INFO] [stderr]   DEBUG: STDC_VERSION = 201710L
[INFO] [stderr]   DEBUG: CPU = x86_64
[INFO] [stderr]   DEBUG: KERNEL = Linux
[INFO] [stderr]   DEBUG: ENDIANNESS = little
[INFO] [stderr]   DEBUG: Creating `/tmp/conftest.WCr_t1.c` with content:
[INFO] [stderr]   DEBUG: | #if defined(_MSC_VER)
[INFO] [stderr]   DEBUG: | #if defined(__clang__)
[INFO] [stderr]   DEBUG: | %COMPILER "clang-cl"
[INFO] [stderr]   DEBUG: | %VERSION _MSC_FULL_VER
[INFO] [stderr]   DEBUG: | #else
[INFO] [stderr]   DEBUG: | %COMPILER "msvc"
[INFO] [stderr]   DEBUG: | %VERSION _MSC_FULL_VER
[INFO] [stderr]   DEBUG: | #endif
[INFO] [stderr]   DEBUG: | #elif defined(__clang__)
[INFO] [stderr]   DEBUG: | %COMPILER "clang"
[INFO] [stderr]   DEBUG: | #  if !__cplusplus || __has_feature(cxx_alignof)
[INFO] [stderr]   DEBUG: | %VERSION __clang_major__.__clang_minor__.__clang_patchlevel__
[INFO] [stderr]   DEBUG: | #  endif
[INFO] [stderr]   DEBUG: | #elif defined(__GNUC__)
[INFO] [stderr]   DEBUG: | %COMPILER "gcc"
[INFO] [stderr]   DEBUG: | %VERSION __GNUC__.__GNUC_MINOR__.__GNUC_PATCHLEVEL__
[INFO] [stderr]   DEBUG: | #endif
[INFO] [stderr]   DEBUG: | 
[INFO] [stderr]   DEBUG: | #if __cplusplus
[INFO] [stderr]   DEBUG: | %cplusplus __cplusplus
[INFO] [stderr]   DEBUG: | #elif __STDC_VERSION__
[INFO] [stderr]   DEBUG: | %STDC_VERSION __STDC_VERSION__
[INFO] [stderr]   DEBUG: | #elif __STDC__
[INFO] [stderr]   DEBUG: | %STDC_VERSION 198900L
[INFO] [stderr]   DEBUG: | #endif
[INFO] [stderr]   DEBUG: | #if __i386__ || _M_IX86
[INFO] [stderr]   DEBUG: | %CPU "x86"
[INFO] [stderr]   DEBUG: | #elif __x86_64__ || _M_X64
[INFO] [stderr]   DEBUG: | %CPU "x86_64"
[INFO] [stderr]   DEBUG: | #elif __arm__ || _M_ARM
[INFO] [stderr]   DEBUG: | %CPU "arm"
[INFO] [stderr]   DEBUG: | #elif __aarch64__
[INFO] [stderr]   DEBUG: | %CPU "aarch64"
[INFO] [stderr]   DEBUG: | #elif __ia64__
[INFO] [stderr]   DEBUG: | %CPU "ia64"
[INFO] [stderr]   DEBUG: | #elif __s390x__
[INFO] [stderr]   DEBUG: | %CPU "s390x"
[INFO] [stderr]   DEBUG: | #elif __s390__
[INFO] [stderr]   DEBUG: | %CPU "s390"
[INFO] [stderr]   DEBUG: | #elif __powerpc64__
[INFO] [stderr]   DEBUG: | %CPU "ppc64"
[INFO] [stderr]   DEBUG: | #elif __powerpc__
[INFO] [stderr]   DEBUG: | %CPU "ppc"
[INFO] [stderr]   DEBUG: | #elif __alpha__
[INFO] [stderr]   DEBUG: | %CPU "Alpha"
[INFO] [stderr]   DEBUG: | #elif __hppa__
[INFO] [stderr]   DEBUG: | %CPU "hppa"
[INFO] [stderr]   DEBUG: | #elif __sparc__ && __arch64__
[INFO] [stderr]   DEBUG: | %CPU "sparc64"
[INFO] [stderr]   DEBUG: | #elif __sparc__
[INFO] [stderr]   DEBUG: | %CPU "sparc"
[INFO] [stderr]   DEBUG: | #elif __mips64
[INFO] [stderr]   DEBUG: | %CPU "mips64"
[INFO] [stderr]   DEBUG: | #elif __mips__
[INFO] [stderr]   DEBUG: | %CPU "mips32"
[INFO] [stderr]   DEBUG: | #elif __sh__
[INFO] [stderr]   DEBUG: | %CPU "sh4"
[INFO] [stderr]   DEBUG: | #endif
[INFO] [stderr]   DEBUG: | #if __FreeBSD_kernel__
[INFO] [stderr]   DEBUG: | %KERNEL "kFreeBSD"
[INFO] [stderr]   DEBUG: | #elif __DragonFly__
[INFO] [stderr]   DEBUG: | %KERNEL "DragonFly"
[INFO] [stderr]   DEBUG: | #elif __OpenBSD__
[INFO] [stderr]   DEBUG: | %KERNEL "OpenBSD"
[INFO] [stderr]   DEBUG: | #elif __sun__
[INFO] [stderr]   DEBUG: | %KERNEL "SunOS"
[INFO] [stderr]   DEBUG: | #elif __FreeBSD__
[INFO] [stderr]   DEBUG: | %KERNEL "FreeBSD"
[INFO] [stderr]   DEBUG: | #elif __linux__
[INFO] [stderr]   DEBUG: | %KERNEL "Linux"
[INFO] [stderr]   DEBUG: | #elif _WIN32 || __CYGWIN__
[INFO] [stderr]   DEBUG: | %KERNEL "WINNT"
[INFO] [stderr]   DEBUG: | #elif __NetBSD__
[INFO] [stderr]   DEBUG: | %KERNEL "NetBSD"
[INFO] [stderr]   DEBUG: | #elif __APPLE__
[INFO] [stderr]   DEBUG: | %KERNEL "Darwin"
[INFO] [stderr]   DEBUG: | #endif
[INFO] [stderr]   DEBUG: | #if _MSC_VER || __BYTE_ORDER__ == __ORDER_LITTLE_ENDIAN__
[INFO] [stderr]   DEBUG: | %ENDIANNESS "little"
[INFO] [stderr]   DEBUG: | #elif __BYTE_ORDER__ == __ORDER_BIG_ENDIAN__
[INFO] [stderr]   DEBUG: | %ENDIANNESS "big"
[INFO] [stderr]   DEBUG: | #endif
[INFO] [stderr]   DEBUG: Executing: `/usr/bin/gcc -std=gnu99 -E /tmp/conftest.WCr_t1.c`
[INFO] [stderr]   DEBUG: COMPILER = gcc
[INFO] [stderr]   DEBUG: VERSION = 9.3.0
[INFO] [stderr]   DEBUG: STDC_VERSION = 199901L
[INFO] [stderr]   DEBUG: CPU = x86_64
[INFO] [stderr]   DEBUG: KERNEL = Linux
[INFO] [stderr]   DEBUG: ENDIANNESS = little
[INFO] [stderr]   INFO: yes
[INFO] [stderr]   INFO: checking for Python 3... 
[INFO] [stderr]   INFO: /usr/bin/python3 (3.8.10)
[INFO] [stderr]   INFO: checking for pkg_config... 
[INFO] [stderr]   DEBUG: pkg_config: Trying pkg-config
[INFO] [stderr]   INFO: /usr/bin/pkg-config
[INFO] [stderr]   INFO: checking for pkg-config version... 
[INFO] [stderr]   DEBUG: Executing: `/usr/bin/pkg-config --version`
[INFO] [stderr]   INFO: 0.29.1
[INFO] [stderr]   INFO: checking for yasm... 
[INFO] [stderr]   DEBUG: yasm: Trying yasm
[INFO] [stderr]   INFO: not found
[INFO] [stderr]   INFO: checking for android ndk version... 
[INFO] [stderr]   INFO: no
[INFO] [stderr]   INFO: checking for GoogleVR SDK... 
[INFO] [stderr]   INFO: Not specified
[INFO] [stderr]   INFO: checking the target C compiler version... 
[INFO] [stderr]   INFO: 9.3.0
[INFO] [stderr]   INFO: checking the target C compiler works... 
[INFO] [stderr]   DEBUG: Creating `/tmp/conftest.y7P_tG.c` with content:
[INFO] [stderr]   DEBUG: | 
[INFO] [stderr]   DEBUG: | int
[INFO] [stderr]   DEBUG: | main(void)
[INFO] [stderr]   DEBUG: | {
[INFO] [stderr]   DEBUG: | 
[INFO] [stderr]   DEBUG: |   ;
[INFO] [stderr]   DEBUG: |   return 0;
[INFO] [stderr]   DEBUG: | }
[INFO] [stderr]   DEBUG: Executing: `/usr/bin/gcc -std=gnu99 -c /tmp/conftest.y7P_tG.c`
[INFO] [stderr]   INFO: yes
[INFO] [stderr]   INFO: checking for the target C++ compiler... 
[INFO] [stderr]   DEBUG: _cxx: Trying g++
[INFO] [stderr]   INFO: /usr/bin/g++
[INFO] [stderr]   INFO: checking whether the target C++ compiler can be used... 
[INFO] [stderr]   DEBUG: Creating `/tmp/conftest.QHJZPk.cpp` with content:
[INFO] [stderr]   DEBUG: | #if defined(_MSC_VER)
[INFO] [stderr]   DEBUG: | #if defined(__clang__)
[INFO] [stderr]   DEBUG: | %COMPILER "clang-cl"
[INFO] [stderr]   DEBUG: | %VERSION _MSC_FULL_VER
[INFO] [stderr]   DEBUG: | #else
[INFO] [stderr]   DEBUG: | %COMPILER "msvc"
[INFO] [stderr]   DEBUG: | %VERSION _MSC_FULL_VER
[INFO] [stderr]   DEBUG: | #endif
[INFO] [stderr]   DEBUG: | #elif defined(__clang__)
[INFO] [stderr]   DEBUG: | %COMPILER "clang"
[INFO] [stderr]   DEBUG: | #  if !__cplusplus || __has_feature(cxx_alignof)
[INFO] [stderr]   DEBUG: | %VERSION __clang_major__.__clang_minor__.__clang_patchlevel__
[INFO] [stderr]   DEBUG: | #  endif
[INFO] [stderr]   DEBUG: | #elif defined(__GNUC__)
[INFO] [stderr]   DEBUG: | %COMPILER "gcc"
[INFO] [stderr]   DEBUG: | %VERSION __GNUC__.__GNUC_MINOR__.__GNUC_PATCHLEVEL__
[INFO] [stderr]   DEBUG: | #endif
[INFO] [stderr]   DEBUG: | 
[INFO] [stderr]   DEBUG: | #if __cplusplus
[INFO] [stderr]   DEBUG: | %cplusplus __cplusplus
[INFO] [stderr]   DEBUG: | #elif __STDC_VERSION__
[INFO] [stderr]   DEBUG: | %STDC_VERSION __STDC_VERSION__
[INFO] [stderr]   DEBUG: | #elif __STDC__
[INFO] [stderr]   DEBUG: | %STDC_VERSION 198900L
[INFO] [stderr]   DEBUG: | #endif
[INFO] [stderr]   DEBUG: | #if __i386__ || _M_IX86
[INFO] [stderr]   DEBUG: | %CPU "x86"
[INFO] [stderr]   DEBUG: | #elif __x86_64__ || _M_X64
[INFO] [stderr]   DEBUG: | %CPU "x86_64"
[INFO] [stderr]   DEBUG: | #elif __arm__ || _M_ARM
[INFO] [stderr]   DEBUG: | %CPU "arm"
[INFO] [stderr]   DEBUG: | #elif __aarch64__
[INFO] [stderr]   DEBUG: | %CPU "aarch64"
[INFO] [stderr]   DEBUG: | #elif __ia64__
[INFO] [stderr]   DEBUG: | %CPU "ia64"
[INFO] [stderr]   DEBUG: | #elif __s390x__
[INFO] [stderr]   DEBUG: | %CPU "s390x"
[INFO] [stderr]   DEBUG: | #elif __s390__
[INFO] [stderr]   DEBUG: | %CPU "s390"
[INFO] [stderr]   DEBUG: | #elif __powerpc64__
[INFO] [stderr]   DEBUG: | %CPU "ppc64"
[INFO] [stderr]   DEBUG: | #elif __powerpc__
[INFO] [stderr]   DEBUG: | %CPU "ppc"
[INFO] [stderr]   DEBUG: | #elif __alpha__
[INFO] [stderr]   DEBUG: | %CPU "Alpha"
[INFO] [stderr]   DEBUG: | #elif __hppa__
[INFO] [stderr]   DEBUG: | %CPU "hppa"
[INFO] [stderr]   DEBUG: | #elif __sparc__ && __arch64__
[INFO] [stderr]   DEBUG: | %CPU "sparc64"
[INFO] [stderr]   DEBUG: | #elif __sparc__
[INFO] [stderr]   DEBUG: | %CPU "sparc"
[INFO] [stderr]   DEBUG: | #elif __mips64
[INFO] [stderr]   DEBUG: | %CPU "mips64"
[INFO] [stderr]   DEBUG: | #elif __mips__
[INFO] [stderr]   DEBUG: | %CPU "mips32"
[INFO] [stderr]   DEBUG: | #elif __sh__
[INFO] [stderr]   DEBUG: | %CPU "sh4"
[INFO] [stderr]   DEBUG: | #endif
[INFO] [stderr]   DEBUG: | #if __FreeBSD_kernel__
[INFO] [stderr]   DEBUG: | %KERNEL "kFreeBSD"
[INFO] [stderr]   DEBUG: | #elif __DragonFly__
[INFO] [stderr]   DEBUG: | %KERNEL "DragonFly"
[INFO] [stderr]   DEBUG: | #elif __OpenBSD__
[INFO] [stderr]   DEBUG: | %KERNEL "OpenBSD"
[INFO] [stderr]   DEBUG: | #elif __sun__
[INFO] [stderr]   DEBUG: | %KERNEL "SunOS"
[INFO] [stderr]   DEBUG: | #elif __FreeBSD__
[INFO] [stderr]   DEBUG: | %KERNEL "FreeBSD"
[INFO] [stderr]   DEBUG: | #elif __linux__
[INFO] [stderr]   DEBUG: | %KERNEL "Linux"
[INFO] [stderr]   DEBUG: | #elif _WIN32 || __CYGWIN__
[INFO] [stderr]   DEBUG: | %KERNEL "WINNT"
[INFO] [stderr]   DEBUG: | #elif __NetBSD__
[INFO] [stderr]   DEBUG: | %KERNEL "NetBSD"
[INFO] [stderr]   DEBUG: | #elif __APPLE__
[INFO] [stderr]   DEBUG: | %KERNEL "Darwin"
[INFO] [stderr]   DEBUG: | #endif
[INFO] [stderr]   DEBUG: | #if _MSC_VER || __BYTE_ORDER__ == __ORDER_LITTLE_ENDIAN__
[INFO] [stderr]   DEBUG: | %ENDIANNESS "little"
[INFO] [stderr]   DEBUG: | #elif __BYTE_ORDER__ == __ORDER_BIG_ENDIAN__
[INFO] [stderr]   DEBUG: | %ENDIANNESS "big"
[INFO] [stderr]   DEBUG: | #endif
[INFO] [stderr]   DEBUG: Executing: `/usr/bin/g++ -E /tmp/conftest.QHJZPk.cpp`
[INFO] [stderr]   DEBUG: COMPILER = gcc
[INFO] [stderr]   DEBUG: VERSION = 9.3.0
[INFO] [stderr]   DEBUG: cplusplus = 201402L
[INFO] [stderr]   DEBUG: CPU = x86_64
[INFO] [stderr]   DEBUG: KERNEL = Linux
[INFO] [stderr]   DEBUG: ENDIANNESS = little
[INFO] [stderr]   INFO: yes
[INFO] [stderr]   INFO: checking the target C++ compiler version... 
[INFO] [stderr]   INFO: 9.3.0
[INFO] [stderr]   INFO: checking the target C++ compiler works... 
[INFO] [stderr]   DEBUG: Creating `/tmp/conftest.r3DSPP.cpp` with content:
[INFO] [stderr]   DEBUG: | 
[INFO] [stderr]   DEBUG: | int
[INFO] [stderr]   DEBUG: | main(void)
[INFO] [stderr]   DEBUG: | {
[INFO] [stderr]   DEBUG: | 
[INFO] [stderr]   DEBUG: |   ;
[INFO] [stderr]   DEBUG: |   return 0;
[INFO] [stderr]   DEBUG: | }
[INFO] [stderr]   DEBUG: Executing: `/usr/bin/g++ -c /tmp/conftest.r3DSPP.cpp`
[INFO] [stderr]   INFO: yes
[INFO] [stderr]   INFO: checking for the host C compiler... 
[INFO] [stderr]   DEBUG: _host_cc: Trying /usr/bin/gcc
[INFO] [stderr]   INFO: /usr/bin/gcc
[INFO] [stderr]   INFO: checking whether the host C compiler can be used... 
[INFO] [stderr]   DEBUG: Creating `/tmp/conftest.ZAMMWy.c` with content:
[INFO] [stderr]   DEBUG: | #if defined(_MSC_VER)
[INFO] [stderr]   DEBUG: | #if defined(__clang__)
[INFO] [stderr]   DEBUG: | %COMPILER "clang-cl"
[INFO] [stderr]   DEBUG: | %VERSION _MSC_FULL_VER
[INFO] [stderr]   DEBUG: | #else
[INFO] [stderr]   DEBUG: | %COMPILER "msvc"
[INFO] [stderr]   DEBUG: | %VERSION _MSC_FULL_VER
[INFO] [stderr]   DEBUG: | #endif
[INFO] [stderr]   DEBUG: | #elif defined(__clang__)
[INFO] [stderr]   DEBUG: | %COMPILER "clang"
[INFO] [stderr]   DEBUG: | #  if !__cplusplus || __has_feature(cxx_alignof)
[INFO] [stderr]   DEBUG: | %VERSION __clang_major__.__clang_minor__.__clang_patchlevel__
[INFO] [stderr]   DEBUG: | #  endif
[INFO] [stderr]   DEBUG: | #elif defined(__GNUC__)
[INFO] [stderr]   DEBUG: | %COMPILER "gcc"
[INFO] [stderr]   DEBUG: | %VERSION __GNUC__.__GNUC_MINOR__.__GNUC_PATCHLEVEL__
[INFO] [stderr]   DEBUG: | #endif
[INFO] [stderr]   DEBUG: | 
[INFO] [stderr]   DEBUG: | #if __cplusplus
[INFO] [stderr]   DEBUG: | %cplusplus __cplusplus
[INFO] [stderr]   DEBUG: | #elif __STDC_VERSION__
[INFO] [stderr]   DEBUG: | %STDC_VERSION __STDC_VERSION__
[INFO] [stderr]   DEBUG: | #elif __STDC__
[INFO] [stderr]   DEBUG: | %STDC_VERSION 198900L
[INFO] [stderr]   DEBUG: | #endif
[INFO] [stderr]   DEBUG: | #if __i386__ || _M_IX86
[INFO] [stderr]   DEBUG: | %CPU "x86"
[INFO] [stderr]   DEBUG: | #elif __x86_64__ || _M_X64
[INFO] [stderr]   DEBUG: | %CPU "x86_64"
[INFO] [stderr]   DEBUG: | #elif __arm__ || _M_ARM
[INFO] [stderr]   DEBUG: | %CPU "arm"
[INFO] [stderr]   DEBUG: | #elif __aarch64__
[INFO] [stderr]   DEBUG: | %CPU "aarch64"
[INFO] [stderr]   DEBUG: | #elif __ia64__
[INFO] [stderr]   DEBUG: | %CPU "ia64"
[INFO] [stderr]   DEBUG: | #elif __s390x__
[INFO] [stderr]   DEBUG: | %CPU "s390x"
[INFO] [stderr]   DEBUG: | #elif __s390__
[INFO] [stderr]   DEBUG: | %CPU "s390"
[INFO] [stderr]   DEBUG: | #elif __powerpc64__
[INFO] [stderr]   DEBUG: | %CPU "ppc64"
[INFO] [stderr]   DEBUG: | #elif __powerpc__
[INFO] [stderr]   DEBUG: | %CPU "ppc"
[INFO] [stderr]   DEBUG: | #elif __alpha__
[INFO] [stderr]   DEBUG: | %CPU "Alpha"
[INFO] [stderr]   DEBUG: | #elif __hppa__
[INFO] [stderr]   DEBUG: | %CPU "hppa"
[INFO] [stderr]   DEBUG: | #elif __sparc__ && __arch64__
[INFO] [stderr]   DEBUG: | %CPU "sparc64"
[INFO] [stderr]   DEBUG: | #elif __sparc__
[INFO] [stderr]   DEBUG: | %CPU "sparc"
[INFO] [stderr]   DEBUG: | #elif __mips64
[INFO] [stderr]   DEBUG: | %CPU "mips64"
[INFO] [stderr]   DEBUG: | #elif __mips__
[INFO] [stderr]   DEBUG: | %CPU "mips32"
[INFO] [stderr]   DEBUG: | #elif __sh__
[INFO] [stderr]   DEBUG: | %CPU "sh4"
[INFO] [stderr]   DEBUG: | #endif
[INFO] [stderr]   DEBUG: | #if __FreeBSD_kernel__
[INFO] [stderr]   DEBUG: | %KERNEL "kFreeBSD"
[INFO] [stderr]   DEBUG: | #elif __DragonFly__
[INFO] [stderr]   DEBUG: | %KERNEL "DragonFly"
[INFO] [stderr]   DEBUG: | #elif __OpenBSD__
[INFO] [stderr]   DEBUG: | %KERNEL "OpenBSD"
[INFO] [stderr]   DEBUG: | #elif __sun__
[INFO] [stderr]   DEBUG: | %KERNEL "SunOS"
[INFO] [stderr]   DEBUG: | #elif __FreeBSD__
[INFO] [stderr]   DEBUG: | %KERNEL "FreeBSD"
[INFO] [stderr]   DEBUG: | #elif __linux__
[INFO] [stderr]   DEBUG: | %KERNEL "Linux"
[INFO] [stderr]   DEBUG: | #elif _WIN32 || __CYGWIN__
[INFO] [stderr]   DEBUG: | %KERNEL "WINNT"
[INFO] [stderr]   DEBUG: | #elif __NetBSD__
[INFO] [stderr]   DEBUG: | %KERNEL "NetBSD"
[INFO] [stderr]   DEBUG: | #elif __APPLE__
[INFO] [stderr]   DEBUG: | %KERNEL "Darwin"
[INFO] [stderr]   DEBUG: | #endif
[INFO] [stderr]   DEBUG: | #if _MSC_VER || __BYTE_ORDER__ == __ORDER_LITTLE_ENDIAN__
[INFO] [stderr]   DEBUG: | %ENDIANNESS "little"
[INFO] [stderr]   DEBUG: | #elif __BYTE_ORDER__ == __ORDER_BIG_ENDIAN__
[INFO] [stderr]   DEBUG: | %ENDIANNESS "big"
[INFO] [stderr]   DEBUG: | #endif
[INFO] [stderr]   DEBUG: Executing: `/usr/bin/gcc -std=gnu99 -E /tmp/conftest.ZAMMWy.c`
[INFO] [stderr]   DEBUG: COMPILER = gcc
[INFO] [stderr]   DEBUG: VERSION = 9.3.0
[INFO] [stderr]   DEBUG: STDC_VERSION = 199901L
[INFO] [stderr]   DEBUG: CPU = x86_64
[INFO] [stderr]   DEBUG: KERNEL = Linux
[INFO] [stderr]   DEBUG: ENDIANNESS = little
[INFO] [stderr]   INFO: yes
[INFO] [stderr]   INFO: checking the host C compiler version... 
[INFO] [stderr]   INFO: 9.3.0
[INFO] [stderr]   INFO: checking the host C compiler works... 
[INFO] [stderr]   DEBUG: Creating `/tmp/conftest.Z2SCpc.c` with content:
[INFO] [stderr]   DEBUG: | 
[INFO] [stderr]   DEBUG: | int
[INFO] [stderr]   DEBUG: | main(void)
[INFO] [stderr]   DEBUG: | {
[INFO] [stderr]   DEBUG: | 
[INFO] [stderr]   DEBUG: |   ;
[INFO] [stderr]   DEBUG: |   return 0;
[INFO] [stderr]   DEBUG: | }
[INFO] [stderr]   DEBUG: Executing: `/usr/bin/gcc -std=gnu99 -c /tmp/conftest.Z2SCpc.c`
[INFO] [stderr]   INFO: yes
[INFO] [stderr]   INFO: checking for the host C++ compiler... 
[INFO] [stderr]   DEBUG: _host_cxx: Trying /usr/bin/g++
[INFO] [stderr]   INFO: /usr/bin/g++
[INFO] [stderr]   INFO: checking whether the host C++ compiler can be used... 
[INFO] [stderr]   DEBUG: Creating `/tmp/conftest.vjiITz.cpp` with content:
[INFO] [stderr]   DEBUG: | #if defined(_MSC_VER)
[INFO] [stderr]   DEBUG: | #if defined(__clang__)
[INFO] [stderr]   DEBUG: | %COMPILER "clang-cl"
[INFO] [stderr]   DEBUG: | %VERSION _MSC_FULL_VER
[INFO] [stderr]   DEBUG: | #else
[INFO] [stderr]   DEBUG: | %COMPILER "msvc"
[INFO] [stderr]   DEBUG: | %VERSION _MSC_FULL_VER
[INFO] [stderr]   DEBUG: | #endif
[INFO] [stderr]   DEBUG: | #elif defined(__clang__)
[INFO] [stderr]   DEBUG: | %COMPILER "clang"
[INFO] [stderr]   DEBUG: | #  if !__cplusplus || __has_feature(cxx_alignof)
[INFO] [stderr]   DEBUG: | %VERSION __clang_major__.__clang_minor__.__clang_patchlevel__
[INFO] [stderr]   DEBUG: | #  endif
[INFO] [stderr]   DEBUG: | #elif defined(__GNUC__)
[INFO] [stderr]   DEBUG: | %COMPILER "gcc"
[INFO] [stderr]   DEBUG: | %VERSION __GNUC__.__GNUC_MINOR__.__GNUC_PATCHLEVEL__
[INFO] [stderr]   DEBUG: | #endif
[INFO] [stderr]   DEBUG: | 
[INFO] [stderr]   DEBUG: | #if __cplusplus
[INFO] [stderr]   DEBUG: | %cplusplus __cplusplus
[INFO] [stderr]   DEBUG: | #elif __STDC_VERSION__
[INFO] [stderr]   DEBUG: | %STDC_VERSION __STDC_VERSION__
[INFO] [stderr]   DEBUG: | #elif __STDC__
[INFO] [stderr]   DEBUG: | %STDC_VERSION 198900L
[INFO] [stderr]   DEBUG: | #endif
[INFO] [stderr]   DEBUG: | #if __i386__ || _M_IX86
[INFO] [stderr]   DEBUG: | %CPU "x86"
[INFO] [stderr]   DEBUG: | #elif __x86_64__ || _M_X64
[INFO] [stderr]   DEBUG: | %CPU "x86_64"
[INFO] [stderr]   DEBUG: | #elif __arm__ || _M_ARM
[INFO] [stderr]   DEBUG: | %CPU "arm"
[INFO] [stderr]   DEBUG: | #elif __aarch64__
[INFO] [stderr]   DEBUG: | %CPU "aarch64"
[INFO] [stderr]   DEBUG: | #elif __ia64__
[INFO] [stderr]   DEBUG: | %CPU "ia64"
[INFO] [stderr]   DEBUG: | #elif __s390x__
[INFO] [stderr]   DEBUG: | %CPU "s390x"
[INFO] [stderr]   DEBUG: | #elif __s390__
[INFO] [stderr]   DEBUG: | %CPU "s390"
[INFO] [stderr]   DEBUG: | #elif __powerpc64__
[INFO] [stderr]   DEBUG: | %CPU "ppc64"
[INFO] [stderr]   DEBUG: | #elif __powerpc__
[INFO] [stderr]   DEBUG: | %CPU "ppc"
[INFO] [stderr]   DEBUG: | #elif __alpha__
[INFO] [stderr]   DEBUG: | %CPU "Alpha"
[INFO] [stderr]   DEBUG: | #elif __hppa__
[INFO] [stderr]   DEBUG: | %CPU "hppa"
[INFO] [stderr]   DEBUG: | #elif __sparc__ && __arch64__
[INFO] [stderr]   DEBUG: | %CPU "sparc64"
[INFO] [stderr]   DEBUG: | #elif __sparc__
[INFO] [stderr]   DEBUG: | %CPU "sparc"
[INFO] [stderr]   DEBUG: | #elif __mips64
[INFO] [stderr]   DEBUG: | %CPU "mips64"
[INFO] [stderr]   DEBUG: | #elif __mips__
[INFO] [stderr]   DEBUG: | %CPU "mips32"
[INFO] [stderr]   DEBUG: | #elif __sh__
[INFO] [stderr]   DEBUG: | %CPU "sh4"
[INFO] [stderr]   DEBUG: | #endif
[INFO] [stderr]   DEBUG: | #if __FreeBSD_kernel__
[INFO] [stderr]   DEBUG: | %KERNEL "kFreeBSD"
[INFO] [stderr]   DEBUG: | #elif __DragonFly__
[INFO] [stderr]   DEBUG: | %KERNEL "DragonFly"
[INFO] [stderr]   DEBUG: | #elif __OpenBSD__
[INFO] [stderr]   DEBUG: | %KERNEL "OpenBSD"
[INFO] [stderr]   DEBUG: | #elif __sun__
[INFO] [stderr]   DEBUG: | %KERNEL "SunOS"
[INFO] [stderr]   DEBUG: | #elif __FreeBSD__
[INFO] [stderr]   DEBUG: | %KERNEL "FreeBSD"
[INFO] [stderr]   DEBUG: | #elif __linux__
[INFO] [stderr]   DEBUG: | %KERNEL "Linux"
[INFO] [stderr]   DEBUG: | #elif _WIN32 || __CYGWIN__
[INFO] [stderr]   DEBUG: | %KERNEL "WINNT"
[INFO] [stderr]   DEBUG: | #elif __NetBSD__
[INFO] [stderr]   DEBUG: | %KERNEL "NetBSD"
[INFO] [stderr]   DEBUG: | #elif __APPLE__
[INFO] [stderr]   DEBUG: | %KERNEL "Darwin"
[INFO] [stderr]   DEBUG: | #endif
[INFO] [stderr]   DEBUG: | #if _MSC_VER || __BYTE_ORDER__ == __ORDER_LITTLE_ENDIAN__
[INFO] [stderr]   DEBUG: | %ENDIANNESS "little"
[INFO] [stderr]   DEBUG: | #elif __BYTE_ORDER__ == __ORDER_BIG_ENDIAN__
[INFO] [stderr]   DEBUG: | %ENDIANNESS "big"
[INFO] [stderr]   DEBUG: | #endif
[INFO] [stderr]   DEBUG: Executing: `/usr/bin/g++ -E /tmp/conftest.vjiITz.cpp`
[INFO] [stderr]   DEBUG: COMPILER = gcc
[INFO] [stderr]   DEBUG: VERSION = 9.3.0
[INFO] [stderr]   DEBUG: cplusplus = 201402L
[INFO] [stderr]   DEBUG: CPU = x86_64
[INFO] [stderr]   DEBUG: KERNEL = Linux
[INFO] [stderr]   DEBUG: ENDIANNESS = little
[INFO] [stderr]   INFO: yes
[INFO] [stderr]   INFO: checking the host C++ compiler version... 
[INFO] [stderr]   INFO: 9.3.0
[INFO] [stderr]   INFO: checking the host C++ compiler works... 
[INFO] [stderr]   DEBUG: Creating `/tmp/conftest.mv2PcH.cpp` with content:
[INFO] [stderr]   DEBUG: | 
[INFO] [stderr]   DEBUG: | int
[INFO] [stderr]   DEBUG: | main(void)
[INFO] [stderr]   DEBUG: | {
[INFO] [stderr]   DEBUG: | 
[INFO] [stderr]   DEBUG: |   ;
[INFO] [stderr]   DEBUG: |   return 0;
[INFO] [stderr]   DEBUG: | }
[INFO] [stderr]   DEBUG: Executing: `/usr/bin/g++ -c /tmp/conftest.mv2PcH.cpp`
[INFO] [stderr]   INFO: yes
[INFO] [stderr]   INFO: checking for 64-bit OS... 
[INFO] [stderr]   DEBUG: Creating `/tmp/conftest.KLkhao.cpp` with content:
[INFO] [stderr]   DEBUG: | 
[INFO] [stderr]   DEBUG: | int
[INFO] [stderr]   DEBUG: | main(void)
[INFO] [stderr]   DEBUG: | {
[INFO] [stderr]   DEBUG: | static_assert(sizeof(void *) == 8, "")
[INFO] [stderr]   DEBUG: |   ;
[INFO] [stderr]   DEBUG: |   return 0;
[INFO] [stderr]   DEBUG: | }
[INFO] [stderr]   DEBUG: Executing: `/usr/bin/g++ -c /tmp/conftest.KLkhao.cpp`
[INFO] [stderr]   INFO: yes
[INFO] [stderr]   INFO: checking bindgen cflags... 
[INFO] [stderr]   INFO: no
[INFO] [stderr]   INFO: checking for linker... 
[INFO] [stderr]   DEBUG: Executing: `/usr/bin/gcc -std=gnu99 -print-prog-name=ld.gold`
[INFO] [stderr]   DEBUG: Executing: `/usr/bin/gcc -std=gnu99 -B /opt/rustwide/target/debug/build/mozjs_sys-0ced5babd35cff58/out/build/unix/gold -Wl,--version`
[INFO] [stderr]   INFO: gold
[INFO] [stderr]   INFO: checking for stdint.h... 
[INFO] [stderr]   DEBUG: Creating `/tmp/conftest.wpr1st.cpp` with content:
[INFO] [stderr]   DEBUG: | #include <stdint.h>
[INFO] [stderr]   DEBUG: | int
[INFO] [stderr]   DEBUG: | main(void)
[INFO] [stderr]   DEBUG: | {
[INFO] [stderr]   DEBUG: | 
[INFO] [stderr]   DEBUG: |   ;
[INFO] [stderr]   DEBUG: |   return 0;
[INFO] [stderr]   DEBUG: | }
[INFO] [stderr]   DEBUG: Executing: `/usr/bin/g++ -c /tmp/conftest.wpr1st.cpp`
[INFO] [stderr]   INFO: yes
[INFO] [stderr]   INFO: checking for inttypes.h... 
[INFO] [stderr]   DEBUG: Creating `/tmp/conftest.ixA9yj.cpp` with content:
[INFO] [stderr]   DEBUG: | #include <inttypes.h>
[INFO] [stderr]   DEBUG: | int
[INFO] [stderr]   DEBUG: | main(void)
[INFO] [stderr]   DEBUG: | {
[INFO] [stderr]   DEBUG: | 
[INFO] [stderr]   DEBUG: |   ;
[INFO] [stderr]   DEBUG: |   return 0;
[INFO] [stderr]   DEBUG: | }
[INFO] [stderr]   DEBUG: Executing: `/usr/bin/g++ -c /tmp/conftest.ixA9yj.cpp`
[INFO] [stderr]   INFO: yes
[INFO] [stderr]   INFO: checking for malloc.h... 
[INFO] [stderr]   DEBUG: Creating `/tmp/conftest.9kWfI1.cpp` with content:
[INFO] [stderr]   DEBUG: | #include <malloc.h>
[INFO] [stderr]   DEBUG: | int
[INFO] [stderr]   DEBUG: | main(void)
[INFO] [stderr]   DEBUG: | {
[INFO] [stderr]   DEBUG: | 
[INFO] [stderr]   DEBUG: |   ;
[INFO] [stderr]   DEBUG: |   return 0;
[INFO] [stderr]   DEBUG: | }
[INFO] [stderr]   DEBUG: Executing: `/usr/bin/g++ -c /tmp/conftest.9kWfI1.cpp`
[INFO] [stderr]   INFO: yes
[INFO] [stderr]   INFO: checking for alloca.h... 
[INFO] [stderr]   DEBUG: Creating `/tmp/conftest.z1gmFt.cpp` with content:
[INFO] [stderr]   DEBUG: | #include <alloca.h>
[INFO] [stderr]   DEBUG: | int
[INFO] [stderr]   DEBUG: | main(void)
[INFO] [stderr]   DEBUG: | {
[INFO] [stderr]   DEBUG: | 
[INFO] [stderr]   DEBUG: |   ;
[INFO] [stderr]   DEBUG: |   return 0;
[INFO] [stderr]   DEBUG: | }
[INFO] [stderr]   DEBUG: Executing: `/usr/bin/g++ -c /tmp/conftest.z1gmFt.cpp`
[INFO] [stderr]   INFO: yes
[INFO] [stderr]   INFO: checking for sys/byteorder.h... 
[INFO] [stderr]   DEBUG: Creating `/tmp/conftest.f8f9Xm.cpp` with content:
[INFO] [stderr]   DEBUG: | #include <sys/byteorder.h>
[INFO] [stderr]   DEBUG: | int
[INFO] [stderr]   DEBUG: | main(void)
[INFO] [stderr]   DEBUG: | {
[INFO] [stderr]   DEBUG: | 
[INFO] [stderr]   DEBUG: |   ;
[INFO] [stderr]   DEBUG: |   return 0;
[INFO] [stderr]   DEBUG: | }
[INFO] [stderr]   DEBUG: Executing: `/usr/bin/g++ -c /tmp/conftest.f8f9Xm.cpp`
[INFO] [stderr]   DEBUG: The command returned non-zero exit status 1.
[INFO] [stderr]   DEBUG: Its error output was:
[INFO] [stderr]   DEBUG: | /tmp/conftest.f8f9Xm.cpp:1:10: fatal error: sys/byteorder.h: No such file or directory
[INFO] [stderr]   DEBUG: |     1 | #include <sys/byteorder.h>
[INFO] [stderr]   DEBUG: |       |          ^~~~~~~~~~~~~~~~~
[INFO] [stderr]   DEBUG: | compilation terminated.
[INFO] [stderr]   INFO: no
[INFO] [stderr]   INFO: checking for getopt.h... 
[INFO] [stderr]   DEBUG: Creating `/tmp/conftest.vgPTNO.cpp` with content:
[INFO] [stderr]   DEBUG: | #include <getopt.h>
[INFO] [stderr]   DEBUG: | int
[INFO] [stderr]   DEBUG: | main(void)
[INFO] [stderr]   DEBUG: | {
[INFO] [stderr]   DEBUG: | 
[INFO] [stderr]   DEBUG: |   ;
[INFO] [stderr]   DEBUG: |   return 0;
[INFO] [stderr]   DEBUG: | }
[INFO] [stderr]   DEBUG: Executing: `/usr/bin/g++ -c /tmp/conftest.vgPTNO.cpp`
[INFO] [stderr]   INFO: yes
[INFO] [stderr]   INFO: checking for unistd.h... 
[INFO] [stderr]   DEBUG: Creating `/tmp/conftest.melDxP.cpp` with content:
[INFO] [stderr]   DEBUG: | #include <unistd.h>
[INFO] [stderr]   DEBUG: | int
[INFO] [stderr]   DEBUG: | main(void)
[INFO] [stderr]   DEBUG: | {
[INFO] [stderr]   DEBUG: | 
[INFO] [stderr]   DEBUG: |   ;
[INFO] [stderr]   DEBUG: |   return 0;
[INFO] [stderr]   DEBUG: | }
[INFO] [stderr]   DEBUG: Executing: `/usr/bin/g++ -c /tmp/conftest.melDxP.cpp`
[INFO] [stderr]   INFO: yes
[INFO] [stderr]   INFO: checking for nl_types.h... 
[INFO] [stderr]   DEBUG: Creating `/tmp/conftest.Ud4_QB.cpp` with content:
[INFO] [stderr]   DEBUG: | #include <nl_types.h>
[INFO] [stderr]   DEBUG: | int
[INFO] [stderr]   DEBUG: | main(void)
[INFO] [stderr]   DEBUG: | {
[INFO] [stderr]   DEBUG: | 
[INFO] [stderr]   DEBUG: |   ;
[INFO] [stderr]   DEBUG: |   return 0;
[INFO] [stderr]   DEBUG: | }
[INFO] [stderr]   DEBUG: Executing: `/usr/bin/g++ -c /tmp/conftest.Ud4_QB.cpp`
[INFO] [stderr]   INFO: yes
[INFO] [stderr]   INFO: checking for cpuid.h... 
[INFO] [stderr]   DEBUG: Creating `/tmp/conftest.zG5OFR.cpp` with content:
[INFO] [stderr]   DEBUG: | #include <cpuid.h>
[INFO] [stderr]   DEBUG: | int
[INFO] [stderr]   DEBUG: | main(void)
[INFO] [stderr]   DEBUG: | {
[INFO] [stderr]   DEBUG: | 
[INFO] [stderr]   DEBUG: |   ;
[INFO] [stderr]   DEBUG: |   return 0;
[INFO] [stderr]   DEBUG: | }
[INFO] [stderr]   DEBUG: Executing: `/usr/bin/g++ -c /tmp/conftest.zG5OFR.cpp`
[INFO] [stderr]   INFO: yes
[INFO] [stderr]   INFO: checking for sys/statvfs.h... 
[INFO] [stderr]   DEBUG: Creating `/tmp/conftest.t6ODxY.cpp` with content:
[INFO] [stderr]   DEBUG: | #include <sys/statvfs.h>
[INFO] [stderr]   DEBUG: | int
[INFO] [stderr]   DEBUG: | main(void)
[INFO] [stderr]   DEBUG: | {
[INFO] [stderr]   DEBUG: | 
[INFO] [stderr]   DEBUG: |   ;
[INFO] [stderr]   DEBUG: |   return 0;
[INFO] [stderr]   DEBUG: | }
[INFO] [stderr]   DEBUG: Executing: `/usr/bin/g++ -c /tmp/conftest.t6ODxY.cpp`
[INFO] [stderr]   INFO: yes
[INFO] [stderr]   INFO: checking for sys/statfs.h... 
[INFO] [stderr]   DEBUG: Creating `/tmp/conftest.YX3u7j.cpp` with content:
[INFO] [stderr]   DEBUG: | #include <sys/statfs.h>
[INFO] [stderr]   DEBUG: | int
[INFO] [stderr]   DEBUG: | main(void)
[INFO] [stderr]   DEBUG: | {
[INFO] [stderr]   DEBUG: | 
[INFO] [stderr]   DEBUG: |   ;
[INFO] [stderr]   DEBUG: |   return 0;
[INFO] [stderr]   DEBUG: | }
[INFO] [stderr]   DEBUG: Executing: `/usr/bin/g++ -c /tmp/conftest.YX3u7j.cpp`
[INFO] [stderr]   INFO: yes
[INFO] [stderr]   INFO: checking for sys/vfs.h... 
[INFO] [stderr]   DEBUG: Creating `/tmp/conftest.8etkp0.cpp` with content:
[INFO] [stderr]   DEBUG: | #include <sys/vfs.h>
[INFO] [stderr]   DEBUG: | int
[INFO] [stderr]   DEBUG: | main(void)
[INFO] [stderr]   DEBUG: | {
[INFO] [stderr]   DEBUG: | 
[INFO] [stderr]   DEBUG: |   ;
[INFO] [stderr]   DEBUG: |   return 0;
[INFO] [stderr]   DEBUG: | }
[INFO] [stderr]   DEBUG: Executing: `/usr/bin/g++ -c /tmp/conftest.8etkp0.cpp`
[INFO] [stderr]   INFO: yes
[INFO] [stderr]   INFO: checking for sys/mount.h... 
[INFO] [stderr]   DEBUG: Creating `/tmp/conftest.6pB4tR.cpp` with content:
[INFO] [stderr]   DEBUG: | #include <sys/mount.h>
[INFO] [stderr]   DEBUG: | int
[INFO] [stderr]   DEBUG: | main(void)
[INFO] [stderr]   DEBUG: | {
[INFO] [stderr]   DEBUG: | 
[INFO] [stderr]   DEBUG: |   ;
[INFO] [stderr]   DEBUG: |   return 0;
[INFO] [stderr]   DEBUG: | }
[INFO] [stderr]   DEBUG: Executing: `/usr/bin/g++ -c /tmp/conftest.6pB4tR.cpp`
[INFO] [stderr]   INFO: yes
[INFO] [stderr]   INFO: checking for sys/quota.h... 
[INFO] [stderr]   DEBUG: Creating `/tmp/conftest.1ysFDu.cpp` with content:
[INFO] [stderr]   DEBUG: | #include <sys/quota.h>
[INFO] [stderr]   DEBUG: | int
[INFO] [stderr]   DEBUG: | main(void)
[INFO] [stderr]   DEBUG: | {
[INFO] [stderr]   DEBUG: | quotactl(0, nullptr, 0, (caddr_t)nullptr);
[INFO] [stderr]   DEBUG: |   ;
[INFO] [stderr]   DEBUG: |   return 0;
[INFO] [stderr]   DEBUG: | }
[INFO] [stderr]   DEBUG: Executing: `/usr/bin/g++ -c /tmp/conftest.1ysFDu.cpp`
[INFO] [stderr]   INFO: yes
[INFO] [stderr]   INFO: checking for linux/quota.h... 
[INFO] [stderr]   DEBUG: Creating `/tmp/conftest.i_n6gp.cpp` with content:
[INFO] [stderr]   DEBUG: | #include <sys/socket.h>
[INFO] [stderr]   DEBUG: | #include <linux/quota.h>
[INFO] [stderr]   DEBUG: | int
[INFO] [stderr]   DEBUG: | main(void)
[INFO] [stderr]   DEBUG: | {
[INFO] [stderr]   DEBUG: | 
[INFO] [stderr]   DEBUG: |   ;
[INFO] [stderr]   DEBUG: |   return 0;
[INFO] [stderr]   DEBUG: | }
[INFO] [stderr]   DEBUG: Executing: `/usr/bin/g++ -c /tmp/conftest.i_n6gp.cpp`
[INFO] [stderr]   INFO: yes
[INFO] [stderr]   INFO: checking for linux/if_addr.h... 
[INFO] [stderr]   DEBUG: Creating `/tmp/conftest.wPsgJf.cpp` with content:
[INFO] [stderr]   DEBUG: | #include <sys/socket.h>
[INFO] [stderr]   DEBUG: | #include <linux/if_addr.h>
[INFO] [stderr]   DEBUG: | int
[INFO] [stderr]   DEBUG: | main(void)
[INFO] [stderr]   DEBUG: | {
[INFO] [stderr]   DEBUG: | 
[INFO] [stderr]   DEBUG: |   ;
[INFO] [stderr]   DEBUG: |   return 0;
[INFO] [stderr]   DEBUG: | }
[INFO] [stderr]   DEBUG: Executing: `/usr/bin/g++ -c /tmp/conftest.wPsgJf.cpp`
[INFO] [stderr]   INFO: yes
[INFO] [stderr]   INFO: checking for linux/rtnetlink.h... 
[INFO] [stderr]   DEBUG: Creating `/tmp/conftest.j53PMc.cpp` with content:
[INFO] [stderr]   DEBUG: | #include <sys/socket.h>
[INFO] [stderr]   DEBUG: | #include <linux/rtnetlink.h>
[INFO] [stderr]   DEBUG: | int
[INFO] [stderr]   DEBUG: | main(void)
[INFO] [stderr]   DEBUG: | {
[INFO] [stderr]   DEBUG: | 
[INFO] [stderr]   DEBUG: |   ;
[INFO] [stderr]   DEBUG: |   return 0;
[INFO] [stderr]   DEBUG: | }
[INFO] [stderr]   DEBUG: Executing: `/usr/bin/g++ -c /tmp/conftest.j53PMc.cpp`
[INFO] [stderr]   INFO: yes
[INFO] [stderr]   INFO: checking for sys/queue.h... 
[INFO] [stderr]   DEBUG: Creating `/tmp/conftest.0tixc3.cpp` with content:
[INFO] [stderr]   DEBUG: | #include <sys/queue.h>
[INFO] [stderr]   DEBUG: | int
[INFO] [stderr]   DEBUG: | main(void)
[INFO] [stderr]   DEBUG: | {
[INFO] [stderr]   DEBUG: | 
[INFO] [stderr]   DEBUG: |   ;
[INFO] [stderr]   DEBUG: |   return 0;
[INFO] [stderr]   DEBUG: | }
[INFO] [stderr]   DEBUG: Executing: `/usr/bin/g++ -c /tmp/conftest.0tixc3.cpp`
[INFO] [stderr]   INFO: yes
[INFO] [stderr]   INFO: checking for sys/types.h... 
[INFO] [stderr]   DEBUG: Creating `/tmp/conftest.75PkBq.cpp` with content:
[INFO] [stderr]   DEBUG: | #include <sys/types.h>
[INFO] [stderr]   DEBUG: | int
[INFO] [stderr]   DEBUG: | main(void)
[INFO] [stderr]   DEBUG: | {
[INFO] [stderr]   DEBUG: | 
[INFO] [stderr]   DEBUG: |   ;
[INFO] [stderr]   DEBUG: |   return 0;
[INFO] [stderr]   DEBUG: | }
[INFO] [stderr]   DEBUG: Executing: `/usr/bin/g++ -c /tmp/conftest.75PkBq.cpp`
[INFO] [stderr]   INFO: yes
[INFO] [stderr]   INFO: checking for netinet/in.h... 
[INFO] [stderr]   DEBUG: Creating `/tmp/conftest.xbLZ22.cpp` with content:
[INFO] [stderr]   DEBUG: | #include <netinet/in.h>
[INFO] [stderr]   DEBUG: | int
[INFO] [stderr]   DEBUG: | main(void)
[INFO] [stderr]   DEBUG: | {
[INFO] [stderr]   DEBUG: | 
[INFO] [stderr]   DEBUG: |   ;
[INFO] [stderr]   DEBUG: |   return 0;
[INFO] [stderr]   DEBUG: | }
[INFO] [stderr]   DEBUG: Executing: `/usr/bin/g++ -c /tmp/conftest.xbLZ22.cpp`
[INFO] [stderr]   INFO: yes
[INFO] [stderr]   INFO: checking for byteswap.h... 
[INFO] [stderr]   DEBUG: Creating `/tmp/conftest.g4Eqa9.cpp` with content:
[INFO] [stderr]   DEBUG: | #include <byteswap.h>
[INFO] [stderr]   DEBUG: | int
[INFO] [stderr]   DEBUG: | main(void)
[INFO] [stderr]   DEBUG: | {
[INFO] [stderr]   DEBUG: | 
[INFO] [stderr]   DEBUG: |   ;
[INFO] [stderr]   DEBUG: |   return 0;
[INFO] [stderr]   DEBUG: | }
[INFO] [stderr]   DEBUG: Executing: `/usr/bin/g++ -c /tmp/conftest.g4Eqa9.cpp`
[INFO] [stderr]   INFO: yes
[INFO] [stderr]   INFO: checking for linux/perf_event.h... 
[INFO] [stderr]   DEBUG: Creating `/tmp/conftest.AFSDnB.cpp` with content:
[INFO] [stderr]   DEBUG: | #include <linux/perf_event.h>
[INFO] [stderr]   DEBUG: | int
[INFO] [stderr]   DEBUG: | main(void)
[INFO] [stderr]   DEBUG: | {
[INFO] [stderr]   DEBUG: | 
[INFO] [stderr]   DEBUG: |   ;
[INFO] [stderr]   DEBUG: |   return 0;
[INFO] [stderr]   DEBUG: | }
[INFO] [stderr]   DEBUG: Executing: `/usr/bin/g++ -c /tmp/conftest.AFSDnB.cpp`
[INFO] [stderr]   INFO: yes
[INFO] [stderr]   INFO: checking for perf_event_open system call... 
[INFO] [stderr]   DEBUG: Creating `/tmp/conftest.b5sUCz.cpp` with content:
[INFO] [stderr]   DEBUG: | #include <asm/unistd.h>
[INFO] [stderr]   DEBUG: | int
[INFO] [stderr]   DEBUG: | main(void)
[INFO] [stderr]   DEBUG: | {
[INFO] [stderr]   DEBUG: | return sizeof(__NR_perf_event_open);
[INFO] [stderr]   DEBUG: |   ;
[INFO] [stderr]   DEBUG: |   return 0;
[INFO] [stderr]   DEBUG: | }
[INFO] [stderr]   DEBUG: Executing: `/usr/bin/g++ -c /tmp/conftest.b5sUCz.cpp`
[INFO] [stderr]   INFO: yes
[INFO] [stderr]   INFO: checking whether the C compiler supports -Wunreachable-code-return... 
[INFO] [stderr]   DEBUG: Creating `/tmp/conftest.j_At3n.c` with content:
[INFO] [stderr]   DEBUG: | 
[INFO] [stderr]   DEBUG: | int
[INFO] [stderr]   DEBUG: | main(void)
[INFO] [stderr]   DEBUG: | {
[INFO] [stderr]   DEBUG: | 
[INFO] [stderr]   DEBUG: |   ;
[INFO] [stderr]   DEBUG: |   return 0;
[INFO] [stderr]   DEBUG: | }
[INFO] [stderr]   DEBUG: Executing: `/usr/bin/gcc -std=gnu99 -Werror -Wunreachable-code-return -c /tmp/conftest.j_At3n.c`
[INFO] [stderr]   DEBUG: The command returned non-zero exit status 1.
[INFO] [stderr]   DEBUG: Its error output was:
[INFO] [stderr]   DEBUG: | gcc: error: unrecognized command line option '-Wunreachable-code-return'; did you mean '-Wunreachable-code'?
[INFO] [stderr]   INFO: no
[INFO] [stderr]   INFO: checking whether the C++ compiler supports -Wunreachable-code-return... 
[INFO] [stderr]   DEBUG: Creating `/tmp/conftest.nbQ3Ty.cpp` with content:
[INFO] [stderr]   DEBUG: | 
[INFO] [stderr]   DEBUG: | int
[INFO] [stderr]   DEBUG: | main(void)
[INFO] [stderr]   DEBUG: | {
[INFO] [stderr]   DEBUG: | 
[INFO] [stderr]   DEBUG: |   ;
[INFO] [stderr]   DEBUG: |   return 0;
[INFO] [stderr]   DEBUG: | }
[INFO] [stderr]   DEBUG: Executing: `/usr/bin/g++ -Werror -Wunreachable-code-return -c -c /tmp/conftest.nbQ3Ty.cpp`
[INFO] [stderr]   DEBUG: The command returned non-zero exit status 1.
[INFO] [stderr]   DEBUG: Its error output was:
[INFO] [stderr]   DEBUG: | g++: error: unrecognized command line option '-Wunreachable-code-return'; did you mean '-Wunreachable-code'?
[INFO] [stderr]   INFO: no
[INFO] [stderr]   INFO: checking whether the C compiler supports -Wclass-varargs... 
[INFO] [stderr]   DEBUG: Creating `/tmp/conftest.4lxURl.c` with content:
[INFO] [stderr]   DEBUG: | 
[INFO] [stderr]   DEBUG: | int
[INFO] [stderr]   DEBUG: | main(void)
[INFO] [stderr]   DEBUG: | {
[INFO] [stderr]   DEBUG: | 
[INFO] [stderr]   DEBUG: |   ;
[INFO] [stderr]   DEBUG: |   return 0;
[INFO] [stderr]   DEBUG: | }
[INFO] [stderr]   DEBUG: Executing: `/usr/bin/gcc -std=gnu99 -Werror -Wclass-varargs -c /tmp/conftest.4lxURl.c`
[INFO] [stderr]   DEBUG: The command returned non-zero exit status 1.
[INFO] [stderr]   DEBUG: Its error output was:
[INFO] [stderr]   DEBUG: | gcc: error: unrecognized command line option '-Wclass-varargs'; did you mean '-Wno-varargs'?
[INFO] [stderr]   INFO: no
[INFO] [stderr]   INFO: checking whether the C++ compiler supports -Wclass-varargs... 
[INFO] [stderr]   DEBUG: Creating `/tmp/conftest.2oym7h.cpp` with content:
[INFO] [stderr]   DEBUG: | 
[INFO] [stderr]   DEBUG: | int
[INFO] [stderr]   DEBUG: | main(void)
[INFO] [stderr]   DEBUG: | {
[INFO] [stderr]   DEBUG: | 
[INFO] [stderr]   DEBUG: |   ;
[INFO] [stderr]   DEBUG: |   return 0;
[INFO] [stderr]   DEBUG: | }
[INFO] [stderr]   DEBUG: Executing: `/usr/bin/g++ -Werror -Wclass-varargs -c -c /tmp/conftest.2oym7h.cpp`
[INFO] [stderr]   DEBUG: The command returned non-zero exit status 1.
[INFO] [stderr]   DEBUG: Its error output was:
[INFO] [stderr]   DEBUG: | g++: error: unrecognized command line option '-Wclass-varargs'; did you mean '-Wno-varargs'?
[INFO] [stderr]   INFO: no
[INFO] [stderr]   INFO: checking whether the C compiler supports -Wloop-analysis... 
[INFO] [stderr]   DEBUG: Creating `/tmp/conftest.dDaVC2.c` with content:
[INFO] [stderr]   DEBUG: | 
[INFO] [stderr]   DEBUG: | int
[INFO] [stderr]   DEBUG: | main(void)
[INFO] [stderr]   DEBUG: | {
[INFO] [stderr]   DEBUG: | 
[INFO] [stderr]   DEBUG: |   ;
[INFO] [stderr]   DEBUG: |   return 0;
[INFO] [stderr]   DEBUG: | }
[INFO] [stderr]   DEBUG: Executing: `/usr/bin/gcc -std=gnu99 -Werror -Wloop-analysis -c /tmp/conftest.dDaVC2.c`
[INFO] [stderr]   DEBUG: The command returned non-zero exit status 1.
[INFO] [stderr]   DEBUG: Its error output was:
[INFO] [stderr]   DEBUG: | gcc: error: unrecognized command line option '-Wloop-analysis'
[INFO] [stderr]   INFO: no
[INFO] [stderr]   INFO: checking whether the C++ compiler supports -Wloop-analysis... 
[INFO] [stderr]   DEBUG: Creating `/tmp/conftest.nKXoOE.cpp` with content:
[INFO] [stderr]   DEBUG: | 
[INFO] [stderr]   DEBUG: | int
[INFO] [stderr]   DEBUG: | main(void)
[INFO] [stderr]   DEBUG: | {
[INFO] [stderr]   DEBUG: | 
[INFO] [stderr]   DEBUG: |   ;
[INFO] [stderr]   DEBUG: |   return 0;
[INFO] [stderr]   DEBUG: | }
[INFO] [stderr]   DEBUG: Executing: `/usr/bin/g++ -Werror -Wloop-analysis -c -c /tmp/conftest.nKXoOE.cpp`
[INFO] [stderr]   DEBUG: The command returned non-zero exit status 1.
[INFO] [stderr]   DEBUG: Its error output was:
[INFO] [stderr]   DEBUG: | g++: error: unrecognized command line option '-Wloop-analysis'
[INFO] [stderr]   INFO: no
[INFO] [stderr]   INFO: checking whether the C++ compiler supports -Wc++1z-compat... 
[INFO] [stderr]   DEBUG: Creating `/tmp/conftest._o6JCI.cpp` with content:
[INFO] [stderr]   DEBUG: | 
[INFO] [stderr]   DEBUG: | int
[INFO] [stderr]   DEBUG: | main(void)
[INFO] [stderr]   DEBUG: | {
[INFO] [stderr]   DEBUG: | 
[INFO] [stderr]   DEBUG: |   ;
[INFO] [stderr]   DEBUG: |   return 0;
[INFO] [stderr]   DEBUG: | }
[INFO] [stderr]   DEBUG: Executing: `/usr/bin/g++ -Werror -Wc++1z-compat -c /tmp/conftest._o6JCI.cpp`
[INFO] [stderr]   INFO: yes
[INFO] [stderr]   INFO: checking whether the C++ compiler supports -Wcomma... 
[INFO] [stderr]   DEBUG: Creating `/tmp/conftest.gMWryO.cpp` with content:
[INFO] [stderr]   DEBUG: | 
[INFO] [stderr]   DEBUG: | int
[INFO] [stderr]   DEBUG: | main(void)
[INFO] [stderr]   DEBUG: | {
[INFO] [stderr]   DEBUG: | 
[INFO] [stderr]   DEBUG: |   ;
[INFO] [stderr]   DEBUG: |   return 0;
[INFO] [stderr]   DEBUG: | }
[INFO] [stderr]   DEBUG: Executing: `/usr/bin/g++ -Werror -Wcomma -c /tmp/conftest.gMWryO.cpp`
[INFO] [stderr]   DEBUG: The command returned non-zero exit status 1.
[INFO] [stderr]   DEBUG: Its error output was:
[INFO] [stderr]   DEBUG: | g++: error: unrecognized command line option '-Wcomma'; did you mean '-Wcomment'?
[INFO] [stderr]   INFO: no
[INFO] [stderr]   INFO: checking whether the C compiler supports -Wduplicated-cond... 
[INFO] [stderr]   DEBUG: Creating `/tmp/conftest.6Iw7MK.c` with content:
[INFO] [stderr]   DEBUG: | 
[INFO] [stderr]   DEBUG: | int
[INFO] [stderr]   DEBUG: | main(void)
[INFO] [stderr]   DEBUG: | {
[INFO] [stderr]   DEBUG: | 
[INFO] [stderr]   DEBUG: |   ;
[INFO] [stderr]   DEBUG: |   return 0;
[INFO] [stderr]   DEBUG: | }
[INFO] [stderr]   DEBUG: Executing: `/usr/bin/gcc -std=gnu99 -Werror -Wduplicated-cond -c /tmp/conftest.6Iw7MK.c`
[INFO] [stderr]   INFO: yes
[INFO] [stderr]   INFO: checking whether the C++ compiler supports -Wduplicated-cond... 
[INFO] [stderr]   DEBUG: Creating `/tmp/conftest.BPfXDF.cpp` with content:
[INFO] [stderr]   DEBUG: | 
[INFO] [stderr]   DEBUG: | int
[INFO] [stderr]   DEBUG: | main(void)
[INFO] [stderr]   DEBUG: | {
[INFO] [stderr]   DEBUG: | 
[INFO] [stderr]   DEBUG: |   ;
[INFO] [stderr]   DEBUG: |   return 0;
[INFO] [stderr]   DEBUG: | }
[INFO] [stderr]   DEBUG: Executing: `/usr/bin/g++ -Werror -Wduplicated-cond -c -c /tmp/conftest.BPfXDF.cpp`
[INFO] [stderr]   INFO: yes
[INFO] [stderr]   INFO: checking whether the C++ compiler supports -Wimplicit-fallthrough... 
[INFO] [stderr]   DEBUG: Creating `/tmp/conftest.qXEEUH.cpp` with content:
[INFO] [stderr]   DEBUG: | 
[INFO] [stderr]   DEBUG: | int
[INFO] [stderr]   DEBUG: | main(void)
[INFO] [stderr]   DEBUG: | {
[INFO] [stderr]   DEBUG: | 
[INFO] [stderr]   DEBUG: |   ;
[INFO] [stderr]   DEBUG: |   return 0;
[INFO] [stderr]   DEBUG: | }
[INFO] [stderr]   DEBUG: Executing: `/usr/bin/g++ -Werror -Wimplicit-fallthrough -c /tmp/conftest.qXEEUH.cpp`
[INFO] [stderr]   INFO: yes
[INFO] [stderr]   INFO: checking whether the C compiler supports -Wstring-conversion... 
[INFO] [stderr]   DEBUG: Creating `/tmp/conftest.fTPFLr.c` with content:
[INFO] [stderr]   DEBUG: | 
[INFO] [stderr]   DEBUG: | int
[INFO] [stderr]   DEBUG: | main(void)
[INFO] [stderr]   DEBUG: | {
[INFO] [stderr]   DEBUG: | 
[INFO] [stderr]   DEBUG: |   ;
[INFO] [stderr]   DEBUG: |   return 0;
[INFO] [stderr]   DEBUG: | }
[INFO] [stderr]   DEBUG: Executing: `/usr/bin/gcc -std=gnu99 -Werror -Wstring-conversion -c /tmp/conftest.fTPFLr.c`
[INFO] [stderr]   DEBUG: The command returned non-zero exit status 1.
[INFO] [stderr]   DEBUG: Its error output was:
[INFO] [stderr]   DEBUG: | gcc: error: unrecognized command line option '-Wstring-conversion'; did you mean '-Wsign-conversion'?
[INFO] [stderr]   INFO: no
[INFO] [stderr]   INFO: checking whether the C++ compiler supports -Wstring-conversion... 
[INFO] [stderr]   DEBUG: Creating `/tmp/conftest.8t1EFY.cpp` with content:
[INFO] [stderr]   DEBUG: | 
[INFO] [stderr]   DEBUG: | int
[INFO] [stderr]   DEBUG: | main(void)
[INFO] [stderr]   DEBUG: | {
[INFO] [stderr]   DEBUG: | 
[INFO] [stderr]   DEBUG: |   ;
[INFO] [stderr]   DEBUG: |   return 0;
[INFO] [stderr]   DEBUG: | }
[INFO] [stderr]   DEBUG: Executing: `/usr/bin/g++ -Werror -Wstring-conversion -c -c /tmp/conftest.8t1EFY.cpp`
[INFO] [stderr]   DEBUG: The command returned non-zero exit status 1.
[INFO] [stderr]   DEBUG: Its error output was:
[INFO] [stderr]   DEBUG: | g++: error: unrecognized command line option '-Wstring-conversion'; did you mean '-Wsign-conversion'?
[INFO] [stderr]   INFO: no
[INFO] [stderr]   INFO: checking whether the C++ compiler supports -Wno-inline-new-delete... 
[INFO] [stderr]   DEBUG: Creating `/tmp/conftest.TWhuny.cpp` with content:
[INFO] [stderr]   DEBUG: | 
[INFO] [stderr]   DEBUG: | int
[INFO] [stderr]   DEBUG: | main(void)
[INFO] [stderr]   DEBUG: | {
[INFO] [stderr]   DEBUG: | 
[INFO] [stderr]   DEBUG: |   ;
[INFO] [stderr]   DEBUG: |   return 0;
[INFO] [stderr]   DEBUG: | }
[INFO] [stderr]   DEBUG: Executing: `/usr/bin/g++ -Werror -Winline-new-delete -c /tmp/conftest.TWhuny.cpp`
[INFO] [stderr]   DEBUG: The command returned non-zero exit status 1.
[INFO] [stderr]   DEBUG: Its error output was:
[INFO] [stderr]   DEBUG: | g++: error: unrecognized command line option '-Winline-new-delete'
[INFO] [stderr]   INFO: no
[INFO] [stderr]   INFO: checking whether the C compiler supports -Wno-error=maybe-uninitialized... 
[INFO] [stderr]   DEBUG: Creating `/tmp/conftest.eR2dDf.c` with content:
[INFO] [stderr]   DEBUG: | 
[INFO] [stderr]   DEBUG: | int
[INFO] [stderr]   DEBUG: | main(void)
[INFO] [stderr]   DEBUG: | {
[INFO] [stderr]   DEBUG: | 
[INFO] [stderr]   DEBUG: |   ;
[INFO] [stderr]   DEBUG: |   return 0;
[INFO] [stderr]   DEBUG: | }
[INFO] [stderr]   DEBUG: Executing: `/usr/bin/gcc -std=gnu99 -Werror -Wno-error=maybe-uninitialized -c /tmp/conftest.eR2dDf.c`
[INFO] [stderr]   INFO: yes
[INFO] [stderr]   INFO: checking whether the C++ compiler supports -Wno-error=maybe-uninitialized... 
[INFO] [stderr]   DEBUG: Creating `/tmp/conftest.S5SPTf.cpp` with content:
[INFO] [stderr]   DEBUG: | 
[INFO] [stderr]   DEBUG: | int
[INFO] [stderr]   DEBUG: | main(void)
[INFO] [stderr]   DEBUG: | {
[INFO] [stderr]   DEBUG: | 
[INFO] [stderr]   DEBUG: |   ;
[INFO] [stderr]   DEBUG: |   return 0;
[INFO] [stderr]   DEBUG: | }
[INFO] [stderr]   DEBUG: Executing: `/usr/bin/g++ -Werror -Wno-error=maybe-uninitialized -c -c /tmp/conftest.S5SPTf.cpp`
[INFO] [stderr]   INFO: yes
[INFO] [stderr]   INFO: checking whether the C compiler supports -Wno-error=deprecated-declarations... 
[INFO] [stderr]   DEBUG: Creating `/tmp/conftest.kzeTt2.c` with content:
[INFO] [stderr]   DEBUG: | 
[INFO] [stderr]   DEBUG: | int
[INFO] [stderr]   DEBUG: | main(void)
[INFO] [stderr]   DEBUG: | {
[INFO] [stderr]   DEBUG: | 
[INFO] [stderr]   DEBUG: |   ;
[INFO] [stderr]   DEBUG: |   return 0;
[INFO] [stderr]   DEBUG: | }
[INFO] [stderr]   DEBUG: Executing: `/usr/bin/gcc -std=gnu99 -Werror -Wno-error=deprecated-declarations -c /tmp/conftest.kzeTt2.c`
[INFO] [stderr]   INFO: yes
[INFO] [stderr]   INFO: checking whether the C++ compiler supports -Wno-error=deprecated-declarations... 
[INFO] [stderr]   DEBUG: Creating `/tmp/conftest.tTMI4w.cpp` with content:
[INFO] [stderr]   DEBUG: | 
[INFO] [stderr]   DEBUG: | int
[INFO] [stderr]   DEBUG: | main(void)
[INFO] [stderr]   DEBUG: | {
[INFO] [stderr]   DEBUG: | 
[INFO] [stderr]   DEBUG: |   ;
[INFO] [stderr]   DEBUG: |   return 0;
[INFO] [stderr]   DEBUG: | }
[INFO] [stderr]   DEBUG: Executing: `/usr/bin/g++ -Werror -Wno-error=deprecated-declarations -c -c /tmp/conftest.tTMI4w.cpp`
[INFO] [stderr]   INFO: yes
[INFO] [stderr]   INFO: checking whether the C compiler supports -Wno-error=array-bounds... 
[INFO] [stderr]   DEBUG: Creating `/tmp/conftest.axO3He.c` with content:
[INFO] [stderr]   DEBUG: | 
[INFO] [stderr]   DEBUG: | int
[INFO] [stderr]   DEBUG: | main(void)
[INFO] [stderr]   DEBUG: | {
[INFO] [stderr]   DEBUG: | 
[INFO] [stderr]   DEBUG: |   ;
[INFO] [stderr]   DEBUG: |   return 0;
[INFO] [stderr]   DEBUG: | }
[INFO] [stderr]   DEBUG: Executing: `/usr/bin/gcc -std=gnu99 -Werror -Wno-error=array-bounds -c /tmp/conftest.axO3He.c`
[INFO] [stderr]   INFO: yes
[INFO] [stderr]   INFO: checking whether the C++ compiler supports -Wno-error=array-bounds... 
[INFO] [stderr]   DEBUG: Creating `/tmp/conftest.FbSK2g.cpp` with content:
[INFO] [stderr]   DEBUG: | 
[INFO] [stderr]   DEBUG: | int
[INFO] [stderr]   DEBUG: | main(void)
[INFO] [stderr]   DEBUG: | {
[INFO] [stderr]   DEBUG: | 
[INFO] [stderr]   DEBUG: |   ;
[INFO] [stderr]   DEBUG: |   return 0;
[INFO] [stderr]   DEBUG: | }
[INFO] [stderr]   DEBUG: Executing: `/usr/bin/g++ -Werror -Wno-error=array-bounds -c -c /tmp/conftest.FbSK2g.cpp`
[INFO] [stderr]   INFO: yes
[INFO] [stderr]   INFO: checking whether the C compiler supports -Wno-error=free-nonheap-object... 
[INFO] [stderr]   DEBUG: Creating `/tmp/conftest.AtVU7D.c` with content:
[INFO] [stderr]   DEBUG: | 
[INFO] [stderr]   DEBUG: | int
[INFO] [stderr]   DEBUG: | main(void)
[INFO] [stderr]   DEBUG: | {
[INFO] [stderr]   DEBUG: | 
[INFO] [stderr]   DEBUG: |   ;
[INFO] [stderr]   DEBUG: |   return 0;
[INFO] [stderr]   DEBUG: | }
[INFO] [stderr]   DEBUG: Executing: `/usr/bin/gcc -std=gnu99 -Werror -Wno-error=free-nonheap-object -c /tmp/conftest.AtVU7D.c`
[INFO] [stderr]   INFO: yes
[INFO] [stderr]   INFO: checking whether the C++ compiler supports -Wno-error=free-nonheap-object... 
[INFO] [stderr]   DEBUG: Creating `/tmp/conftest.Iaoo6x.cpp` with content:
[INFO] [stderr]   DEBUG: | 
[INFO] [stderr]   DEBUG: | int
[INFO] [stderr]   DEBUG: | main(void)
[INFO] [stderr]   DEBUG: | {
[INFO] [stderr]   DEBUG: | 
[INFO] [stderr]   DEBUG: |   ;
[INFO] [stderr]   DEBUG: |   return 0;
[INFO] [stderr]   DEBUG: | }
[INFO] [stderr]   DEBUG: Executing: `/usr/bin/g++ -Werror -Wno-error=free-nonheap-object -c -c /tmp/conftest.Iaoo6x.cpp`
[INFO] [stderr]   INFO: yes
[INFO] [stderr]   INFO: checking whether the C compiler supports -Wformat... 
[INFO] [stderr]   DEBUG: Creating `/tmp/conftest.eN0Ov_.c` with content:
[INFO] [stderr]   DEBUG: | 
[INFO] [stderr]   DEBUG: | int
[INFO] [stderr]   DEBUG: | main(void)
[INFO] [stderr]   DEBUG: | {
[INFO] [stderr]   DEBUG: | 
[INFO] [stderr]   DEBUG: |   ;
[INFO] [stderr]   DEBUG: |   return 0;
[INFO] [stderr]   DEBUG: | }
[INFO] [stderr]   DEBUG: Executing: `/usr/bin/gcc -std=gnu99 -Werror -Wformat -c /tmp/conftest.eN0Ov_.c`
[INFO] [stderr]   INFO: yes
[INFO] [stderr]   INFO: checking whether the C++ compiler supports -Wformat... 
[INFO] [stderr]   DEBUG: Creating `/tmp/conftest.BTEoE8.cpp` with content:
[INFO] [stderr]   DEBUG: | 
[INFO] [stderr]   DEBUG: | int
[INFO] [stderr]   DEBUG: | main(void)
[INFO] [stderr]   DEBUG: | {
[INFO] [stderr]   DEBUG: | 
[INFO] [stderr]   DEBUG: |   ;
[INFO] [stderr]   DEBUG: |   return 0;
[INFO] [stderr]   DEBUG: | }
[INFO] [stderr]   DEBUG: Executing: `/usr/bin/g++ -Werror -Wformat -c -c /tmp/conftest.BTEoE8.cpp`
[INFO] [stderr]   INFO: yes
[INFO] [stderr]   INFO: checking whether the C compiler supports -Wformat-security... 
[INFO] [stderr]   DEBUG: Creating `/tmp/conftest.fHpfGb.c` with content:
[INFO] [stderr]   DEBUG: | 
[INFO] [stderr]   DEBUG: | int
[INFO] [stderr]   DEBUG: | main(void)
[INFO] [stderr]   DEBUG: | {
[INFO] [stderr]   DEBUG: | 
[INFO] [stderr]   DEBUG: |   ;
[INFO] [stderr]   DEBUG: |   return 0;
[INFO] [stderr]   DEBUG: | }
[INFO] [stderr]   DEBUG: Executing: `/usr/bin/gcc -std=gnu99 -Werror -Wformat-security -c /tmp/conftest.fHpfGb.c`
[INFO] [stderr]   INFO: yes
[INFO] [stderr]   INFO: checking whether the C++ compiler supports -Wformat-security... 
[INFO] [stderr]   DEBUG: Creating `/tmp/conftest.ElIF4p.cpp` with content:
[INFO] [stderr]   DEBUG: | 
[INFO] [stderr]   DEBUG: | int
[INFO] [stderr]   DEBUG: | main(void)
[INFO] [stderr]   DEBUG: | {
[INFO] [stderr]   DEBUG: | 
[INFO] [stderr]   DEBUG: |   ;
[INFO] [stderr]   DEBUG: |   return 0;
[INFO] [stderr]   DEBUG: | }
[INFO] [stderr]   DEBUG: Executing: `/usr/bin/g++ -Werror -Wformat-security -c -c /tmp/conftest.ElIF4p.cpp`
[INFO] [stderr]   INFO: yes
[INFO] [stderr]   INFO: checking whether the C compiler supports -Wformat-overflow=2... 
[INFO] [stderr]   DEBUG: Creating `/tmp/conftest.Z_GFpr.c` with content:
[INFO] [stderr]   DEBUG: | 
[INFO] [stderr]   DEBUG: | int
[INFO] [stderr]   DEBUG: | main(void)
[INFO] [stderr]   DEBUG: | {
[INFO] [stderr]   DEBUG: | 
[INFO] [stderr]   DEBUG: |   ;
[INFO] [stderr]   DEBUG: |   return 0;
[INFO] [stderr]   DEBUG: | }
[INFO] [stderr]   DEBUG: Executing: `/usr/bin/gcc -std=gnu99 -Werror -Wformat-overflow=2 -c /tmp/conftest.Z_GFpr.c`
[INFO] [stderr]   INFO: yes
[INFO] [stderr]   INFO: checking whether the C++ compiler supports -Wformat-overflow=2... 
[INFO] [stderr]   DEBUG: Creating `/tmp/conftest.FSrkQQ.cpp` with content:
[INFO] [stderr]   DEBUG: | 
[INFO] [stderr]   DEBUG: | int
[INFO] [stderr]   DEBUG: | main(void)
[INFO] [stderr]   DEBUG: | {
[INFO] [stderr]   DEBUG: | 
[INFO] [stderr]   DEBUG: |   ;
[INFO] [stderr]   DEBUG: |   return 0;
[INFO] [stderr]   DEBUG: | }
[INFO] [stderr]   DEBUG: Executing: `/usr/bin/g++ -Werror -Wformat-overflow=2 -c -c /tmp/conftest.FSrkQQ.cpp`
[INFO] [stderr]   INFO: yes
[INFO] [stderr]   INFO: checking whether the C compiler supports -Wno-gnu-zero-variadic-macro-arguments... 
[INFO] [stderr]   DEBUG: Creating `/tmp/conftest.wGq4zr.c` with content:
[INFO] [stderr]   DEBUG: | 
[INFO] [stderr]   DEBUG: | int
[INFO] [stderr]   DEBUG: | main(void)
[INFO] [stderr]   DEBUG: | {
[INFO] [stderr]   DEBUG: | 
[INFO] [stderr]   DEBUG: |   ;
[INFO] [stderr]   DEBUG: |   return 0;
[INFO] [stderr]   DEBUG: | }
[INFO] [stderr]   DEBUG: Executing: `/usr/bin/gcc -std=gnu99 -Werror -Wgnu-zero-variadic-macro-arguments -c /tmp/conftest.wGq4zr.c`
[INFO] [stderr]   DEBUG: The command returned non-zero exit status 1.
[INFO] [stderr]   DEBUG: Its error output was:
[INFO] [stderr]   DEBUG: | gcc: error: unrecognized command line option '-Wgnu-zero-variadic-macro-arguments'
[INFO] [stderr]   INFO: no
[INFO] [stderr]   INFO: checking whether the C++ compiler supports -Wno-gnu-zero-variadic-macro-arguments... 
[INFO] [stderr]   DEBUG: Creating `/tmp/conftest.hVGqWS.cpp` with content:
[INFO] [stderr]   DEBUG: | 
[INFO] [stderr]   DEBUG: | int
[INFO] [stderr]   DEBUG: | main(void)
[INFO] [stderr]   DEBUG: | {
[INFO] [stderr]   DEBUG: | 
[INFO] [stderr]   DEBUG: |   ;
[INFO] [stderr]   DEBUG: |   return 0;
[INFO] [stderr]   DEBUG: | }
[INFO] [stderr]   DEBUG: Executing: `/usr/bin/g++ -Werror -Wgnu-zero-variadic-macro-arguments -c -c /tmp/conftest.hVGqWS.cpp`
[INFO] [stderr]   DEBUG: The command returned non-zero exit status 1.
[INFO] [stderr]   DEBUG: Its error output was:
[INFO] [stderr]   DEBUG: | g++: error: unrecognized command line option '-Wgnu-zero-variadic-macro-arguments'
[INFO] [stderr]   INFO: no
[INFO] [stderr]   INFO: checking whether the C++ compiler supports -Wno-noexcept-type... 
[INFO] [stderr]   DEBUG: Creating `/tmp/conftest.C4Fexs.cpp` with content:
[INFO] [stderr]   DEBUG: | 
[INFO] [stderr]   DEBUG: | int
[INFO] [stderr]   DEBUG: | main(void)
[INFO] [stderr]   DEBUG: | {
[INFO] [stderr]   DEBUG: | 
[INFO] [stderr]   DEBUG: |   ;
[INFO] [stderr]   DEBUG: |   return 0;
[INFO] [stderr]   DEBUG: | }
[INFO] [stderr]   DEBUG: Executing: `/usr/bin/g++ -Werror -Wnoexcept-type -c /tmp/conftest.C4Fexs.cpp`
[INFO] [stderr]   INFO: yes
[INFO] [stderr]   INFO: checking whether the C++ compiler supports -fno-sized-deallocation... 
[INFO] [stderr]   DEBUG: Creating `/tmp/conftest.RGmPWb.cpp` with content:
[INFO] [stderr]   DEBUG: | 
[INFO] [stderr]   DEBUG: | int
[INFO] [stderr]   DEBUG: | main(void)
[INFO] [stderr]   DEBUG: | {
[INFO] [stderr]   DEBUG: | 
[INFO] [stderr]   DEBUG: |   ;
[INFO] [stderr]   DEBUG: |   return 0;
[INFO] [stderr]   DEBUG: | }
[INFO] [stderr]   DEBUG: Executing: `/usr/bin/g++ -Werror -fno-sized-deallocation -c /tmp/conftest.RGmPWb.cpp`
[INFO] [stderr]   INFO: yes
[INFO] [stderr]   INFO: checking for awk... 
[INFO] [stderr]   DEBUG: awk: Trying gawk
[INFO] [stderr]   DEBUG: awk: Trying mawk
[INFO] [stderr]   INFO: /usr/bin/mawk
[INFO] [stderr]   INFO: checking for perl... 
[INFO] [stderr]   DEBUG: perl: Trying perl5
[INFO] [stderr]   DEBUG: perl: Trying perl
[INFO] [stderr]   INFO: /usr/bin/perl
[INFO] [stderr]   INFO: checking for minimum required perl version >= 5.006... 
[INFO] [stderr]   DEBUG: Executing: `/usr/bin/perl -e 'print $]'`
[INFO] [stderr]   INFO: 5.030000
[INFO] [stderr]   INFO: checking for full perl installation... 
[INFO] [stderr]   INFO: yes
[INFO] [stderr]   INFO: checking for gmake... 
[INFO] [stderr]   DEBUG: gmake: Trying gmake
[INFO] [stderr]   DEBUG: gmake: Trying make
[INFO] [stderr]   INFO: /usr/bin/make
[INFO] [stderr]   INFO: checking for watchman... 
[INFO] [stderr]   INFO: not found
[INFO] [stderr]   INFO: checking for xargs... 
[INFO] [stderr]   DEBUG: xargs: Trying xargs
[INFO] [stderr]   INFO: /usr/bin/xargs
[INFO] [stderr]   INFO: checking for rpmbuild... 
[INFO] [stderr]   DEBUG: rpmbuild: Trying rpmbuild
[INFO] [stderr]   INFO: not found
[INFO] [stderr]   INFO: checking for autoconf... 
[INFO] [stderr]   ERROR: Could not find autoconf 2.13
[INFO] [stderr] 
[INFO] [stderr]   --- stderr
[INFO] [stderr]   ERROR: Could not find autoconf 2.13
[INFO] [stderr]   make: *** [makefile.cargo:183: maybe-configure] Error 1
[INFO] [stderr]   thread 'main' panicked at 'assertion failed: result.success()', /opt/rustwide/cargo-home/registry/src/github.com-1ecc6299db9ec823/mozjs_sys-0.61.13/build.rs:142:5
[INFO] [stderr]   stack backtrace:
[INFO] [stderr]      0:     0x564e737c02f0 - std::backtrace_rs::backtrace::libunwind::trace::ha0ad43e8a952bfe7
[INFO] [stderr]                                  at /rustc/c8dfcfe046a7680554bf4eb612bad840e7631c4b/library/std/src/../../backtrace/src/backtrace/libunwind.rs:90:5
[INFO] [stderr]      1:     0x564e737c02f0 - std::backtrace_rs::backtrace::trace_unsynchronized::h6830419c0c4130dc
[INFO] [stderr]                                  at /rustc/c8dfcfe046a7680554bf4eb612bad840e7631c4b/library/std/src/../../backtrace/src/backtrace/mod.rs:66:5
[INFO] [stderr]      2:     0x564e737c02f0 - std::sys_common::backtrace::_print_fmt::h8f3516631ffa1ef5
[INFO] [stderr]                                  at /rustc/c8dfcfe046a7680554bf4eb612bad840e7631c4b/library/std/src/sys_common/backtrace.rs:67:5
[INFO] [stderr]      3:     0x564e737c02f0 - <std::sys_common::backtrace::_print::DisplayBacktrace as core::fmt::Display>::fmt::he1640d5f0d93f618
[INFO] [stderr]                                  at /rustc/c8dfcfe046a7680554bf4eb612bad840e7631c4b/library/std/src/sys_common/backtrace.rs:46:22
[INFO] [stderr]      4:     0x564e737e646c - core::fmt::write::h88012e1f01caeebf
[INFO] [stderr]                                  at /rustc/c8dfcfe046a7680554bf4eb612bad840e7631c4b/library/core/src/fmt/mod.rs:1115:17
[INFO] [stderr]      5:     0x564e737bc755 - std::io::Write::write_fmt::h360fa85b30182555
[INFO] [stderr]                                  at /rustc/c8dfcfe046a7680554bf4eb612bad840e7631c4b/library/std/src/io/mod.rs:1665:15
[INFO] [stderr]      6:     0x564e737c2f6b - std::sys_common::backtrace::_print::ha1f00492f406a015
[INFO] [stderr]                                  at /rustc/c8dfcfe046a7680554bf4eb612bad840e7631c4b/library/std/src/sys_common/backtrace.rs:49:5
[INFO] [stderr]      7:     0x564e737c2f6b - std::sys_common::backtrace::print::hd54561b13feb6af3
[INFO] [stderr]                                  at /rustc/c8dfcfe046a7680554bf4eb612bad840e7631c4b/library/std/src/sys_common/backtrace.rs:36:9
[INFO] [stderr]      8:     0x564e737c2f6b - std::panicking::default_hook::{{closure}}::h84fe124cd0864662
[INFO] [stderr]                                  at /rustc/c8dfcfe046a7680554bf4eb612bad840e7631c4b/library/std/src/panicking.rs:208:50
[INFO] [stderr]      9:     0x564e737c2a41 - std::panicking::default_hook::h5a8e74a76ce290a7
[INFO] [stderr]                                  at /rustc/c8dfcfe046a7680554bf4eb612bad840e7631c4b/library/std/src/panicking.rs:225:9
[INFO] [stderr]     10:     0x564e737c3634 - std::panicking::rust_panic_with_hook::h67c812a4fe9d4c91
[INFO] [stderr]                                  at /rustc/c8dfcfe046a7680554bf4eb612bad840e7631c4b/library/std/src/panicking.rs:622:17
[INFO] [stderr]     11:     0x564e737c30e7 - std::panicking::begin_panic_handler::{{closure}}::h33f9c1b96af300d7
[INFO] [stderr]                                  at /rustc/c8dfcfe046a7680554bf4eb612bad840e7631c4b/library/std/src/panicking.rs:517:13
[INFO] [stderr]     12:     0x564e737c07ec - std::sys_common::backtrace::__rust_end_short_backtrace::h51bae64be5921f0e
[INFO] [stderr]                                  at /rustc/c8dfcfe046a7680554bf4eb612bad840e7631c4b/library/std/src/sys_common/backtrace.rs:141:18
[INFO] [stderr]     13:     0x564e737c3079 - rust_begin_unwind
[INFO] [stderr]                                  at /rustc/c8dfcfe046a7680554bf4eb612bad840e7631c4b/library/std/src/panicking.rs:515:5
[INFO] [stderr]     14:     0x564e7322ba11 - core::panicking::panic_fmt::h12a3a3c256485fca
[INFO] [stderr]                                  at /rustc/c8dfcfe046a7680554bf4eb612bad840e7631c4b/library/core/src/panicking.rs:92:14
[INFO] [stderr]     15:     0x564e7322b95d - core::panicking::panic::h344f23ad26057b48
[INFO] [stderr]                                  at /rustc/c8dfcfe046a7680554bf4eb612bad840e7631c4b/library/core/src/panicking.rs:50:5
[INFO] [stderr]     16:     0x564e7322dbbb - build_script_build::build_jsapi::ha4a8aad752858caf
[INFO] [stderr]                                  at /opt/rustwide/cargo-home/registry/src/github.com-1ecc6299db9ec823/mozjs_sys-0.61.13/build.rs:142:5
[INFO] [stderr]     17:     0x564e7322cc20 - build_script_build::main::hb8d62ad3f4553c10
[INFO] [stderr]                                  at /opt/rustwide/cargo-home/registry/src/github.com-1ecc6299db9ec823/mozjs_sys-0.61.13/build.rs:48:5
[INFO] [stderr]     18:     0x564e73231eab - core::ops::function::FnOnce::call_once::hf26a78012e9e6c7d
[INFO] [stderr]                                  at /rustc/c8dfcfe046a7680554bf4eb612bad840e7631c4b/library/core/src/ops/function.rs:227:5
[INFO] [stderr]     19:     0x564e73233b6e - std::sys_common::backtrace::__rust_begin_short_backtrace::h00c2f049af8ec829
[INFO] [stderr]                                  at /rustc/c8dfcfe046a7680554bf4eb612bad840e7631c4b/library/std/src/sys_common/backtrace.rs:125:18
[INFO] [stderr]     20:     0x564e73233591 - std::rt::lang_start::{{closure}}::hab48be90afcd3a70
[INFO] [stderr]                                  at /rustc/c8dfcfe046a7680554bf4eb612bad840e7631c4b/library/std/src/rt.rs:63:18
[INFO] [stderr]     21:     0x564e737c3c3a - core::ops::function::impls::<impl core::ops::function::FnOnce<A> for &F>::call_once::ha9408abe89f69dc4
[INFO] [stderr]                                  at /rustc/c8dfcfe046a7680554bf4eb612bad840e7631c4b/library/core/src/ops/function.rs:259:13
[INFO] [stderr]     22:     0x564e737c3c3a - std::panicking::try::do_call::h5b0cc9e9102acb65
[INFO] [stderr]                                  at /rustc/c8dfcfe046a7680554bf4eb612bad840e7631c4b/library/std/src/panicking.rs:401:40
[INFO] [stderr]     23:     0x564e737c3c3a - std::panicking::try::hddc7f8229138b3ba
[INFO] [stderr]                                  at /rustc/c8dfcfe046a7680554bf4eb612bad840e7631c4b/library/std/src/panicking.rs:365:19
[INFO] [stderr]     24:     0x564e737c3c3a - std::panic::catch_unwind::hfa401ff8bab2986e
[INFO] [stderr]                                  at /rustc/c8dfcfe046a7680554bf4eb612bad840e7631c4b/library/std/src/panic.rs:434:14
[INFO] [stderr]     25:     0x564e737c3c3a - std::rt::lang_start_internal::{{closure}}::h8163422320d11405
[INFO] [stderr]                                  at /rustc/c8dfcfe046a7680554bf4eb612bad840e7631c4b/library/std/src/rt.rs:45:48
[INFO] [stderr]     26:     0x564e737c3c3a - std::panicking::try::do_call::hc742cc7bb4f0fb20
[INFO] [stderr]                                  at /rustc/c8dfcfe046a7680554bf4eb612bad840e7631c4b/library/std/src/panicking.rs:401:40
[INFO] [stderr]     27:     0x564e737c3c3a - std::panicking::try::ha37d8d2dd1acf7d3
[INFO] [stderr]                                  at /rustc/c8dfcfe046a7680554bf4eb612bad840e7631c4b/library/std/src/panicking.rs:365:19
[INFO] [stderr]     28:     0x564e737c3c3a - std::panic::catch_unwind::h8a5381d5ecf437bc
[INFO] [stderr]                                  at /rustc/c8dfcfe046a7680554bf4eb612bad840e7631c4b/library/std/src/panic.rs:434:14
[INFO] [stderr]     29:     0x564e737c3c3a - std::rt::lang_start_internal::h7e2cee8c90d4a4d3
[INFO] [stderr]                                  at /rustc/c8dfcfe046a7680554bf4eb612bad840e7631c4b/library/std/src/rt.rs:45:20
[INFO] [stderr]     30:     0x564e73233560 - std::rt::lang_start::h73442c7f749419b7
[INFO] [stderr]                                  at /rustc/c8dfcfe046a7680554bf4eb612bad840e7631c4b/library/std/src/rt.rs:62:5
[INFO] [stderr]     31:     0x564e7323095c - main
[INFO] [stderr]     32:     0x7fe6eb3430b3 - __libc_start_main
[INFO] [stderr]     33:     0x564e7322c20e - _start
[INFO] [stderr]     34:                0x0 - <unknown>
[INFO] [stderr] warning: build failed, waiting for other jobs to finish...
[INFO] [stderr] error: build failed
[INFO] running `Command { std: "docker" "inspect" "4fb5b9ba73e8a6945db69d31946870974ce755ee44984c3f7d6e0324137fb63d", kill_on_drop: false }`
[INFO] running `Command { std: "docker" "rm" "-f" "4fb5b9ba73e8a6945db69d31946870974ce755ee44984c3f7d6e0324137fb63d", kill_on_drop: false }`
[INFO] [stdout] 4fb5b9ba73e8a6945db69d31946870974ce755ee44984c3f7d6e0324137fb63d
