[INFO] cloning repository https://github.com/gnobbelmorpher/budder_brot
[INFO] running `Command { std: "git" "-c" "credential.helper=" "-c" "credential.helper=/workspace/cargo-home/bin/git-credential-null" "clone" "--bare" "https://github.com/gnobbelmorpher/budder_brot" "/workspace/cache/git-repos/https%3A%2F%2Fgithub.com%2Fgnobbelmorpher%2Fbudder_brot", kill_on_drop: false }`
[INFO] [stderr] Cloning into bare repository '/workspace/cache/git-repos/https%3A%2F%2Fgithub.com%2Fgnobbelmorpher%2Fbudder_brot'...
[INFO] running `Command { std: "git" "rev-parse" "HEAD", kill_on_drop: false }`
[INFO] [stdout] 8350dd9e1b0429a23a3de1c46286b72a4463acf5
[INFO] checking gnobbelmorpher/budder_brot against beta-2021-10-15 for beta-1.56-3
[INFO] running `Command { std: "git" "clone" "/workspace/cache/git-repos/https%3A%2F%2Fgithub.com%2Fgnobbelmorpher%2Fbudder_brot" "/workspace/builds/worker-12/source", kill_on_drop: false }`
[INFO] [stderr] Cloning into '/workspace/builds/worker-12/source'...
[INFO] [stderr] done.
[INFO] validating manifest of git repo https://github.com/gnobbelmorpher/budder_brot on toolchain beta-2021-10-15
[INFO] running `Command { std: "/workspace/cargo-home/bin/cargo" "+beta-2021-10-15" "metadata" "--manifest-path" "Cargo.toml" "--no-deps", kill_on_drop: false }`
[INFO] started tweaking git repo https://github.com/gnobbelmorpher/budder_brot
[INFO] finished tweaking git repo https://github.com/gnobbelmorpher/budder_brot
[INFO] tweaked toml for git repo https://github.com/gnobbelmorpher/budder_brot written to /workspace/builds/worker-12/source/Cargo.toml
[INFO] crate git repo https://github.com/gnobbelmorpher/budder_brot already has a lockfile, it will not be regenerated
[INFO] running `Command { std: "/workspace/cargo-home/bin/cargo" "+beta-2021-10-15" "fetch" "--manifest-path" "Cargo.toml", kill_on_drop: false }`
[INFO] [stderr]  Downloading crates ...
[INFO] [stderr]   Downloaded termion v1.5.4
[INFO] [stderr]   Downloaded simdeez v1.0.0
[INFO] [stderr]   Downloaded ndarray v0.13.0
[INFO] [stderr]   Downloaded pbr v1.0.2
[INFO] [stderr]   Downloaded simdnoise v3.1.4
[INFO] running `Command { std: "docker" "create" "-v" "/var/lib/crater-agent-workspace/builds/worker-12/target:/opt/rustwide/target:rw,Z" "-v" "/var/lib/crater-agent-workspace/builds/worker-12/source:/opt/rustwide/workdir:ro,Z" "-v" "/var/lib/crater-agent-workspace/cargo-home:/opt/rustwide/cargo-home:ro,Z" "-v" "/var/lib/crater-agent-workspace/rustup-home:/opt/rustwide/rustup-home:ro,Z" "-e" "SOURCE_DIR=/opt/rustwide/workdir" "-e" "CARGO_TARGET_DIR=/opt/rustwide/target" "-e" "CARGO_HOME=/opt/rustwide/cargo-home" "-e" "RUSTUP_HOME=/opt/rustwide/rustup-home" "-w" "/opt/rustwide/workdir" "-m" "1610612736" "--user" "0:0" "--network" "none" "ghcr.io/rust-lang/crates-build-env/linux@sha256:a89201d6b5b9fd45c15d5952ece0a0129e7e80cb26ec023fd59cf09bc26f1604" "/opt/rustwide/cargo-home/bin/cargo" "+beta-2021-10-15" "metadata" "--no-deps" "--format-version=1", kill_on_drop: false }`
[INFO] [stdout] e84a0a667a93a2309f7d03ba1806aa72951f5ecff7c5da62ca299e462e694ecb
[INFO] [stderr] WARNING: Your kernel does not support swap limit capabilities or the cgroup is not mounted. Memory limited without swap.
[INFO] running `Command { std: "docker" "start" "-a" "e84a0a667a93a2309f7d03ba1806aa72951f5ecff7c5da62ca299e462e694ecb", kill_on_drop: false }`
[INFO] running `Command { std: "docker" "inspect" "e84a0a667a93a2309f7d03ba1806aa72951f5ecff7c5da62ca299e462e694ecb", kill_on_drop: false }`
[INFO] running `Command { std: "docker" "rm" "-f" "e84a0a667a93a2309f7d03ba1806aa72951f5ecff7c5da62ca299e462e694ecb", kill_on_drop: false }`
[INFO] [stdout] e84a0a667a93a2309f7d03ba1806aa72951f5ecff7c5da62ca299e462e694ecb
[INFO] running `Command { std: "docker" "create" "-v" "/var/lib/crater-agent-workspace/builds/worker-12/target:/opt/rustwide/target:rw,Z" "-v" "/var/lib/crater-agent-workspace/builds/worker-12/source:/opt/rustwide/workdir:ro,Z" "-v" "/var/lib/crater-agent-workspace/cargo-home:/opt/rustwide/cargo-home:ro,Z" "-v" "/var/lib/crater-agent-workspace/rustup-home:/opt/rustwide/rustup-home:ro,Z" "-e" "SOURCE_DIR=/opt/rustwide/workdir" "-e" "CARGO_TARGET_DIR=/opt/rustwide/target" "-e" "CARGO_INCREMENTAL=0" "-e" "RUST_BACKTRACE=full" "-e" "RUSTFLAGS=--cap-lints=warn" "-e" "CARGO_HOME=/opt/rustwide/cargo-home" "-e" "RUSTUP_HOME=/opt/rustwide/rustup-home" "-w" "/opt/rustwide/workdir" "-m" "1610612736" "--user" "0:0" "--network" "none" "ghcr.io/rust-lang/crates-build-env/linux@sha256:a89201d6b5b9fd45c15d5952ece0a0129e7e80cb26ec023fd59cf09bc26f1604" "/opt/rustwide/cargo-home/bin/cargo" "+beta-2021-10-15" "check" "--frozen" "--all" "--all-targets" "--message-format=json", kill_on_drop: false }`
[INFO] [stdout] 6e280068786b9ab355966e4ccc7a759b0565881c36848ff2a6cf2c6526df4f3e
[INFO] [stderr] WARNING: Your kernel does not support swap limit capabilities or the cgroup is not mounted. Memory limited without swap.
[INFO] running `Command { std: "docker" "start" "-a" "6e280068786b9ab355966e4ccc7a759b0565881c36848ff2a6cf2c6526df4f3e", kill_on_drop: false }`
[INFO] [stderr]    Compiling proc-macro2 v1.0.6
[INFO] [stderr]    Compiling syn v1.0.11
[INFO] [stderr]    Compiling ppv-lite86 v0.2.6
[INFO] [stderr]    Compiling rayon-core v1.7.0
[INFO] [stderr]     Checking either v1.5.3
[INFO] [stderr]    Compiling siphasher v0.3.1
[INFO] [stderr]    Compiling syn v0.15.44
[INFO] [stderr]    Compiling sdl2 v0.32.2
[INFO] [stderr]    Compiling ndarray v0.13.0
[INFO] [stderr]    Compiling num-traits v0.2.10
[INFO] [stderr]    Compiling num-integer v0.1.41
[INFO] [stderr]    Compiling num-bigint v0.2.3
[INFO] [stderr]    Compiling num-complex v0.2.3
[INFO] [stderr]    Compiling num-rational v0.2.2
[INFO] [stderr]     Checking rand_core v0.3.1
[INFO] [stderr]    Compiling sdl2-sys v0.32.6
[INFO] [stderr]     Checking inflate v0.3.4
[INFO] [stderr]     Checking gif v0.9.2
[INFO] [stderr]     Checking rand_isaac v0.1.1
[INFO] [stderr]     Checking rand_xorshift v0.1.1
[INFO] [stderr]     Checking rand_hc v0.1.0
[INFO] [stderr]     Checking itertools v0.8.2
[INFO] [stderr]    Compiling phf_shared v0.8.0
[INFO] [stderr]     Checking crossbeam-utils v0.7.0
[INFO] [stderr]     Checking rand_chacha v0.1.1
[INFO] [stderr]     Checking num_cpus v1.11.1
[INFO] [stderr]     Checking rand_os v0.1.3
[INFO] [stderr]     Checking atty v0.2.14
[INFO] [stderr]     Checking rand v0.5.6
[INFO] [stderr]    Compiling getrandom v0.1.13
[INFO] [stderr]    Compiling memoffset v0.5.3
[INFO] [stderr]    Compiling c2-chacha v0.2.3
[INFO] [stderr]     Checking pbr v1.0.2
[INFO] [stderr]     Checking png v0.15.2
[INFO] [stderr]     Checking phf v0.8.0
[INFO] [stderr]     Checking clap v2.33.0
[INFO] [stderr]     Checking rand v0.6.5
[INFO] [stderr]     Checking crossbeam-queue v0.2.1
[INFO] [stderr]     Checking crossbeam-channel v0.4.0
[INFO] [stderr]    Compiling rand_core v0.5.1
[INFO] [stderr]     Checking crossbeam-epoch v0.8.0
[INFO] [stderr]    Compiling rand_pcg v0.2.1
[INFO] [stderr]    Compiling rand_chacha v0.2.1
[INFO] [stderr]    Compiling rand v0.7.2
[INFO] [stderr]    Compiling quote v1.0.2
[INFO] [stderr]     Checking crossbeam-deque v0.7.2
[INFO] [stderr]     Checking crossbeam v0.7.3
[INFO] [stderr]     Checking num-traits v0.1.43
[INFO] [stderr]     Checking approx v0.3.2
[INFO] [stderr]     Checking enum_primitive v0.1.1
[INFO] [stderr]     Checking rayon v1.3.0
[INFO] [stderr]     Checking num-iter v0.1.39
[INFO] [stderr]     Checking num-rational v0.1.42
[INFO] [stderr]     Checking png v0.11.0
[INFO] [stderr]     Checking num v0.1.42
[INFO] [stderr]    Compiling phf_generator v0.8.0
[INFO] [stderr]    Compiling phf_codegen v0.8.0
[INFO] [stderr]    Compiling palette v0.5.0
[INFO] [stderr]    Compiling num-derive v0.2.5
[INFO] [stderr]     Checking num v0.2.0
[INFO] [stderr]     Checking jpeg-decoder v0.1.18
[INFO] [stderr]     Checking image v0.18.0
[INFO] [stderr]    Compiling proc-macro-hack v0.5.11
[INFO] [stderr]    Compiling palette_derive v0.5.0
[INFO] [stderr]     Checking tiff v0.3.1
[INFO] [stderr]     Checking image v0.22.3
[INFO] [stderr]     Checking noise v0.6.0
[INFO] [stderr]    Compiling paste-impl v0.1.6
[INFO] [stderr]     Checking paste v0.1.6
[INFO] [stderr]     Checking simdeez v1.0.0
[INFO] [stdout] error[E0435]: attempt to use a non-constant value in a constant
[INFO] [stdout]    --> /opt/rustwide/cargo-home/registry/src/github.com-1ecc6299db9ec823/simdeez-1.0.0/src/avx2.rs:543:38
[INFO] [stdout]     |
[INFO] [stdout] 397 |           let mem_addr_256 = mem::transmute::<&mut i64, &mut __m256i>(mem_addr);
[INFO] [stdout]     |  __________-
[INFO] [stdout] 398 | |         _mm256_storeu_si256(mem_addr_256, a.0);
[INFO] [stdout] 399 | |     }
[INFO] [stdout] 400 | |     #[inline(always)]
[INFO] [stdout] ...   |
[INFO] [stdout] 541 | |     #[inline(always)]
[INFO] [stdout] 542 | |     unsafe fn srai_epi32(a: Self::Vi32, amt_const: i32) -> Self::Vi32 {
[INFO] [stdout]     | |_________________________________________________- help: consider using `const` instead of `let`: `const amt_const`
[INFO] [stdout] 543 |           I32x8(_mm256_srai_epi32(a.0, amt_const))
[INFO] [stdout]     |                                        ^^^^^^^^^ non-constant value
[INFO] [stdout] 
[INFO] [stdout] 
[INFO] [stdout] error[E0435]: attempt to use a non-constant value in a constant
[INFO] [stdout]    --> /opt/rustwide/cargo-home/registry/src/github.com-1ecc6299db9ec823/simdeez-1.0.0/src/avx2.rs:566:38
[INFO] [stdout]     |
[INFO] [stdout] 560 |               let mask = _mm256_setr_epi32(0, -1, 0, -1, 0, -1, 0, -1); // mask for high part containing only sign
[INFO] [stdout]     |  ______________-
[INFO] [stdout] 561 | |             Self::blendv_epi64(I64x4(sra3), I64x4(sign), I64x4(mask))
[INFO] [stdout] 562 | |         }
[INFO] [stdout] 563 | |     }
[INFO] [stdout] 564 | |     #[inline(always)]
[INFO] [stdout] 565 | |     unsafe fn srli_epi32(a: Self::Vi32, amt_const: i32) -> Self::Vi32 {
[INFO] [stdout]     | |_________________________________________________- help: consider using `const` instead of `let`: `const amt_const`
[INFO] [stdout] 566 |           I32x8(_mm256_srli_epi32(a.0, amt_const))
[INFO] [stdout]     |                                        ^^^^^^^^^ non-constant value
[INFO] [stdout] 
[INFO] [stdout] 
[INFO] [stdout] error[E0435]: attempt to use a non-constant value in a constant
[INFO] [stdout]    --> /opt/rustwide/cargo-home/registry/src/github.com-1ecc6299db9ec823/simdeez-1.0.0/src/avx2.rs:570:38
[INFO] [stdout]     |
[INFO] [stdout] 560 |               let mask = _mm256_setr_epi32(0, -1, 0, -1, 0, -1, 0, -1); // mask for high part containing only sign
[INFO] [stdout]     |  ______________-
[INFO] [stdout] 561 | |             Self::blendv_epi64(I64x4(sra3), I64x4(sign), I64x4(mask))
[INFO] [stdout] 562 | |         }
[INFO] [stdout] 563 | |     }
[INFO] [stdout] ...   |
[INFO] [stdout] 568 | |     #[inline(always)]
[INFO] [stdout] 569 | |     unsafe fn slli_epi32(a: Self::Vi32, amt_const: i32) -> Self::Vi32 {
[INFO] [stdout]     | |_________________________________________________- help: consider using `const` instead of `let`: `const amt_const`
[INFO] [stdout] 570 |           I32x8(_mm256_slli_epi32(a.0, amt_const))
[INFO] [stdout]     |                                        ^^^^^^^^^ non-constant value
[INFO] [stdout] 
[INFO] [stdout] 
[INFO] [stdout] error: aborting due to 3 previous errors
[INFO] [stdout] 
[INFO] [stdout] 
[INFO] [stdout] For more information about this error, try `rustc --explain E0435`.
[INFO] [stdout] 
[INFO] [stderr] error: could not compile `simdeez` due to 4 previous errors
[INFO] running `Command { std: "docker" "inspect" "6e280068786b9ab355966e4ccc7a759b0565881c36848ff2a6cf2c6526df4f3e", kill_on_drop: false }`
[INFO] running `Command { std: "docker" "rm" "-f" "6e280068786b9ab355966e4ccc7a759b0565881c36848ff2a6cf2c6526df4f3e", kill_on_drop: false }`
[INFO] [stdout] 6e280068786b9ab355966e4ccc7a759b0565881c36848ff2a6cf2c6526df4f3e
