[INFO] cloning repository https://github.com/gmorenz/qc
[INFO] running `Command { std: "git" "-c" "credential.helper=" "-c" "credential.helper=/workspace/cargo-home/bin/git-credential-null" "clone" "--bare" "https://github.com/gmorenz/qc" "/workspace/cache/git-repos/https%3A%2F%2Fgithub.com%2Fgmorenz%2Fqc", kill_on_drop: false }`
[INFO] [stderr] Cloning into bare repository '/workspace/cache/git-repos/https%3A%2F%2Fgithub.com%2Fgmorenz%2Fqc'...
[INFO] running `Command { std: "git" "rev-parse" "HEAD", kill_on_drop: false }`
[INFO] [stdout] 01a8646d8f10a0bcd122938e8beefec31a06b2ae
[INFO] checking gmorenz/qc against 1.55.0 for beta-1.56-3
[INFO] running `Command { std: "git" "clone" "/workspace/cache/git-repos/https%3A%2F%2Fgithub.com%2Fgmorenz%2Fqc" "/workspace/builds/worker-0/source", kill_on_drop: false }`
[INFO] [stderr] Cloning into '/workspace/builds/worker-0/source'...
[INFO] [stderr] done.
[INFO] validating manifest of git repo https://github.com/gmorenz/qc on toolchain 1.55.0
[INFO] running `Command { std: "/workspace/cargo-home/bin/cargo" "+1.55.0" "metadata" "--manifest-path" "Cargo.toml" "--no-deps", kill_on_drop: false }`
[INFO] started tweaking git repo https://github.com/gmorenz/qc
[INFO] finished tweaking git repo https://github.com/gmorenz/qc
[INFO] tweaked toml for git repo https://github.com/gmorenz/qc written to /workspace/builds/worker-0/source/Cargo.toml
[INFO] crate git repo https://github.com/gmorenz/qc already has a lockfile, it will not be regenerated
[INFO] running `Command { std: "/workspace/cargo-home/bin/cargo" "+1.55.0" "fetch" "--manifest-path" "Cargo.toml", kill_on_drop: false }`
[INFO] running `Command { std: "docker" "create" "-v" "/var/lib/crater-agent-workspace/builds/worker-0/target:/opt/rustwide/target:rw,Z" "-v" "/var/lib/crater-agent-workspace/builds/worker-0/source:/opt/rustwide/workdir:ro,Z" "-v" "/var/lib/crater-agent-workspace/cargo-home:/opt/rustwide/cargo-home:ro,Z" "-v" "/var/lib/crater-agent-workspace/rustup-home:/opt/rustwide/rustup-home:ro,Z" "-e" "SOURCE_DIR=/opt/rustwide/workdir" "-e" "CARGO_TARGET_DIR=/opt/rustwide/target" "-e" "CARGO_HOME=/opt/rustwide/cargo-home" "-e" "RUSTUP_HOME=/opt/rustwide/rustup-home" "-w" "/opt/rustwide/workdir" "-m" "1610612736" "--user" "0:0" "--network" "none" "ghcr.io/rust-lang/crates-build-env/linux@sha256:a89201d6b5b9fd45c15d5952ece0a0129e7e80cb26ec023fd59cf09bc26f1604" "/opt/rustwide/cargo-home/bin/cargo" "+1.55.0" "metadata" "--no-deps" "--format-version=1", kill_on_drop: false }`
[INFO] [stdout] b749ae1ac81fc2600bc16c2f125df248d203cdfa8b74c6802c13f956c49204bb
[INFO] [stderr] WARNING: Your kernel does not support swap limit capabilities or the cgroup is not mounted. Memory limited without swap.
[INFO] running `Command { std: "docker" "start" "-a" "b749ae1ac81fc2600bc16c2f125df248d203cdfa8b74c6802c13f956c49204bb", kill_on_drop: false }`
[INFO] running `Command { std: "docker" "inspect" "b749ae1ac81fc2600bc16c2f125df248d203cdfa8b74c6802c13f956c49204bb", kill_on_drop: false }`
[INFO] running `Command { std: "docker" "rm" "-f" "b749ae1ac81fc2600bc16c2f125df248d203cdfa8b74c6802c13f956c49204bb", kill_on_drop: false }`
[INFO] [stdout] b749ae1ac81fc2600bc16c2f125df248d203cdfa8b74c6802c13f956c49204bb
[INFO] running `Command { std: "docker" "create" "-v" "/var/lib/crater-agent-workspace/builds/worker-0/target:/opt/rustwide/target:rw,Z" "-v" "/var/lib/crater-agent-workspace/builds/worker-0/source:/opt/rustwide/workdir:ro,Z" "-v" "/var/lib/crater-agent-workspace/cargo-home:/opt/rustwide/cargo-home:ro,Z" "-v" "/var/lib/crater-agent-workspace/rustup-home:/opt/rustwide/rustup-home:ro,Z" "-e" "SOURCE_DIR=/opt/rustwide/workdir" "-e" "CARGO_TARGET_DIR=/opt/rustwide/target" "-e" "CARGO_INCREMENTAL=0" "-e" "RUST_BACKTRACE=full" "-e" "RUSTFLAGS=--cap-lints=warn" "-e" "CARGO_HOME=/opt/rustwide/cargo-home" "-e" "RUSTUP_HOME=/opt/rustwide/rustup-home" "-w" "/opt/rustwide/workdir" "-m" "1610612736" "--user" "0:0" "--network" "none" "ghcr.io/rust-lang/crates-build-env/linux@sha256:a89201d6b5b9fd45c15d5952ece0a0129e7e80cb26ec023fd59cf09bc26f1604" "/opt/rustwide/cargo-home/bin/cargo" "+1.55.0" "check" "--frozen" "--all" "--all-targets" "--message-format=json", kill_on_drop: false }`
[INFO] [stderr] WARNING: Your kernel does not support swap limit capabilities or the cgroup is not mounted. Memory limited without swap.
[INFO] [stdout] 46bbd5361c6157140eba34887d96eebc0f055f9312b2dd30137d46aebb6a1db5
[INFO] running `Command { std: "docker" "start" "-a" "46bbd5361c6157140eba34887d96eebc0f055f9312b2dd30137d46aebb6a1db5", kill_on_drop: false }`
[INFO] [stderr]    Compiling syn v1.0.57
[INFO] [stderr]    Compiling serde v1.0.118
[INFO] [stderr]    Compiling version-compare v0.0.10
[INFO] [stderr]    Compiling strum v0.18.0
[INFO] [stderr]    Compiling libc v0.2.81
[INFO] [stderr]     Checking futures-sink v0.3.8
[INFO] [stderr]     Checking once_cell v1.5.2
[INFO] [stderr]    Compiling anyhow v1.0.37
[INFO] [stderr]     Checking futures-io v0.3.8
[INFO] [stderr]    Compiling either v1.6.1
[INFO] [stderr]    Compiling cc v1.0.66
[INFO] [stderr]    Compiling cairo-rs v0.9.1
[INFO] [stderr]    Compiling gio v0.9.1
[INFO] [stderr]     Checking tinystr v0.3.4
[INFO] [stderr]    Compiling log v0.4.11
[INFO] [stderr]    Compiling pango v0.9.1
[INFO] [stderr]    Compiling gdk-pixbuf v0.9.0
[INFO] [stderr]    Compiling gdk v0.13.2
[INFO] [stderr]    Compiling atk v0.9.0
[INFO] [stderr]    Compiling const_fn v0.4.4
[INFO] [stderr]     Checking unicode-segmentation v1.7.1
[INFO] [stderr]     Checking xi-unicode v0.2.1
[INFO] [stderr]     Checking stable_deref_trait v1.2.0
[INFO] [stderr]     Checking float-cmp v0.5.3
[INFO] [stderr]     Checking rand_core v0.5.1
[INFO] [stderr]     Checking xmlparser v0.13.3
[INFO] [stderr]     Checking unicode-script v0.5.2
[INFO] [stderr]     Checking xmlwriter v0.1.0
[INFO] [stderr]     Checking unicode-vo v0.1.0
[INFO] [stderr]     Checking rctree v0.3.3
[INFO] [stderr]     Checking smallvec v1.6.0
[INFO] [stderr]     Checking fluent-syntax v0.9.3
[INFO] [stderr]     Checking pico-args v0.3.4
[INFO] [stderr]    Compiling standback v0.2.14
[INFO] [stderr]    Compiling gtk v0.9.2
[INFO] [stderr]    Compiling time v0.2.23
[INFO] [stderr]    Compiling im v15.0.0
[INFO] [stderr]     Checking kurbo v0.7.1
[INFO] [stderr]     Checking kurbo v0.6.3
[INFO] [stderr]     Checking instant v0.1.9
[INFO] [stderr]     Checking futures-channel v0.3.8
[INFO] [stderr]    Compiling itertools v0.9.0
[INFO] [stderr]     Checking futures-task v0.3.8
[INFO] [stderr]     Checking unic-langid-impl v0.9.0
[INFO] [stderr]     Checking data-url v0.1.0
[INFO] [stderr]     Checking rand_xoshiro v0.4.0
[INFO] [stderr]     Checking svgtypes v0.5.0
[INFO] [stderr]    Compiling cmake v0.1.45
[INFO] [stderr]     Checking roxmltree v0.11.0
[INFO] [stderr]    Compiling paste-impl v0.1.18
[INFO] [stderr]     Checking keyboard-types v0.5.0
[INFO] [stderr]     Checking bitmaps v2.1.0
[INFO] [stderr]     Checking smallvec v0.6.13
[INFO] [stderr]     Checking unic-langid v0.9.0
[INFO] [stderr]     Checking type-map v0.3.0
[INFO] [stderr]     Checking piet v0.2.0-pre6
[INFO] [stderr]     Checking intl_pluralrules v7.0.0
[INFO] [stderr]     Checking fluent-langneg v0.13.0
[INFO] [stderr]     Checking simplecss v0.2.0
[INFO] [stderr]     Checking simple_logger v1.11.0
[INFO] [stderr]     Checking intl-memoizer v0.5.0
[INFO] [stderr]    Compiling freetype-sys v0.11.0
[INFO] [stderr]    Compiling harfbuzz-sys v0.4.1
[INFO] [stderr]     Checking flate2 v1.0.19
[INFO] [stderr]     Checking memmap2 v0.1.0
[INFO] [stderr]     Checking paste v0.1.18
[INFO] [stderr]     Checking aljabar v1.0.2
[INFO] [stdout] error[E0554]: `#![feature]` may not be used on the stable release channel
[INFO] [stdout]    --> /opt/rustwide/cargo-home/registry/src/github.com-1ecc6299db9ec823/aljabar-1.0.2/src/lib.rs:173:1
[INFO] [stdout]     |
[INFO] [stdout] 173 | #![feature(const_evaluatable_checked)]
[INFO] [stdout]     | ^^^^^^^^^^^^^^^^^^^^^^^^^^^^^^^^^^^^^^
[INFO] [stdout] 
[INFO] [stdout] 
[INFO] [stdout] error[E0554]: `#![feature]` may not be used on the stable release channel
[INFO] [stdout]    --> /opt/rustwide/cargo-home/registry/src/github.com-1ecc6299db9ec823/aljabar-1.0.2/src/lib.rs:174:1
[INFO] [stdout]     |
[INFO] [stdout] 174 | #![feature(const_generics)]
[INFO] [stdout]     | ^^^^^^^^^^^^^^^^^^^^^^^^^^^
[INFO] [stdout] 
[INFO] [stdout] 
[INFO] [stdout] error[E0554]: `#![feature]` may not be used on the stable release channel
[INFO] [stdout]    --> /opt/rustwide/cargo-home/registry/src/github.com-1ecc6299db9ec823/aljabar-1.0.2/src/lib.rs:175:1
[INFO] [stdout]     |
[INFO] [stdout] 175 | #![feature(trivial_bounds)]
[INFO] [stdout]     | ^^^^^^^^^^^^^^^^^^^^^^^^^^^
[INFO] [stdout] 
[INFO] [stdout] 
[INFO] [stdout] error[E0554]: `#![feature]` may not be used on the stable release channel
[INFO] [stdout]    --> /opt/rustwide/cargo-home/registry/src/github.com-1ecc6299db9ec823/aljabar-1.0.2/src/lib.rs:176:1
[INFO] [stdout]     |
[INFO] [stdout] 176 | #![feature(maybe_uninit_ref)]
[INFO] [stdout]     | ^^^^^^^^^^^^^^^^^^^^^^^^^^^^^
[INFO] [stdout] 
[INFO] [stdout] 
[INFO] [stdout] error[E0554]: `#![feature]` may not be used on the stable release channel
[INFO] [stdout]    --> /opt/rustwide/cargo-home/registry/src/github.com-1ecc6299db9ec823/aljabar-1.0.2/src/lib.rs:177:1
[INFO] [stdout]     |
[INFO] [stdout] 177 | #![feature(maybe_uninit_uninit_array)]
[INFO] [stdout]     | ^^^^^^^^^^^^^^^^^^^^^^^^^^^^^^^^^^^^^^
[INFO] [stdout] 
[INFO] [stdout] 
[INFO] [stdout] error: unconstrained generic constant
[INFO] [stdout]    --> /opt/rustwide/cargo-home/registry/src/github.com-1ecc6299db9ec823/aljabar-1.0.2/src/vector.rs:173:30
[INFO] [stdout]     |
[INFO] [stdout] 173 |     pub fn truncate(self) -> (TruncatedVector<T, { N }>, T) {
[INFO] [stdout]     |                              ^^^^^^^^^^^^^^^^^^^^^^^^^^^^^^
[INFO] [stdout]     |
[INFO] [stdout]     = help: try adding a `where` bound using this expression: `where [(); { N - 1 }]:`
[INFO] [stdout] 
[INFO] [stdout] 
[INFO] [stdout] error: unconstrained generic constant
[INFO] [stdout]    --> /opt/rustwide/cargo-home/registry/src/github.com-1ecc6299db9ec823/aljabar-1.0.2/src/vector.rs:201:36
[INFO] [stdout]     |
[INFO] [stdout] 201 |     pub fn extend(self, new: T) -> ExtendedVector<T, { N }> {
[INFO] [stdout]     |                                    ^^^^^^^^^^^^^^^^^^^^^^^^
[INFO] [stdout]     |
[INFO] [stdout]     = help: try adding a `where` bound using this expression: `where [(); { N + 1 }]:`
[INFO] [stdout] 
[INFO] [stdout] 
[INFO] [stdout] error: aborting due to 7 previous errors
[INFO] [stdout] 
[INFO] [stdout] 
[INFO] [stdout] For more information about this error, try `rustc --explain E0554`.
[INFO] [stdout] 
[INFO] [stderr] error: could not compile `aljabar` due to 8 previous errors
[INFO] [stderr] warning: build failed, waiting for other jobs to finish...
[INFO] [stderr] error: build failed
[INFO] running `Command { std: "docker" "inspect" "46bbd5361c6157140eba34887d96eebc0f055f9312b2dd30137d46aebb6a1db5", kill_on_drop: false }`
[INFO] running `Command { std: "docker" "rm" "-f" "46bbd5361c6157140eba34887d96eebc0f055f9312b2dd30137d46aebb6a1db5", kill_on_drop: false }`
[INFO] [stdout] 46bbd5361c6157140eba34887d96eebc0f055f9312b2dd30137d46aebb6a1db5
