[INFO] cloning repository https://github.com/glias/dex-contracts
[INFO] running `Command { std: "git" "-c" "credential.helper=" "-c" "credential.helper=/workspace/cargo-home/bin/git-credential-null" "clone" "--bare" "https://github.com/glias/dex-contracts" "/workspace/cache/git-repos/https%3A%2F%2Fgithub.com%2Fglias%2Fdex-contracts", kill_on_drop: false }`
[INFO] [stderr] Cloning into bare repository '/workspace/cache/git-repos/https%3A%2F%2Fgithub.com%2Fglias%2Fdex-contracts'...
[INFO] running `Command { std: "git" "rev-parse" "HEAD", kill_on_drop: false }`
[INFO] [stdout] 367cfe286acbc7e6962630296d593e4492eb78ee
[INFO] checking glias/dex-contracts against beta-2021-10-15 for beta-1.56-3
[INFO] running `Command { std: "git" "clone" "/workspace/cache/git-repos/https%3A%2F%2Fgithub.com%2Fglias%2Fdex-contracts" "/workspace/builds/worker-11/source", kill_on_drop: false }`
[INFO] [stderr] Cloning into '/workspace/builds/worker-11/source'...
[INFO] [stderr] done.
[INFO] validating manifest of git repo https://github.com/glias/dex-contracts on toolchain beta-2021-10-15
[INFO] running `Command { std: "/workspace/cargo-home/bin/cargo" "+beta-2021-10-15" "metadata" "--manifest-path" "Cargo.toml" "--no-deps", kill_on_drop: false }`
[INFO] removed /workspace/builds/worker-11/source/rust-toolchain
[INFO] started tweaking git repo https://github.com/glias/dex-contracts
[INFO] finished tweaking git repo https://github.com/glias/dex-contracts
[INFO] tweaked toml for git repo https://github.com/glias/dex-contracts written to /workspace/builds/worker-11/source/Cargo.toml
[INFO] crate git repo https://github.com/glias/dex-contracts already has a lockfile, it will not be regenerated
[INFO] running `Command { std: "/workspace/cargo-home/bin/cargo" "+beta-2021-10-15" "fetch" "--manifest-path" "Cargo.toml", kill_on_drop: false }`
[INFO] [stderr]     Blocking waiting for file lock on package cache
[INFO] [stderr]     Updating git repository `https://github.com/nervosnetwork/ckb-std`
[INFO] [stderr]  Downloading crates ...
[INFO] [stderr]   Downloaded numext-fixed-uint-hack v0.1.6
[INFO] [stderr]   Downloaded ckb-rational v0.37.0
[INFO] [stderr]   Downloaded numext-constructor v0.1.6
[INFO] [stderr]   Downloaded ckb-fixed-hash v0.37.0
[INFO] [stderr]   Downloaded ckb-channel v0.37.0
[INFO] [stderr]   Downloaded ckb-error v0.37.0
[INFO] [stderr]   Downloaded serde_plain v0.3.0
[INFO] [stderr]   Downloaded enum-display-derive v0.1.0
[INFO] [stderr]   Downloaded ckb-fixed-hash-core v0.37.0
[INFO] [stderr]   Downloaded ckb-chain-spec v0.37.0
[INFO] [stderr]   Downloaded ckb-pow v0.37.0
[INFO] [stderr]   Downloaded ckb-tool v0.2.2
[INFO] [stderr]   Downloaded faketime v0.2.1
[INFO] [stderr]   Downloaded ckb-util v0.37.0
[INFO] [stderr]   Downloaded ckb-rocksdb v0.14.1
[INFO] [stderr]   Downloaded tentacle-secio v0.4.0
[INFO] [stderr]   Downloaded mapr v0.8.0
[INFO] [stderr]   Downloaded faster-hex v0.3.1
[INFO] [stderr]   Downloaded numext-fixed-uint v0.1.6
[INFO] [stderr]   Downloaded scroll_derive v0.10.4
[INFO] [stderr]   Downloaded simple-jsonrpc-client v0.1.0
[INFO] [stderr]   Downloaded ckb-app-config v0.37.0
[INFO] [stderr]   Downloaded ckb-logger-config v0.37.0
[INFO] [stderr]   Downloaded ckb-metrics-config v0.37.0
[INFO] [stderr]   Downloaded ckb-reward-calculator v0.37.0
[INFO] [stderr]   Downloaded ckb-async-runtime v0.37.0
[INFO] [stderr]   Downloaded ckb-always-success-script v0.0.1
[INFO] [stderr]   Downloaded ckb-testtool v0.2.2
[INFO] [stderr]   Downloaded ckb-x64-simulator v0.4.0
[INFO] [stderr]   Downloaded ckb-hash v0.38.0
[INFO] [stderr]   Downloaded path-clean v0.1.0
[INFO] [stderr]   Downloaded blake2b-ref v0.2.1
[INFO] [stderr]   Downloaded ckb-types v0.37.0
[INFO] [stderr]   Downloaded sized-chunks v0.1.3
[INFO] [stderr]   Downloaded im v12.3.4
[INFO] [stderr]   Downloaded ckb-standalone-types v0.0.1-pre.1
[INFO] [stderr]   Downloaded ckb-std v0.7.2
[INFO] [stderr]   Downloaded ckb-fee-estimator v0.37.0
[INFO] [stderr]   Downloaded faster-hex v0.4.1
[INFO] [stderr]   Downloaded eaglesong v0.1.0
[INFO] [stderr]   Downloaded blake2b-rs v0.2.0
[INFO] [stderr]   Downloaded buddy-alloc v0.4.1
[INFO] [stderr]   Downloaded sentry v0.17.0
[INFO] [stderr]   Downloaded ckb-dao v0.37.0
[INFO] [stderr]   Downloaded debugid v0.4.0
[INFO] [stderr]   Downloaded ckb-system-scripts v0.5.1
[INFO] [stderr]   Downloaded ckb-script v0.37.0
[INFO] [stderr]   Downloaded ckb-dyn-lock v0.1.10
[INFO] [stderr]   Downloaded ckb-vm v0.19.3
[INFO] [stderr]   Downloaded ckb-build-info v0.37.0
[INFO] [stderr]   Downloaded sentry-types v0.11.0
[INFO] [stderr]   Downloaded tentacle-multiaddr v0.1.0
[INFO] [stderr]   Downloaded ckb-db v0.37.0
[INFO] [stderr]   Downloaded async-compression v0.3.7
[INFO] [stderr]   Downloaded ckb-dao-utils v0.37.0
[INFO] [stderr]   Downloaded ckb-vm-definitions v0.19.3
[INFO] [stderr]   Downloaded includedir v0.5.0
[INFO] [stderr]   Downloaded includedir_codegen v0.5.0
[INFO] [stderr]   Downloaded blake2b-rs v0.1.5
[INFO] [stderr]   Downloaded merkle-cbt v0.3.0
[INFO] [stderr]   Downloaded lru v0.6.3
[INFO] [stderr]   Downloaded ckb-store v0.37.0
[INFO] [stderr]   Downloaded ckb-verification v0.37.0
[INFO] [stderr]   Downloaded ckb-crypto v0.37.0
[INFO] [stderr]   Downloaded ckb-jsonrpc-types v0.37.0
[INFO] [stderr]   Downloaded ckb-resource v0.37.0
[INFO] [stderr]   Downloaded ckb-standalone-debugger v0.3.0
[INFO] [stderr]   Downloaded ring v0.16.12
[INFO] [stderr]   Downloaded ckb-logger v0.37.0
[INFO] [stderr]   Downloaded ckb-traits v0.37.0
[INFO] [stderr]   Downloaded ckb-fixed-hash-macros v0.37.0
[INFO] [stderr]   Downloaded ckb-occupied-capacity v0.37.0
[INFO] [stderr]   Downloaded ckb-librocksdb-sys v6.7.4
[INFO] [stderr]   Downloaded ckb-hash v0.37.0
[INFO] [stderr]   Downloaded ckb-occupied-capacity-core v0.37.0
[INFO] [stderr]   Downloaded ckb-occupied-capacity-macros v0.37.0
[INFO] [stderr]   Downloaded numext-fixed-uint-core v0.1.6
[INFO] [stderr]   Downloaded molecule v0.6.0
[INFO] running `Command { std: "docker" "create" "-v" "/var/lib/crater-agent-workspace/builds/worker-11/target:/opt/rustwide/target:rw,Z" "-v" "/var/lib/crater-agent-workspace/builds/worker-11/source:/opt/rustwide/workdir:ro,Z" "-v" "/var/lib/crater-agent-workspace/cargo-home:/opt/rustwide/cargo-home:ro,Z" "-v" "/var/lib/crater-agent-workspace/rustup-home:/opt/rustwide/rustup-home:ro,Z" "-e" "SOURCE_DIR=/opt/rustwide/workdir" "-e" "CARGO_TARGET_DIR=/opt/rustwide/target" "-e" "CARGO_HOME=/opt/rustwide/cargo-home" "-e" "RUSTUP_HOME=/opt/rustwide/rustup-home" "-w" "/opt/rustwide/workdir" "-m" "1610612736" "--user" "0:0" "--network" "none" "ghcr.io/rust-lang/crates-build-env/linux@sha256:a89201d6b5b9fd45c15d5952ece0a0129e7e80cb26ec023fd59cf09bc26f1604" "/opt/rustwide/cargo-home/bin/cargo" "+beta-2021-10-15" "metadata" "--no-deps" "--format-version=1", kill_on_drop: false }`
[INFO] [stderr] WARNING: Your kernel does not support swap limit capabilities or the cgroup is not mounted. Memory limited without swap.
[INFO] [stdout] 992d2b5462e5d3ccddfc653f9a1da8b10dfe4907865cc056f3d6d31a9d413fd1
[INFO] running `Command { std: "docker" "start" "-a" "992d2b5462e5d3ccddfc653f9a1da8b10dfe4907865cc056f3d6d31a9d413fd1", kill_on_drop: false }`
[INFO] running `Command { std: "docker" "inspect" "992d2b5462e5d3ccddfc653f9a1da8b10dfe4907865cc056f3d6d31a9d413fd1", kill_on_drop: false }`
[INFO] running `Command { std: "docker" "rm" "-f" "992d2b5462e5d3ccddfc653f9a1da8b10dfe4907865cc056f3d6d31a9d413fd1", kill_on_drop: false }`
[INFO] [stdout] 992d2b5462e5d3ccddfc653f9a1da8b10dfe4907865cc056f3d6d31a9d413fd1
[INFO] running `Command { std: "docker" "create" "-v" "/var/lib/crater-agent-workspace/builds/worker-11/target:/opt/rustwide/target:rw,Z" "-v" "/var/lib/crater-agent-workspace/builds/worker-11/source:/opt/rustwide/workdir:ro,Z" "-v" "/var/lib/crater-agent-workspace/cargo-home:/opt/rustwide/cargo-home:ro,Z" "-v" "/var/lib/crater-agent-workspace/rustup-home:/opt/rustwide/rustup-home:ro,Z" "-e" "SOURCE_DIR=/opt/rustwide/workdir" "-e" "CARGO_TARGET_DIR=/opt/rustwide/target" "-e" "CARGO_INCREMENTAL=0" "-e" "RUST_BACKTRACE=full" "-e" "RUSTFLAGS=--cap-lints=warn" "-e" "CARGO_HOME=/opt/rustwide/cargo-home" "-e" "RUSTUP_HOME=/opt/rustwide/rustup-home" "-w" "/opt/rustwide/workdir" "-m" "1610612736" "--user" "0:0" "--network" "none" "ghcr.io/rust-lang/crates-build-env/linux@sha256:a89201d6b5b9fd45c15d5952ece0a0129e7e80cb26ec023fd59cf09bc26f1604" "/opt/rustwide/cargo-home/bin/cargo" "+beta-2021-10-15" "check" "--frozen" "--all" "--all-targets" "--message-format=json", kill_on_drop: false }`
[INFO] [stdout] 209fcb562b2c37d63c32f8e86095e2fb384f8c54768efcf1797aed33332920df
[INFO] [stderr] WARNING: Your kernel does not support swap limit capabilities or the cgroup is not mounted. Memory limited without swap.
[INFO] running `Command { std: "docker" "start" "-a" "209fcb562b2c37d63c32f8e86095e2fb384f8c54768efcf1797aed33332920df", kill_on_drop: false }`
[INFO] [stderr]    Compiling libc v0.2.81
[INFO] [stderr]    Compiling syn v1.0.56
[INFO] [stderr]    Compiling const_fn v0.4.4
[INFO] [stderr]    Compiling serde v1.0.118
[INFO] [stderr]    Compiling adler v0.2.3
[INFO] [stderr]    Compiling proc-macro2 v0.4.30
[INFO] [stderr]    Compiling syn v0.15.44
[INFO] [stderr]     Checking faster-hex v0.4.1
[INFO] [stderr]    Compiling heapsize v0.4.2
[INFO] [stderr]    Compiling gimli v0.23.0
[INFO] [stderr]    Compiling rustc-demangle v0.1.18
[INFO] [stderr]    Compiling object v0.22.0
[INFO] [stderr]    Compiling unicode-xid v0.0.4
[INFO] [stderr]    Compiling quote v0.3.15
[INFO] [stderr]     Checking futures-core v0.3.8
[INFO] [stderr]    Compiling faster-hex v0.3.1
[INFO] [stderr]     Checking bit-vec v0.5.1
[INFO] [stderr]    Compiling openssl v0.10.32
[INFO] [stderr]    Compiling once_cell v1.5.2
[INFO] [stderr]     Checking futures-sink v0.3.8
[INFO] [stderr]    Compiling native-tls v0.2.6
[INFO] [stderr]     Checking eaglesong v0.1.0
[INFO] [stderr]     Checking dtoa v0.4.7
[INFO] [stderr]    Compiling cty v0.2.1
[INFO] [stderr]     Checking plain v0.2.3
[INFO] [stderr]    Compiling tentacle-secio v0.4.0
[INFO] [stderr]     Checking ckb-vm-definitions v0.19.3
[INFO] [stderr]    Compiling ckb-script v0.37.0
[INFO] [stderr]     Checking pin-project-lite v0.2.0
[INFO] [stderr]     Checking unsigned-varint v0.3.3
[INFO] [stderr]     Checking buddy-alloc v0.4.1
[INFO] [stderr]     Checking bs58 v0.3.1
[INFO] [stderr]     Checking ckb-build-info v0.37.0
[INFO] [stderr]     Checking path-clean v0.1.0
[INFO] [stderr]    Compiling wasm-bindgen v0.2.69
[INFO] [stderr]    Compiling siphasher v0.3.3
[INFO] [stderr]     Checking blake2b-ref v0.2.1
[INFO] [stderr]     Checking ckb-always-success-script v0.0.1
[INFO] [stderr]    Compiling memoffset v0.6.1
[INFO] [stderr]     Checking crossbeam-utils v0.6.6
[INFO] [stderr]     Checking merkle-cbt v0.3.0
[INFO] [stderr]    Compiling num-traits v0.2.14
[INFO] [stderr]    Compiling num-integer v0.1.44
[INFO] [stderr]     Checking try_from v0.3.2
[INFO] [stderr]    Compiling num-bigint v0.3.1
[INFO] [stderr]     Checking addr2line v0.14.0
[INFO] [stderr]     Checking futures-task v0.3.8
[INFO] [stderr]     Checking tokio-sync v0.1.8
[INFO] [stderr]    Compiling synom v0.11.3
[INFO] [stderr]    Compiling phf_shared v0.7.24
[INFO] [stderr]    Compiling error-chain v0.12.4
[INFO] [stderr]     Checking tinyvec v1.1.0
[INFO] [stderr]     Checking futures-channel v0.3.8
[INFO] [stderr]     Checking linked_hash_set v0.1.4
[INFO] [stderr]    Compiling log v0.4.11
[INFO] [stderr]    Compiling crc32fast v1.2.1
[INFO] [stderr]    Compiling phf_shared v0.8.0
[INFO] [stderr]     Checking crossbeam-channel v0.3.9
[INFO] [stderr]     Checking lru v0.6.3
[INFO] [stderr]    Compiling syn v0.11.11
[INFO] [stderr]    Compiling phf v0.7.24
[INFO] [stderr]     Checking lock_api v0.1.5
[INFO] [stderr]     Checking quote v1.0.8
[INFO] [stderr]    Compiling crossbeam-utils v0.8.1
[INFO] [stderr]    Compiling miniz_oxide v0.4.3
[INFO] [stderr]     Checking indexmap v1.6.1
[INFO] [stderr]     Checking ckb-logger v0.37.0
[INFO] [stderr]     Checking want v0.2.0
[INFO] [stderr]     Checking tracing v0.1.22
[INFO] [stderr]    Compiling hyper v0.12.35
[INFO] [stderr]    Compiling im v12.3.4
[INFO] [stderr]    Compiling sentry v0.17.0
[INFO] [stderr]     Checking smallvec v0.6.13
[INFO] [stderr]     Checking sized-chunks v0.1.3
[INFO] [stderr]     Checking phf v0.8.0
[INFO] [stderr]     Checking tokio-executor v0.1.10
[INFO] [stderr]     Checking ckb-channel v0.37.0
[INFO] [stderr]    Compiling crossbeam-channel v0.5.0
[INFO] [stderr]     Checking unicode-normalization v0.1.16
[INFO] [stderr]     Checking block-buffer v0.7.3
[INFO] [stderr]    Compiling quote v0.6.13
[INFO] [stderr]     Checking crossbeam-deque v0.7.3
[INFO] [stderr]     Checking tokio-current-thread v0.1.7
[INFO] [stderr]     Checking tokio-timer v0.2.13
[INFO] [stderr]    Compiling crossbeam-epoch v0.9.1
[INFO] [stderr]     Checking sha2 v0.8.2
[INFO] [stderr]     Checking sha3 v0.8.2
[INFO] [stderr]     Checking iovec v0.1.4
[INFO] [stderr]     Checking getrandom v0.1.15
[INFO] [stderr]     Checking backtrace v0.3.55
[INFO] [stderr]     Checking num_cpus v1.13.0
[INFO] [stderr]     Checking net2 v0.2.37
[INFO] [stderr]     Checking rand_os v0.1.3
[INFO] [stderr]     Checking flate2 v1.0.19
[INFO] [stderr]     Checking time v0.1.44
[INFO] [stderr]     Checking parking_lot_core v0.6.2
[INFO] [stderr]     Checking atty v0.2.14
[INFO] [stderr]     Checking mapr v0.8.0
[INFO] [stderr]     Checking hostname v0.1.5
[INFO] [stderr]     Checking uname v0.1.1
[INFO] [stderr]     Checking socket2 v0.3.19
[INFO] [stderr]    Compiling crossbeam-deque v0.8.0
[INFO] [stderr]     Checking bytes v0.4.12
[INFO] [stderr]     Checking idna v0.1.5
[INFO] [stderr]     Checking idna v0.2.0
[INFO] [stderr]     Checking rand_core v0.5.1
[INFO] [stderr]     Checking tokio-threadpool v0.1.18
[INFO] [stderr]     Checking futures-cpupool v0.1.8
[INFO] [stderr]     Checking rand v0.6.5
[INFO] [stderr]     Checking env_logger v0.6.2
[INFO] [stderr]     Checking clap v2.33.3
[INFO] [stderr]     Checking mio v0.6.23
[INFO] [stderr]     Checking parking_lot v0.9.0
[INFO] [stderr]    Compiling enum-display-derive v0.1.0
[INFO] [stderr]     Checking includedir v0.5.0
[INFO] [stderr]     Checking includedir v0.6.0
[INFO] [stderr]    Compiling rayon-core v1.9.0
[INFO] [stderr]     Checking tokio-io v0.1.13
[INFO] [stderr]     Checking http v0.1.21
[INFO] [stderr]     Checking tokio-buf v0.1.1
[INFO] [stderr]     Checking string v0.2.1
[INFO] [stderr]     Checking rand_chacha v0.2.2
[INFO] [stderr]     Checking rand_pcg v0.2.1
[INFO] [stderr]     Checking url v1.7.2
[INFO] [stderr]     Checking url v2.2.0
[INFO] [stderr]     Checking tokio-reactor v0.1.12
[INFO] [stderr]     Checking parking_lot_core v0.4.0
[INFO] [stderr]     Checking rand v0.7.3
[INFO] [stderr]     Checking rayon v1.5.0
[INFO] [stderr]    Compiling phf_generator v0.7.24
[INFO] [stderr]     Checking parking_lot v0.7.1
[INFO] [stderr]     Checking tokio-tcp v0.1.4
[INFO] [stderr]    Compiling phf_codegen v0.7.24
[INFO] [stderr]     Checking publicsuffix v1.5.4
[INFO] [stderr]     Checking cookie v0.12.0
[INFO] [stderr]     Checking tokio v0.1.22
[INFO] [stderr]     Checking ckb-util v0.37.0
[INFO] [stderr]    Compiling includedir_codegen v0.5.0
[INFO] [stderr]     Checking tempfile v3.1.0
[INFO] [stderr]     Checking faketime v0.2.1
[INFO] [stderr]     Checking http-body v0.1.0
[INFO] [stderr]     Checking h2 v0.1.26
[INFO] [stderr]    Compiling phf_generator v0.8.0
[INFO] [stderr]    Compiling phf_codegen v0.8.0
[INFO] [stderr]    Compiling includedir_codegen v0.6.0
[INFO] [stderr]    Compiling synstructure v0.12.4
[INFO] [stderr]    Compiling wasm-bindgen-backend v0.2.69
[INFO] [stderr]    Compiling cc v1.0.41
[INFO] [stderr]    Compiling wasm-bindgen-macro-support v0.2.69
[INFO] [stderr]    Compiling blake2b-rs v0.1.5
[INFO] [stderr]    Compiling openssl-sys v0.9.60
[INFO] [stderr]    Compiling secp256k1-sys v0.1.2
[INFO] [stderr]    Compiling blake2b-rs v0.2.0
[INFO] [stderr]    Compiling ring v0.16.12
[INFO] [stderr]    Compiling ckb-vm v0.19.3
[INFO] [stderr]    Compiling ckb-librocksdb-sys v6.7.4
[INFO] [stderr]    Compiling ckb-std v0.7.2
[INFO] [stderr]    Compiling ckb-x64-simulator v0.4.0
[INFO] [stderr]    Compiling ckb-std v0.7.2 (https://github.com/nervosnetwork/ckb-std?rev=29455b8#29455b87)
[INFO] [stderr]    Compiling secp256k1-sys v0.3.0
[INFO] [stderr]    Compiling serde_derive v1.0.118
[INFO] [stderr]    Compiling failure_derive v0.1.8
[INFO] [stderr]    Compiling thiserror-impl v1.0.23
[INFO] [stderr]    Compiling numext-constructor v0.1.6
[INFO] [stderr]    Compiling pin-project-internal v1.0.2
[INFO] [stderr]    Compiling futures-macro v0.3.8
[INFO] [stderr]    Compiling scroll_derive v0.10.4
[INFO] [stderr]    Compiling derive_more v0.99.11
[INFO] [stderr]    Compiling pin-project-internal v0.4.27
[INFO] [stderr]     Checking ckb-hash v0.37.0
[INFO] [stderr]     Checking ckb-hash v0.38.0
[INFO] [stderr]    Compiling ckb-system-scripts v0.5.1
[INFO] [stderr]    Compiling ckb-lib-secp256k1 v0.1.0 (/opt/rustwide/workdir/ckb-lib-secp256k1)
[INFO] [stderr]    Compiling ckb-dyn-lock v0.1.10
[INFO] [stderr]    Compiling wasm-bindgen-macro v0.2.69
[INFO] [stderr] error: could not compile `hyper`
[INFO] [stderr] 
[INFO] [stderr] Caused by:
[INFO] [stderr]   process didn't exit successfully: `rustc --crate-name hyper /opt/rustwide/cargo-home/registry/src/github.com-1ecc6299db9ec823/hyper-0.12.35/src/lib.rs --error-format=json --json=diagnostic-rendered-ansi --crate-type lib --emit=dep-info,metadata -C embed-bitcode=no -C debuginfo=2 --cfg 'feature="__internal_flaky_tests"' --cfg 'feature="default"' --cfg 'feature="futures-cpupool"' --cfg 'feature="net2"' --cfg 'feature="runtime"' --cfg 'feature="tokio"' --cfg 'feature="tokio-executor"' --cfg 'feature="tokio-reactor"' --cfg 'feature="tokio-tcp"' --cfg 'feature="tokio-threadpool"' --cfg 'feature="tokio-timer"' -C metadata=1dcb0e651671905f -C extra-filename=-1dcb0e651671905f --out-dir /opt/rustwide/target/debug/deps -L dependency=/opt/rustwide/target/debug/deps --extern bytes=/opt/rustwide/target/debug/deps/libbytes-54b207a22fed91b1.rmeta --extern futures=/opt/rustwide/target/debug/deps/libfutures-8298021ff90e26f2.rmeta --extern futures_cpupool=/opt/rustwide/target/debug/deps/libfutures_cpupool-cdc93e889e0936c6.rmeta --extern h2=/opt/rustwide/target/debug/deps/libh2-4de3355a17e3789f.rmeta --extern http=/opt/rustwide/target/debug/deps/libhttp-f5140bd15236311a.rmeta --extern http_body=/opt/rustwide/target/debug/deps/libhttp_body-c37f12b1c1efa05d.rmeta --extern httparse=/opt/rustwide/target/debug/deps/libhttparse-34817a04a0b5fb2e.rmeta --extern iovec=/opt/rustwide/target/debug/deps/libiovec-aeac7406bbdd1032.rmeta --extern itoa=/opt/rustwide/target/debug/deps/libitoa-7587ab11373306f4.rmeta --extern log=/opt/rustwide/target/debug/deps/liblog-9d1591cbbcddd323.rmeta --extern net2=/opt/rustwide/target/debug/deps/libnet2-af18e6543d1de495.rmeta --extern time=/opt/rustwide/target/debug/deps/libtime-c704ba9f2a14ea2b.rmeta --extern tokio=/opt/rustwide/target/debug/deps/libtokio-9ba9d2f193bd8e0b.rmeta --extern tokio_buf=/opt/rustwide/target/debug/deps/libtokio_buf-2d99214e2febcdaf.rmeta --extern tokio_executor=/opt/rustwide/target/debug/deps/libtokio_executor-e13f4995c5eb64c2.rmeta --extern tokio_io=/opt/rustwide/target/debug/deps/libtokio_io-16941c87a70c6ab8.rmeta --extern tokio_reactor=/opt/rustwide/target/debug/deps/libtokio_reactor-c07f2b06864f8b2f.rmeta --extern tokio_tcp=/opt/rustwide/target/debug/deps/libtokio_tcp-ac4fce04bc4712df.rmeta --extern tokio_threadpool=/opt/rustwide/target/debug/deps/libtokio_threadpool-4713362aab49a524.rmeta --extern tokio_timer=/opt/rustwide/target/debug/deps/libtokio_timer-a6086d563d7b3956.rmeta --extern want=/opt/rustwide/target/debug/deps/libwant-135ba104ab54fc0f.rmeta --cap-lints allow --cap-lints=warn --cfg error_source --cfg try_from` (signal: 9, SIGKILL: kill)
[INFO] [stderr] warning: build failed, waiting for other jobs to finish...
[INFO] [stderr] The following warnings were emitted during compilation:
[INFO] [stderr] 
[INFO] [stderr] warning: c++: fatal error: Killed signal terminated program cc1plus
[INFO] [stderr] warning: compilation terminated.
[INFO] [stderr] warning: c++: fatal error: Killed signal terminated program cc1plus
[INFO] [stderr] warning: compilation terminated.
[INFO] [stderr] warning: c++: fatal error: Killed signal terminated program cc1plus
[INFO] [stderr] warning: compilation terminated.
[INFO] [stderr] warning: c++: fatal error: Killed signal terminated program cc1plus
[INFO] [stderr] warning: compilation terminated.
[INFO] [stderr] warning: c++: fatal error: Killed signal terminated program cc1plus
[INFO] [stderr] warning: compilation terminated.
[INFO] [stderr] warning: c++: fatal error: Killed signal terminated program cc1plus
[INFO] [stderr] warning: compilation terminated.
[INFO] [stderr] 
[INFO] [stderr] error: build failed
[INFO] running `Command { std: "docker" "inspect" "209fcb562b2c37d63c32f8e86095e2fb384f8c54768efcf1797aed33332920df", kill_on_drop: false }`
[INFO] running `Command { std: "docker" "rm" "-f" "209fcb562b2c37d63c32f8e86095e2fb384f8c54768efcf1797aed33332920df", kill_on_drop: false }`
[INFO] [stdout] 209fcb562b2c37d63c32f8e86095e2fb384f8c54768efcf1797aed33332920df
