[INFO] cloning repository https://github.com/glek/terminal-fps
[INFO] running `Command { std: "git" "-c" "credential.helper=" "-c" "credential.helper=/workspace/cargo-home/bin/git-credential-null" "clone" "--bare" "https://github.com/glek/terminal-fps" "/workspace/cache/git-repos/https%3A%2F%2Fgithub.com%2Fglek%2Fterminal-fps", kill_on_drop: false }`
[INFO] [stderr] Cloning into bare repository '/workspace/cache/git-repos/https%3A%2F%2Fgithub.com%2Fglek%2Fterminal-fps'...
[INFO] running `Command { std: "git" "rev-parse" "HEAD", kill_on_drop: false }`
[INFO] [stdout] 951136cd0ce93f187c555793859daef88b637cfa
[INFO] checking glek/terminal-fps against 1.55.0 for beta-1.56-3
[INFO] running `Command { std: "git" "clone" "/workspace/cache/git-repos/https%3A%2F%2Fgithub.com%2Fglek%2Fterminal-fps" "/workspace/builds/worker-8/source", kill_on_drop: false }`
[INFO] [stderr] Cloning into '/workspace/builds/worker-8/source'...
[INFO] [stderr] done.
[INFO] validating manifest of git repo https://github.com/glek/terminal-fps on toolchain 1.55.0
[INFO] running `Command { std: "/workspace/cargo-home/bin/cargo" "+1.55.0" "metadata" "--manifest-path" "Cargo.toml" "--no-deps", kill_on_drop: false }`
[INFO] started tweaking git repo https://github.com/glek/terminal-fps
[INFO] finished tweaking git repo https://github.com/glek/terminal-fps
[INFO] tweaked toml for git repo https://github.com/glek/terminal-fps written to /workspace/builds/worker-8/source/Cargo.toml
[INFO] crate git repo https://github.com/glek/terminal-fps already has a lockfile, it will not be regenerated
[INFO] running `Command { std: "/workspace/cargo-home/bin/cargo" "+1.55.0" "fetch" "--manifest-path" "Cargo.toml", kill_on_drop: false }`
[INFO] running `Command { std: "docker" "create" "-v" "/var/lib/crater-agent-workspace/builds/worker-8/target:/opt/rustwide/target:rw,Z" "-v" "/var/lib/crater-agent-workspace/builds/worker-8/source:/opt/rustwide/workdir:ro,Z" "-v" "/var/lib/crater-agent-workspace/cargo-home:/opt/rustwide/cargo-home:ro,Z" "-v" "/var/lib/crater-agent-workspace/rustup-home:/opt/rustwide/rustup-home:ro,Z" "-e" "SOURCE_DIR=/opt/rustwide/workdir" "-e" "CARGO_TARGET_DIR=/opt/rustwide/target" "-e" "CARGO_HOME=/opt/rustwide/cargo-home" "-e" "RUSTUP_HOME=/opt/rustwide/rustup-home" "-w" "/opt/rustwide/workdir" "-m" "1610612736" "--user" "0:0" "--network" "none" "ghcr.io/rust-lang/crates-build-env/linux@sha256:a89201d6b5b9fd45c15d5952ece0a0129e7e80cb26ec023fd59cf09bc26f1604" "/opt/rustwide/cargo-home/bin/cargo" "+1.55.0" "metadata" "--no-deps" "--format-version=1", kill_on_drop: false }`
[INFO] [stderr] WARNING: Your kernel does not support swap limit capabilities or the cgroup is not mounted. Memory limited without swap.
[INFO] [stdout] e7366fc0ab406dfca1f0554eb5d40cbf5294f5d774e1d9e87987ab05b5cbacc4
[INFO] running `Command { std: "docker" "start" "-a" "e7366fc0ab406dfca1f0554eb5d40cbf5294f5d774e1d9e87987ab05b5cbacc4", kill_on_drop: false }`
[INFO] running `Command { std: "docker" "inspect" "e7366fc0ab406dfca1f0554eb5d40cbf5294f5d774e1d9e87987ab05b5cbacc4", kill_on_drop: false }`
[INFO] running `Command { std: "docker" "rm" "-f" "e7366fc0ab406dfca1f0554eb5d40cbf5294f5d774e1d9e87987ab05b5cbacc4", kill_on_drop: false }`
[INFO] [stdout] e7366fc0ab406dfca1f0554eb5d40cbf5294f5d774e1d9e87987ab05b5cbacc4
[INFO] running `Command { std: "docker" "create" "-v" "/var/lib/crater-agent-workspace/builds/worker-8/target:/opt/rustwide/target:rw,Z" "-v" "/var/lib/crater-agent-workspace/builds/worker-8/source:/opt/rustwide/workdir:ro,Z" "-v" "/var/lib/crater-agent-workspace/cargo-home:/opt/rustwide/cargo-home:ro,Z" "-v" "/var/lib/crater-agent-workspace/rustup-home:/opt/rustwide/rustup-home:ro,Z" "-e" "SOURCE_DIR=/opt/rustwide/workdir" "-e" "CARGO_TARGET_DIR=/opt/rustwide/target" "-e" "CARGO_INCREMENTAL=0" "-e" "RUST_BACKTRACE=full" "-e" "RUSTFLAGS=--cap-lints=warn" "-e" "CARGO_HOME=/opt/rustwide/cargo-home" "-e" "RUSTUP_HOME=/opt/rustwide/rustup-home" "-w" "/opt/rustwide/workdir" "-m" "1610612736" "--user" "0:0" "--network" "none" "ghcr.io/rust-lang/crates-build-env/linux@sha256:a89201d6b5b9fd45c15d5952ece0a0129e7e80cb26ec023fd59cf09bc26f1604" "/opt/rustwide/cargo-home/bin/cargo" "+1.55.0" "check" "--frozen" "--all" "--all-targets" "--message-format=json", kill_on_drop: false }`
[INFO] [stdout] b4bd56aa9a3c0aa2445ef2bf355a432528e11da703a2dfa929ad7b97f4cb8117
[INFO] [stderr] WARNING: Your kernel does not support swap limit capabilities or the cgroup is not mounted. Memory limited without swap.
[INFO] running `Command { std: "docker" "start" "-a" "b4bd56aa9a3c0aa2445ef2bf355a432528e11da703a2dfa929ad7b97f4cb8117", kill_on_drop: false }`
[INFO] [stderr]     Checking terminal-fps v0.0.0 (/opt/rustwide/workdir)
[INFO] [stdout] error[E0583]: file not found for module `linux`
[INFO] [stdout]  --> src/os/mod.rs:9:1
[INFO] [stdout]   |
[INFO] [stdout] 9 | mod linux;
[INFO] [stdout]   | ^^^^^^^^^^
[INFO] [stdout]   |
[INFO] [stdout]   = help: to create the module `linux`, create file "src/os/linux.rs" or "src/os/linux/mod.rs"
[INFO] [stdout] 
[INFO] [stdout] 
[INFO] [stdout] error[E0432]: unresolved imports `os::get_terminal_height`, `os::get_terminal_width`
[INFO] [stdout]  --> src/main.rs:5:10
[INFO] [stdout]   |
[INFO] [stdout] 5 | use os::{get_terminal_height, get_terminal_width};
[INFO] [stdout]   |          ^^^^^^^^^^^^^^^^^^^  ^^^^^^^^^^^^^^^^^^ no `get_terminal_width` in `os`
[INFO] [stdout]   |          |
[INFO] [stdout]   |          no `get_terminal_height` in `os`
[INFO] [stdout] 
[INFO] [stdout] 
[INFO] [stdout] error[E0583]: file not found for module `linux`
[INFO] [stdout]  --> src/os/mod.rs:9:1
[INFO] [stdout]   |
[INFO] [stdout] 9 | mod linux;
[INFO] [stdout]   | ^^^^^^^^^^
[INFO] [stdout]   |
[INFO] [stdout]   = help: to create the module `linux`, create file "src/os/linux.rs" or "src/os/linux/mod.rs"
[INFO] [stdout] 
[INFO] [stdout] 
[INFO] [stdout] error[E0432]: unresolved imports `os::get_terminal_height`, `os::get_terminal_width`
[INFO] [stdout]  --> src/main.rs:5:10
[INFO] [stdout]   |
[INFO] [stdout] 5 | use os::{get_terminal_height, get_terminal_width};
[INFO] [stdout]   |          ^^^^^^^^^^^^^^^^^^^  ^^^^^^^^^^^^^^^^^^ no `get_terminal_width` in `os`
[INFO] [stdout]   |          |
[INFO] [stdout]   |          no `get_terminal_height` in `os`
[INFO] [stdout] 
[INFO] [stdout] 
[INFO] [stdout] error: aborting due to 2 previous errors
[INFO] [stdout] 
[INFO] [stdout] 
[INFO] [stdout] Some errors have detailed explanations: E0432, E0583.
[INFO] [stdout] 
[INFO] [stdout] For more information about an error, try `rustc --explain E0432`.
[INFO] [stdout] 
[INFO] [stderr] error: could not compile `terminal-fps` due to 3 previous errors
[INFO] [stderr] warning: build failed, waiting for other jobs to finish...
[INFO] [stdout] error: aborting due to 2 previous errors
[INFO] [stdout] 
[INFO] [stdout] 
[INFO] [stdout] Some errors have detailed explanations: E0432, E0583.
[INFO] [stdout] 
[INFO] [stdout] For more information about an error, try `rustc --explain E0432`.
[INFO] [stdout] 
[INFO] [stderr] error: build failed
[INFO] running `Command { std: "docker" "inspect" "b4bd56aa9a3c0aa2445ef2bf355a432528e11da703a2dfa929ad7b97f4cb8117", kill_on_drop: false }`
[INFO] running `Command { std: "docker" "rm" "-f" "b4bd56aa9a3c0aa2445ef2bf355a432528e11da703a2dfa929ad7b97f4cb8117", kill_on_drop: false }`
[INFO] [stdout] b4bd56aa9a3c0aa2445ef2bf355a432528e11da703a2dfa929ad7b97f4cb8117
