[INFO] cloning repository https://github.com/genya0407/fake_dns
[INFO] running `Command { std: "git" "-c" "credential.helper=" "-c" "credential.helper=/workspace/cargo-home/bin/git-credential-null" "clone" "--bare" "https://github.com/genya0407/fake_dns" "/workspace/cache/git-repos/https%3A%2F%2Fgithub.com%2Fgenya0407%2Ffake_dns", kill_on_drop: false }`
[INFO] [stderr] Cloning into bare repository '/workspace/cache/git-repos/https%3A%2F%2Fgithub.com%2Fgenya0407%2Ffake_dns'...
[INFO] running `Command { std: "git" "rev-parse" "HEAD", kill_on_drop: false }`
[INFO] [stdout] b745abbfe989e9f1cb821f1cd903c308a81dedc7
[INFO] checking genya0407/fake_dns against beta-2021-10-15 for beta-1.56-3
[INFO] running `Command { std: "git" "clone" "/workspace/cache/git-repos/https%3A%2F%2Fgithub.com%2Fgenya0407%2Ffake_dns" "/workspace/builds/worker-9/source", kill_on_drop: false }`
[INFO] [stderr] Cloning into '/workspace/builds/worker-9/source'...
[INFO] [stderr] done.
[INFO] validating manifest of git repo https://github.com/genya0407/fake_dns on toolchain beta-2021-10-15
[INFO] running `Command { std: "/workspace/cargo-home/bin/cargo" "+beta-2021-10-15" "metadata" "--manifest-path" "Cargo.toml" "--no-deps", kill_on_drop: false }`
[INFO] started tweaking git repo https://github.com/genya0407/fake_dns
[INFO] finished tweaking git repo https://github.com/genya0407/fake_dns
[INFO] tweaked toml for git repo https://github.com/genya0407/fake_dns written to /workspace/builds/worker-9/source/Cargo.toml
[INFO] crate git repo https://github.com/genya0407/fake_dns already has a lockfile, it will not be regenerated
[INFO] running `Command { std: "/workspace/cargo-home/bin/cargo" "+beta-2021-10-15" "fetch" "--manifest-path" "Cargo.toml", kill_on_drop: false }`
[INFO] [stderr]  Downloading crates ...
[INFO] [stderr]   Downloaded hex-slice v0.1.4
[INFO] [stderr]   Downloaded ipnetwork v0.12.8
[INFO] [stderr]   Downloaded pnet_datalink v0.21.0
[INFO] [stderr]   Downloaded pcap v0.7.0
[INFO] [stderr]   Downloaded pnet_macros v0.21.0
[INFO] [stderr]   Downloaded pnet v0.21.0
[INFO] [stderr]   Downloaded pnet_base v0.21.0
[INFO] [stderr]   Downloaded pnet_packet v0.21.0
[INFO] [stderr]   Downloaded pnet_sys v0.21.0
[INFO] [stderr]   Downloaded pnet_transport v0.21.0
[INFO] [stderr]   Downloaded pnet_macros_support v0.21.0
[INFO] running `Command { std: "docker" "create" "-v" "/var/lib/crater-agent-workspace/builds/worker-9/target:/opt/rustwide/target:rw,Z" "-v" "/var/lib/crater-agent-workspace/builds/worker-9/source:/opt/rustwide/workdir:ro,Z" "-v" "/var/lib/crater-agent-workspace/cargo-home:/opt/rustwide/cargo-home:ro,Z" "-v" "/var/lib/crater-agent-workspace/rustup-home:/opt/rustwide/rustup-home:ro,Z" "-e" "SOURCE_DIR=/opt/rustwide/workdir" "-e" "CARGO_TARGET_DIR=/opt/rustwide/target" "-e" "CARGO_HOME=/opt/rustwide/cargo-home" "-e" "RUSTUP_HOME=/opt/rustwide/rustup-home" "-w" "/opt/rustwide/workdir" "-m" "1610612736" "--user" "0:0" "--network" "none" "ghcr.io/rust-lang/crates-build-env/linux@sha256:a89201d6b5b9fd45c15d5952ece0a0129e7e80cb26ec023fd59cf09bc26f1604" "/opt/rustwide/cargo-home/bin/cargo" "+beta-2021-10-15" "metadata" "--no-deps" "--format-version=1", kill_on_drop: false }`
[INFO] [stdout] 339dd731a0f9853f6a318a04ecf32ececa0e8bd9ad1a58b24971989ad4dd6683
[INFO] [stderr] WARNING: Your kernel does not support swap limit capabilities or the cgroup is not mounted. Memory limited without swap.
[INFO] running `Command { std: "docker" "start" "-a" "339dd731a0f9853f6a318a04ecf32ececa0e8bd9ad1a58b24971989ad4dd6683", kill_on_drop: false }`
[INFO] running `Command { std: "docker" "inspect" "339dd731a0f9853f6a318a04ecf32ececa0e8bd9ad1a58b24971989ad4dd6683", kill_on_drop: false }`
[INFO] running `Command { std: "docker" "rm" "-f" "339dd731a0f9853f6a318a04ecf32ececa0e8bd9ad1a58b24971989ad4dd6683", kill_on_drop: false }`
[INFO] [stdout] 339dd731a0f9853f6a318a04ecf32ececa0e8bd9ad1a58b24971989ad4dd6683
[INFO] running `Command { std: "docker" "create" "-v" "/var/lib/crater-agent-workspace/builds/worker-9/target:/opt/rustwide/target:rw,Z" "-v" "/var/lib/crater-agent-workspace/builds/worker-9/source:/opt/rustwide/workdir:ro,Z" "-v" "/var/lib/crater-agent-workspace/cargo-home:/opt/rustwide/cargo-home:ro,Z" "-v" "/var/lib/crater-agent-workspace/rustup-home:/opt/rustwide/rustup-home:ro,Z" "-e" "SOURCE_DIR=/opt/rustwide/workdir" "-e" "CARGO_TARGET_DIR=/opt/rustwide/target" "-e" "CARGO_INCREMENTAL=0" "-e" "RUST_BACKTRACE=full" "-e" "RUSTFLAGS=--cap-lints=warn" "-e" "CARGO_HOME=/opt/rustwide/cargo-home" "-e" "RUSTUP_HOME=/opt/rustwide/rustup-home" "-w" "/opt/rustwide/workdir" "-m" "1610612736" "--user" "0:0" "--network" "none" "ghcr.io/rust-lang/crates-build-env/linux@sha256:a89201d6b5b9fd45c15d5952ece0a0129e7e80cb26ec023fd59cf09bc26f1604" "/opt/rustwide/cargo-home/bin/cargo" "+beta-2021-10-15" "check" "--frozen" "--all" "--all-targets" "--message-format=json", kill_on_drop: false }`
[INFO] [stdout] 1296354e5e152aa7e107d001c69ba19c4b406f8fe5a3feeee7c752169e926ac2
[INFO] [stderr] WARNING: Your kernel does not support swap limit capabilities or the cgroup is not mounted. Memory limited without swap.
[INFO] running `Command { std: "docker" "start" "-a" "1296354e5e152aa7e107d001c69ba19c4b406f8fe5a3feeee7c752169e926ac2", kill_on_drop: false }`
[INFO] [stderr]    Compiling cfg-if v0.1.2
[INFO] [stderr]    Compiling rustc-serialize v0.3.24
[INFO] [stderr]    Compiling term v0.4.6
[INFO] [stderr]    Compiling void v1.0.2
[INFO] [stderr]    Compiling unicode-xid v0.0.3
[INFO] [stderr]    Compiling ucd-util v0.1.1
[INFO] [stderr]    Compiling lazy_static v1.0.0
[INFO] [stderr]    Compiling bitflags v0.5.0
[INFO] [stderr]    Compiling utf8-ranges v1.0.0
[INFO] [stderr]     Checking pnet_base v0.21.0
[INFO] [stderr]     Checking ipnetwork v0.12.8
[INFO] [stderr]    Compiling pcap v0.7.0
[INFO] [stderr]    Compiling pnet v0.21.0
[INFO] [stderr]     Checking hex-slice v0.1.4
[INFO] [stderr]     Checking string-error v0.1.0
[INFO] [stderr]    Compiling memchr v2.0.1
[INFO] [stderr]     Checking pnet_sys v0.21.0
[INFO] [stderr]    Compiling aho-corasick v0.6.4
[INFO] [stderr]     Checking pnet_macros_support v0.21.0
[INFO] [stderr]    Compiling log v0.4.1
[INFO] [stderr]    Compiling unreachable v1.0.0
[INFO] [stderr]    Compiling regex-syntax v0.5.3
[INFO] [stderr]     Checking pnet_datalink v0.21.0
[INFO] [stderr]    Compiling thread_local v0.3.5
[INFO] [stderr]    Compiling log v0.3.9
[INFO] [stderr]    Compiling syntex_pos v0.42.0
[INFO] [stderr]    Compiling syntex_errors v0.42.0
[INFO] [stderr]    Compiling syntex_syntax v0.42.0
[INFO] [stderr]    Compiling regex v0.2.10
[INFO] [stderr]    Compiling syntex v0.42.2
[INFO] [stderr]    Compiling pnet_macros v0.21.0
[INFO] [stderr]    Compiling pnet_packet v0.21.0
[INFO] [stderr]     Checking pnet_transport v0.21.0
[INFO] [stderr]     Checking fake_dns v0.1.0 (/opt/rustwide/workdir)
[INFO] [stdout] error[E0432]: unresolved import `std::slice::SliceConcatExt`
[INFO] [stdout]  --> src/dns/message.rs:2:5
[INFO] [stdout]   |
[INFO] [stdout] 2 | use std::slice::SliceConcatExt;
[INFO] [stdout]   |     ^^^^^^^^^^^^^^^^^^^^^^^^^^ no `SliceConcatExt` in `slice`
[INFO] [stdout] 
[INFO] [stdout] 
[INFO] [stdout] error[E0554]: `#![feature]` may not be used on the beta release channel
[INFO] [stdout]  --> src/lib.rs:1:1
[INFO] [stdout]   |
[INFO] [stdout] 1 | #![feature(slice_concat_ext)]
[INFO] [stdout]   | ^^^^^^^^^^^^^^^^^^^^^^^^^^^^^
[INFO] [stdout] 
[INFO] [stdout] 
[INFO] [stdout] error[E0554]: `#![feature]` may not be used on the beta release channel
[INFO] [stdout]  --> src/lib.rs:2:1
[INFO] [stdout]   |
[INFO] [stdout] 2 | #![feature(inclusive_range_syntax)]
[INFO] [stdout]   | ^^^^^^^^^^^^^^^^^^^^^^^^^^^^^^^^^^^ help: remove the attribute
[INFO] [stdout]   |
[INFO] [stdout]   = help: the feature `inclusive_range_syntax` has been stable since 1.26.0 and no longer requires an attribute to enable
[INFO] [stdout] 
[INFO] [stdout] 
[INFO] [stdout] error[E0432]: unresolved import `std::slice::SliceConcatExt`
[INFO] [stdout]  --> src/dns/message.rs:2:5
[INFO] [stdout]   |
[INFO] [stdout] 2 | use std::slice::SliceConcatExt;
[INFO] [stdout]   |     ^^^^^^^^^^^^^^^^^^^^^^^^^^ no `SliceConcatExt` in `slice`
[INFO] [stdout] 
[INFO] [stdout] 
[INFO] [stdout] error[E0554]: `#![feature]` may not be used on the beta release channel
[INFO] [stdout]  --> src/lib.rs:1:1
[INFO] [stdout]   |
[INFO] [stdout] 1 | #![feature(slice_concat_ext)]
[INFO] [stdout]   | ^^^^^^^^^^^^^^^^^^^^^^^^^^^^^
[INFO] [stdout] 
[INFO] [stdout] 
[INFO] [stdout] error[E0554]: `#![feature]` may not be used on the beta release channel
[INFO] [stdout]  --> src/lib.rs:2:1
[INFO] [stdout]   |
[INFO] [stdout] 2 | #![feature(inclusive_range_syntax)]
[INFO] [stdout]   | ^^^^^^^^^^^^^^^^^^^^^^^^^^^^^^^^^^^ help: remove the attribute
[INFO] [stdout]   |
[INFO] [stdout]   = help: the feature `inclusive_range_syntax` has been stable since 1.26.0 and no longer requires an attribute to enable
[INFO] [stdout] 
[INFO] [stdout] 
[INFO] [stdout] error: aborting due to 3 previous errors
[INFO] [stdout] 
[INFO] [stdout] 
[INFO] [stdout] Some errors have detailed explanations: E0432, E0554.
[INFO] [stdout] 
[INFO] [stdout] For more information about an error, try `rustc --explain E0432`.
[INFO] [stdout] 
[INFO] [stderr] error: could not compile `fake_dns` due to 4 previous errors
[INFO] [stderr] warning: build failed, waiting for other jobs to finish...
[INFO] [stdout] error: aborting due to 3 previous errors
[INFO] [stdout] 
[INFO] [stdout] 
[INFO] [stdout] Some errors have detailed explanations: E0432, E0554.
[INFO] [stdout] 
[INFO] [stdout] For more information about an error, try `rustc --explain E0432`.
[INFO] [stdout] 
[INFO] [stderr] error: build failed
[INFO] running `Command { std: "docker" "inspect" "1296354e5e152aa7e107d001c69ba19c4b406f8fe5a3feeee7c752169e926ac2", kill_on_drop: false }`
[INFO] running `Command { std: "docker" "rm" "-f" "1296354e5e152aa7e107d001c69ba19c4b406f8fe5a3feeee7c752169e926ac2", kill_on_drop: false }`
[INFO] [stdout] 1296354e5e152aa7e107d001c69ba19c4b406f8fe5a3feeee7c752169e926ac2
