[INFO] cloning repository https://github.com/gaurav-ongraph/transpiler_copy
[INFO] running `Command { std: "git" "-c" "credential.helper=" "-c" "credential.helper=/workspace/cargo-home/bin/git-credential-null" "clone" "--bare" "https://github.com/gaurav-ongraph/transpiler_copy" "/workspace/cache/git-repos/https%3A%2F%2Fgithub.com%2Fgaurav-ongraph%2Ftranspiler_copy", kill_on_drop: false }`
[INFO] [stderr] Cloning into bare repository '/workspace/cache/git-repos/https%3A%2F%2Fgithub.com%2Fgaurav-ongraph%2Ftranspiler_copy'...
[INFO] running `Command { std: "git" "rev-parse" "HEAD", kill_on_drop: false }`
[INFO] [stdout] 64684226ec3870cc26b832e65437de1bb780f2ec
[INFO] checking gaurav-ongraph/transpiler_copy against 1.55.0 for beta-1.56-3
[INFO] running `Command { std: "git" "clone" "/workspace/cache/git-repos/https%3A%2F%2Fgithub.com%2Fgaurav-ongraph%2Ftranspiler_copy" "/workspace/builds/worker-1/source", kill_on_drop: false }`
[INFO] [stderr] Cloning into '/workspace/builds/worker-1/source'...
[INFO] [stderr] done.
[INFO] [stderr] Updating files:  66% (287/430)
Updating files:  67% (289/430)
Updating files:  68% (293/430)
Updating files:  69% (297/430)
Updating files:  70% (301/430)
Updating files:  71% (306/430)
Updating files:  72% (310/430)
Updating files:  73% (314/430)
Updating files:  74% (319/430)
Updating files:  75% (323/430)
Updating files:  76% (327/430)
Updating files:  77% (332/430)
Updating files:  78% (336/430)
Updating files:  79% (340/430)
Updating files:  80% (344/430)
Updating files:  81% (349/430)
Updating files:  82% (353/430)
Updating files:  83% (357/430)
Updating files:  84% (362/430)
Updating files:  85% (366/430)
Updating files:  86% (370/430)
Updating files:  86% (372/430)
Updating files:  87% (375/430)
Updating files:  88% (379/430)
Updating files:  89% (383/430)
Updating files:  90% (387/430)
Updating files:  91% (392/430)
Updating files:  92% (396/430)
Updating files:  92% (398/430)
Updating files:  93% (400/430)
Updating files:  94% (405/430)
Updating files:  95% (409/430)
Updating files:  96% (413/430)
Updating files:  97% (418/430)
Updating files:  98% (422/430)
Updating files:  99% (426/430)
Updating files: 100% (430/430)
Updating files: 100% (430/430), done.
[INFO] validating manifest of git repo https://github.com/gaurav-ongraph/transpiler_copy on toolchain 1.55.0
[INFO] running `Command { std: "/workspace/cargo-home/bin/cargo" "+1.55.0" "metadata" "--manifest-path" "Cargo.toml" "--no-deps", kill_on_drop: false }`
[INFO] started tweaking git repo https://github.com/gaurav-ongraph/transpiler_copy
[INFO] finished tweaking git repo https://github.com/gaurav-ongraph/transpiler_copy
[INFO] tweaked toml for git repo https://github.com/gaurav-ongraph/transpiler_copy written to /workspace/builds/worker-1/source/Cargo.toml
[INFO] crate git repo https://github.com/gaurav-ongraph/transpiler_copy already has a lockfile, it will not be regenerated
[INFO] running `Command { std: "/workspace/cargo-home/bin/cargo" "+1.55.0" "fetch" "--manifest-path" "Cargo.toml", kill_on_drop: false }`
[INFO] [stderr]     Blocking waiting for file lock on package cache
[INFO] running `Command { std: "docker" "create" "-v" "/var/lib/crater-agent-workspace/builds/worker-1/target:/opt/rustwide/target:rw,Z" "-v" "/var/lib/crater-agent-workspace/builds/worker-1/source:/opt/rustwide/workdir:ro,Z" "-v" "/var/lib/crater-agent-workspace/cargo-home:/opt/rustwide/cargo-home:ro,Z" "-v" "/var/lib/crater-agent-workspace/rustup-home:/opt/rustwide/rustup-home:ro,Z" "-e" "SOURCE_DIR=/opt/rustwide/workdir" "-e" "CARGO_TARGET_DIR=/opt/rustwide/target" "-e" "CARGO_HOME=/opt/rustwide/cargo-home" "-e" "RUSTUP_HOME=/opt/rustwide/rustup-home" "-w" "/opt/rustwide/workdir" "-m" "1610612736" "--user" "0:0" "--network" "none" "ghcr.io/rust-lang/crates-build-env/linux@sha256:a89201d6b5b9fd45c15d5952ece0a0129e7e80cb26ec023fd59cf09bc26f1604" "/opt/rustwide/cargo-home/bin/cargo" "+1.55.0" "metadata" "--no-deps" "--format-version=1", kill_on_drop: false }`
[INFO] [stderr] WARNING: Your kernel does not support swap limit capabilities or the cgroup is not mounted. Memory limited without swap.
[INFO] [stdout] 73f4671619e0ebcf735455ca14aa938d51f3369ba67908e27aa284b3dd17cb4e
[INFO] running `Command { std: "docker" "start" "-a" "73f4671619e0ebcf735455ca14aa938d51f3369ba67908e27aa284b3dd17cb4e", kill_on_drop: false }`
[INFO] running `Command { std: "docker" "inspect" "73f4671619e0ebcf735455ca14aa938d51f3369ba67908e27aa284b3dd17cb4e", kill_on_drop: false }`
[INFO] running `Command { std: "docker" "rm" "-f" "73f4671619e0ebcf735455ca14aa938d51f3369ba67908e27aa284b3dd17cb4e", kill_on_drop: false }`
[INFO] [stdout] 73f4671619e0ebcf735455ca14aa938d51f3369ba67908e27aa284b3dd17cb4e
[INFO] running `Command { std: "docker" "create" "-v" "/var/lib/crater-agent-workspace/builds/worker-1/target:/opt/rustwide/target:rw,Z" "-v" "/var/lib/crater-agent-workspace/builds/worker-1/source:/opt/rustwide/workdir:ro,Z" "-v" "/var/lib/crater-agent-workspace/cargo-home:/opt/rustwide/cargo-home:ro,Z" "-v" "/var/lib/crater-agent-workspace/rustup-home:/opt/rustwide/rustup-home:ro,Z" "-e" "SOURCE_DIR=/opt/rustwide/workdir" "-e" "CARGO_TARGET_DIR=/opt/rustwide/target" "-e" "CARGO_INCREMENTAL=0" "-e" "RUST_BACKTRACE=full" "-e" "RUSTFLAGS=--cap-lints=warn" "-e" "CARGO_HOME=/opt/rustwide/cargo-home" "-e" "RUSTUP_HOME=/opt/rustwide/rustup-home" "-w" "/opt/rustwide/workdir" "-m" "1610612736" "--user" "0:0" "--network" "none" "ghcr.io/rust-lang/crates-build-env/linux@sha256:a89201d6b5b9fd45c15d5952ece0a0129e7e80cb26ec023fd59cf09bc26f1604" "/opt/rustwide/cargo-home/bin/cargo" "+1.55.0" "check" "--frozen" "--all" "--all-targets" "--message-format=json", kill_on_drop: false }`
[INFO] [stdout] e41e4efd832a8bdf086a2dce9b250a2b1d9e423db8cfde67fb3a9e64fcc657c1
[INFO] [stderr] WARNING: Your kernel does not support swap limit capabilities or the cgroup is not mounted. Memory limited without swap.
[INFO] running `Command { std: "docker" "start" "-a" "e41e4efd832a8bdf086a2dce9b250a2b1d9e423db8cfde67fb3a9e64fcc657c1", kill_on_drop: false }`
[INFO] [stderr]    Compiling syn v1.0.74
[INFO] [stderr]    Compiling libc v0.2.98
[INFO] [stderr]    Compiling wasm-bindgen-shared v0.2.75
[INFO] [stderr]    Compiling bumpalo v3.7.0
[INFO] [stderr]    Compiling wasm-bindgen v0.2.75
[INFO] [stderr]    Compiling unicode-width v0.1.8
[INFO] [stderr]    Compiling strsim v0.8.0
[INFO] [stderr]    Compiling vec_map v0.8.2
[INFO] [stderr]    Compiling linked-hash-map v0.5.4
[INFO] [stderr]    Compiling anyhow v1.0.42
[INFO] [stderr]    Compiling downcast-rs v1.2.0
[INFO] [stderr]    Compiling fomat-macros v0.3.1
[INFO] [stderr]    Compiling exitcode v1.1.2
[INFO] [stderr]    Compiling walkdir v2.3.2
[INFO] [stderr]     Checking yaml-rust v0.4.5
[INFO] [stderr]    Compiling proc-macro2 v1.0.28
[INFO] [stderr]    Compiling textwrap v0.11.0
[INFO] [stderr]    Compiling quote v1.0.9
[INFO] [stderr]    Compiling proc-macro-error-attr v1.0.4
[INFO] [stderr]    Compiling atty v0.2.14
[INFO] [stderr]    Compiling clap v2.33.3
[INFO] [stderr]    Compiling wasm-bindgen-backend v0.2.75
[INFO] [stderr]    Compiling proc-macro-error v1.0.4
[INFO] [stderr]    Compiling wasm-bindgen-macro-support v0.2.75
[INFO] [stderr]    Compiling structopt-derive v0.4.15
[INFO] [stderr]    Compiling wasm-bindgen-macro v0.2.75
[INFO] [stderr]    Compiling structopt v0.3.22
[INFO] [stderr]    Compiling framec v0.5.1 (/opt/rustwide/workdir/framec)
[INFO] [stdout] warning: unused borrow that must be used
[INFO] [stdout]    --> framec/src/frame_c/visitors/cs_visitor_for_bob.rs:135:17
[INFO] [stdout]     |
[INFO] [stdout] 135 |                 &self.errors.push("Unknown scope.".to_string());
[INFO] [stdout]     |                 ^^^^^^^^^^^^^^^^^^^^^^^^^^^^^^^^^^^^^^^^^^^^^^^
[INFO] [stdout]     |
[INFO] [stdout]     = note: `#[warn(unused_must_use)]` on by default
[INFO] [stdout] 
[INFO] [stdout] 
[INFO] [stdout] warning: 1 warning emitted
[INFO] [stdout] 
[INFO] [stdout] 
[INFO] [stdout] warning: unused borrow that must be used
[INFO] [stdout]    --> framec/src/frame_c/visitors/cs_visitor_for_bob.rs:135:17
[INFO] [stdout]     |
[INFO] [stdout] 135 |                 &self.errors.push("Unknown scope.".to_string());
[INFO] [stdout]     |                 ^^^^^^^^^^^^^^^^^^^^^^^^^^^^^^^^^^^^^^^^^^^^^^^
[INFO] [stdout]     |
[INFO] [stdout]     = note: `#[warn(unused_must_use)]` on by default
[INFO] [stdout] 
[INFO] [stdout] 
[INFO] [stdout] warning: 1 warning emitted
[INFO] [stdout] 
[INFO] [stdout] 
[INFO] [stdout] warning: unused borrow that must be used
[INFO] [stdout]    --> framec/src/frame_c/visitors/cs_visitor_for_bob.rs:135:17
[INFO] [stdout]     |
[INFO] [stdout] 135 |                 &self.errors.push("Unknown scope.".to_string());
[INFO] [stdout]     |                 ^^^^^^^^^^^^^^^^^^^^^^^^^^^^^^^^^^^^^^^^^^^^^^^
[INFO] [stdout]     |
[INFO] [stdout]     = note: `#[warn(unused_must_use)]` on by default
[INFO] [stdout] 
[INFO] [stdout] 
[INFO] [stdout] warning: 1 warning emitted
[INFO] [stdout] 
[INFO] [stdout] 
[INFO] [stderr]    Compiling framec_tests v0.1.0 (/opt/rustwide/workdir/framec_tests)
[INFO] [stdout] error: expected one of `!` or `::`, found `writing`
[INFO] [stdout]  --> /opt/rustwide/target/debug/build/framec_tests-55b1de5795847edb/out/basic.rs:1:7
[INFO] [stdout]   |
[INFO] [stdout] 1 | Error writing config.yaml: Read-only file system (os error 30)
[INFO] [stdout]   |       ^^^^^^^ expected one of `!` or `::`
[INFO] [stdout] 
[INFO] [stdout] 
[INFO] [stdout] error: expected one of `!` or `::`, found `writing`
[INFO] [stdout]  --> /opt/rustwide/target/debug/build/framec_tests-55b1de5795847edb/out/hierarchical.rs:1:7
[INFO] [stdout]   |
[INFO] [stdout] 1 | Error writing config.yaml: Read-only file system (os error 30)
[INFO] [stdout]   |       ^^^^^^^ expected one of `!` or `::`
[INFO] [stdout] 
[INFO] [stdout] 
[INFO] [stdout] error: expected one of `!` or `::`, found `writing`
[INFO] [stdout]  --> /opt/rustwide/target/debug/build/framec_tests-55b1de5795847edb/out/hierarchical_guard.rs:1:7
[INFO] [stdout]   |
[INFO] [stdout] 1 | Error writing config.yaml: Read-only file system (os error 30)
[INFO] [stdout]   |       ^^^^^^^ expected one of `!` or `::`
[INFO] [stdout] 
[INFO] [stdout] 
[INFO] [stdout] error[E0433]: failed to resolve: use of undeclared type `Basic`
[INFO] [stdout]   --> framec_tests/src/basic.rs:22:18
[INFO] [stdout]    |
[INFO] [stdout] 22 |         let sm = Basic::new();
[INFO] [stdout]    |                  ^^^^^ use of undeclared type `Basic`
[INFO] [stdout] 
[INFO] [stdout] 
[INFO] [stdout] error[E0433]: failed to resolve: use of undeclared type `Basic`
[INFO] [stdout]   --> framec_tests/src/basic.rs:28:22
[INFO] [stdout]    |
[INFO] [stdout] 28 |         let mut sm = Basic::new();
[INFO] [stdout]    |                      ^^^^^ use of undeclared type `Basic`
[INFO] [stdout] 
[INFO] [stdout] 
[INFO] [stdout] error[E0433]: failed to resolve: use of undeclared type `Basic`
[INFO] [stdout]   --> framec_tests/src/basic.rs:36:22
[INFO] [stdout]    |
[INFO] [stdout] 36 |         let mut sm = Basic::new();
[INFO] [stdout]    |                      ^^^^^ use of undeclared type `Basic`
[INFO] [stdout] 
[INFO] [stdout] 
[INFO] [stdout] error[E0433]: failed to resolve: use of undeclared type `Basic`
[INFO] [stdout]   --> framec_tests/src/basic.rs:43:22
[INFO] [stdout]    |
[INFO] [stdout] 43 |         let mut sm = Basic::new();
[INFO] [stdout]    |                      ^^^^^ use of undeclared type `Basic`
[INFO] [stdout] 
[INFO] [stdout] 
[INFO] [stdout] error[E0433]: failed to resolve: use of undeclared type `BasicState`
[INFO] [stdout]   --> framec_tests/src/basic.rs:44:49
[INFO] [stdout]    |
[INFO] [stdout] 44 |         assert_eq!(sm.get_current_state_enum(), BasicState::S0);
[INFO] [stdout]    |                                                 ^^^^^^^^^^ use of undeclared type `BasicState`
[INFO] [stdout] 
[INFO] [stdout] 
[INFO] [stdout] error[E0433]: failed to resolve: use of undeclared type `BasicState`
[INFO] [stdout]   --> framec_tests/src/basic.rs:46:49
[INFO] [stdout]    |
[INFO] [stdout] 46 |         assert_eq!(sm.get_current_state_enum(), BasicState::S1);
[INFO] [stdout]    |                                                 ^^^^^^^^^^ use of undeclared type `BasicState`
[INFO] [stdout] 
[INFO] [stdout] 
[INFO] [stdout] error[E0433]: failed to resolve: use of undeclared type `BasicState`
[INFO] [stdout]   --> framec_tests/src/basic.rs:48:49
[INFO] [stdout]    |
[INFO] [stdout] 48 |         assert_eq!(sm.get_current_state_enum(), BasicState::S0);
[INFO] [stdout]    |                                                 ^^^^^^^^^^ use of undeclared type `BasicState`
[INFO] [stdout] 
[INFO] [stdout] 
[INFO] [stdout] error[E0433]: failed to resolve: use of undeclared type `Hierarchical`
[INFO] [stdout]   --> framec_tests/src/hierarchical.rs:22:22
[INFO] [stdout]    |
[INFO] [stdout] 22 |         let mut sm = Hierarchical::new();
[INFO] [stdout]    |                      ^^^^^^^^^^^^ use of undeclared type `Hierarchical`
[INFO] [stdout] 
[INFO] [stdout] 
[INFO] [stdout] error[E0433]: failed to resolve: use of undeclared type `Hierarchical`
[INFO] [stdout]   --> framec_tests/src/hierarchical.rs:32:22
[INFO] [stdout]    |
[INFO] [stdout] 32 |         let mut sm = Hierarchical::new();
[INFO] [stdout]    |                      ^^^^^^^^^^^^ use of undeclared type `Hierarchical`
[INFO] [stdout] 
[INFO] [stdout] 
[INFO] [stdout] error[E0433]: failed to resolve: use of undeclared type `Hierarchical`
[INFO] [stdout]   --> framec_tests/src/hierarchical.rs:41:22
[INFO] [stdout]    |
[INFO] [stdout] 41 |         let mut sm = Hierarchical::new();
[INFO] [stdout]    |                      ^^^^^^^^^^^^ use of undeclared type `Hierarchical`
[INFO] [stdout] 
[INFO] [stdout] 
[INFO] [stdout] error[E0433]: failed to resolve: use of undeclared type `HierarchicalState`
[INFO] [stdout]   --> framec_tests/src/hierarchical.rs:42:49
[INFO] [stdout]    |
[INFO] [stdout] 42 |         assert_eq!(sm.get_current_state_enum(), HierarchicalState::I);
[INFO] [stdout]    |                                                 ^^^^^^^^^^^^^^^^^ use of undeclared type `HierarchicalState`
[INFO] [stdout] 
[INFO] [stdout] 
[INFO] [stdout] error[E0433]: failed to resolve: use of undeclared type `HierarchicalState`
[INFO] [stdout]   --> framec_tests/src/hierarchical.rs:44:49
[INFO] [stdout]    |
[INFO] [stdout] 44 |         assert_eq!(sm.get_current_state_enum(), HierarchicalState::S0);
[INFO] [stdout]    |                                                 ^^^^^^^^^^^^^^^^^ use of undeclared type `HierarchicalState`
[INFO] [stdout] 
[INFO] [stdout] 
[INFO] [stdout] error[E0433]: failed to resolve: use of undeclared type `HierarchicalState`
[INFO] [stdout]   --> framec_tests/src/hierarchical.rs:46:49
[INFO] [stdout]    |
[INFO] [stdout] 46 |         assert_eq!(sm.get_current_state_enum(), HierarchicalState::S1);
[INFO] [stdout]    |                                                 ^^^^^^^^^^^^^^^^^ use of undeclared type `HierarchicalState`
[INFO] [stdout] 
[INFO] [stdout] 
[INFO] [stdout] error[E0433]: failed to resolve: use of undeclared type `HierarchicalState`
[INFO] [stdout]   --> framec_tests/src/hierarchical.rs:48:49
[INFO] [stdout]    |
[INFO] [stdout] 48 |         assert_eq!(sm.get_current_state_enum(), HierarchicalState::I);
[INFO] [stdout]    |                                                 ^^^^^^^^^^^^^^^^^ use of undeclared type `HierarchicalState`
[INFO] [stdout] 
[INFO] [stdout] 
[INFO] [stdout] error[E0433]: failed to resolve: use of undeclared type `HierarchicalGuard`
[INFO] [stdout]   --> framec_tests/src/hierarchical_guard.rs:25:22
[INFO] [stdout]    |
[INFO] [stdout] 25 |         let mut sm = HierarchicalGuard::new();
[INFO] [stdout]    |                      ^^^^^^^^^^^^^^^^^ use of undeclared type `HierarchicalGuard`
[INFO] [stdout] 
[INFO] [stdout] 
[INFO] [stdout] error[E0433]: failed to resolve: use of undeclared type `HierarchicalGuardState`
[INFO] [stdout]   --> framec_tests/src/hierarchical_guard.rs:28:49
[INFO] [stdout]    |
[INFO] [stdout] 28 |         assert_eq!(sm.get_current_state_enum(), HierarchicalGuardState::S1);
[INFO] [stdout]    |                                                 ^^^^^^^^^^^^^^^^^^^^^^ use of undeclared type `HierarchicalGuardState`
[INFO] [stdout] 
[INFO] [stdout] 
[INFO] [stdout] error[E0433]: failed to resolve: use of undeclared type `HierarchicalGuard`
[INFO] [stdout]   --> framec_tests/src/hierarchical_guard.rs:36:22
[INFO] [stdout]    |
[INFO] [stdout] 36 |         let mut sm = HierarchicalGuard::new();
[INFO] [stdout]    |                      ^^^^^^^^^^^^^^^^^ use of undeclared type `HierarchicalGuard`
[INFO] [stdout] 
[INFO] [stdout] 
[INFO] [stdout] error: expected one of `!` or `::`, found `writing`
[INFO] [stdout]  --> /opt/rustwide/target/debug/build/framec_tests-55b1de5795847edb/out/basic.rs:1:7
[INFO] [stdout]   |
[INFO] [stdout] 1 | Error writing config.yaml: Read-only file system (os error 30)
[INFO] [stdout]   |       ^^^^^^^ expected one of `!` or `::`
[INFO] [stdout] 
[INFO] [stdout] 
[INFO] [stdout] error[E0433]: failed to resolve: use of undeclared type `HierarchicalGuardState`
[INFO] [stdout]   --> framec_tests/src/hierarchical_guard.rs:39:49
[INFO] [stdout]    |
[INFO] [stdout] 39 |         assert_eq!(sm.get_current_state_enum(), HierarchicalGuardState::I);
[INFO] [stdout]    |                                                 ^^^^^^^^^^^^^^^^^^^^^^ use of undeclared type `HierarchicalGuardState`
[INFO] [stdout] 
[INFO] [stdout] 
[INFO] [stdout] error: expected one of `!` or `::`, found `writing`
[INFO] [stdout]  --> /opt/rustwide/target/debug/build/framec_tests-55b1de5795847edb/out/hierarchical.rs:1:7
[INFO] [stdout]   |
[INFO] [stdout] 1 | Error writing config.yaml: Read-only file system (os error 30)
[INFO] [stdout]   |       ^^^^^^^ expected one of `!` or `::`
[INFO] [stdout] 
[INFO] [stdout] 
[INFO] [stdout] error: expected one of `!` or `::`, found `writing`
[INFO] [stdout]  --> /opt/rustwide/target/debug/build/framec_tests-55b1de5795847edb/out/hierarchical_guard.rs:1:7
[INFO] [stdout]   |
[INFO] [stdout] 1 | Error writing config.yaml: Read-only file system (os error 30)
[INFO] [stdout]   |       ^^^^^^^ expected one of `!` or `::`
[INFO] [stdout] 
[INFO] [stdout] 
[INFO] [stdout] error[E0412]: cannot find type `Basic` in this scope
[INFO] [stdout]  --> framec_tests/src/basic.rs:4:6
[INFO] [stdout]   |
[INFO] [stdout] 4 | impl Basic {
[INFO] [stdout]   |      ^^^^^ not found in this scope
[INFO] [stdout] 
[INFO] [stdout] 
[INFO] [stdout] error[E0412]: cannot find type `BasicState` in this scope
[INFO] [stdout]   --> framec_tests/src/basic.rs:11:49
[INFO] [stdout]    |
[INFO] [stdout] 11 |     pub fn transition_hook(&mut self, _current: BasicState, _next: BasicState) {}
[INFO] [stdout]    |                                                 ^^^^^^^^^^ not found in this scope
[INFO] [stdout] 
[INFO] [stdout] 
[INFO] [stdout] error[E0412]: cannot find type `BasicState` in this scope
[INFO] [stdout]   --> framec_tests/src/basic.rs:11:68
[INFO] [stdout]    |
[INFO] [stdout] 11 |     pub fn transition_hook(&mut self, _current: BasicState, _next: BasicState) {}
[INFO] [stdout]    |                                                                    ^^^^^^^^^^ not found in this scope
[INFO] [stdout] 
[INFO] [stdout] 
[INFO] [stdout] error[E0412]: cannot find type `Hierarchical` in this scope
[INFO] [stdout]  --> framec_tests/src/hierarchical.rs:4:6
[INFO] [stdout]   |
[INFO] [stdout] 4 | impl Hierarchical {
[INFO] [stdout]   |      ^^^^^^^^^^^^ not found in this scope
[INFO] [stdout] 
[INFO] [stdout] 
[INFO] [stdout] error[E0412]: cannot find type `HierarchicalState` in this scope
[INFO] [stdout]   --> framec_tests/src/hierarchical.rs:11:49
[INFO] [stdout]    |
[INFO] [stdout] 11 |     pub fn transition_hook(&mut self, _current: HierarchicalState, _next: HierarchicalState) {}
[INFO] [stdout]    |                                                 ^^^^^^^^^^^^^^^^^ not found in this scope
[INFO] [stdout] 
[INFO] [stdout] 
[INFO] [stdout] error[E0412]: cannot find type `HierarchicalState` in this scope
[INFO] [stdout]   --> framec_tests/src/hierarchical.rs:11:75
[INFO] [stdout]    |
[INFO] [stdout] 11 |     pub fn transition_hook(&mut self, _current: HierarchicalState, _next: HierarchicalState) {}
[INFO] [stdout]    |                                                                           ^^^^^^^^^^^^^^^^^ not found in this scope
[INFO] [stdout] 
[INFO] [stdout] 
[INFO] [stdout] error[E0412]: cannot find type `HierarchicalGuard` in this scope
[INFO] [stdout]  --> framec_tests/src/hierarchical_guard.rs:4:6
[INFO] [stdout]   |
[INFO] [stdout] 4 | impl HierarchicalGuard {
[INFO] [stdout]   |      ^^^^^^^^^^^^^^^^^ not found in this scope
[INFO] [stdout] 
[INFO] [stdout] 
[INFO] [stdout] error[E0412]: cannot find type `HierarchicalGuardState` in this scope
[INFO] [stdout]   --> framec_tests/src/hierarchical_guard.rs:13:19
[INFO] [stdout]    |
[INFO] [stdout] 13 |         _current: HierarchicalGuardState,
[INFO] [stdout]    |                   ^^^^^^^^^^^^^^^^^^^^^^ not found in this scope
[INFO] [stdout] 
[INFO] [stdout] 
[INFO] [stdout] error[E0412]: cannot find type `HierarchicalGuardState` in this scope
[INFO] [stdout]   --> framec_tests/src/hierarchical_guard.rs:14:16
[INFO] [stdout]    |
[INFO] [stdout] 14 |         _next: HierarchicalGuardState,
[INFO] [stdout]    |                ^^^^^^^^^^^^^^^^^^^^^^ not found in this scope
[INFO] [stdout] 
[INFO] [stdout] 
[INFO] [stdout] warning: unused import: `super::*`
[INFO] [stdout]   --> framec_tests/src/basic.rs:16:9
[INFO] [stdout]    |
[INFO] [stdout] 16 |     use super::*;
[INFO] [stdout]    |         ^^^^^^^^
[INFO] [stdout]    |
[INFO] [stdout]    = note: `#[warn(unused_imports)]` on by default
[INFO] [stdout] 
[INFO] [stdout] 
[INFO] [stdout] warning: unused import: `super::*`
[INFO] [stdout]   --> framec_tests/src/hierarchical.rs:16:9
[INFO] [stdout]    |
[INFO] [stdout] 16 |     use super::*;
[INFO] [stdout]    |         ^^^^^^^^
[INFO] [stdout] 
[INFO] [stdout] 
[INFO] [stdout] warning: unused import: `super::*`
[INFO] [stdout]   --> framec_tests/src/hierarchical_guard.rs:21:9
[INFO] [stdout]    |
[INFO] [stdout] 21 |     use super::*;
[INFO] [stdout]    |         ^^^^^^^^
[INFO] [stdout] 
[INFO] [stdout] 
[INFO] [stdout] error[E0412]: cannot find type `Basic` in this scope
[INFO] [stdout]  --> framec_tests/src/basic.rs:4:6
[INFO] [stdout]   |
[INFO] [stdout] 4 | impl Basic {
[INFO] [stdout]   |      ^^^^^ not found in this scope
[INFO] [stdout] 
[INFO] [stdout] 
[INFO] [stdout] error[E0412]: cannot find type `BasicState` in this scope
[INFO] [stdout]   --> framec_tests/src/basic.rs:11:49
[INFO] [stdout]    |
[INFO] [stdout] 11 |     pub fn transition_hook(&mut self, _current: BasicState, _next: BasicState) {}
[INFO] [stdout]    |                                                 ^^^^^^^^^^ not found in this scope
[INFO] [stdout] 
[INFO] [stdout] 
[INFO] [stdout] error[E0412]: cannot find type `BasicState` in this scope
[INFO] [stdout]   --> framec_tests/src/basic.rs:11:68
[INFO] [stdout]    |
[INFO] [stdout] 11 |     pub fn transition_hook(&mut self, _current: BasicState, _next: BasicState) {}
[INFO] [stdout]    |                                                                    ^^^^^^^^^^ not found in this scope
[INFO] [stdout] 
[INFO] [stdout] 
[INFO] [stdout] error[E0412]: cannot find type `Hierarchical` in this scope
[INFO] [stdout]  --> framec_tests/src/hierarchical.rs:4:6
[INFO] [stdout]   |
[INFO] [stdout] 4 | impl Hierarchical {
[INFO] [stdout]   |      ^^^^^^^^^^^^ not found in this scope
[INFO] [stdout] 
[INFO] [stdout] 
[INFO] [stdout] error[E0412]: cannot find type `HierarchicalState` in this scope
[INFO] [stdout]   --> framec_tests/src/hierarchical.rs:11:49
[INFO] [stdout]    |
[INFO] [stdout] 11 |     pub fn transition_hook(&mut self, _current: HierarchicalState, _next: HierarchicalState) {}
[INFO] [stdout]    |                                                 ^^^^^^^^^^^^^^^^^ not found in this scope
[INFO] [stdout] 
[INFO] [stdout] 
[INFO] [stdout] error[E0412]: cannot find type `HierarchicalState` in this scope
[INFO] [stdout]   --> framec_tests/src/hierarchical.rs:11:75
[INFO] [stdout]    |
[INFO] [stdout] 11 |     pub fn transition_hook(&mut self, _current: HierarchicalState, _next: HierarchicalState) {}
[INFO] [stdout]    |                                                                           ^^^^^^^^^^^^^^^^^ not found in this scope
[INFO] [stdout] 
[INFO] [stdout] 
[INFO] [stdout] error[E0412]: cannot find type `HierarchicalGuard` in this scope
[INFO] [stdout]  --> framec_tests/src/hierarchical_guard.rs:4:6
[INFO] [stdout]   |
[INFO] [stdout] 4 | impl HierarchicalGuard {
[INFO] [stdout]   |      ^^^^^^^^^^^^^^^^^ not found in this scope
[INFO] [stdout] 
[INFO] [stdout] 
[INFO] [stdout] error[E0412]: cannot find type `HierarchicalGuardState` in this scope
[INFO] [stdout]   --> framec_tests/src/hierarchical_guard.rs:13:19
[INFO] [stdout]    |
[INFO] [stdout] 13 |         _current: HierarchicalGuardState,
[INFO] [stdout]    |                   ^^^^^^^^^^^^^^^^^^^^^^ not found in this scope
[INFO] [stdout] 
[INFO] [stdout] 
[INFO] [stdout] error[E0412]: cannot find type `HierarchicalGuardState` in this scope
[INFO] [stdout]   --> framec_tests/src/hierarchical_guard.rs:14:16
[INFO] [stdout]    |
[INFO] [stdout] 14 |         _next: HierarchicalGuardState,
[INFO] [stdout]    |                ^^^^^^^^^^^^^^^^^^^^^^ not found in this scope
[INFO] [stdout] 
[INFO] [stdout] 
[INFO] [stdout] error: aborting due to 30 previous errors; 3 warnings emitted
[INFO] [stdout] 
[INFO] [stdout] 
[INFO] [stdout] Some errors have detailed explanations: E0412, E0433.
[INFO] [stdout] 
[INFO] [stdout] For more information about an error, try `rustc --explain E0412`.
[INFO] [stdout] 
[INFO] [stderr] error: could not compile `framec_tests` due to 31 previous errors; 3 warnings emitted
[INFO] [stderr] warning: build failed, waiting for other jobs to finish...
[INFO] [stdout] error: aborting due to 12 previous errors
[INFO] [stdout] 
[INFO] [stdout] 
[INFO] [stdout] For more information about this error, try `rustc --explain E0412`.
[INFO] [stdout] 
[INFO] [stderr] error: build failed
[INFO] running `Command { std: "docker" "inspect" "e41e4efd832a8bdf086a2dce9b250a2b1d9e423db8cfde67fb3a9e64fcc657c1", kill_on_drop: false }`
[INFO] running `Command { std: "docker" "rm" "-f" "e41e4efd832a8bdf086a2dce9b250a2b1d9e423db8cfde67fb3a9e64fcc657c1", kill_on_drop: false }`
[INFO] [stdout] e41e4efd832a8bdf086a2dce9b250a2b1d9e423db8cfde67fb3a9e64fcc657c1
