[INFO] cloning repository https://github.com/gabcoh/taus
[INFO] running `Command { std: "git" "-c" "credential.helper=" "-c" "credential.helper=/workspace/cargo-home/bin/git-credential-null" "clone" "--bare" "https://github.com/gabcoh/taus" "/workspace/cache/git-repos/https%3A%2F%2Fgithub.com%2Fgabcoh%2Ftaus", kill_on_drop: false }`
[INFO] [stderr] Cloning into bare repository '/workspace/cache/git-repos/https%3A%2F%2Fgithub.com%2Fgabcoh%2Ftaus'...
[INFO] running `Command { std: "git" "rev-parse" "HEAD", kill_on_drop: false }`
[INFO] [stdout] e52c05f67d9291bee8e6af768fd127bac75d46a2
[INFO] checking gabcoh/taus against beta-2021-10-15 for beta-1.56-3
[INFO] running `Command { std: "git" "clone" "/workspace/cache/git-repos/https%3A%2F%2Fgithub.com%2Fgabcoh%2Ftaus" "/workspace/builds/worker-74/source", kill_on_drop: false }`
[INFO] [stderr] Cloning into '/workspace/builds/worker-74/source'...
[INFO] [stderr] done.
[INFO] validating manifest of git repo https://github.com/gabcoh/taus on toolchain beta-2021-10-15
[INFO] running `Command { std: "/workspace/cargo-home/bin/cargo" "+beta-2021-10-15" "metadata" "--manifest-path" "Cargo.toml" "--no-deps", kill_on_drop: false }`
[INFO] started tweaking git repo https://github.com/gabcoh/taus
[INFO] finished tweaking git repo https://github.com/gabcoh/taus
[INFO] tweaked toml for git repo https://github.com/gabcoh/taus written to /workspace/builds/worker-74/source/Cargo.toml
[INFO] crate git repo https://github.com/gabcoh/taus already has a lockfile, it will not be regenerated
[INFO] running `Command { std: "/workspace/cargo-home/bin/cargo" "+beta-2021-10-15" "fetch" "--manifest-path" "Cargo.toml", kill_on_drop: false }`
[INFO] [stderr]     Blocking waiting for file lock on package cache
[INFO] [stderr]     Updating git repository `https://github.com/lawliet89/rocket_cors`
[INFO] [stderr]     Blocking waiting for file lock on package cache
[INFO] [stderr]  Downloading crates ...
[INFO] [stderr]   Downloaded devise_codegen v0.3.0
[INFO] [stderr]   Downloaded devise_core v0.3.0
[INFO] [stderr]   Downloaded multer v2.0.0
[INFO] [stderr]   Downloaded devise v0.3.0
[INFO] [stderr]   Downloaded semver v1.0.3
[INFO] [stderr]   Downloaded rocket_sync_db_pools_codegen v0.1.0-rc.1
[INFO] [stderr]   Downloaded rocket_sync_db_pools v0.1.0-rc.1
[INFO] running `Command { std: "docker" "create" "-v" "/var/lib/crater-agent-workspace/builds/worker-74/target:/opt/rustwide/target:rw,Z" "-v" "/var/lib/crater-agent-workspace/builds/worker-74/source:/opt/rustwide/workdir:ro,Z" "-v" "/var/lib/crater-agent-workspace/cargo-home:/opt/rustwide/cargo-home:ro,Z" "-v" "/var/lib/crater-agent-workspace/rustup-home:/opt/rustwide/rustup-home:ro,Z" "-e" "SOURCE_DIR=/opt/rustwide/workdir" "-e" "CARGO_TARGET_DIR=/opt/rustwide/target" "-e" "CARGO_HOME=/opt/rustwide/cargo-home" "-e" "RUSTUP_HOME=/opt/rustwide/rustup-home" "-w" "/opt/rustwide/workdir" "-m" "1610612736" "--user" "0:0" "--network" "none" "ghcr.io/rust-lang/crates-build-env/linux@sha256:a89201d6b5b9fd45c15d5952ece0a0129e7e80cb26ec023fd59cf09bc26f1604" "/opt/rustwide/cargo-home/bin/cargo" "+beta-2021-10-15" "metadata" "--no-deps" "--format-version=1", kill_on_drop: false }`
[INFO] [stdout] 284f605d26dd14a42dfd8564d671ad56f56430728712de4f26e2172b443e2a4e
[INFO] running `Command { std: "docker" "start" "-a" "284f605d26dd14a42dfd8564d671ad56f56430728712de4f26e2172b443e2a4e", kill_on_drop: false }`
[INFO] running `Command { std: "docker" "inspect" "284f605d26dd14a42dfd8564d671ad56f56430728712de4f26e2172b443e2a4e", kill_on_drop: false }`
[INFO] running `Command { std: "docker" "rm" "-f" "284f605d26dd14a42dfd8564d671ad56f56430728712de4f26e2172b443e2a4e", kill_on_drop: false }`
[INFO] [stdout] 284f605d26dd14a42dfd8564d671ad56f56430728712de4f26e2172b443e2a4e
[INFO] running `Command { std: "docker" "create" "-v" "/var/lib/crater-agent-workspace/builds/worker-74/target:/opt/rustwide/target:rw,Z" "-v" "/var/lib/crater-agent-workspace/builds/worker-74/source:/opt/rustwide/workdir:ro,Z" "-v" "/var/lib/crater-agent-workspace/cargo-home:/opt/rustwide/cargo-home:ro,Z" "-v" "/var/lib/crater-agent-workspace/rustup-home:/opt/rustwide/rustup-home:ro,Z" "-e" "SOURCE_DIR=/opt/rustwide/workdir" "-e" "CARGO_TARGET_DIR=/opt/rustwide/target" "-e" "CARGO_INCREMENTAL=0" "-e" "RUST_BACKTRACE=full" "-e" "RUSTFLAGS=--cap-lints=warn" "-e" "CARGO_HOME=/opt/rustwide/cargo-home" "-e" "RUSTUP_HOME=/opt/rustwide/rustup-home" "-w" "/opt/rustwide/workdir" "-m" "1610612736" "--user" "0:0" "--network" "none" "ghcr.io/rust-lang/crates-build-env/linux@sha256:a89201d6b5b9fd45c15d5952ece0a0129e7e80cb26ec023fd59cf09bc26f1604" "/opt/rustwide/cargo-home/bin/cargo" "+beta-2021-10-15" "check" "--frozen" "--all" "--all-targets" "--message-format=json", kill_on_drop: false }`
[INFO] [stdout] 12567533b9dd153208be28118aee8ae2543c342cbefaad06ca8f3aae14d789ec
[INFO] running `Command { std: "docker" "start" "-a" "12567533b9dd153208be28118aee8ae2543c342cbefaad06ca8f3aae14d789ec", kill_on_drop: false }`
[INFO] [stderr]     Blocking waiting for file lock on package cache
[INFO] [stderr]     Blocking waiting for file lock on package cache
[INFO] [stderr]    Compiling proc-macro2 v1.0.27
[INFO] [stderr]    Compiling unicode-xid v0.2.2
[INFO] [stderr]    Compiling syn v1.0.73
[INFO] [stderr]    Compiling libc v0.2.98
[INFO] [stderr]    Compiling version_check v0.9.3
[INFO] [stderr]    Compiling autocfg v1.0.1
[INFO] [stderr]    Compiling memchr v2.4.0
[INFO] [stderr]     Checking cfg-if v1.0.0
[INFO] [stderr]    Compiling log v0.4.14
[INFO] [stderr]    Compiling proc-macro-hack v0.5.19
[INFO] [stderr]    Compiling futures-core v0.3.15
[INFO] [stderr]    Compiling serde_derive v1.0.126
[INFO] [stderr]    Compiling serde v1.0.126
[INFO] [stderr]    Compiling futures-channel v0.3.15
[INFO] [stderr]    Compiling futures-task v0.3.15
[INFO] [stderr]    Compiling proc-macro-nested v0.1.7
[INFO] [stderr]     Checking pin-project-lite v0.2.7
[INFO] [stderr]    Compiling yansi v0.5.0
[INFO] [stderr]    Compiling bitflags v1.2.1
[INFO] [stderr]     Checking bytes v1.0.1
[INFO] [stderr]     Checking once_cell v1.8.0
[INFO] [stderr]    Compiling pkg-config v0.3.19
[INFO] [stderr]    Compiling httparse v1.4.1
[INFO] [stderr]     Checking futures-sink v0.3.15
[INFO] [stderr]     Checking itoa v0.4.7
[INFO] [stderr]     Checking slab v0.4.3
[INFO] [stderr]     Checking pin-utils v0.1.0
[INFO] [stderr]     Checking futures-io v0.3.15
[INFO] [stderr]    Compiling const_fn v0.4.8
[INFO] [stderr]     Checking fnv v1.0.7
[INFO] [stderr]     Checking lazy_static v1.4.0
[INFO] [stderr]    Compiling cc v1.0.69
[INFO] [stderr]     Checking scopeguard v1.1.0
[INFO] [stderr]     Checking percent-encoding v2.1.0
[INFO] [stderr]    Compiling ref-cast v1.0.6
[INFO] [stderr]     Checking hashbrown v0.11.2
[INFO] [stderr]     Checking smallvec v1.6.1
[INFO] [stderr]    Compiling ryu v1.0.5
[INFO] [stderr]     Checking try-lock v0.2.3
[INFO] [stderr]     Checking matches v0.1.8
[INFO] [stderr]    Compiling encoding_rs v0.8.28
[INFO] [stderr]     Checking tower-service v0.3.1
[INFO] [stderr]     Checking httpdate v1.0.1
[INFO] [stderr]     Checking foreign-types-shared v0.1.1
[INFO] [stderr]    Compiling openssl v0.10.35
[INFO] [stderr]    Compiling serde_json v1.0.64
[INFO] [stderr]     Checking inlinable_string v0.1.14
[INFO] [stderr]     Checking mime v0.3.16
[INFO] [stderr]     Checking ppv-lite86 v0.2.10
[INFO] [stderr]     Checking tinyvec_macros v0.1.0
[INFO] [stderr]    Compiling state v0.5.2
[INFO] [stderr]    Compiling either v1.6.1
[INFO] [stderr]    Compiling convert_case v0.4.0
[INFO] [stderr]     Checking unchecked-index v0.2.2
[INFO] [stderr]    Compiling native-tls v0.2.7
[INFO] [stderr]    Compiling async-trait v0.1.50
[INFO] [stderr]     Checking remove_dir_all v0.5.3
[INFO] [stderr]    Compiling glob v0.3.0
[INFO] [stderr]     Checking spin v0.9.2
[INFO] [stderr]     Checking openssl-probe v0.1.4
[INFO] [stderr]     Checking binascii v0.1.4
[INFO] [stderr]     Checking byteorder v1.4.3
[INFO] [stderr]     Checking regex-syntax v0.6.25
[INFO] [stderr]    Compiling semver v1.0.3
[INFO] [stderr]     Checking base64 v0.13.0
[INFO] [stderr]     Checking ipnet v2.3.1
[INFO] [stderr]     Checking dotenv v0.15.0
[INFO] [stderr]     Checking instant v0.1.10
[INFO] [stderr]    Compiling lock_api v0.4.4
[INFO] [stderr]     Checking tracing-core v0.1.18
[INFO] [stderr]     Checking unicode-bidi v0.3.5
[INFO] [stderr]     Checking form_urlencoded v1.0.1
[INFO] [stderr]    Compiling standback v0.2.17
[INFO] [stderr]    Compiling proc-macro2-diagnostics v0.9.1
[INFO] [stderr]    Compiling time v0.2.27
[INFO] [stderr]    Compiling uncased v0.9.6
[INFO] [stderr]    Compiling cookie v0.15.1
[INFO] [stderr]    Compiling figment v0.10.6
[INFO] [stderr]    Compiling multer v2.0.0
[INFO] [stderr]    Compiling unicase v2.6.0
[INFO] [stderr]     Checking tinyvec v1.2.0
[INFO] [stderr]     Checking foreign-types v0.3.2
[INFO] [stderr]     Checking http v0.2.4
[INFO] [stderr]    Compiling rocket v0.5.0-rc.1
[INFO] [stderr]    Compiling tracing v0.1.26
[INFO] [stderr]    Compiling want v0.3.0
[INFO] [stderr]    Compiling libsqlite3-sys v0.22.2
[INFO] [stderr]    Compiling stable-pattern v0.1.0
[INFO] [stderr]    Compiling tokio v1.8.1
[INFO] [stderr]    Compiling futures-macro v0.3.15
[INFO] [stderr]    Compiling futures-util v0.3.15
[INFO] [stderr]    Compiling indexmap v1.7.0
[INFO] [stderr]    Compiling atomic v0.5.0
[INFO] [stderr]    Compiling signal-hook-registry v1.4.0
[INFO] [stderr]    Compiling num_cpus v1.13.0
[INFO] [stderr]    Compiling mio v0.7.13
[INFO] [stderr]    Compiling parking_lot_core v0.8.3
[INFO] [stderr]    Compiling socket2 v0.4.0
[INFO] [stderr]     Checking twoway v0.2.2
[INFO] [stderr]     Checking aho-corasick v0.7.18
[INFO] [stderr]     Checking getrandom v0.2.3
[INFO] [stderr]     Checking atty v0.2.14
[INFO] [stderr]    Compiling openssl-sys v0.9.65
[INFO] [stderr]    Compiling quote v1.0.9
[INFO] [stderr]    Compiling parking_lot v0.11.1
[INFO] [stderr]     Checking unicode-normalization v0.1.19
[INFO] [stderr]     Checking rand_core v0.6.3
[INFO] [stderr]     Checking rand_chacha v0.3.1
[INFO] [stderr]     Checking scheduled-thread-pool v0.2.5
[INFO] [stderr]     Checking r2d2 v0.8.9
[INFO] [stderr]     Checking rand v0.8.4
[INFO] [stderr]     Checking regex v1.5.4
[INFO] [stderr]     Checking idna v0.2.3
[INFO] [stderr]    Compiling http-body v0.4.2
[INFO] [stderr]     Checking tempfile v3.2.0
[INFO] [stderr]     Checking url v2.2.2
[INFO] [stderr]    Compiling devise_core v0.3.0
[INFO] [stderr]    Compiling tokio-macros v1.3.0
[INFO] [stderr]    Compiling time-macros-impl v0.1.2
[INFO] [stderr]    Compiling pear_codegen v0.2.3
[INFO] [stderr]    Compiling ref-cast-impl v1.0.6
[INFO] [stderr]    Compiling async-stream-impl v0.3.2
[INFO] [stderr]    Compiling derive_more v0.99.16
[INFO] [stderr]    Compiling diesel_derives v1.4.1
[INFO] [stderr]    Compiling devise_codegen v0.3.0
[INFO] [stderr]    Compiling time-macros v0.1.1
[INFO] [stderr]     Checking async-stream v0.3.2
[INFO] [stderr]     Checking pear v0.2.3
[INFO] [stderr]    Compiling devise v0.3.0
[INFO] [stderr]    Compiling rocket_sync_db_pools_codegen v0.1.0-rc.1
[INFO] [stderr]     Checking futures-executor v0.3.15
[INFO] [stderr]     Checking futures v0.3.15
[INFO] [stderr]     Checking diesel v1.4.7
[INFO] [stderr]    Compiling tokio-util v0.6.7
[INFO] [stderr]     Checking tokio-stream v0.1.7
[INFO] [stderr]     Checking tokio-native-tls v0.3.0
[INFO] [stderr]     Checking toml v0.5.8
[INFO] [stderr]     Checking ubyte v0.10.1
[INFO] [stderr]     Checking unicase_serde v0.1.0
[INFO] [stderr]     Checking serde_urlencoded v0.7.0
[INFO] [stderr]     Checking h2 v0.3.3
[INFO] [stderr]     Checking hyper v0.14.10
[INFO] [stderr]     Checking rocket_http v0.5.0-rc.1
[INFO] [stderr]     Checking hyper-tls v0.5.0
[INFO] [stderr]     Checking reqwest v0.11.4
[INFO] [stderr]    Compiling rocket_codegen v0.5.0-rc.1
[INFO] [stderr]     Checking rocket_cors v0.5.2 (https://github.com/lawliet89/rocket_cors?branch=master#ad80993b)
[INFO] [stderr]     Checking rocket_sync_db_pools v0.1.0-rc.1
[INFO] [stderr]     Checking taus v0.1.0 (/opt/rustwide/workdir)
[INFO] [stdout] error[E0433]: failed to resolve: use of undeclared type `Version`
[INFO] [stdout]    --> src/models.rs:329:31
[INFO] [stdout]     |
[INFO] [stdout] 329 |         assert_eq!(unwrapped, Version::Latest)
[INFO] [stdout]     |                               ^^^^^^^ use of undeclared type `Version`
[INFO] [stdout] 
[INFO] [stdout] 
[INFO] [stdout] error[E0433]: failed to resolve: use of undeclared type `Version`
[INFO] [stdout]    --> src/models.rs:326:19
[INFO] [stdout]     |
[INFO] [stdout] 326 |         let res = Version::from_str("LATEST");
[INFO] [stdout]     |                   ^^^^^^^ not found in this scope
[INFO] [stdout]     |
[INFO] [stdout] help: consider importing one of these items
[INFO] [stdout]     |
[INFO] [stdout] 325 |     use crate::models::Version;
[INFO] [stdout]     |
[INFO] [stdout] 325 |     use crate::models::reqwest::Version;
[INFO] [stdout]     |
[INFO] [stdout] 325 |     use crate::models::semver::Version;
[INFO] [stdout]     |
[INFO] [stdout] 325 |     use reqwest::Version;
[INFO] [stdout]     |
[INFO] [stdout]       and 1 other candidate
[INFO] [stdout] 
[INFO] [stdout] 
[INFO] [stdout] error[E0433]: failed to resolve: use of undeclared type `Version`
[INFO] [stdout]    --> src/models.rs:334:19
[INFO] [stdout]     |
[INFO] [stdout] 334 |         let res = Version::from_str("1.2.3");
[INFO] [stdout]     |                   ^^^^^^^ not found in this scope
[INFO] [stdout]     |
[INFO] [stdout] help: consider importing one of these items
[INFO] [stdout]     |
[INFO] [stdout] 325 |     use crate::models::Version;
[INFO] [stdout]     |
[INFO] [stdout] 325 |     use crate::models::reqwest::Version;
[INFO] [stdout]     |
[INFO] [stdout] 325 |     use crate::models::semver::Version;
[INFO] [stdout]     |
[INFO] [stdout] 325 |     use reqwest::Version;
[INFO] [stdout]     |
[INFO] [stdout]       and 1 other candidate
[INFO] [stdout] 
[INFO] [stdout] 
[INFO] [stdout] error[E0433]: failed to resolve: use of undeclared type `Version`
[INFO] [stdout]    --> src/models.rs:339:13
[INFO] [stdout]     |
[INFO] [stdout] 339 |             Version::SemVer(SemVer::from_str("1.2.3").unwrap())
[INFO] [stdout]     |             ^^^^^^^ not found in this scope
[INFO] [stdout]     |
[INFO] [stdout] help: consider importing one of these items
[INFO] [stdout]     |
[INFO] [stdout] 325 |     use crate::models::Version;
[INFO] [stdout]     |
[INFO] [stdout] 325 |     use crate::models::reqwest::Version;
[INFO] [stdout]     |
[INFO] [stdout] 325 |     use crate::models::semver::Version;
[INFO] [stdout]     |
[INFO] [stdout] 325 |     use reqwest::Version;
[INFO] [stdout]     |
[INFO] [stdout]       and 1 other candidate
[INFO] [stdout] 
[INFO] [stdout] 
[INFO] [stdout] error[E0433]: failed to resolve: use of undeclared type `SemVer`
[INFO] [stdout]    --> src/models.rs:339:29
[INFO] [stdout]     |
[INFO] [stdout] 339 |             Version::SemVer(SemVer::from_str("1.2.3").unwrap())
[INFO] [stdout]     |                             ^^^^^^ not found in this scope
[INFO] [stdout]     |
[INFO] [stdout] help: consider importing this struct
[INFO] [stdout]     |
[INFO] [stdout] 325 |     use crate::models::SemVer;
[INFO] [stdout]     |
[INFO] [stdout] 
[INFO] [stdout] 
[INFO] [stdout] error: aborting due to 5 previous errors
[INFO] [stdout] 
[INFO] [stdout] 
[INFO] [stdout] For more information about this error, try `rustc --explain E0433`.
[INFO] [stdout] 
[INFO] [stderr] error: could not compile `taus` due to 6 previous errors
[INFO] [stderr] warning: build failed, waiting for other jobs to finish...
[INFO] [stderr] error: build failed
[INFO] running `Command { std: "docker" "inspect" "12567533b9dd153208be28118aee8ae2543c342cbefaad06ca8f3aae14d789ec", kill_on_drop: false }`
[INFO] running `Command { std: "docker" "rm" "-f" "12567533b9dd153208be28118aee8ae2543c342cbefaad06ca8f3aae14d789ec", kill_on_drop: false }`
[INFO] [stdout] 12567533b9dd153208be28118aee8ae2543c342cbefaad06ca8f3aae14d789ec
