[INFO] cloning repository https://github.com/funfoolsuzi/rust-bios-basic-graphic
[INFO] running `Command { std: "git" "-c" "credential.helper=" "-c" "credential.helper=/workspace/cargo-home/bin/git-credential-null" "clone" "--bare" "https://github.com/funfoolsuzi/rust-bios-basic-graphic" "/workspace/cache/git-repos/https%3A%2F%2Fgithub.com%2Ffunfoolsuzi%2Frust-bios-basic-graphic", kill_on_drop: false }`
[INFO] [stderr] Cloning into bare repository '/workspace/cache/git-repos/https%3A%2F%2Fgithub.com%2Ffunfoolsuzi%2Frust-bios-basic-graphic'...
[INFO] running `Command { std: "git" "rev-parse" "HEAD", kill_on_drop: false }`
[INFO] [stdout] a95752a275f05eea56444bd8174452925c2cd899
[INFO] checking funfoolsuzi/rust-bios-basic-graphic against beta-2021-10-15 for beta-1.56-3
[INFO] running `Command { std: "git" "clone" "/workspace/cache/git-repos/https%3A%2F%2Fgithub.com%2Ffunfoolsuzi%2Frust-bios-basic-graphic" "/workspace/builds/worker-59/source", kill_on_drop: false }`
[INFO] [stderr] Cloning into '/workspace/builds/worker-59/source'...
[INFO] [stderr] done.
[INFO] validating manifest of git repo https://github.com/funfoolsuzi/rust-bios-basic-graphic on toolchain beta-2021-10-15
[INFO] running `Command { std: "/workspace/cargo-home/bin/cargo" "+beta-2021-10-15" "metadata" "--manifest-path" "Cargo.toml" "--no-deps", kill_on_drop: false }`
[INFO] removed /workspace/builds/worker-59/source/.cargo/config
[INFO] removed /workspace/builds/worker-59/source/rust-toolchain
[INFO] started tweaking git repo https://github.com/funfoolsuzi/rust-bios-basic-graphic
[INFO] finished tweaking git repo https://github.com/funfoolsuzi/rust-bios-basic-graphic
[INFO] tweaked toml for git repo https://github.com/funfoolsuzi/rust-bios-basic-graphic written to /workspace/builds/worker-59/source/Cargo.toml
[INFO] crate git repo https://github.com/funfoolsuzi/rust-bios-basic-graphic already has a lockfile, it will not be regenerated
[INFO] running `Command { std: "/workspace/cargo-home/bin/cargo" "+beta-2021-10-15" "fetch" "--manifest-path" "Cargo.toml", kill_on_drop: false }`
[INFO] [stderr]     Blocking waiting for file lock on package cache
[INFO] [stderr]     Blocking waiting for file lock on package cache
[INFO] running `Command { std: "docker" "create" "-v" "/var/lib/crater-agent-workspace/builds/worker-59/target:/opt/rustwide/target:rw,Z" "-v" "/var/lib/crater-agent-workspace/builds/worker-59/source:/opt/rustwide/workdir:ro,Z" "-v" "/var/lib/crater-agent-workspace/cargo-home:/opt/rustwide/cargo-home:ro,Z" "-v" "/var/lib/crater-agent-workspace/rustup-home:/opt/rustwide/rustup-home:ro,Z" "-e" "SOURCE_DIR=/opt/rustwide/workdir" "-e" "CARGO_TARGET_DIR=/opt/rustwide/target" "-e" "CARGO_HOME=/opt/rustwide/cargo-home" "-e" "RUSTUP_HOME=/opt/rustwide/rustup-home" "-w" "/opt/rustwide/workdir" "-m" "1610612736" "--user" "0:0" "--network" "none" "ghcr.io/rust-lang/crates-build-env/linux@sha256:a89201d6b5b9fd45c15d5952ece0a0129e7e80cb26ec023fd59cf09bc26f1604" "/opt/rustwide/cargo-home/bin/cargo" "+beta-2021-10-15" "metadata" "--no-deps" "--format-version=1", kill_on_drop: false }`
[INFO] [stdout] ef9552ff0b4dbbbbc2352621b2c0434ab52ad4a6aeec831b1c674e4d8d3f377b
[INFO] running `Command { std: "docker" "start" "-a" "ef9552ff0b4dbbbbc2352621b2c0434ab52ad4a6aeec831b1c674e4d8d3f377b", kill_on_drop: false }`
[INFO] running `Command { std: "docker" "inspect" "ef9552ff0b4dbbbbc2352621b2c0434ab52ad4a6aeec831b1c674e4d8d3f377b", kill_on_drop: false }`
[INFO] running `Command { std: "docker" "rm" "-f" "ef9552ff0b4dbbbbc2352621b2c0434ab52ad4a6aeec831b1c674e4d8d3f377b", kill_on_drop: false }`
[INFO] [stdout] ef9552ff0b4dbbbbc2352621b2c0434ab52ad4a6aeec831b1c674e4d8d3f377b
[INFO] running `Command { std: "docker" "create" "-v" "/var/lib/crater-agent-workspace/builds/worker-59/target:/opt/rustwide/target:rw,Z" "-v" "/var/lib/crater-agent-workspace/builds/worker-59/source:/opt/rustwide/workdir:ro,Z" "-v" "/var/lib/crater-agent-workspace/cargo-home:/opt/rustwide/cargo-home:ro,Z" "-v" "/var/lib/crater-agent-workspace/rustup-home:/opt/rustwide/rustup-home:ro,Z" "-e" "SOURCE_DIR=/opt/rustwide/workdir" "-e" "CARGO_TARGET_DIR=/opt/rustwide/target" "-e" "CARGO_INCREMENTAL=0" "-e" "RUST_BACKTRACE=full" "-e" "RUSTFLAGS=--cap-lints=warn" "-e" "CARGO_HOME=/opt/rustwide/cargo-home" "-e" "RUSTUP_HOME=/opt/rustwide/rustup-home" "-w" "/opt/rustwide/workdir" "-m" "1610612736" "--user" "0:0" "--network" "none" "ghcr.io/rust-lang/crates-build-env/linux@sha256:a89201d6b5b9fd45c15d5952ece0a0129e7e80cb26ec023fd59cf09bc26f1604" "/opt/rustwide/cargo-home/bin/cargo" "+beta-2021-10-15" "check" "--frozen" "--all" "--all-targets" "--message-format=json", kill_on_drop: false }`
[INFO] [stdout] 98f92ab0f89d3db3542327bbd844cf90d1588f507ed05e66958820904bad76f2
[INFO] running `Command { std: "docker" "start" "-a" "98f92ab0f89d3db3542327bbd844cf90d1588f507ed05e66958820904bad76f2", kill_on_drop: false }`
[INFO] [stderr]     Blocking waiting for file lock on package cache
[INFO] [stderr]     Checking rust-bios-basic-graphic v0.1.0 (/opt/rustwide/workdir)
[INFO] [stdout] error[E0554]: `#![feature]` may not be used on the beta release channel
[INFO] [stdout]  --> src/main.rs:1:1
[INFO] [stdout]   |
[INFO] [stdout] 1 | #![feature(lang_items)]
[INFO] [stdout]   | ^^^^^^^^^^^^^^^^^^^^^^^
[INFO] [stdout] 
[INFO] [stdout] 
[INFO] [stdout] error[E0554]: `#![feature]` may not be used on the beta release channel
[INFO] [stdout]  --> src/main.rs:2:1
[INFO] [stdout]   |
[INFO] [stdout] 2 | #![feature(global_asm)]
[INFO] [stdout]   | ^^^^^^^^^^^^^^^^^^^^^^^
[INFO] [stdout] 
[INFO] [stdout] 
[INFO] [stdout] error: aborting due to 2 previous errors
[INFO] [stdout] 
[INFO] [stdout] 
[INFO] [stdout] For more information about this error, try `rustc --explain E0554`.
[INFO] [stdout] 
[INFO] [stdout] error[E0554]: `#![feature]` may not be used on the beta release channel
[INFO] [stdout]  --> src/main.rs:1:1
[INFO] [stdout]   |
[INFO] [stdout] 1 | #![feature(lang_items)]
[INFO] [stdout]   | ^^^^^^^^^^^^^^^^^^^^^^^
[INFO] [stdout] 
[INFO] [stdout] 
[INFO] [stdout] error[E0554]: `#![feature]` may not be used on the beta release channel
[INFO] [stdout]  --> src/main.rs:2:1
[INFO] [stdout]   |
[INFO] [stdout] 2 | #![feature(global_asm)]
[INFO] [stdout]   | ^^^^^^^^^^^^^^^^^^^^^^^
[INFO] [stdout] 
[INFO] [stdout] 
[INFO] [stdout] error[E0152]: found duplicate lang item `panic_impl`
[INFO] [stdout]   --> src/main.rs:16:1
[INFO] [stdout]    |
[INFO] [stdout] 16 | extern "C" fn panic_handler(_panic_info: &core::panic::PanicInfo) -> ! {
[INFO] [stdout]    | ^^^^^^^^^^^^^^^^^^^^^^^^^^^^^^^^^^^^^^^^^^^^^^^^^^^^^^^^^^^^^^^^^^^^^^
[INFO] [stdout]    |
[INFO] [stdout]    = note: the lang item is first defined in crate `std` (which `test` depends on)
[INFO] [stdout]    = note: first definition in `std` loaded from /opt/rustwide/rustup-home/toolchains/beta-2021-10-15-x86_64-unknown-linux-gnu/lib/rustlib/x86_64-unknown-linux-gnu/lib/libstd-9a950938f3668a37.rlib
[INFO] [stdout]    = note: second definition in the local crate (`rust_bios_basic_graphic`)
[INFO] [stdout] 
[INFO] [stdout] 
[INFO] [stdout] error[E0152]: found duplicate lang item `eh_personality`
[INFO] [stdout]   --> src/main.rs:22:1
[INFO] [stdout]    |
[INFO] [stdout] 22 | pub extern "C" fn eh_personality() {
[INFO] [stdout]    | ^^^^^^^^^^^^^^^^^^^^^^^^^^^^^^^^^^
[INFO] [stdout]    |
[INFO] [stdout]    = note: the lang item is first defined in crate `panic_unwind` (which `std` depends on)
[INFO] [stdout]    = note: first definition in `panic_unwind` loaded from /opt/rustwide/rustup-home/toolchains/beta-2021-10-15-x86_64-unknown-linux-gnu/lib/rustlib/x86_64-unknown-linux-gnu/lib/libpanic_unwind-3b1b529ec96b3df7.rlib
[INFO] [stdout]    = note: second definition in the local crate (`rust_bios_basic_graphic`)
[INFO] [stdout] 
[INFO] [stdout] 
[INFO] [stderr] error: could not compile `rust-bios-basic-graphic` due to 3 previous errors
[INFO] [stderr] warning: build failed, waiting for other jobs to finish...
[INFO] [stdout] error: aborting due to 4 previous errors
[INFO] [stdout] 
[INFO] [stdout] 
[INFO] [stdout] Some errors have detailed explanations: E0152, E0554.
[INFO] [stdout] 
[INFO] [stdout] For more information about an error, try `rustc --explain E0152`.
[INFO] [stdout] 
[INFO] [stderr] error: build failed
[INFO] running `Command { std: "docker" "inspect" "98f92ab0f89d3db3542327bbd844cf90d1588f507ed05e66958820904bad76f2", kill_on_drop: false }`
[INFO] running `Command { std: "docker" "rm" "-f" "98f92ab0f89d3db3542327bbd844cf90d1588f507ed05e66958820904bad76f2", kill_on_drop: false }`
[INFO] [stdout] 98f92ab0f89d3db3542327bbd844cf90d1588f507ed05e66958820904bad76f2
