[INFO] cloning repository https://github.com/freesig/vulkan_api_checker
[INFO] running `Command { std: "git" "-c" "credential.helper=" "-c" "credential.helper=/workspace/cargo-home/bin/git-credential-null" "clone" "--bare" "https://github.com/freesig/vulkan_api_checker" "/workspace/cache/git-repos/https%3A%2F%2Fgithub.com%2Ffreesig%2Fvulkan_api_checker", kill_on_drop: false }`
[INFO] [stderr] Cloning into bare repository '/workspace/cache/git-repos/https%3A%2F%2Fgithub.com%2Ffreesig%2Fvulkan_api_checker'...
[INFO] running `Command { std: "git" "rev-parse" "HEAD", kill_on_drop: false }`
[INFO] [stdout] ba4753c1837131bc8c538844ad50a871226f8c29
[INFO] checking freesig/vulkan_api_checker against beta-2021-10-15 for beta-1.56-3
[INFO] running `Command { std: "git" "clone" "/workspace/cache/git-repos/https%3A%2F%2Fgithub.com%2Ffreesig%2Fvulkan_api_checker" "/workspace/builds/worker-99/source", kill_on_drop: false }`
[INFO] [stderr] Cloning into '/workspace/builds/worker-99/source'...
[INFO] [stderr] done.
[INFO] validating manifest of git repo https://github.com/freesig/vulkan_api_checker on toolchain beta-2021-10-15
[INFO] running `Command { std: "/workspace/cargo-home/bin/cargo" "+beta-2021-10-15" "metadata" "--manifest-path" "Cargo.toml" "--no-deps", kill_on_drop: false }`
[INFO] started tweaking git repo https://github.com/freesig/vulkan_api_checker
[INFO] finished tweaking git repo https://github.com/freesig/vulkan_api_checker
[INFO] tweaked toml for git repo https://github.com/freesig/vulkan_api_checker written to /workspace/builds/worker-99/source/Cargo.toml
[INFO] crate git repo https://github.com/freesig/vulkan_api_checker already has a lockfile, it will not be regenerated
[INFO] running `Command { std: "/workspace/cargo-home/bin/cargo" "+beta-2021-10-15" "fetch" "--manifest-path" "Cargo.toml", kill_on_drop: false }`
[INFO] [stderr]     Blocking waiting for file lock on package cache
[INFO] [stderr]     Blocking waiting for file lock on package cache
[INFO] running `Command { std: "docker" "create" "-v" "/var/lib/crater-agent-workspace/builds/worker-99/target:/opt/rustwide/target:rw,Z" "-v" "/var/lib/crater-agent-workspace/builds/worker-99/source:/opt/rustwide/workdir:ro,Z" "-v" "/var/lib/crater-agent-workspace/cargo-home:/opt/rustwide/cargo-home:ro,Z" "-v" "/var/lib/crater-agent-workspace/rustup-home:/opt/rustwide/rustup-home:ro,Z" "-e" "SOURCE_DIR=/opt/rustwide/workdir" "-e" "CARGO_TARGET_DIR=/opt/rustwide/target" "-e" "CARGO_HOME=/opt/rustwide/cargo-home" "-e" "RUSTUP_HOME=/opt/rustwide/rustup-home" "-w" "/opt/rustwide/workdir" "-m" "1610612736" "--user" "0:0" "--network" "none" "ghcr.io/rust-lang/crates-build-env/linux@sha256:a89201d6b5b9fd45c15d5952ece0a0129e7e80cb26ec023fd59cf09bc26f1604" "/opt/rustwide/cargo-home/bin/cargo" "+beta-2021-10-15" "metadata" "--no-deps" "--format-version=1", kill_on_drop: false }`
[INFO] [stdout] 53fa50156d5705ce8eac44176e2f1f053e2cc971e8d75ede90462ea96f69b84d
[INFO] running `Command { std: "docker" "start" "-a" "53fa50156d5705ce8eac44176e2f1f053e2cc971e8d75ede90462ea96f69b84d", kill_on_drop: false }`
[INFO] running `Command { std: "docker" "inspect" "53fa50156d5705ce8eac44176e2f1f053e2cc971e8d75ede90462ea96f69b84d", kill_on_drop: false }`
[INFO] running `Command { std: "docker" "rm" "-f" "53fa50156d5705ce8eac44176e2f1f053e2cc971e8d75ede90462ea96f69b84d", kill_on_drop: false }`
[INFO] [stdout] 53fa50156d5705ce8eac44176e2f1f053e2cc971e8d75ede90462ea96f69b84d
[INFO] running `Command { std: "docker" "create" "-v" "/var/lib/crater-agent-workspace/builds/worker-99/target:/opt/rustwide/target:rw,Z" "-v" "/var/lib/crater-agent-workspace/builds/worker-99/source:/opt/rustwide/workdir:ro,Z" "-v" "/var/lib/crater-agent-workspace/cargo-home:/opt/rustwide/cargo-home:ro,Z" "-v" "/var/lib/crater-agent-workspace/rustup-home:/opt/rustwide/rustup-home:ro,Z" "-e" "SOURCE_DIR=/opt/rustwide/workdir" "-e" "CARGO_TARGET_DIR=/opt/rustwide/target" "-e" "CARGO_INCREMENTAL=0" "-e" "RUST_BACKTRACE=full" "-e" "RUSTFLAGS=--cap-lints=warn" "-e" "CARGO_HOME=/opt/rustwide/cargo-home" "-e" "RUSTUP_HOME=/opt/rustwide/rustup-home" "-w" "/opt/rustwide/workdir" "-m" "1610612736" "--user" "0:0" "--network" "none" "ghcr.io/rust-lang/crates-build-env/linux@sha256:a89201d6b5b9fd45c15d5952ece0a0129e7e80cb26ec023fd59cf09bc26f1604" "/opt/rustwide/cargo-home/bin/cargo" "+beta-2021-10-15" "check" "--frozen" "--all" "--all-targets" "--message-format=json", kill_on_drop: false }`
[INFO] [stdout] f0c0c3e37096160f1a8ec34ad05fb6b2116f17bc6a85ca40d042403c668c9c1f
[INFO] running `Command { std: "docker" "start" "-a" "f0c0c3e37096160f1a8ec34ad05fb6b2116f17bc6a85ca40d042403c668c9c1f", kill_on_drop: false }`
[INFO] [stderr]    Compiling memchr v2.2.0
[INFO] [stderr]    Compiling regex v1.1.3
[INFO] [stderr]     Checking lazy_static v1.3.0
[INFO] [stderr]     Checking ucd-util v0.1.3
[INFO] [stderr]     Checking utf8-ranges v1.0.2
[INFO] [stderr]     Checking thread_local v0.3.6
[INFO] [stderr]     Checking regex-syntax v0.6.6
[INFO] [stderr]     Checking aho-corasick v0.7.1
[INFO] [stderr]     Checking vulkan_api_check v0.1.0 (/opt/rustwide/workdir)
[INFO] [stdout] error: this file contains an unclosed delimiter
[INFO] [stdout]    --> src/main.rs:131:3
[INFO] [stdout]     |
[INFO] [stdout] 60  | fn search<T: Target>(input: &mut Stdin, target: T) {
[INFO] [stdout]     |                                                    - unclosed delimiter
[INFO] [stdout] 61  |     loop {
[INFO] [stdout]     |          - this delimiter might not be properly closed...
[INFO] [stdout] ...
[INFO] [stdout] 66  | }
[INFO] [stdout]     | - ...as it matches this but it has different indentation
[INFO] [stdout] ...
[INFO] [stdout] 131 | }
[INFO] [stdout]     |   ^
[INFO] [stdout] 
[INFO] [stdout] 
[INFO] [stdout] error: this file contains an unclosed delimiter
[INFO] [stdout]    --> src/main.rs:131:3
[INFO] [stdout]     |
[INFO] [stdout] 60  | fn search<T: Target>(input: &mut Stdin, target: T) {
[INFO] [stdout]     |                                                    - unclosed delimiter
[INFO] [stdout] 61  |     loop {
[INFO] [stdout]     |          - this delimiter might not be properly closed...
[INFO] [stdout] ...
[INFO] [stdout] 66  | }
[INFO] [stdout]     | - ...as it matches this but it has different indentation
[INFO] [stdout] ...
[INFO] [stdout] 131 | }
[INFO] [stdout]     |   ^
[INFO] [stdout] 
[INFO] [stdout] 
[INFO] [stdout] error[E0405]: cannot find trait `Target` in this scope
[INFO] [stdout]   --> src/main.rs:60:14
[INFO] [stdout]    |
[INFO] [stdout] 60 | fn search<T: Target>(input: &mut Stdin, target: T) {
[INFO] [stdout]    |              ^^^^^^ not found in this scope
[INFO] [stdout] 
[INFO] [stdout] 
[INFO] [stdout] error[E0425]: cannot find value `images` in this scope
[INFO] [stdout]    --> src/main.rs:117:37
[INFO] [stdout]     |
[INFO] [stdout] 117 | ...                   images.insert(ptr.as_str().to_owned(), t.new_layout);
[INFO] [stdout]     |                       ^^^^^^ not found in this scope
[INFO] [stdout] 
[INFO] [stdout] 
[INFO] [stdout] error[E0405]: cannot find trait `Target` in this scope
[INFO] [stdout]   --> src/main.rs:60:14
[INFO] [stdout]    |
[INFO] [stdout] 60 | fn search<T: Target>(input: &mut Stdin, target: T) {
[INFO] [stdout]    |              ^^^^^^ not found in this scope
[INFO] [stdout] 
[INFO] [stdout] 
[INFO] [stdout] error[E0425]: cannot find value `images` in this scope
[INFO] [stdout]    --> src/main.rs:117:37
[INFO] [stdout]     |
[INFO] [stdout] 117 | ...                   images.insert(ptr.as_str().to_owned(), t.new_layout);
[INFO] [stdout]     |                       ^^^^^^ not found in this scope
[INFO] [stdout] 
[INFO] [stdout] 
[INFO] [stdout] error: aborting due to 3 previous errors
[INFO] [stdout] 
[INFO] [stdout] 
[INFO] [stdout] Some errors have detailed explanations: E0405, E0425.
[INFO] [stdout] 
[INFO] [stdout] For more information about an error, try `rustc --explain E0405`.
[INFO] [stdout] 
[INFO] [stdout] error: aborting due to 3 previous errors
[INFO] [stdout] 
[INFO] [stdout] 
[INFO] [stdout] Some errors have detailed explanations: E0405, E0425.
[INFO] [stdout] 
[INFO] [stdout] For more information about an error, try `rustc --explain E0405`.
[INFO] [stdout] 
[INFO] [stderr] error: could not compile `vulkan_api_check` due to 4 previous errors
[INFO] [stderr] warning: build failed, waiting for other jobs to finish...
[INFO] [stderr] error: build failed
[INFO] running `Command { std: "docker" "inspect" "f0c0c3e37096160f1a8ec34ad05fb6b2116f17bc6a85ca40d042403c668c9c1f", kill_on_drop: false }`
[INFO] running `Command { std: "docker" "rm" "-f" "f0c0c3e37096160f1a8ec34ad05fb6b2116f17bc6a85ca40d042403c668c9c1f", kill_on_drop: false }`
[INFO] [stdout] f0c0c3e37096160f1a8ec34ad05fb6b2116f17bc6a85ca40d042403c668c9c1f
