[INFO] cloning repository https://github.com/fnlcon/rust_tour
[INFO] running `Command { std: "git" "-c" "credential.helper=" "-c" "credential.helper=/workspace/cargo-home/bin/git-credential-null" "clone" "--bare" "https://github.com/fnlcon/rust_tour" "/workspace/cache/git-repos/https%3A%2F%2Fgithub.com%2Ffnlcon%2Frust_tour", kill_on_drop: false }`
[INFO] [stderr] Cloning into bare repository '/workspace/cache/git-repos/https%3A%2F%2Fgithub.com%2Ffnlcon%2Frust_tour'...
[INFO] running `Command { std: "git" "rev-parse" "HEAD", kill_on_drop: false }`
[INFO] [stdout] 29adff458ed30eaf06be1993ff165500165c2ad4
[INFO] checking fnlcon/rust_tour against beta-2021-10-15 for beta-1.56-3
[INFO] running `Command { std: "git" "clone" "/workspace/cache/git-repos/https%3A%2F%2Fgithub.com%2Ffnlcon%2Frust_tour" "/workspace/builds/worker-73/source", kill_on_drop: false }`
[INFO] [stderr] Cloning into '/workspace/builds/worker-73/source'...
[INFO] [stderr] done.
[INFO] validating manifest of git repo https://github.com/fnlcon/rust_tour on toolchain beta-2021-10-15
[INFO] running `Command { std: "/workspace/cargo-home/bin/cargo" "+beta-2021-10-15" "metadata" "--manifest-path" "Cargo.toml" "--no-deps", kill_on_drop: false }`
[INFO] started tweaking git repo https://github.com/fnlcon/rust_tour
[INFO] finished tweaking git repo https://github.com/fnlcon/rust_tour
[INFO] tweaked toml for git repo https://github.com/fnlcon/rust_tour written to /workspace/builds/worker-73/source/Cargo.toml
[INFO] crate git repo https://github.com/fnlcon/rust_tour already has a lockfile, it will not be regenerated
[INFO] running `Command { std: "/workspace/cargo-home/bin/cargo" "+beta-2021-10-15" "fetch" "--manifest-path" "Cargo.toml", kill_on_drop: false }`
[INFO] [stderr]     Blocking waiting for file lock on package cache
[INFO] [stderr]     Blocking waiting for file lock on package cache
[INFO] [stderr]  Downloading crates ...
[INFO] [stderr]   Downloaded multiversion-macros v0.6.1
[INFO] [stderr]   Downloaded lexical v5.2.2
[INFO] [stderr]   Downloaded fast-float v0.2.0
[INFO] [stderr]   Downloaded num-bigint v0.4.1
[INFO] [stderr]   Downloaded simdutf8 v0.1.3
[INFO] [stderr]   Downloaded unsafe_unwrap v0.1.0
[INFO] [stderr]   Downloaded polars-lazy v0.15.1
[INFO] [stderr]   Downloaded polars-core v0.15.1
[INFO] [stderr]   Downloaded arrow v5.3.0
[INFO] [stderr]   Downloaded polars-arrow v0.15.1
[INFO] [stderr]   Downloaded tokio v1.10.1
[INFO] [stderr]   Downloaded polars-io v0.15.1
[INFO] [stderr]   Downloaded polars v0.15.1
[INFO] [stderr]   Downloaded multiversion v0.6.1
[INFO] [stderr]   Downloaded sqlparser v0.10.0
[INFO] running `Command { std: "docker" "create" "-v" "/var/lib/crater-agent-workspace/builds/worker-73/target:/opt/rustwide/target:rw,Z" "-v" "/var/lib/crater-agent-workspace/builds/worker-73/source:/opt/rustwide/workdir:ro,Z" "-v" "/var/lib/crater-agent-workspace/cargo-home:/opt/rustwide/cargo-home:ro,Z" "-v" "/var/lib/crater-agent-workspace/rustup-home:/opt/rustwide/rustup-home:ro,Z" "-e" "SOURCE_DIR=/opt/rustwide/workdir" "-e" "CARGO_TARGET_DIR=/opt/rustwide/target" "-e" "CARGO_HOME=/opt/rustwide/cargo-home" "-e" "RUSTUP_HOME=/opt/rustwide/rustup-home" "-w" "/opt/rustwide/workdir" "-m" "1610612736" "--user" "0:0" "--network" "none" "ghcr.io/rust-lang/crates-build-env/linux@sha256:a89201d6b5b9fd45c15d5952ece0a0129e7e80cb26ec023fd59cf09bc26f1604" "/opt/rustwide/cargo-home/bin/cargo" "+beta-2021-10-15" "metadata" "--no-deps" "--format-version=1", kill_on_drop: false }`
[INFO] [stdout] c45280f90544c872081541f37f0d42aa2f5d2650bc5bb7df34cc560ea25690d9
[INFO] running `Command { std: "docker" "start" "-a" "c45280f90544c872081541f37f0d42aa2f5d2650bc5bb7df34cc560ea25690d9", kill_on_drop: false }`
[INFO] running `Command { std: "docker" "inspect" "c45280f90544c872081541f37f0d42aa2f5d2650bc5bb7df34cc560ea25690d9", kill_on_drop: false }`
[INFO] running `Command { std: "docker" "rm" "-f" "c45280f90544c872081541f37f0d42aa2f5d2650bc5bb7df34cc560ea25690d9", kill_on_drop: false }`
[INFO] [stdout] c45280f90544c872081541f37f0d42aa2f5d2650bc5bb7df34cc560ea25690d9
[INFO] running `Command { std: "docker" "create" "-v" "/var/lib/crater-agent-workspace/builds/worker-73/target:/opt/rustwide/target:rw,Z" "-v" "/var/lib/crater-agent-workspace/builds/worker-73/source:/opt/rustwide/workdir:ro,Z" "-v" "/var/lib/crater-agent-workspace/cargo-home:/opt/rustwide/cargo-home:ro,Z" "-v" "/var/lib/crater-agent-workspace/rustup-home:/opt/rustwide/rustup-home:ro,Z" "-e" "SOURCE_DIR=/opt/rustwide/workdir" "-e" "CARGO_TARGET_DIR=/opt/rustwide/target" "-e" "CARGO_INCREMENTAL=0" "-e" "RUST_BACKTRACE=full" "-e" "RUSTFLAGS=--cap-lints=warn" "-e" "CARGO_HOME=/opt/rustwide/cargo-home" "-e" "RUSTUP_HOME=/opt/rustwide/rustup-home" "-w" "/opt/rustwide/workdir" "-m" "1610612736" "--user" "0:0" "--network" "none" "ghcr.io/rust-lang/crates-build-env/linux@sha256:a89201d6b5b9fd45c15d5952ece0a0129e7e80cb26ec023fd59cf09bc26f1604" "/opt/rustwide/cargo-home/bin/cargo" "+beta-2021-10-15" "check" "--frozen" "--all" "--all-targets" "--message-format=json", kill_on_drop: false }`
[INFO] [stdout] 7fdaae9db047eb71d7fe66ebf577a548d449b096b57b04bd150d5a65ad6ab720
[INFO] running `Command { std: "docker" "start" "-a" "7fdaae9db047eb71d7fe66ebf577a548d449b096b57b04bd150d5a65ad6ab720", kill_on_drop: false }`
[INFO] [stderr]    Compiling libc v0.2.100
[INFO] [stderr]    Compiling proc-macro2 v1.0.28
[INFO] [stderr]    Compiling syn v1.0.75
[INFO] [stderr]     Checking once_cell v1.8.0
[INFO] [stderr]    Compiling cc v1.0.69
[INFO] [stderr]    Compiling serde v1.0.130
[INFO] [stderr]     Checking smallvec v1.6.1
[INFO] [stderr]    Compiling parking_lot_core v0.8.5
[INFO] [stderr]     Checking spin v0.5.2
[INFO] [stderr]     Checking untrusted v0.7.1
[INFO] [stderr]    Compiling lexical-core v0.7.6
[INFO] [stderr]    Compiling serde_json v1.0.67
[INFO] [stderr]     Checking arrayvec v0.5.2
[INFO] [stderr]     Checking hex v0.4.3
[INFO] [stderr]    Compiling anyhow v1.0.43
[INFO] [stderr]     Checking encode_unicode v0.3.6
[INFO] [stderr]     Checking unsafe_unwrap v0.1.0
[INFO] [stderr]     Checking fast-float v0.2.0
[INFO] [stderr]     Checking simdutf8 v0.1.3
[INFO] [stderr]    Compiling async-trait v0.1.51
[INFO] [stderr]     Checking ansi_term v0.12.1
[INFO] [stderr]    Compiling num-traits v0.2.14
[INFO] [stderr]    Compiling tokio v1.10.1
[INFO] [stderr]    Compiling num-bigint v0.4.1
[INFO] [stderr]    Compiling num-rational v0.4.0
[INFO] [stderr]    Compiling futures-util v0.3.17
[INFO] [stderr]    Compiling num-iter v0.1.42
[INFO] [stderr]    Compiling ahash v0.7.4
[INFO] [stderr]    Compiling log v0.4.14
[INFO] [stderr]     Checking instant v0.1.10
[INFO] [stderr]     Checking lock_api v0.4.5
[INFO] [stderr]     Checking regex-automata v0.1.10
[INFO] [stderr]     Checking tracing-core v0.1.19
[INFO] [stderr]     Checking http v0.2.4
[INFO] [stderr]    Compiling futures-channel v0.3.17
[INFO] [stderr]     Checking tinyvec v1.3.1
[INFO] [stderr]     Checking sharded-slab v0.1.3
[INFO] [stderr]     Checking csv-core v0.1.10
[INFO] [stderr]     Checking thread_local v1.1.3
[INFO] [stderr]     Checking matchers v0.0.1
[INFO] [stderr]     Checking want v0.3.0
[INFO] [stderr]     Checking tracing-log v0.1.2
[INFO] [stderr]     Checking sqlparser v0.10.0
[INFO] [stderr]    Compiling ring v0.16.20
[INFO] [stderr]    Compiling openssl-sys v0.9.66
[INFO] [stderr]     Checking http-body v0.4.3
[INFO] [stderr]     Checking unicode-normalization v0.1.19
[INFO] [stderr]    Compiling quote v1.0.9
[INFO] [stderr]     Checking getrandom v0.2.3
[INFO] [stderr]     Checking num_cpus v1.13.0
[INFO] [stderr]     Checking mio v0.7.13
[INFO] [stderr]     Checking signal-hook-registry v1.4.0
[INFO] [stderr]     Checking time v0.1.43
[INFO] [stderr]     Checking dirs v1.0.5
[INFO] [stderr]     Checking socket2 v0.4.1
[INFO] [stderr]     Checking atty v0.2.14
[INFO] [stderr]     Checking dirs-sys v0.3.6
[INFO] [stderr]     Checking memmap2 v0.2.3
[INFO] [stderr]     Checking num-integer v0.1.44
[INFO] [stderr]     Checking num-complex v0.4.0
[INFO] [stderr]     Checking bstr v0.2.16
[INFO] [stderr]     Checking serde_urlencoded v0.7.0
[INFO] [stderr]     Checking tracing-serde v0.1.2
[INFO] [stderr]     Checking lexical v5.2.2
[INFO] [stderr]     Checking term v0.5.2
[INFO] [stderr]     Checking dirs v3.0.2
[INFO] [stderr]     Checking rayon-core v1.9.1
[INFO] [stderr]     Checking parking_lot v0.11.2
[INFO] [stderr]     Checking rand_core v0.6.3
[INFO] [stderr]    Compiling openssl v0.10.36
[INFO] [stderr]    Compiling native-tls v0.2.8
[INFO] [stderr]     Checking idna v0.2.3
[INFO] [stderr]     Checking chrono v0.4.19
[INFO] [stderr]     Checking rand_chacha v0.3.1
[INFO] [stderr]     Checking csv v1.1.6
[INFO] [stderr]     Checking rayon v1.5.1
[INFO] [stderr]     Checking rand v0.8.4
[INFO] [stderr]     Checking url v2.2.2
[INFO] [stderr]     Checking prettytable-rs v0.8.0
[INFO] [stderr]     Checking tree_case1 v0.1.0 (/opt/rustwide/workdir/tree_case1)
[INFO] [stdout] error[E0434]: can't capture dynamic environment in a fn item
[INFO] [stdout]   --> tree_case1/src/lib.rs:94:34
[INFO] [stdout]    |
[INFO] [stdout] 94 |                     update(node, path)
[INFO] [stdout]    |                                  ^^^^
[INFO] [stdout]    |
[INFO] [stdout]    = help: use the `|| { ... }` closure form instead
[INFO] [stdout] 
[INFO] [stdout] 
[INFO] [stdout] error[E0425]: cannot find value `node_name` in this scope
[INFO] [stdout]   --> tree_case1/src/lib.rs:93:36
[INFO] [stdout]    |
[INFO] [stdout] 93 |                 if node.name() == &node_name[..] {
[INFO] [stdout]    |                                    ^^^^^^^^^ not found in this scope
[INFO] [stdout] 
[INFO] [stdout] 
[INFO] [stdout] warning: unused import: `rand::thread_rng`
[INFO] [stdout]  --> tree_case1/src/lib.rs:1:5
[INFO] [stdout]   |
[INFO] [stdout] 1 | use rand::thread_rng;
[INFO] [stdout]   |     ^^^^^^^^^^^^^^^^
[INFO] [stdout]   |
[INFO] [stdout]   = note: `#[warn(unused_imports)]` on by default
[INFO] [stdout] 
[INFO] [stdout] 
[INFO] [stdout] error[E0434]: can't capture dynamic environment in a fn item
[INFO] [stdout]   --> tree_case1/src/lib.rs:94:34
[INFO] [stdout]    |
[INFO] [stdout] 94 |                     update(node, path)
[INFO] [stdout]    |                                  ^^^^
[INFO] [stdout]    |
[INFO] [stdout]    = help: use the `|| { ... }` closure form instead
[INFO] [stdout] 
[INFO] [stdout] 
[INFO] [stdout] error[E0425]: cannot find value `node_name` in this scope
[INFO] [stdout]   --> tree_case1/src/lib.rs:93:36
[INFO] [stdout]    |
[INFO] [stdout] 93 |                 if node.name() == &node_name[..] {
[INFO] [stdout]    |                                    ^^^^^^^^^ not found in this scope
[INFO] [stdout] 
[INFO] [stdout] 
[INFO] [stdout] warning: unused import: `rand::thread_rng`
[INFO] [stdout]  --> tree_case1/src/lib.rs:1:5
[INFO] [stdout]   |
[INFO] [stdout] 1 | use rand::thread_rng;
[INFO] [stdout]   |     ^^^^^^^^^^^^^^^^
[INFO] [stdout]   |
[INFO] [stdout]   = note: `#[warn(unused_imports)]` on by default
[INFO] [stdout] 
[INFO] [stdout] 
[INFO] [stdout] warning: unused imports: `Rng`, `thread_rng`
[INFO] [stdout]    --> tree_case1/src/lib.rs:143:16
[INFO] [stdout]     |
[INFO] [stdout] 143 |     use rand::{thread_rng, Rng};
[INFO] [stdout]     |                ^^^^^^^^^^  ^^^
[INFO] [stdout] 
[INFO] [stdout] 
[INFO] [stdout] warning: unused imports: `BorrowMut`, `Borrow`
[INFO] [stdout]    --> tree_case1/src/lib.rs:144:23
[INFO] [stdout]     |
[INFO] [stdout] 144 |     use std::borrow::{Borrow, BorrowMut};
[INFO] [stdout]     |                       ^^^^^^  ^^^^^^^^^
[INFO] [stdout] 
[INFO] [stdout] 
[INFO] [stdout] warning: unused import: `std::collections::LinkedList`
[INFO] [stdout]    --> tree_case1/src/lib.rs:145:9
[INFO] [stdout]     |
[INFO] [stdout] 145 |     use std::collections::LinkedList;
[INFO] [stdout]     |         ^^^^^^^^^^^^^^^^^^^^^^^^^^^^
[INFO] [stdout] 
[INFO] [stdout] 
[INFO] [stdout] warning: unused import: `std::fs::File`
[INFO] [stdout]    --> tree_case1/src/lib.rs:146:9
[INFO] [stdout]     |
[INFO] [stdout] 146 |     use std::fs::File;
[INFO] [stdout]     |         ^^^^^^^^^^^^^
[INFO] [stdout] 
[INFO] [stdout] 
[INFO] [stdout] error: aborting due to 2 previous errors; 1 warning emitted
[INFO] [stdout] 
[INFO] [stdout] 
[INFO] [stdout] Some errors have detailed explanations: E0425, E0434.
[INFO] [stdout] 
[INFO] [stdout] For more information about an error, try `rustc --explain E0425`.
[INFO] [stdout] 
[INFO] [stderr] error: could not compile `tree_case1` due to 3 previous errors; 1 warning emitted
[INFO] [stderr] warning: build failed, waiting for other jobs to finish...
[INFO] [stdout] error: aborting due to 2 previous errors; 5 warnings emitted
[INFO] [stdout] 
[INFO] [stdout] 
[INFO] [stdout] Some errors have detailed explanations: E0425, E0434.
[INFO] [stdout] 
[INFO] [stdout] For more information about an error, try `rustc --explain E0425`.
[INFO] [stdout] 
[INFO] [stderr] error: build failed
[INFO] running `Command { std: "docker" "inspect" "7fdaae9db047eb71d7fe66ebf577a548d449b096b57b04bd150d5a65ad6ab720", kill_on_drop: false }`
[INFO] running `Command { std: "docker" "rm" "-f" "7fdaae9db047eb71d7fe66ebf577a548d449b096b57b04bd150d5a65ad6ab720", kill_on_drop: false }`
[INFO] [stdout] 7fdaae9db047eb71d7fe66ebf577a548d449b096b57b04bd150d5a65ad6ab720
