[INFO] cloning repository https://github.com/fiburonsk/wsl2-ip-host
[INFO] running `Command { std: "git" "-c" "credential.helper=" "-c" "credential.helper=/workspace/cargo-home/bin/git-credential-null" "clone" "--bare" "https://github.com/fiburonsk/wsl2-ip-host" "/workspace/cache/git-repos/https%3A%2F%2Fgithub.com%2Ffiburonsk%2Fwsl2-ip-host", kill_on_drop: false }`
[INFO] [stderr] Cloning into bare repository '/workspace/cache/git-repos/https%3A%2F%2Fgithub.com%2Ffiburonsk%2Fwsl2-ip-host'...
[INFO] running `Command { std: "git" "rev-parse" "HEAD", kill_on_drop: false }`
[INFO] [stdout] 762ff5811b6ea95a97e5018cf495c51409c392ee
[INFO] checking fiburonsk/wsl2-ip-host against 1.55.0 for beta-1.56-3
[INFO] running `Command { std: "git" "clone" "/workspace/cache/git-repos/https%3A%2F%2Fgithub.com%2Ffiburonsk%2Fwsl2-ip-host" "/workspace/builds/worker-7/source", kill_on_drop: false }`
[INFO] [stderr] Cloning into '/workspace/builds/worker-7/source'...
[INFO] [stderr] done.
[INFO] validating manifest of git repo https://github.com/fiburonsk/wsl2-ip-host on toolchain 1.55.0
[INFO] running `Command { std: "/workspace/cargo-home/bin/cargo" "+1.55.0" "metadata" "--manifest-path" "Cargo.toml" "--no-deps", kill_on_drop: false }`
[INFO] started tweaking git repo https://github.com/fiburonsk/wsl2-ip-host
[INFO] finished tweaking git repo https://github.com/fiburonsk/wsl2-ip-host
[INFO] tweaked toml for git repo https://github.com/fiburonsk/wsl2-ip-host written to /workspace/builds/worker-7/source/Cargo.toml
[INFO] crate git repo https://github.com/fiburonsk/wsl2-ip-host already has a lockfile, it will not be regenerated
[INFO] running `Command { std: "/workspace/cargo-home/bin/cargo" "+1.55.0" "fetch" "--manifest-path" "Cargo.toml", kill_on_drop: false }`
[INFO] running `Command { std: "docker" "create" "-v" "/var/lib/crater-agent-workspace/builds/worker-7/target:/opt/rustwide/target:rw,Z" "-v" "/var/lib/crater-agent-workspace/builds/worker-7/source:/opt/rustwide/workdir:ro,Z" "-v" "/var/lib/crater-agent-workspace/cargo-home:/opt/rustwide/cargo-home:ro,Z" "-v" "/var/lib/crater-agent-workspace/rustup-home:/opt/rustwide/rustup-home:ro,Z" "-e" "SOURCE_DIR=/opt/rustwide/workdir" "-e" "CARGO_TARGET_DIR=/opt/rustwide/target" "-e" "CARGO_HOME=/opt/rustwide/cargo-home" "-e" "RUSTUP_HOME=/opt/rustwide/rustup-home" "-w" "/opt/rustwide/workdir" "-m" "1610612736" "--user" "0:0" "--network" "none" "ghcr.io/rust-lang/crates-build-env/linux@sha256:a89201d6b5b9fd45c15d5952ece0a0129e7e80cb26ec023fd59cf09bc26f1604" "/opt/rustwide/cargo-home/bin/cargo" "+1.55.0" "metadata" "--no-deps" "--format-version=1", kill_on_drop: false }`
[INFO] [stdout] 5b8ff580ab6ed3d3cbbe9b58b4af95347868088441c5bc0524e2d04a66a1c906
[INFO] [stderr] WARNING: Your kernel does not support swap limit capabilities or the cgroup is not mounted. Memory limited without swap.
[INFO] running `Command { std: "docker" "start" "-a" "5b8ff580ab6ed3d3cbbe9b58b4af95347868088441c5bc0524e2d04a66a1c906", kill_on_drop: false }`
[INFO] running `Command { std: "docker" "inspect" "5b8ff580ab6ed3d3cbbe9b58b4af95347868088441c5bc0524e2d04a66a1c906", kill_on_drop: false }`
[INFO] running `Command { std: "docker" "rm" "-f" "5b8ff580ab6ed3d3cbbe9b58b4af95347868088441c5bc0524e2d04a66a1c906", kill_on_drop: false }`
[INFO] [stdout] 5b8ff580ab6ed3d3cbbe9b58b4af95347868088441c5bc0524e2d04a66a1c906
[INFO] running `Command { std: "docker" "create" "-v" "/var/lib/crater-agent-workspace/builds/worker-7/target:/opt/rustwide/target:rw,Z" "-v" "/var/lib/crater-agent-workspace/builds/worker-7/source:/opt/rustwide/workdir:ro,Z" "-v" "/var/lib/crater-agent-workspace/cargo-home:/opt/rustwide/cargo-home:ro,Z" "-v" "/var/lib/crater-agent-workspace/rustup-home:/opt/rustwide/rustup-home:ro,Z" "-e" "SOURCE_DIR=/opt/rustwide/workdir" "-e" "CARGO_TARGET_DIR=/opt/rustwide/target" "-e" "CARGO_INCREMENTAL=0" "-e" "RUST_BACKTRACE=full" "-e" "RUSTFLAGS=--cap-lints=warn" "-e" "CARGO_HOME=/opt/rustwide/cargo-home" "-e" "RUSTUP_HOME=/opt/rustwide/rustup-home" "-w" "/opt/rustwide/workdir" "-m" "1610612736" "--user" "0:0" "--network" "none" "ghcr.io/rust-lang/crates-build-env/linux@sha256:a89201d6b5b9fd45c15d5952ece0a0129e7e80cb26ec023fd59cf09bc26f1604" "/opt/rustwide/cargo-home/bin/cargo" "+1.55.0" "check" "--frozen" "--all" "--all-targets" "--message-format=json", kill_on_drop: false }`
[INFO] [stdout] 5c90b42e97e642c2fa970a025e67389e279925080113b39f0cd88d051a8fe391
[INFO] [stderr] WARNING: Your kernel does not support swap limit capabilities or the cgroup is not mounted. Memory limited without swap.
[INFO] running `Command { std: "docker" "start" "-a" "5c90b42e97e642c2fa970a025e67389e279925080113b39f0cd88d051a8fe391", kill_on_drop: false }`
[INFO] [stderr]    Compiling syn v1.0.60
[INFO] [stderr]    Compiling libc v0.2.86
[INFO] [stderr]     Checking home v0.5.3
[INFO] [stderr]    Compiling embed-resource v1.5.1
[INFO] [stderr]     Checking faccess v0.2.3
[INFO] [stderr]     Checking dbus v0.9.1
[INFO] [stderr]     Checking main v1.6.0 (/opt/rustwide/workdir/main)
[INFO] [stdout] error[E0433]: failed to resolve: could not find `windows` in `os`
[INFO] [stdout]   --> main/src/lib.rs:11:22
[INFO] [stdout]    |
[INFO] [stdout] 11 |         use std::os::windows::process::CommandExt;
[INFO] [stdout]    |                      ^^^^^^^ could not find `windows` in `os`
[INFO] [stdout] 
[INFO] [stdout] 
[INFO] [stdout] error[E0433]: failed to resolve: could not find `windows` in `os`
[INFO] [stdout]   --> main/src/lib.rs:31:22
[INFO] [stdout]    |
[INFO] [stdout] 31 |         use std::os::windows::process::CommandExt;
[INFO] [stdout]    |                      ^^^^^^^ could not find `windows` in `os`
[INFO] [stdout] 
[INFO] [stdout] 
[INFO] [stdout] error[E0433]: failed to resolve: could not find `windows` in `os`
[INFO] [stdout]   --> main/src/lib.rs:57:22
[INFO] [stdout]    |
[INFO] [stdout] 57 |         use std::os::windows::ffi::OsStrExt;
[INFO] [stdout]    |                      ^^^^^^^ could not find `windows` in `os`
[INFO] [stdout] 
[INFO] [stdout] 
[INFO] [stdout] error[E0433]: failed to resolve: use of undeclared crate or module `winapi`
[INFO] [stdout]   --> main/src/lib.rs:70:9
[INFO] [stdout]    |
[INFO] [stdout] 70 |     use winapi::ctypes::c_int;
[INFO] [stdout]    |         ^^^^^^ use of undeclared crate or module `winapi`
[INFO] [stdout] 
[INFO] [stdout] 
[INFO] [stdout] error[E0433]: failed to resolve: use of undeclared crate or module `winapi`
[INFO] [stdout]   --> main/src/lib.rs:71:9
[INFO] [stdout]    |
[INFO] [stdout] 71 |     use winapi::um::shellapi::ShellExecuteW;
[INFO] [stdout]    |         ^^^^^^ use of undeclared crate or module `winapi`
[INFO] [stdout] 
[INFO] [stdout] 
[INFO] [stdout] error[E0425]: cannot find function, tuple struct or tuple variant `ShellExecuteW` in this scope
[INFO] [stdout]   --> main/src/lib.rs:80:9
[INFO] [stdout]    |
[INFO] [stdout] 80 |         ShellExecuteW(
[INFO] [stdout]    |         ^^^^^^^^^^^^^ not found in this scope
[INFO] [stdout] 
[INFO] [stdout] 
[INFO] [stdout] error[E0433]: failed to resolve: use of undeclared crate or module `c_int`
[INFO] [stdout]   --> main/src/lib.rs:86:13
[INFO] [stdout]    |
[INFO] [stdout] 86 |             c_int::from(0),
[INFO] [stdout]    |             ^^^^^ not found in this scope
[INFO] [stdout]    |
[INFO] [stdout] help: consider importing this type alias
[INFO] [stdout]    |
[INFO] [stdout] 1  | use std::os::raw::c_int;
[INFO] [stdout]    |
[INFO] [stdout] 
[INFO] [stdout] 
[INFO] [stdout] error[E0599]: no method named `creation_flags` found for struct `Command` in the current scope
[INFO] [stdout]   --> main/src/lib.rs:26:13
[INFO] [stdout]    |
[INFO] [stdout] 26 |         cmd.creation_flags(CREATE_NO_WINDOW);
[INFO] [stdout]    |             ^^^^^^^^^^^^^^ method not found in `Command`
[INFO] [stdout] 
[INFO] [stdout] 
[INFO] [stdout] error[E0599]: no method named `creation_flags` found for struct `Command` in the current scope
[INFO] [stdout]   --> main/src/lib.rs:37:13
[INFO] [stdout]    |
[INFO] [stdout] 37 |         cmd.creation_flags(CREATE_NO_WINDOW);
[INFO] [stdout]    |             ^^^^^^^^^^^^^^ method not found in `Command`
[INFO] [stdout] 
[INFO] [stdout] 
[INFO] [stdout] error[E0599]: no method named `encode_wide` found for reference `&OsStr` in the current scope
[INFO] [stdout]   --> main/src/lib.rs:59:26
[INFO] [stdout]    |
[INFO] [stdout] 59 |         OsStr::new(text).encode_wide().chain(once(0)).collect()
[INFO] [stdout]    |                          ^^^^^^^^^^^ method not found in `&OsStr`
[INFO] [stdout] 
[INFO] [stdout] 
[INFO] [stdout] error[E0433]: failed to resolve: could not find `windows` in `os`
[INFO] [stdout]   --> main/src/lib.rs:11:22
[INFO] [stdout]    |
[INFO] [stdout] 11 |         use std::os::windows::process::CommandExt;
[INFO] [stdout]    |                      ^^^^^^^ could not find `windows` in `os`
[INFO] [stdout] 
[INFO] [stdout] 
[INFO] [stdout] error[E0433]: failed to resolve: could not find `windows` in `os`
[INFO] [stdout]   --> main/src/lib.rs:31:22
[INFO] [stdout]    |
[INFO] [stdout] 31 |         use std::os::windows::process::CommandExt;
[INFO] [stdout]    |                      ^^^^^^^ could not find `windows` in `os`
[INFO] [stdout] 
[INFO] [stdout] 
[INFO] [stdout] error[E0433]: failed to resolve: could not find `windows` in `os`
[INFO] [stdout]   --> main/src/lib.rs:57:22
[INFO] [stdout]    |
[INFO] [stdout] 57 |         use std::os::windows::ffi::OsStrExt;
[INFO] [stdout]    |                      ^^^^^^^ could not find `windows` in `os`
[INFO] [stdout] 
[INFO] [stdout] 
[INFO] [stdout] error[E0433]: failed to resolve: use of undeclared crate or module `winapi`
[INFO] [stdout]   --> main/src/lib.rs:70:9
[INFO] [stdout]    |
[INFO] [stdout] 70 |     use winapi::ctypes::c_int;
[INFO] [stdout]    |         ^^^^^^ use of undeclared crate or module `winapi`
[INFO] [stdout] 
[INFO] [stdout] 
[INFO] [stdout] error[E0433]: failed to resolve: use of undeclared crate or module `winapi`
[INFO] [stdout]   --> main/src/lib.rs:71:9
[INFO] [stdout]    |
[INFO] [stdout] 71 |     use winapi::um::shellapi::ShellExecuteW;
[INFO] [stdout]    |         ^^^^^^ use of undeclared crate or module `winapi`
[INFO] [stdout] 
[INFO] [stdout] 
[INFO] [stdout] error[E0425]: cannot find function, tuple struct or tuple variant `ShellExecuteW` in this scope
[INFO] [stdout]   --> main/src/lib.rs:80:9
[INFO] [stdout]    |
[INFO] [stdout] 80 |         ShellExecuteW(
[INFO] [stdout]    |         ^^^^^^^^^^^^^ not found in this scope
[INFO] [stdout] 
[INFO] [stdout] 
[INFO] [stdout] error[E0433]: failed to resolve: use of undeclared crate or module `c_int`
[INFO] [stdout]   --> main/src/lib.rs:86:13
[INFO] [stdout]    |
[INFO] [stdout] 86 |             c_int::from(0),
[INFO] [stdout]    |             ^^^^^ not found in this scope
[INFO] [stdout]    |
[INFO] [stdout] help: consider importing this type alias
[INFO] [stdout]    |
[INFO] [stdout] 1  | use std::os::raw::c_int;
[INFO] [stdout]    |
[INFO] [stdout] 
[INFO] [stdout] 
[INFO] [stdout] error: aborting due to 10 previous errors
[INFO] [stdout] 
[INFO] [stdout] 
[INFO] [stdout] Some errors have detailed explanations: E0425, E0433, E0599.
[INFO] [stdout] 
[INFO] [stdout] For more information about an error, try `rustc --explain E0425`.
[INFO] [stdout] 
[INFO] [stderr] error: could not compile `main` due to 11 previous errors
[INFO] [stderr] warning: build failed, waiting for other jobs to finish...
[INFO] [stdout] error[E0599]: no method named `creation_flags` found for struct `Command` in the current scope
[INFO] [stdout]   --> main/src/lib.rs:26:13
[INFO] [stdout]    |
[INFO] [stdout] 26 |         cmd.creation_flags(CREATE_NO_WINDOW);
[INFO] [stdout]    |             ^^^^^^^^^^^^^^ method not found in `Command`
[INFO] [stdout] 
[INFO] [stdout] 
[INFO] [stdout] error[E0599]: no method named `creation_flags` found for struct `Command` in the current scope
[INFO] [stdout]   --> main/src/lib.rs:37:13
[INFO] [stdout]    |
[INFO] [stdout] 37 |         cmd.creation_flags(CREATE_NO_WINDOW);
[INFO] [stdout]    |             ^^^^^^^^^^^^^^ method not found in `Command`
[INFO] [stdout] 
[INFO] [stdout] 
[INFO] [stdout] error[E0599]: no method named `encode_wide` found for reference `&OsStr` in the current scope
[INFO] [stdout]   --> main/src/lib.rs:59:26
[INFO] [stdout]    |
[INFO] [stdout] 59 |         OsStr::new(text).encode_wide().chain(once(0)).collect()
[INFO] [stdout]    |                          ^^^^^^^^^^^ method not found in `&OsStr`
[INFO] [stdout] 
[INFO] [stdout] 
[INFO] [stdout] error: aborting due to 10 previous errors
[INFO] [stdout] 
[INFO] [stdout] 
[INFO] [stdout] Some errors have detailed explanations: E0425, E0433, E0599.
[INFO] [stdout] 
[INFO] [stdout] For more information about an error, try `rustc --explain E0425`.
[INFO] [stdout] 
[INFO] [stderr] error: build failed
[INFO] running `Command { std: "docker" "inspect" "5c90b42e97e642c2fa970a025e67389e279925080113b39f0cd88d051a8fe391", kill_on_drop: false }`
[INFO] running `Command { std: "docker" "rm" "-f" "5c90b42e97e642c2fa970a025e67389e279925080113b39f0cd88d051a8fe391", kill_on_drop: false }`
[INFO] [stdout] 5c90b42e97e642c2fa970a025e67389e279925080113b39f0cd88d051a8fe391
