[INFO] cloning repository https://github.com/ferm10n/dansible-rust
[INFO] running `Command { std: "git" "-c" "credential.helper=" "-c" "credential.helper=/workspace/cargo-home/bin/git-credential-null" "clone" "--bare" "https://github.com/ferm10n/dansible-rust" "/workspace/cache/git-repos/https%3A%2F%2Fgithub.com%2Fferm10n%2Fdansible-rust", kill_on_drop: false }`
[INFO] [stderr] Cloning into bare repository '/workspace/cache/git-repos/https%3A%2F%2Fgithub.com%2Fferm10n%2Fdansible-rust'...
[INFO] running `Command { std: "git" "rev-parse" "HEAD", kill_on_drop: false }`
[INFO] [stdout] 4c32335b048560352135480ab0216ff5be6bd8fa
[INFO] checking ferm10n/dansible-rust against beta-2021-10-15 for beta-1.56-3
[INFO] running `Command { std: "git" "clone" "/workspace/cache/git-repos/https%3A%2F%2Fgithub.com%2Fferm10n%2Fdansible-rust" "/workspace/builds/worker-7/source", kill_on_drop: false }`
[INFO] [stderr] Cloning into '/workspace/builds/worker-7/source'...
[INFO] [stderr] done.
[INFO] validating manifest of git repo https://github.com/ferm10n/dansible-rust on toolchain beta-2021-10-15
[INFO] running `Command { std: "/workspace/cargo-home/bin/cargo" "+beta-2021-10-15" "metadata" "--manifest-path" "Cargo.toml" "--no-deps", kill_on_drop: false }`
[INFO] started tweaking git repo https://github.com/ferm10n/dansible-rust
[INFO] finished tweaking git repo https://github.com/ferm10n/dansible-rust
[INFO] tweaked toml for git repo https://github.com/ferm10n/dansible-rust written to /workspace/builds/worker-7/source/Cargo.toml
[INFO] crate git repo https://github.com/ferm10n/dansible-rust already has a lockfile, it will not be regenerated
[INFO] running `Command { std: "/workspace/cargo-home/bin/cargo" "+beta-2021-10-15" "fetch" "--manifest-path" "Cargo.toml", kill_on_drop: false }`
[INFO] [stderr]     Blocking waiting for file lock on package cache
[INFO] [stderr]     Updating git repository `https://github.com/plietar/json_macros`
[INFO] [stderr]     Updating git repository `https://github.com/astro/libpulse-sys`
[INFO] [stderr]     Updating git repository `https://github.com/mvdnes/portaudio-rs`
[INFO] [stderr]     Updating git repository `https://github.com/plietar/rust-protobuf-macros`
[INFO] [stderr]     Updating git repository `https://github.com/plietar/rust-shannon`
[INFO] [stderr]     Updating git repository `https://github.com/plietar/rust-tremor`
[INFO] [stderr]     Updating git repository `https://github.com/plietar/rust-protobuf-build.git`
[INFO] [stderr]     Blocking waiting for file lock on package cache
[INFO] [stderr]  Downloading crates ...
[INFO] [stderr]   Downloaded byteorder v0.5.1
[INFO] [stderr]   Downloaded unicode-xid v0.0.3
[INFO] [stderr]   Downloaded num-rational v0.1.32
[INFO] [stderr]   Downloaded num-traits v0.1.32
[INFO] [stderr]   Downloaded num v0.1.32
[INFO] [stderr]   Downloaded thread_local v0.2.5
[INFO] [stderr]   Downloaded getopts v0.2.14
[INFO] [stderr]   Downloaded dns-sd v0.1.3
[INFO] [stderr]   Downloaded semver v0.2.3
[INFO] [stderr]   Downloaded env_logger v0.3.3
[INFO] [stderr]   Downloaded regex-syntax v0.3.1
[INFO] [stderr]   Downloaded httparse v1.1.2
[INFO] [stderr]   Downloaded num-complex v0.1.32
[INFO] [stderr]   Downloaded num-bigint v0.1.32
[INFO] [stderr]   Downloaded term v0.2.14
[INFO] [stderr]   Downloaded bitflags v0.5.0
[INFO] [stderr]   Downloaded termios v0.2.2
[INFO] [stderr]   Downloaded syncbox v0.2.4
[INFO] [stderr]   Downloaded cookie v0.2.4
[INFO] [stderr]   Downloaded nom v1.2.2
[INFO] [stderr]   Downloaded bit-set v0.4.0
[INFO] [stderr]   Downloaded uuid v0.2.2
[INFO] [stderr]   Downloaded gcc v0.3.28
[INFO] [stderr]   Downloaded rustc-serialize v0.3.19
[INFO] [stderr]   Downloaded ogg-sys v0.0.9
[INFO] [stderr]   Downloaded libc v0.2.11
[INFO] [stderr]   Downloaded toml v0.1.28
[INFO] [stderr]   Downloaded regex v0.1.69
[INFO] [stderr]   Downloaded tempfile v2.1.3
[INFO] [stderr]   Downloaded url v1.1.0
[INFO] [stderr]   Downloaded url v0.5.9
[INFO] [stderr] warning: TOML file found which contains invalid syntax and will soon not parse
[INFO] [stderr] at `/workspace/cargo-home/registry/src/github.com-1ecc6299db9ec823/url-0.5.9/Cargo.toml`.
[INFO] [stderr] 
[INFO] [stderr] The TOML spec requires newlines after table definitions (e.g., `[a] b = 1` is
[INFO] [stderr] invalid), but this file has a table header which does not have a newline after
[INFO] [stderr] it. A newline needs to be added and this warning will soon become a hard error
[INFO] [stderr] in the future.
[INFO] [stderr]   Downloaded aho-corasick v0.5.2
[INFO] [stderr]   Downloaded lazy_static v0.2.1
[INFO] [stderr]   Downloaded rpassword v0.2.2
[INFO] [stderr]   Downloaded eventual v0.1.6
[INFO] [stderr]   Downloaded openssl-sys-extras v0.7.10
[INFO] [stderr]   Downloaded vorbisfile-sys v0.0.8
[INFO] [stderr]   Downloaded quasi v0.10.0
[INFO] [stderr]   Downloaded linear-map v1.0.0
[INFO] [stderr]   Downloaded vorbis-sys v0.0.8
[INFO] [stderr]   Downloaded clippy v0.0.64
[INFO] [stderr]   Downloaded syntex v0.32.0
[INFO] [stderr]   Downloaded liblmdb-sys v0.2.0
[INFO] [stderr]   Downloaded lmdb-rs v0.7.0
[INFO] [stderr]   Downloaded vergen v0.1.0
[INFO] [stderr]   Downloaded syntex_syntax v0.32.0
[INFO] [stderr]   Downloaded hyper v0.9.1
[INFO] [stderr]   Downloaded quine-mc_cluskey v0.2.2
[INFO] [stderr]   Downloaded quasi_codegen v0.10.0
[INFO] [stderr]   Downloaded openssl-sys v0.7.10
[INFO] [stderr]   Downloaded openssl v0.7.10
[INFO] [stderr]   Downloaded vorbis v0.0.14
[INFO] [stderr]   Downloaded blastfig v0.3.3
[INFO] [stderr]   Downloaded protobuf v1.0.18
[INFO] [stderr]   Downloaded aster v0.16.0
[INFO] [stderr]   Downloaded rust-crypto v0.2.35
[INFO] running `Command { std: "docker" "create" "-v" "/var/lib/crater-agent-workspace/builds/worker-7/target:/opt/rustwide/target:rw,Z" "-v" "/var/lib/crater-agent-workspace/builds/worker-7/source:/opt/rustwide/workdir:ro,Z" "-v" "/var/lib/crater-agent-workspace/cargo-home:/opt/rustwide/cargo-home:ro,Z" "-v" "/var/lib/crater-agent-workspace/rustup-home:/opt/rustwide/rustup-home:ro,Z" "-e" "SOURCE_DIR=/opt/rustwide/workdir" "-e" "CARGO_TARGET_DIR=/opt/rustwide/target" "-e" "CARGO_HOME=/opt/rustwide/cargo-home" "-e" "RUSTUP_HOME=/opt/rustwide/rustup-home" "-w" "/opt/rustwide/workdir" "-m" "1610612736" "--user" "0:0" "--network" "none" "ghcr.io/rust-lang/crates-build-env/linux@sha256:a89201d6b5b9fd45c15d5952ece0a0129e7e80cb26ec023fd59cf09bc26f1604" "/opt/rustwide/cargo-home/bin/cargo" "+beta-2021-10-15" "metadata" "--no-deps" "--format-version=1", kill_on_drop: false }`
[INFO] [stdout] 2b3b58a63cbe1c7a910f396bdf52aa5acc7d95d2c11c5b0c5492ef81c647dd1e
[INFO] [stderr] WARNING: Your kernel does not support swap limit capabilities or the cgroup is not mounted. Memory limited without swap.
[INFO] running `Command { std: "docker" "start" "-a" "2b3b58a63cbe1c7a910f396bdf52aa5acc7d95d2c11c5b0c5492ef81c647dd1e", kill_on_drop: false }`
[INFO] running `Command { std: "docker" "inspect" "2b3b58a63cbe1c7a910f396bdf52aa5acc7d95d2c11c5b0c5492ef81c647dd1e", kill_on_drop: false }`
[INFO] running `Command { std: "docker" "rm" "-f" "2b3b58a63cbe1c7a910f396bdf52aa5acc7d95d2c11c5b0c5492ef81c647dd1e", kill_on_drop: false }`
[INFO] [stdout] 2b3b58a63cbe1c7a910f396bdf52aa5acc7d95d2c11c5b0c5492ef81c647dd1e
[INFO] running `Command { std: "docker" "create" "-v" "/var/lib/crater-agent-workspace/builds/worker-7/target:/opt/rustwide/target:rw,Z" "-v" "/var/lib/crater-agent-workspace/builds/worker-7/source:/opt/rustwide/workdir:ro,Z" "-v" "/var/lib/crater-agent-workspace/cargo-home:/opt/rustwide/cargo-home:ro,Z" "-v" "/var/lib/crater-agent-workspace/rustup-home:/opt/rustwide/rustup-home:ro,Z" "-e" "SOURCE_DIR=/opt/rustwide/workdir" "-e" "CARGO_TARGET_DIR=/opt/rustwide/target" "-e" "CARGO_INCREMENTAL=0" "-e" "RUST_BACKTRACE=full" "-e" "RUSTFLAGS=--cap-lints=warn" "-e" "CARGO_HOME=/opt/rustwide/cargo-home" "-e" "RUSTUP_HOME=/opt/rustwide/rustup-home" "-w" "/opt/rustwide/workdir" "-m" "1610612736" "--user" "0:0" "--network" "none" "ghcr.io/rust-lang/crates-build-env/linux@sha256:a89201d6b5b9fd45c15d5952ece0a0129e7e80cb26ec023fd59cf09bc26f1604" "/opt/rustwide/cargo-home/bin/cargo" "+beta-2021-10-15" "check" "--frozen" "--all" "--all-targets" "--message-format=json", kill_on_drop: false }`
[INFO] [stderr] WARNING: Your kernel does not support swap limit capabilities or the cgroup is not mounted. Memory limited without swap.
[INFO] [stdout] e891cc20f00ec69bd0b9fa6f4c3b6899846493098ba018c0c0e4b73c435243c1
[INFO] running `Command { std: "docker" "start" "-a" "e891cc20f00ec69bd0b9fa6f4c3b6899846493098ba018c0c0e4b73c435243c1", kill_on_drop: false }`
[INFO] [stderr] warning: TOML file found which contains invalid syntax and will soon not parse
[INFO] [stderr] at `/opt/rustwide/cargo-home/registry/src/github.com-1ecc6299db9ec823/url-0.5.9/Cargo.toml`.
[INFO] [stderr] 
[INFO] [stderr] The TOML spec requires newlines after table definitions (e.g., `[a] b = 1` is
[INFO] [stderr] invalid), but this file has a table header which does not have a newline after
[INFO] [stderr] it. A newline needs to be added and this warning will soon become a hard error
[INFO] [stderr] in the future.
[INFO] [stderr]     Checking libc v0.2.11
[INFO] [stderr]    Compiling gcc v0.3.28
[INFO] [stderr]    Compiling winapi-build v0.1.1
[INFO] [stderr]    Compiling pkg-config v0.3.8
[INFO] [stderr]    Compiling winapi v0.2.6
[INFO] [stderr]    Compiling log v0.3.6
[INFO] [stderr]    Compiling rustc-serialize v0.3.19
[INFO] [stderr]    Compiling bitflags v0.5.0
[INFO] [stderr]    Compiling unicode-xid v0.0.3
[INFO] [stderr]    Compiling semver v0.1.20
[INFO] [stderr]     Checking num-traits v0.1.32
[INFO] [stderr]     Checking matches v0.1.2
[INFO] [stderr]     Checking unicode-normalization v0.1.2
[INFO] [stderr]    Compiling protobuf v1.0.18
[INFO] [stderr]    Compiling liblmdb-sys v0.2.0
[INFO] [stderr]     Checking regex-syntax v0.3.1
[INFO] [stderr]    Compiling blastfig v0.3.3
[INFO] [stderr]     Checking bitflags v0.4.0
[INFO] [stderr]     Checking utf8-ranges v0.1.3
[INFO] [stdout] error[E0642]: patterns aren't allowed in functions without bodies
[INFO] [stdout]    --> /opt/rustwide/cargo-home/registry/src/github.com-1ecc6299db9ec823/rustc-serialize-0.3.19/src/serialize.rs:147:45
[INFO] [stdout]     |
[INFO] [stdout] 147 | ...                   &f_name: &str,
[INFO] [stdout]     |                       ^^^^^^^ pattern not allowed in function without body
[INFO] [stdout] 
[INFO] [stdout] 
[INFO] [stdout] error[E0642]: patterns aren't allowed in functions without bodies
[INFO] [stdout]    --> /opt/rustwide/cargo-home/registry/src/github.com-1ecc6299db9ec823/rustc-serialize-0.3.19/src/serialize.rs:147:45
[INFO] [stdout]     |
[INFO] [stdout] 147 | ...                   &f_name: &str,
[INFO] [stdout]     |                       ^^^^^^^ pattern not allowed in function without body
[INFO] [stdout] 
[INFO] [stdout] 
[INFO] [stderr]     Checking lazy_static v0.2.1
[INFO] [stderr]     Checking bit-vec v0.4.3
[INFO] [stderr]     Checking libc v0.1.12
[INFO] [stderr]     Checking byteorder v0.5.1
[INFO] [stderr]     Checking httparse v1.1.2
[INFO] [stderr]     Checking traitobject v0.0.1
[INFO] [stderr]     Checking bitflags v0.3.3
[INFO] [stderr]     Checking language-tags v0.2.2
[INFO] [stderr]     Checking typeable v0.1.2
[INFO] [stderr]     Checking getopts v0.2.14
[INFO] [stderr]     Checking linear-map v1.0.0
[INFO] [stderr]     Checking unicode-bidi v0.2.3
[INFO] [stderr]     Checking hpack v0.2.0
[INFO] [stderr]     Checking mime v0.2.0
[INFO] [stderr]    Compiling rustc_version v0.1.7
[INFO] [stderr]    Compiling kernel32-sys v0.2.2
[INFO] [stderr]     Checking rand v0.3.14
[INFO] [stderr]     Checking memchr v0.1.11
[INFO] [stderr]     Checking termios v0.2.2
[INFO] [stderr]     Checking num_cpus v0.2.11
[INFO] [stderr]     Checking num-integer v0.1.32
[INFO] [stdout] error[E0034]: multiple applicable items in scope
[INFO] [stdout]    --> /opt/rustwide/cargo-home/registry/src/github.com-1ecc6299db9ec823/protobuf-1.0.18/src/lib/core.rs:135:28
[INFO] [stdout]     |
[INFO] [stdout] 135 |     TypeId::of::<M>() == m.type_id()
[INFO] [stdout]     |                            ^^^^^^^ multiple `type_id` found
[INFO] [stdout]     |
[INFO] [stdout] note: candidate #1 is defined in the trait `core::Message`
[INFO] [stdout]    --> /opt/rustwide/cargo-home/registry/src/github.com-1ecc6299db9ec823/protobuf-1.0.18/src/lib/core.rs:125:5
[INFO] [stdout]     |
[INFO] [stdout] 125 |     fn type_id(&self) -> TypeId;
[INFO] [stdout]     |     ^^^^^^^^^^^^^^^^^^^^^^^^^^^^
[INFO] [stdout] note: candidate #2 is defined in the trait `Any`
[INFO] [stdout] help: disambiguate the associated function for candidate #1
[INFO] [stdout]     |
[INFO] [stdout] 135 |     TypeId::of::<M>() == core::Message::type_id(&m)
[INFO] [stdout]     |                          ~~~~~~~~~~~~~~~~~~~~~~~~~~
[INFO] [stdout] help: disambiguate the associated function for candidate #2
[INFO] [stdout]     |
[INFO] [stdout] 135 |     TypeId::of::<M>() == Any::type_id(&m)
[INFO] [stdout]     |                          ~~~~~~~~~~~~~~~~
[INFO] [stdout] 
[INFO] [stdout] 
[INFO] [stdout] error[E0503]: cannot use `state` because it was mutably borrowed
[INFO] [stdout]     --> /opt/rustwide/cargo-home/registry/src/github.com-1ecc6299db9ec823/getopts-0.2.14/src/lib.rs:1008:25
[INFO] [stdout]      |
[INFO] [stdout] 955  |     let mut machine = |cont: &mut bool, (i, c): (usize, char)| {
[INFO] [stdout]      |                       ---------------------------------------- borrow of `state` occurs here
[INFO] [stdout] ...
[INFO] [stdout] 959  |         state = match (state, whitespace, limit) {
[INFO] [stdout]      |         ----- borrow occurs due to use of `state` in closure
[INFO] [stdout] ...
[INFO] [stdout] 1008 |     while cont && match state { B | C => true, A => false } {
[INFO] [stdout]      |                         ^^^^^ use of borrowed `state`
[INFO] [stdout] 1009 |         machine(&mut cont, (fake_i, ' '));
[INFO] [stdout]      |         ------- borrow later used here
[INFO] [stdout] 
[INFO] [stdout] 
[INFO] [stdout] error: aborting due to previous error
[INFO] [stdout] 
[INFO] [stdout] 
[INFO] [stdout] For more information about this error, try `rustc --explain E0503`.
[INFO] [stdout] 
[INFO] [stderr] error: could not compile `getopts` due to 2 previous errors
[INFO] [stderr] warning: build failed, waiting for other jobs to finish...
[INFO] [stdout] error: aborting due to previous error
[INFO] [stdout] 
[INFO] [stdout] 
[INFO] [stdout] For more information about this error, try `rustc --explain E0642`.
[INFO] [stdout] 
[INFO] [stdout] error: aborting due to previous error
[INFO] [stdout] 
[INFO] [stdout] 
[INFO] [stdout] For more information about this error, try `rustc --explain E0642`.
[INFO] [stdout] 
[INFO] [stdout] error[E0034]: multiple applicable items in scope
[INFO] [stdout]    --> /opt/rustwide/cargo-home/registry/src/github.com-1ecc6299db9ec823/protobuf-1.0.18/src/lib/core.rs:135:28
[INFO] [stdout]     |
[INFO] [stdout] 135 |     TypeId::of::<M>() == m.type_id()
[INFO] [stdout]     |                            ^^^^^^^ multiple `type_id` found
[INFO] [stdout]     |
[INFO] [stdout] note: candidate #1 is defined in the trait `core::Message`
[INFO] [stdout]    --> /opt/rustwide/cargo-home/registry/src/github.com-1ecc6299db9ec823/protobuf-1.0.18/src/lib/core.rs:125:5
[INFO] [stdout]     |
[INFO] [stdout] 125 |     fn type_id(&self) -> TypeId;
[INFO] [stdout]     |     ^^^^^^^^^^^^^^^^^^^^^^^^^^^^
[INFO] [stdout] note: candidate #2 is defined in the trait `Any`
[INFO] [stdout] help: disambiguate the associated function for candidate #1
[INFO] [stdout]     |
[INFO] [stdout] 135 |     TypeId::of::<M>() == core::Message::type_id(&m)
[INFO] [stdout]     |                          ~~~~~~~~~~~~~~~~~~~~~~~~~~
[INFO] [stdout] help: disambiguate the associated function for candidate #2
[INFO] [stdout]     |
[INFO] [stdout] 135 |     TypeId::of::<M>() == Any::type_id(&m)
[INFO] [stdout]     |                          ~~~~~~~~~~~~~~~~
[INFO] [stdout] 
[INFO] [stdout] 
[INFO] [stdout] error: aborting due to previous error
[INFO] [stdout] 
[INFO] [stdout] 
[INFO] [stdout] For more information about this error, try `rustc --explain E0034`.
[INFO] [stdout] 
[INFO] [stdout] error: aborting due to previous error
[INFO] [stdout] 
[INFO] [stdout] 
[INFO] [stdout] For more information about this error, try `rustc --explain E0034`.
[INFO] [stdout] 
[INFO] [stderr] error: build failed
[INFO] running `Command { std: "docker" "inspect" "e891cc20f00ec69bd0b9fa6f4c3b6899846493098ba018c0c0e4b73c435243c1", kill_on_drop: false }`
[INFO] running `Command { std: "docker" "rm" "-f" "e891cc20f00ec69bd0b9fa6f4c3b6899846493098ba018c0c0e4b73c435243c1", kill_on_drop: false }`
[INFO] [stdout] e891cc20f00ec69bd0b9fa6f4c3b6899846493098ba018c0c0e4b73c435243c1
