[INFO] cloning repository https://github.com/feralpoosum/torrent_client
[INFO] running `Command { std: "git" "-c" "credential.helper=" "-c" "credential.helper=/workspace/cargo-home/bin/git-credential-null" "clone" "--bare" "https://github.com/feralpoosum/torrent_client" "/workspace/cache/git-repos/https%3A%2F%2Fgithub.com%2Fferalpoosum%2Ftorrent_client", kill_on_drop: false }`
[INFO] [stderr] Cloning into bare repository '/workspace/cache/git-repos/https%3A%2F%2Fgithub.com%2Fferalpoosum%2Ftorrent_client'...
[INFO] running `Command { std: "git" "rev-parse" "HEAD", kill_on_drop: false }`
[INFO] [stdout] 679769eb9cf297f828c616a3bcdacc483c08f6d1
[INFO] checking feralpoosum/torrent_client against 1.55.0 for beta-1.56-3
[INFO] running `Command { std: "git" "clone" "/workspace/cache/git-repos/https%3A%2F%2Fgithub.com%2Fferalpoosum%2Ftorrent_client" "/workspace/builds/worker-5/source", kill_on_drop: false }`
[INFO] [stderr] Cloning into '/workspace/builds/worker-5/source'...
[INFO] [stderr] done.
[INFO] validating manifest of git repo https://github.com/feralpoosum/torrent_client on toolchain 1.55.0
[INFO] running `Command { std: "/workspace/cargo-home/bin/cargo" "+1.55.0" "metadata" "--manifest-path" "Cargo.toml" "--no-deps", kill_on_drop: false }`
[INFO] started tweaking git repo https://github.com/feralpoosum/torrent_client
[INFO] finished tweaking git repo https://github.com/feralpoosum/torrent_client
[INFO] tweaked toml for git repo https://github.com/feralpoosum/torrent_client written to /workspace/builds/worker-5/source/Cargo.toml
[INFO] crate git repo https://github.com/feralpoosum/torrent_client already has a lockfile, it will not be regenerated
[INFO] running `Command { std: "/workspace/cargo-home/bin/cargo" "+1.55.0" "fetch" "--manifest-path" "Cargo.toml", kill_on_drop: false }`
[INFO] [stderr]  Downloading crates ...
[INFO] [stderr]   Downloaded urlencoding v1.1.1
[INFO] running `Command { std: "docker" "create" "-v" "/var/lib/crater-agent-workspace/builds/worker-5/target:/opt/rustwide/target:rw,Z" "-v" "/var/lib/crater-agent-workspace/builds/worker-5/source:/opt/rustwide/workdir:ro,Z" "-v" "/var/lib/crater-agent-workspace/cargo-home:/opt/rustwide/cargo-home:ro,Z" "-v" "/var/lib/crater-agent-workspace/rustup-home:/opt/rustwide/rustup-home:ro,Z" "-e" "SOURCE_DIR=/opt/rustwide/workdir" "-e" "CARGO_TARGET_DIR=/opt/rustwide/target" "-e" "CARGO_HOME=/opt/rustwide/cargo-home" "-e" "RUSTUP_HOME=/opt/rustwide/rustup-home" "-w" "/opt/rustwide/workdir" "-m" "1610612736" "--user" "0:0" "--network" "none" "ghcr.io/rust-lang/crates-build-env/linux@sha256:a89201d6b5b9fd45c15d5952ece0a0129e7e80cb26ec023fd59cf09bc26f1604" "/opt/rustwide/cargo-home/bin/cargo" "+1.55.0" "metadata" "--no-deps" "--format-version=1", kill_on_drop: false }`
[INFO] [stdout] b3493e64b7e060025bacd2767a7662f8393258681d9c89d6d3f7d2411889ab1f
[INFO] [stderr] WARNING: Your kernel does not support swap limit capabilities or the cgroup is not mounted. Memory limited without swap.
[INFO] running `Command { std: "docker" "start" "-a" "b3493e64b7e060025bacd2767a7662f8393258681d9c89d6d3f7d2411889ab1f", kill_on_drop: false }`
[INFO] running `Command { std: "docker" "inspect" "b3493e64b7e060025bacd2767a7662f8393258681d9c89d6d3f7d2411889ab1f", kill_on_drop: false }`
[INFO] running `Command { std: "docker" "rm" "-f" "b3493e64b7e060025bacd2767a7662f8393258681d9c89d6d3f7d2411889ab1f", kill_on_drop: false }`
[INFO] [stdout] b3493e64b7e060025bacd2767a7662f8393258681d9c89d6d3f7d2411889ab1f
[INFO] running `Command { std: "docker" "create" "-v" "/var/lib/crater-agent-workspace/builds/worker-5/target:/opt/rustwide/target:rw,Z" "-v" "/var/lib/crater-agent-workspace/builds/worker-5/source:/opt/rustwide/workdir:ro,Z" "-v" "/var/lib/crater-agent-workspace/cargo-home:/opt/rustwide/cargo-home:ro,Z" "-v" "/var/lib/crater-agent-workspace/rustup-home:/opt/rustwide/rustup-home:ro,Z" "-e" "SOURCE_DIR=/opt/rustwide/workdir" "-e" "CARGO_TARGET_DIR=/opt/rustwide/target" "-e" "CARGO_INCREMENTAL=0" "-e" "RUST_BACKTRACE=full" "-e" "RUSTFLAGS=--cap-lints=warn" "-e" "CARGO_HOME=/opt/rustwide/cargo-home" "-e" "RUSTUP_HOME=/opt/rustwide/rustup-home" "-w" "/opt/rustwide/workdir" "-m" "1610612736" "--user" "0:0" "--network" "none" "ghcr.io/rust-lang/crates-build-env/linux@sha256:a89201d6b5b9fd45c15d5952ece0a0129e7e80cb26ec023fd59cf09bc26f1604" "/opt/rustwide/cargo-home/bin/cargo" "+1.55.0" "check" "--frozen" "--all" "--all-targets" "--message-format=json", kill_on_drop: false }`
[INFO] [stdout] b5b372d9ab5a5103ccf20ba82c11e761edc6ebde918f2a76e2b8a1c5bf159c52
[INFO] [stderr] WARNING: Your kernel does not support swap limit capabilities or the cgroup is not mounted. Memory limited without swap.
[INFO] running `Command { std: "docker" "start" "-a" "b5b372d9ab5a5103ccf20ba82c11e761edc6ebde918f2a76e2b8a1c5bf159c52", kill_on_drop: false }`
[INFO] [stderr]    Compiling syn v1.0.48
[INFO] [stderr]    Compiling openssl-sys v0.9.58
[INFO] [stderr]     Checking futures-channel v0.3.7
[INFO] [stderr]     Checking futures-task v0.3.7
[INFO] [stderr]     Checking net2 v0.2.35
[INFO] [stderr]     Checking tracing v0.1.21
[INFO] [stderr]     Checking socket2 v0.3.15
[INFO] [stderr]     Checking rand_chacha v0.2.2
[INFO] [stderr]     Checking serde_urlencoded v0.6.1
[INFO] [stderr]     Checking rand v0.7.3
[INFO] [stderr]     Checking mio v0.6.22
[INFO] [stderr]     Checking tokio v0.2.22
[INFO] [stderr]    Compiling openssl v0.10.30
[INFO] [stderr]    Compiling native-tls v0.2.4
[INFO] [stderr]     Checking tokio-util v0.3.1
[INFO] [stderr]     Checking tokio-tls v0.3.1
[INFO] [stderr]    Compiling pin-project-internal v0.4.27
[INFO] [stderr]    Compiling pin-project-internal v1.0.1
[INFO] [stderr]     Checking pin-project v1.0.1
[INFO] [stderr]     Checking futures-util v0.3.7
[INFO] [stderr]     Checking pin-project v0.4.27
[INFO] [stderr]     Checking tracing-futures v0.2.4
[INFO] [stderr]     Checking h2 v0.2.7
[INFO] [stderr]     Checking hyper v0.13.8
[INFO] [stderr]     Checking hyper-tls v0.4.3
[INFO] [stderr]     Checking reqwest v0.10.8
[INFO] [stderr]     Checking torrent_client v0.1.0 (/opt/rustwide/workdir)
[INFO] [stdout] error[E0382]: use of moved value: `self`
[INFO] [stdout]    --> src/torrent.rs:110:26
[INFO] [stdout]     |
[INFO] [stdout] 28  |     pub fn download(self) {
[INFO] [stdout]     |                     ---- move occurs because `self` has type `torrent::Torrent`, which does not implement the `Copy` trait
[INFO] [stdout] ...
[INFO] [stdout] 110 |                 torrent: self,
[INFO] [stdout]     |                          ^^^^ value moved here, in previous iteration of loop
[INFO] [stdout] 
[INFO] [stdout] 
[INFO] [stdout] error[E0507]: cannot move out of `*peer` which is behind a shared reference
[INFO] [stdout]    --> src/torrent.rs:118:13
[INFO] [stdout]     |
[INFO] [stdout] 118 |             peer.handshake();
[INFO] [stdout]     |             ^^^^ move occurs because `*peer` has type `peer::Peer`, which does not implement the `Copy` trait
[INFO] [stdout] 
[INFO] [stdout] 
[INFO] [stdout] error: aborting due to 2 previous errors
[INFO] [stdout] 
[INFO] [stdout] 
[INFO] [stdout] Some errors have detailed explanations: E0382, E0507.
[INFO] [stdout] 
[INFO] [stdout] For more information about an error, try `rustc --explain E0382`.
[INFO] [stdout] 
[INFO] [stderr] error: could not compile `torrent_client` due to 3 previous errors
[INFO] [stderr] warning: build failed, waiting for other jobs to finish...
[INFO] [stdout] error[E0382]: use of moved value: `self`
[INFO] [stdout]    --> src/torrent.rs:110:26
[INFO] [stdout]     |
[INFO] [stdout] 28  |     pub fn download(self) {
[INFO] [stdout]     |                     ---- move occurs because `self` has type `torrent::Torrent`, which does not implement the `Copy` trait
[INFO] [stdout] ...
[INFO] [stdout] 110 |                 torrent: self,
[INFO] [stdout]     |                          ^^^^ value moved here, in previous iteration of loop
[INFO] [stdout] 
[INFO] [stdout] 
[INFO] [stdout] error[E0507]: cannot move out of `*peer` which is behind a shared reference
[INFO] [stdout]    --> src/torrent.rs:118:13
[INFO] [stdout]     |
[INFO] [stdout] 118 |             peer.handshake();
[INFO] [stdout]     |             ^^^^ move occurs because `*peer` has type `peer::Peer`, which does not implement the `Copy` trait
[INFO] [stdout] 
[INFO] [stdout] 
[INFO] [stdout] error: aborting due to 2 previous errors
[INFO] [stdout] 
[INFO] [stdout] 
[INFO] [stdout] Some errors have detailed explanations: E0382, E0507.
[INFO] [stdout] 
[INFO] [stdout] For more information about an error, try `rustc --explain E0382`.
[INFO] [stdout] 
[INFO] [stderr] error: build failed
[INFO] running `Command { std: "docker" "inspect" "b5b372d9ab5a5103ccf20ba82c11e761edc6ebde918f2a76e2b8a1c5bf159c52", kill_on_drop: false }`
[INFO] running `Command { std: "docker" "rm" "-f" "b5b372d9ab5a5103ccf20ba82c11e761edc6ebde918f2a76e2b8a1c5bf159c52", kill_on_drop: false }`
[INFO] [stdout] b5b372d9ab5a5103ccf20ba82c11e761edc6ebde918f2a76e2b8a1c5bf159c52
