[INFO] cloning repository https://github.com/felix-clark/rust-na
[INFO] running `Command { std: "git" "-c" "credential.helper=" "-c" "credential.helper=/workspace/cargo-home/bin/git-credential-null" "clone" "--bare" "https://github.com/felix-clark/rust-na" "/workspace/cache/git-repos/https%3A%2F%2Fgithub.com%2Ffelix-clark%2Frust-na", kill_on_drop: false }`
[INFO] [stderr] Cloning into bare repository '/workspace/cache/git-repos/https%3A%2F%2Fgithub.com%2Ffelix-clark%2Frust-na'...
[INFO] running `Command { std: "git" "rev-parse" "HEAD", kill_on_drop: false }`
[INFO] [stdout] 8c3633b22a07ebfc0f1f8e65b07ceb976b77c90e
[INFO] checking felix-clark/rust-na against 1.55.0 for beta-1.56-3
[INFO] running `Command { std: "git" "clone" "/workspace/cache/git-repos/https%3A%2F%2Fgithub.com%2Ffelix-clark%2Frust-na" "/workspace/builds/worker-13/source", kill_on_drop: false }`
[INFO] [stderr] Cloning into '/workspace/builds/worker-13/source'...
[INFO] [stderr] done.
[INFO] validating manifest of git repo https://github.com/felix-clark/rust-na on toolchain 1.55.0
[INFO] running `Command { std: "/workspace/cargo-home/bin/cargo" "+1.55.0" "metadata" "--manifest-path" "Cargo.toml" "--no-deps", kill_on_drop: false }`
[INFO] started tweaking git repo https://github.com/felix-clark/rust-na
[INFO] finished tweaking git repo https://github.com/felix-clark/rust-na
[INFO] tweaked toml for git repo https://github.com/felix-clark/rust-na written to /workspace/builds/worker-13/source/Cargo.toml
[INFO] running `Command { std: "/workspace/cargo-home/bin/cargo" "+1.55.0" "generate-lockfile" "--manifest-path" "Cargo.toml" "-Zno-index-update", kill_on_drop: false }`
[INFO] running `Command { std: "/workspace/cargo-home/bin/cargo" "+1.55.0" "fetch" "--manifest-path" "Cargo.toml", kill_on_drop: false }`
[INFO] running `Command { std: "docker" "create" "-v" "/var/lib/crater-agent-workspace/builds/worker-13/target:/opt/rustwide/target:rw,Z" "-v" "/var/lib/crater-agent-workspace/builds/worker-13/source:/opt/rustwide/workdir:ro,Z" "-v" "/var/lib/crater-agent-workspace/cargo-home:/opt/rustwide/cargo-home:ro,Z" "-v" "/var/lib/crater-agent-workspace/rustup-home:/opt/rustwide/rustup-home:ro,Z" "-e" "SOURCE_DIR=/opt/rustwide/workdir" "-e" "CARGO_TARGET_DIR=/opt/rustwide/target" "-e" "CARGO_HOME=/opt/rustwide/cargo-home" "-e" "RUSTUP_HOME=/opt/rustwide/rustup-home" "-w" "/opt/rustwide/workdir" "-m" "1610612736" "--user" "0:0" "--network" "none" "ghcr.io/rust-lang/crates-build-env/linux@sha256:a89201d6b5b9fd45c15d5952ece0a0129e7e80cb26ec023fd59cf09bc26f1604" "/opt/rustwide/cargo-home/bin/cargo" "+1.55.0" "metadata" "--no-deps" "--format-version=1", kill_on_drop: false }`
[INFO] [stdout] 92a181b9aa3102056eee5fe3896c1f505b34c009a8b948d6322073dc5138a52e
[INFO] [stderr] WARNING: Your kernel does not support swap limit capabilities or the cgroup is not mounted. Memory limited without swap.
[INFO] running `Command { std: "docker" "start" "-a" "92a181b9aa3102056eee5fe3896c1f505b34c009a8b948d6322073dc5138a52e", kill_on_drop: false }`
[INFO] running `Command { std: "docker" "inspect" "92a181b9aa3102056eee5fe3896c1f505b34c009a8b948d6322073dc5138a52e", kill_on_drop: false }`
[INFO] running `Command { std: "docker" "rm" "-f" "92a181b9aa3102056eee5fe3896c1f505b34c009a8b948d6322073dc5138a52e", kill_on_drop: false }`
[INFO] [stdout] 92a181b9aa3102056eee5fe3896c1f505b34c009a8b948d6322073dc5138a52e
[INFO] running `Command { std: "docker" "create" "-v" "/var/lib/crater-agent-workspace/builds/worker-13/target:/opt/rustwide/target:rw,Z" "-v" "/var/lib/crater-agent-workspace/builds/worker-13/source:/opt/rustwide/workdir:ro,Z" "-v" "/var/lib/crater-agent-workspace/cargo-home:/opt/rustwide/cargo-home:ro,Z" "-v" "/var/lib/crater-agent-workspace/rustup-home:/opt/rustwide/rustup-home:ro,Z" "-e" "SOURCE_DIR=/opt/rustwide/workdir" "-e" "CARGO_TARGET_DIR=/opt/rustwide/target" "-e" "CARGO_INCREMENTAL=0" "-e" "RUST_BACKTRACE=full" "-e" "RUSTFLAGS=--cap-lints=warn" "-e" "CARGO_HOME=/opt/rustwide/cargo-home" "-e" "RUSTUP_HOME=/opt/rustwide/rustup-home" "-w" "/opt/rustwide/workdir" "-m" "1610612736" "--user" "0:0" "--network" "none" "ghcr.io/rust-lang/crates-build-env/linux@sha256:a89201d6b5b9fd45c15d5952ece0a0129e7e80cb26ec023fd59cf09bc26f1604" "/opt/rustwide/cargo-home/bin/cargo" "+1.55.0" "check" "--frozen" "--all" "--all-targets" "--message-format=json", kill_on_drop: false }`
[INFO] [stdout] a689b53b16a5fbbf75373955a7ae84a3440f6ab4d4d7975ef1b97d65dc769bae
[INFO] [stderr] WARNING: Your kernel does not support swap limit capabilities or the cgroup is not mounted. Memory limited without swap.
[INFO] running `Command { std: "docker" "start" "-a" "a689b53b16a5fbbf75373955a7ae84a3440f6ab4d4d7975ef1b97d65dc769bae", kill_on_drop: false }`
[INFO] [stderr]     Checking itertools v0.8.2
[INFO] [stderr]     Checking rand_os v0.1.3
[INFO] [stderr]     Checking rand v0.6.5
[INFO] [stderr]     Checking rustna v0.1.0 (/opt/rustwide/workdir)
[INFO] [stdout] error[E0432]: unresolved import `aminoacid::is_start_codon`
[INFO] [stdout]   --> src/lib.rs:34:13
[INFO] [stdout]    |
[INFO] [stdout] 34 |         use aminoacid::is_start_codon;
[INFO] [stdout]    |             ^^^^^^^^^^^--------------
[INFO] [stdout]    |             |          |
[INFO] [stdout]    |             |          help: a similar name exists in the module: `start_codon`
[INFO] [stdout]    |             no `is_start_codon` in `aminoacid`
[INFO] [stdout] 
[INFO] [stdout] 
[INFO] [stdout] error[E0432]: unresolved import `aminoacid::is_start_codon`
[INFO] [stdout]   --> src/lib.rs:41:13
[INFO] [stdout]    |
[INFO] [stdout] 41 |         use aminoacid::is_start_codon;
[INFO] [stdout]    |             ^^^^^^^^^^^--------------
[INFO] [stdout]    |             |          |
[INFO] [stdout]    |             |          help: a similar name exists in the module: `start_codon`
[INFO] [stdout]    |             no `is_start_codon` in `aminoacid`
[INFO] [stdout] 
[INFO] [stdout] 
[INFO] [stdout] error[E0369]: cannot add `BaseSeq` to `BaseSeq`
[INFO] [stdout]   --> src/lib.rs:51:44
[INFO] [stdout]    |
[INFO] [stdout] 51 |             BaseSeq::try_from(s0).unwrap() + BaseSeq::try_from(s1).unwrap(),
[INFO] [stdout]    |             ------------------------------ ^ ------------------------------ BaseSeq
[INFO] [stdout]    |             |
[INFO] [stdout]    |             BaseSeq
[INFO] [stdout]    |
[INFO] [stdout]    = note: an implementation of `std::ops::Add` might be missing for `BaseSeq`
[INFO] [stdout] 
[INFO] [stdout] 
[INFO] [stdout] error: aborting due to 3 previous errors
[INFO] [stdout] 
[INFO] [stdout] 
[INFO] [stdout] Some errors have detailed explanations: E0369, E0432.
[INFO] [stdout] 
[INFO] [stdout] For more information about an error, try `rustc --explain E0369`.
[INFO] [stdout] 
[INFO] [stderr] error: could not compile `rustna` due to 4 previous errors
[INFO] [stderr] warning: build failed, waiting for other jobs to finish...
[INFO] [stderr] error: build failed
[INFO] running `Command { std: "docker" "inspect" "a689b53b16a5fbbf75373955a7ae84a3440f6ab4d4d7975ef1b97d65dc769bae", kill_on_drop: false }`
[INFO] running `Command { std: "docker" "rm" "-f" "a689b53b16a5fbbf75373955a7ae84a3440f6ab4d4d7975ef1b97d65dc769bae", kill_on_drop: false }`
[INFO] [stdout] a689b53b16a5fbbf75373955a7ae84a3440f6ab4d4d7975ef1b97d65dc769bae
