[INFO] cloning repository https://github.com/fangerm/gelixrs
[INFO] running `Command { std: "git" "-c" "credential.helper=" "-c" "credential.helper=/workspace/cargo-home/bin/git-credential-null" "clone" "--bare" "https://github.com/fangerm/gelixrs" "/workspace/cache/git-repos/https%3A%2F%2Fgithub.com%2Ffangerm%2Fgelixrs", kill_on_drop: false }`
[INFO] [stderr] Cloning into bare repository '/workspace/cache/git-repos/https%3A%2F%2Fgithub.com%2Ffangerm%2Fgelixrs'...
[INFO] running `Command { std: "git" "rev-parse" "HEAD", kill_on_drop: false }`
[INFO] [stdout] 2976366a8cba931c9b8b9649d2e7b874574c45f8
[INFO] checking fangerm/gelixrs against 1.55.0 for beta-1.56-3
[INFO] running `Command { std: "git" "clone" "/workspace/cache/git-repos/https%3A%2F%2Fgithub.com%2Ffangerm%2Fgelixrs" "/workspace/builds/worker-12/source", kill_on_drop: false }`
[INFO] [stderr] Cloning into '/workspace/builds/worker-12/source'...
[INFO] [stderr] done.
[INFO] validating manifest of git repo https://github.com/fangerm/gelixrs on toolchain 1.55.0
[INFO] running `Command { std: "/workspace/cargo-home/bin/cargo" "+1.55.0" "metadata" "--manifest-path" "Cargo.toml" "--no-deps", kill_on_drop: false }`
[INFO] started tweaking git repo https://github.com/fangerm/gelixrs
[INFO] finished tweaking git repo https://github.com/fangerm/gelixrs
[INFO] tweaked toml for git repo https://github.com/fangerm/gelixrs written to /workspace/builds/worker-12/source/Cargo.toml
[INFO] crate git repo https://github.com/fangerm/gelixrs already has a lockfile, it will not be regenerated
[INFO] running `Command { std: "/workspace/cargo-home/bin/cargo" "+1.55.0" "fetch" "--manifest-path" "Cargo.toml", kill_on_drop: false }`
[INFO] [stderr]  Downloading crates ...
[INFO] [stderr]   Downloaded drop_bomb v0.1.5
[INFO] [stderr]   Downloaded llvm-sys v80.3.0
[INFO] [stderr]   Downloaded tera v1.6.0
[INFO] [stderr]   Downloaded enum-methods v0.0.8
[INFO] [stderr]   Downloaded smol_str v0.1.17
[INFO] [stderr]   Downloaded cargo_toml v0.6.4
[INFO] running `Command { std: "docker" "create" "-v" "/var/lib/crater-agent-workspace/builds/worker-12/target:/opt/rustwide/target:rw,Z" "-v" "/var/lib/crater-agent-workspace/builds/worker-12/source:/opt/rustwide/workdir:ro,Z" "-v" "/var/lib/crater-agent-workspace/cargo-home:/opt/rustwide/cargo-home:ro,Z" "-v" "/var/lib/crater-agent-workspace/rustup-home:/opt/rustwide/rustup-home:ro,Z" "-e" "SOURCE_DIR=/opt/rustwide/workdir" "-e" "CARGO_TARGET_DIR=/opt/rustwide/target" "-e" "CARGO_HOME=/opt/rustwide/cargo-home" "-e" "RUSTUP_HOME=/opt/rustwide/rustup-home" "-w" "/opt/rustwide/workdir" "-m" "1610612736" "--user" "0:0" "--network" "none" "ghcr.io/rust-lang/crates-build-env/linux@sha256:a89201d6b5b9fd45c15d5952ece0a0129e7e80cb26ec023fd59cf09bc26f1604" "/opt/rustwide/cargo-home/bin/cargo" "+1.55.0" "metadata" "--no-deps" "--format-version=1", kill_on_drop: false }`
[INFO] [stdout] 5ca499bfbfb76ddc89e96165b3dae9ef3f1143c26ecd11e0f1b7c14a561980c1
[INFO] [stderr] WARNING: Your kernel does not support swap limit capabilities or the cgroup is not mounted. Memory limited without swap.
[INFO] running `Command { std: "docker" "start" "-a" "5ca499bfbfb76ddc89e96165b3dae9ef3f1143c26ecd11e0f1b7c14a561980c1", kill_on_drop: false }`
[INFO] running `Command { std: "docker" "inspect" "5ca499bfbfb76ddc89e96165b3dae9ef3f1143c26ecd11e0f1b7c14a561980c1", kill_on_drop: false }`
[INFO] running `Command { std: "docker" "rm" "-f" "5ca499bfbfb76ddc89e96165b3dae9ef3f1143c26ecd11e0f1b7c14a561980c1", kill_on_drop: false }`
[INFO] [stdout] 5ca499bfbfb76ddc89e96165b3dae9ef3f1143c26ecd11e0f1b7c14a561980c1
[INFO] running `Command { std: "docker" "create" "-v" "/var/lib/crater-agent-workspace/builds/worker-12/target:/opt/rustwide/target:rw,Z" "-v" "/var/lib/crater-agent-workspace/builds/worker-12/source:/opt/rustwide/workdir:ro,Z" "-v" "/var/lib/crater-agent-workspace/cargo-home:/opt/rustwide/cargo-home:ro,Z" "-v" "/var/lib/crater-agent-workspace/rustup-home:/opt/rustwide/rustup-home:ro,Z" "-e" "SOURCE_DIR=/opt/rustwide/workdir" "-e" "CARGO_TARGET_DIR=/opt/rustwide/target" "-e" "CARGO_INCREMENTAL=0" "-e" "RUST_BACKTRACE=full" "-e" "RUSTFLAGS=--cap-lints=warn" "-e" "CARGO_HOME=/opt/rustwide/cargo-home" "-e" "RUSTUP_HOME=/opt/rustwide/rustup-home" "-w" "/opt/rustwide/workdir" "-m" "1610612736" "--user" "0:0" "--network" "none" "ghcr.io/rust-lang/crates-build-env/linux@sha256:a89201d6b5b9fd45c15d5952ece0a0129e7e80cb26ec023fd59cf09bc26f1604" "/opt/rustwide/cargo-home/bin/cargo" "+1.55.0" "check" "--frozen" "--all" "--all-targets" "--message-format=json", kill_on_drop: false }`
[INFO] [stdout] a170f175f1ade4277a716b09ea98df3515f5ebc905792522c3f2d8db98ea9628
[INFO] [stderr] WARNING: Your kernel does not support swap limit capabilities or the cgroup is not mounted. Memory limited without swap.
[INFO] running `Command { std: "docker" "start" "-a" "a170f175f1ade4277a716b09ea98df3515f5ebc905792522c3f2d8db98ea9628", kill_on_drop: false }`
[INFO] [stderr]    Compiling syn v1.0.55
[INFO] [stderr]    Compiling serde v1.0.118
[INFO] [stderr]    Compiling beef v0.4.4
[INFO] [stderr]     Checking smol_str v0.1.17
[INFO] [stderr]    Compiling syn v0.15.44
[INFO] [stderr]    Compiling inkwell v0.1.0 (https://github.com/TheDan64/inkwell?rev=136dd5e06db47f77cb329cd5f6625273dfd3afd7#136dd5e0)
[INFO] [stderr]     Checking drop_bomb v0.1.5
[INFO] [stderr]     Checking getrandom v0.2.0
[INFO] [stderr]     Checking bstr v0.2.14
[INFO] [stderr]    Compiling enum-methods v0.0.8
[INFO] [stderr]    Compiling llvm-sys v80.3.0
[INFO] [stderr]    Compiling parse-zoneinfo v0.3.0
[INFO] [stderr]     Checking chrono v0.4.19
[INFO] [stderr]     Checking rand_core v0.6.0
[INFO] [stderr]     Checking common v0.1.0 (/opt/rustwide/workdir/crates/common)
[INFO] [stderr]     Checking rand_chacha v0.3.0
[INFO] [stderr]     Checking globset v0.4.6
[INFO] [stderr]    Compiling chrono-tz v0.5.3
[INFO] [stderr]     Checking rand v0.8.0
[INFO] [stderr]     Checking ignore v0.4.17
[INFO] [stderr]     Checking globwalk v0.8.1
[INFO] [stderr]    Compiling pest_generator v2.1.3
[INFO] [stderr]    Compiling structopt-derive v0.2.18
[INFO] [stderr]    Compiling serde_derive v1.0.118
[INFO] [stderr]    Compiling logos-derive v0.11.5
[INFO] [stderr]    Compiling strum_macros v0.20.1
[INFO] [stderr]    Compiling num-derive v0.3.3
[INFO] [stderr]    Compiling pest_derive v2.1.0
[INFO] [stderr]     Checking structopt v0.2.18
[INFO] [stderr]     Checking logos v0.11.4
[INFO] [stderr]     Checking lexer v0.1.0 (/opt/rustwide/workdir/crates/lexer)
[INFO] [stderr]     Checking error v0.1.0 (/opt/rustwide/workdir/crates/error)
[INFO] [stderr]     Checking syntax v0.1.0 (/opt/rustwide/workdir/crates/syntax)
[INFO] [stderr]     Checking parser v0.1.0 (/opt/rustwide/workdir/crates/parser)
[INFO] [stderr]     Checking ast v0.1.0 (/opt/rustwide/workdir/crates/ast)
[INFO] [stderr]     Checking serde_json v1.0.60
[INFO] [stderr]     Checking ron v0.6.4
[INFO] [stderr]    Compiling toml v0.4.10
[INFO] [stderr]     Checking tera v1.6.0
[INFO] [stderr]    Compiling cargo_toml v0.6.4
[INFO] [stderr]     Checking ast_generator v0.1.0 (/opt/rustwide/workdir/crates/ast-generator)
[INFO] [stderr]    Compiling inkwell_internal_macros v0.1.0 (https://github.com/TheDan64/inkwell?rev=136dd5e06db47f77cb329cd5f6625273dfd3afd7#136dd5e0)
[INFO] [stderr]     Checking gir_ir_adapter v0.1.0 (/opt/rustwide/workdir/crates/gir-ir-adapter)
[INFO] [stderr]     Checking gir_nodes v0.1.0 (/opt/rustwide/workdir/crates/gir-nodes)
[INFO] [stdout] error[E0554]: `#![feature]` may not be used on the stable release channel
[INFO] [stdout]  --> crates/gir-nodes/src/lib.rs:1:1
[INFO] [stdout]   |
[INFO] [stdout] 1 | #![feature(box_patterns)]
[INFO] [stdout]   | ^^^^^^^^^^^^^^^^^^^^^^^^^
[INFO] [stdout] 
[INFO] [stdout] 
[INFO] [stdout] error[E0554]: `#![feature]` may not be used on the stable release channel
[INFO] [stdout]  --> crates/gir-nodes/src/lib.rs:2:1
[INFO] [stdout]   |
[INFO] [stdout] 2 | #![feature(box_syntax)]
[INFO] [stdout]   | ^^^^^^^^^^^^^^^^^^^^^^^
[INFO] [stdout] 
[INFO] [stdout] 
[INFO] [stdout] error[E0554]: `#![feature]` may not be used on the stable release channel
[INFO] [stdout]  --> crates/gir-nodes/src/lib.rs:1:1
[INFO] [stdout]   |
[INFO] [stdout] 1 | #![feature(box_patterns)]
[INFO] [stdout]   | ^^^^^^^^^^^^^^^^^^^^^^^^^
[INFO] [stdout] 
[INFO] [stdout] 
[INFO] [stdout] error[E0554]: `#![feature]` may not be used on the stable release channel
[INFO] [stdout]  --> crates/gir-nodes/src/lib.rs:2:1
[INFO] [stdout]   |
[INFO] [stdout] 2 | #![feature(box_syntax)]
[INFO] [stdout]   | ^^^^^^^^^^^^^^^^^^^^^^^
[INFO] [stdout] 
[INFO] [stdout] 
[INFO] [stdout] error: aborting due to 2 previous errors
[INFO] [stdout] 
[INFO] [stdout] 
[INFO] [stdout] For more information about this error, try `rustc --explain E0554`.
[INFO] [stdout] 
[INFO] [stdout] error: aborting due to 2 previous errors
[INFO] [stdout] 
[INFO] [stdout] 
[INFO] [stdout] For more information about this error, try `rustc --explain E0554`.
[INFO] [stdout] 
[INFO] [stderr] error: could not compile `gir_nodes` due to 3 previous errors
[INFO] [stderr] warning: build failed, waiting for other jobs to finish...
[INFO] [stderr] error: build failed
[INFO] running `Command { std: "docker" "inspect" "a170f175f1ade4277a716b09ea98df3515f5ebc905792522c3f2d8db98ea9628", kill_on_drop: false }`
[INFO] running `Command { std: "docker" "rm" "-f" "a170f175f1ade4277a716b09ea98df3515f5ebc905792522c3f2d8db98ea9628", kill_on_drop: false }`
[INFO] [stdout] a170f175f1ade4277a716b09ea98df3515f5ebc905792522c3f2d8db98ea9628
