[INFO] cloning repository https://github.com/fakeshadow/psn_api_rs
[INFO] running `Command { std: "git" "-c" "credential.helper=" "-c" "credential.helper=/workspace/cargo-home/bin/git-credential-null" "clone" "--bare" "https://github.com/fakeshadow/psn_api_rs" "/workspace/cache/git-repos/https%3A%2F%2Fgithub.com%2Ffakeshadow%2Fpsn_api_rs", kill_on_drop: false }`
[INFO] [stderr] Cloning into bare repository '/workspace/cache/git-repos/https%3A%2F%2Fgithub.com%2Ffakeshadow%2Fpsn_api_rs'...
[INFO] running `Command { std: "git" "rev-parse" "HEAD", kill_on_drop: false }`
[INFO] [stdout] b7f74fdbc5e052570a79f8528346a71ae100e171
[INFO] checking fakeshadow/psn_api_rs against beta-2021-10-15 for beta-1.56-3
[INFO] running `Command { std: "git" "clone" "/workspace/cache/git-repos/https%3A%2F%2Fgithub.com%2Ffakeshadow%2Fpsn_api_rs" "/workspace/builds/worker-3/source", kill_on_drop: false }`
[INFO] [stderr] Cloning into '/workspace/builds/worker-3/source'...
[INFO] [stderr] done.
[INFO] validating manifest of git repo https://github.com/fakeshadow/psn_api_rs on toolchain beta-2021-10-15
[INFO] running `Command { std: "/workspace/cargo-home/bin/cargo" "+beta-2021-10-15" "metadata" "--manifest-path" "Cargo.toml" "--no-deps", kill_on_drop: false }`
[INFO] started tweaking git repo https://github.com/fakeshadow/psn_api_rs
[INFO] finished tweaking git repo https://github.com/fakeshadow/psn_api_rs
[INFO] tweaked toml for git repo https://github.com/fakeshadow/psn_api_rs written to /workspace/builds/worker-3/source/Cargo.toml
[INFO] running `Command { std: "/workspace/cargo-home/bin/cargo" "+beta-2021-10-15" "generate-lockfile" "--manifest-path" "Cargo.toml" "-Zno-index-update", kill_on_drop: false }`
[INFO] [stderr]     Blocking waiting for file lock on package cache
[INFO] [stderr]     Updating git repository `https://github.com/fakeshadow/tang_rs.git`
[INFO] running `Command { std: "/workspace/cargo-home/bin/cargo" "+beta-2021-10-15" "fetch" "--manifest-path" "Cargo.toml", kill_on_drop: false }`
[INFO] running `Command { std: "docker" "create" "-v" "/var/lib/crater-agent-workspace/builds/worker-3/target:/opt/rustwide/target:rw,Z" "-v" "/var/lib/crater-agent-workspace/builds/worker-3/source:/opt/rustwide/workdir:ro,Z" "-v" "/var/lib/crater-agent-workspace/cargo-home:/opt/rustwide/cargo-home:ro,Z" "-v" "/var/lib/crater-agent-workspace/rustup-home:/opt/rustwide/rustup-home:ro,Z" "-e" "SOURCE_DIR=/opt/rustwide/workdir" "-e" "CARGO_TARGET_DIR=/opt/rustwide/target" "-e" "CARGO_HOME=/opt/rustwide/cargo-home" "-e" "RUSTUP_HOME=/opt/rustwide/rustup-home" "-w" "/opt/rustwide/workdir" "-m" "1610612736" "--user" "0:0" "--network" "none" "ghcr.io/rust-lang/crates-build-env/linux@sha256:a89201d6b5b9fd45c15d5952ece0a0129e7e80cb26ec023fd59cf09bc26f1604" "/opt/rustwide/cargo-home/bin/cargo" "+beta-2021-10-15" "metadata" "--no-deps" "--format-version=1", kill_on_drop: false }`
[INFO] [stdout] 5e8f10b851a698545595bdbb7fe8e91c88db43b99bd07283d4e117424d3da82d
[INFO] [stderr] WARNING: Your kernel does not support swap limit capabilities or the cgroup is not mounted. Memory limited without swap.
[INFO] running `Command { std: "docker" "start" "-a" "5e8f10b851a698545595bdbb7fe8e91c88db43b99bd07283d4e117424d3da82d", kill_on_drop: false }`
[INFO] running `Command { std: "docker" "inspect" "5e8f10b851a698545595bdbb7fe8e91c88db43b99bd07283d4e117424d3da82d", kill_on_drop: false }`
[INFO] running `Command { std: "docker" "rm" "-f" "5e8f10b851a698545595bdbb7fe8e91c88db43b99bd07283d4e117424d3da82d", kill_on_drop: false }`
[INFO] [stdout] 5e8f10b851a698545595bdbb7fe8e91c88db43b99bd07283d4e117424d3da82d
[INFO] running `Command { std: "docker" "create" "-v" "/var/lib/crater-agent-workspace/builds/worker-3/target:/opt/rustwide/target:rw,Z" "-v" "/var/lib/crater-agent-workspace/builds/worker-3/source:/opt/rustwide/workdir:ro,Z" "-v" "/var/lib/crater-agent-workspace/cargo-home:/opt/rustwide/cargo-home:ro,Z" "-v" "/var/lib/crater-agent-workspace/rustup-home:/opt/rustwide/rustup-home:ro,Z" "-e" "SOURCE_DIR=/opt/rustwide/workdir" "-e" "CARGO_TARGET_DIR=/opt/rustwide/target" "-e" "CARGO_INCREMENTAL=0" "-e" "RUST_BACKTRACE=full" "-e" "RUSTFLAGS=--cap-lints=warn" "-e" "CARGO_HOME=/opt/rustwide/cargo-home" "-e" "RUSTUP_HOME=/opt/rustwide/rustup-home" "-w" "/opt/rustwide/workdir" "-m" "1610612736" "--user" "0:0" "--network" "none" "ghcr.io/rust-lang/crates-build-env/linux@sha256:a89201d6b5b9fd45c15d5952ece0a0129e7e80cb26ec023fd59cf09bc26f1604" "/opt/rustwide/cargo-home/bin/cargo" "+beta-2021-10-15" "check" "--frozen" "--all" "--all-targets" "--message-format=json", kill_on_drop: false }`
[INFO] [stdout] fb793a8d69ac85fc7aae8a15656250da5473a5fed21f2fbff112f2f3237ba3ba
[INFO] [stderr] WARNING: Your kernel does not support swap limit capabilities or the cgroup is not mounted. Memory limited without swap.
[INFO] running `Command { std: "docker" "start" "-a" "fb793a8d69ac85fc7aae8a15656250da5473a5fed21f2fbff112f2f3237ba3ba", kill_on_drop: false }`
[INFO] [stderr]    Compiling libc v0.2.104
[INFO] [stderr]    Compiling syn v1.0.80
[INFO] [stderr]     Checking tang-rs v0.2.0 (https://github.com/fakeshadow/tang_rs.git#826dc1cb)
[INFO] [stderr]     Checking http-body v0.3.1
[INFO] [stderr]     Checking tracing v0.1.29
[INFO] [stderr]     Checking serde_urlencoded v0.6.1
[INFO] [stderr]    Compiling derive_more v0.14.1
[INFO] [stderr]     Checking iovec v0.1.4
[INFO] [stderr]     Checking net2 v0.2.37
[INFO] [stderr]     Checking signal-hook-registry v1.4.0
[INFO] [stderr]     Checking num_cpus v1.13.0
[INFO] [stderr]     Checking ring v0.16.20
[INFO] [stderr]     Checking openssl-sys v0.9.67
[INFO] [stderr]     Checking socket2 v0.3.19
[INFO] [stderr]     Checking getrandom v0.1.16
[INFO] [stderr]     Checking rand_core v0.5.1
[INFO] [stderr]     Checking mio v0.6.23
[INFO] [stderr]     Checking rand_chacha v0.2.2
[INFO] [stderr]     Checking openssl v0.10.36
[INFO] [stderr]     Checking rand v0.7.3
[INFO] [stderr]     Checking mio-uds v0.6.8
[INFO] [stderr]     Checking webpki v0.21.4
[INFO] [stderr]     Checking sct v0.6.1
[INFO] [stderr]     Checking rustls v0.18.1
[INFO] [stderr]     Checking webpki-roots v0.20.0
[INFO] [stderr]     Checking native-tls v0.2.8
[INFO] [stderr]    Compiling tokio-macros v0.2.6
[INFO] [stderr]    Compiling pin-project-internal v1.0.8
[INFO] [stderr]    Compiling futures-macro v0.3.17
[INFO] [stderr]    Compiling serde_derive v1.0.130
[INFO] [stderr]     Checking tokio v0.2.25
[INFO] [stderr]     Checking futures-util v0.3.17
[INFO] [stderr]     Checking pin-project v1.0.8
[INFO] [stderr]     Checking tracing-futures v0.2.5
[INFO] [stderr]     Checking tokio-util v0.3.1
[INFO] [stderr]     Checking tokio-tls v0.3.1
[INFO] [stderr]     Checking tokio-rustls v0.14.1
[INFO] [stderr]     Checking h2 v0.2.7
[INFO] [stderr]     Checking hyper v0.13.10
[INFO] [stderr]     Checking hyper-tls v0.4.3
[INFO] [stderr]     Checking hyper-rustls v0.21.0
[INFO] [stderr]     Checking reqwest v0.10.10
[INFO] [stderr]     Checking psn_api_rs v0.3.0 (/opt/rustwide/workdir)
[INFO] [stderr]     Checking trait_only v0.1.0 (/opt/rustwide/workdir/examples/trait_only)
[INFO] [stderr]     Checking proxy v0.1.0 (/opt/rustwide/workdir/examples/proxy)
[INFO] [stderr]     Checking basic v0.1.0 (/opt/rustwide/workdir/examples/basic)
[INFO] [stdout] error[E0049]: method `post_by_multipart` has 0 type parameters but its trait declaration has 1 type parameter
[INFO] [stdout]    --> examples/trait_only/src/main.rs:121:26
[INFO] [stdout]     |
[INFO] [stdout] 121 |     fn post_by_multipart<'s, 't: 's>(
[INFO] [stdout]     |                          ^^  ^^
[INFO] [stdout]     |                          |
[INFO] [stdout]     |                          found 0 type parameters, expected 1
[INFO] [stdout] 
[INFO] [stdout] 
[INFO] [stdout] error[E0049]: method `post_by_multipart` has 0 type parameters but its trait declaration has 1 type parameter
[INFO] [stdout]    --> examples/trait_only/src/main.rs:121:26
[INFO] [stdout]     |
[INFO] [stdout] 121 |     fn post_by_multipart<'s, 't: 's>(
[INFO] [stdout]     |                          ^^  ^^
[INFO] [stdout]     |                          |
[INFO] [stdout]     |                          found 0 type parameters, expected 1
[INFO] [stdout] 
[INFO] [stdout] 
[INFO] [stdout] error[E0282]: type annotations needed for `Vec<T>`
[INFO] [stdout]   --> examples/proxy/src/main.rs:37:32
[INFO] [stdout]    |
[INFO] [stdout] 10 |     let refresh_tokens = vec![
[INFO] [stdout]    |         -------------- consider giving `refresh_tokens` the explicit type `Vec<T>`, with the type parameters specified
[INFO] [stdout] ...
[INFO] [stdout] 37 |             .add_refresh_token(refresh_token.into());
[INFO] [stdout]    |                                ^^^^^^^^^^^^^ cannot infer type
[INFO] [stdout]    |
[INFO] [stdout]    = note: type must be known at this point
[INFO] [stdout] 
[INFO] [stdout] 
[INFO] [stdout] error: aborting due to previous error
[INFO] [stdout] 
[INFO] [stdout] 
[INFO] [stdout] For more information about this error, try `rustc --explain E0282`.
[INFO] [stdout] 
[INFO] [stderr] error: could not compile `proxy` due to 2 previous errors
[INFO] [stderr] warning: build failed, waiting for other jobs to finish...
[INFO] [stdout] error[E0282]: type annotations needed for `Vec<T>`
[INFO] [stdout]   --> examples/proxy/src/main.rs:37:32
[INFO] [stdout]    |
[INFO] [stdout] 10 |     let refresh_tokens = vec![
[INFO] [stdout]    |         -------------- consider giving `refresh_tokens` the explicit type `Vec<T>`, with the type parameters specified
[INFO] [stdout] ...
[INFO] [stdout] 37 |             .add_refresh_token(refresh_token.into());
[INFO] [stdout]    |                                ^^^^^^^^^^^^^ cannot infer type
[INFO] [stdout]    |
[INFO] [stdout]    = note: type must be known at this point
[INFO] [stdout] 
[INFO] [stdout] 
[INFO] [stdout] error: aborting due to previous error
[INFO] [stdout] 
[INFO] [stdout] 
[INFO] [stdout] For more information about this error, try `rustc --explain E0282`.
[INFO] [stdout] 
[INFO] [stdout] error[E0061]: this function takes 1 argument but 0 arguments were supplied
[INFO] [stdout]    --> examples/trait_only/src/main.rs:148:21
[INFO] [stdout]     |
[INFO] [stdout] 148 |     my_psn = my_psn.auth().await.unwrap_or_else(|e| panic!("{:?}", e));
[INFO] [stdout]     |                     ^^^^- supplied 0 arguments
[INFO] [stdout]     |
[INFO] [stdout] note: associated function defined here
[INFO] [stdout]    --> /opt/rustwide/workdir/src/traits.rs:19:8
[INFO] [stdout]     |
[INFO] [stdout] 19  |     fn auth(
[INFO] [stdout]     |        ^^^^
[INFO] [stdout] help: expected the unit value `()`; create it with empty parentheses
[INFO] [stdout]     |
[INFO] [stdout] 148 |     my_psn = my_psn.auth(()).await.unwrap_or_else(|e| panic!("{:?}", e));
[INFO] [stdout]     |                          ++
[INFO] [stdout] 
[INFO] [stdout] 
[INFO] [stdout] error[E0061]: this function takes 1 argument but 0 arguments were supplied
[INFO] [stdout]    --> examples/trait_only/src/main.rs:148:21
[INFO] [stdout]     |
[INFO] [stdout] 148 |     my_psn = my_psn.auth().await.unwrap_or_else(|e| panic!("{:?}", e));
[INFO] [stdout]     |                     ^^^^- supplied 0 arguments
[INFO] [stdout]     |
[INFO] [stdout] note: associated function defined here
[INFO] [stdout]    --> /opt/rustwide/workdir/src/traits.rs:19:8
[INFO] [stdout]     |
[INFO] [stdout] 19  |     fn auth(
[INFO] [stdout]     |        ^^^^
[INFO] [stdout] help: expected the unit value `()`; create it with empty parentheses
[INFO] [stdout]     |
[INFO] [stdout] 148 |     my_psn = my_psn.auth(()).await.unwrap_or_else(|e| panic!("{:?}", e));
[INFO] [stdout]     |                          ++
[INFO] [stdout] 
[INFO] [stdout] 
[INFO] [stdout] error: aborting due to 2 previous errors
[INFO] [stdout] 
[INFO] [stdout] 
[INFO] [stdout] Some errors have detailed explanations: E0049, E0061.
[INFO] [stdout] 
[INFO] [stdout] For more information about an error, try `rustc --explain E0049`.
[INFO] [stdout] 
[INFO] [stdout] error: aborting due to 2 previous errors
[INFO] [stdout] 
[INFO] [stdout] 
[INFO] [stdout] Some errors have detailed explanations: E0049, E0061.
[INFO] [stdout] 
[INFO] [stdout] For more information about an error, try `rustc --explain E0049`.
[INFO] [stdout] 
[INFO] [stderr] error: build failed
[INFO] running `Command { std: "docker" "inspect" "fb793a8d69ac85fc7aae8a15656250da5473a5fed21f2fbff112f2f3237ba3ba", kill_on_drop: false }`
[INFO] running `Command { std: "docker" "rm" "-f" "fb793a8d69ac85fc7aae8a15656250da5473a5fed21f2fbff112f2f3237ba3ba", kill_on_drop: false }`
[INFO] [stdout] fb793a8d69ac85fc7aae8a15656250da5473a5fed21f2fbff112f2f3237ba3ba
