[INFO] cloning repository https://github.com/erihsu/SymCTS-rs
[INFO] running `Command { std: "git" "-c" "credential.helper=" "-c" "credential.helper=/workspace/cargo-home/bin/git-credential-null" "clone" "--bare" "https://github.com/erihsu/SymCTS-rs" "/workspace/cache/git-repos/https%3A%2F%2Fgithub.com%2Ferihsu%2FSymCTS-rs", kill_on_drop: false }`
[INFO] [stderr] Cloning into bare repository '/workspace/cache/git-repos/https%3A%2F%2Fgithub.com%2Ferihsu%2FSymCTS-rs'...
[INFO] running `Command { std: "git" "rev-parse" "HEAD", kill_on_drop: false }`
[INFO] [stdout] ffc4346935dd0d3139d91398ee45f7537425ebad
[INFO] checking erihsu/SymCTS-rs against beta-2021-10-15 for beta-1.56-3
[INFO] running `Command { std: "git" "clone" "/workspace/cache/git-repos/https%3A%2F%2Fgithub.com%2Ferihsu%2FSymCTS-rs" "/workspace/builds/worker-103/source", kill_on_drop: false }`
[INFO] [stderr] Cloning into '/workspace/builds/worker-103/source'...
[INFO] [stderr] done.
[INFO] validating manifest of git repo https://github.com/erihsu/SymCTS-rs on toolchain beta-2021-10-15
[INFO] running `Command { std: "/workspace/cargo-home/bin/cargo" "+beta-2021-10-15" "metadata" "--manifest-path" "Cargo.toml" "--no-deps", kill_on_drop: false }`
[INFO] started tweaking git repo https://github.com/erihsu/SymCTS-rs
[INFO] finished tweaking git repo https://github.com/erihsu/SymCTS-rs
[INFO] tweaked toml for git repo https://github.com/erihsu/SymCTS-rs written to /workspace/builds/worker-103/source/Cargo.toml
[INFO] crate git repo https://github.com/erihsu/SymCTS-rs already has a lockfile, it will not be regenerated
[INFO] running `Command { std: "/workspace/cargo-home/bin/cargo" "+beta-2021-10-15" "fetch" "--manifest-path" "Cargo.toml", kill_on_drop: false }`
[INFO] [stderr]     Blocking waiting for file lock on package cache
[INFO] [stderr]     Updating git repository `https://github.com/erihsu/cts-plugin`
[INFO] [stderr]     Updating git repository `https://github.com/erihsu/mincost`
[INFO] [stderr]     Blocking waiting for file lock on package cache
[INFO] running `Command { std: "docker" "create" "-v" "/var/lib/crater-agent-workspace/builds/worker-103/target:/opt/rustwide/target:rw,Z" "-v" "/var/lib/crater-agent-workspace/builds/worker-103/source:/opt/rustwide/workdir:ro,Z" "-v" "/var/lib/crater-agent-workspace/cargo-home:/opt/rustwide/cargo-home:ro,Z" "-v" "/var/lib/crater-agent-workspace/rustup-home:/opt/rustwide/rustup-home:ro,Z" "-e" "SOURCE_DIR=/opt/rustwide/workdir" "-e" "CARGO_TARGET_DIR=/opt/rustwide/target" "-e" "CARGO_HOME=/opt/rustwide/cargo-home" "-e" "RUSTUP_HOME=/opt/rustwide/rustup-home" "-w" "/opt/rustwide/workdir" "-m" "1610612736" "--user" "0:0" "--network" "none" "ghcr.io/rust-lang/crates-build-env/linux@sha256:a89201d6b5b9fd45c15d5952ece0a0129e7e80cb26ec023fd59cf09bc26f1604" "/opt/rustwide/cargo-home/bin/cargo" "+beta-2021-10-15" "metadata" "--no-deps" "--format-version=1", kill_on_drop: false }`
[INFO] [stdout] b754ec2402859831262659d858375591c77a7329124349bee601b8ccd8964e56
[INFO] running `Command { std: "docker" "start" "-a" "b754ec2402859831262659d858375591c77a7329124349bee601b8ccd8964e56", kill_on_drop: false }`
[INFO] running `Command { std: "docker" "inspect" "b754ec2402859831262659d858375591c77a7329124349bee601b8ccd8964e56", kill_on_drop: false }`
[INFO] running `Command { std: "docker" "rm" "-f" "b754ec2402859831262659d858375591c77a7329124349bee601b8ccd8964e56", kill_on_drop: false }`
[INFO] [stdout] b754ec2402859831262659d858375591c77a7329124349bee601b8ccd8964e56
[INFO] running `Command { std: "docker" "create" "-v" "/var/lib/crater-agent-workspace/builds/worker-103/target:/opt/rustwide/target:rw,Z" "-v" "/var/lib/crater-agent-workspace/builds/worker-103/source:/opt/rustwide/workdir:ro,Z" "-v" "/var/lib/crater-agent-workspace/cargo-home:/opt/rustwide/cargo-home:ro,Z" "-v" "/var/lib/crater-agent-workspace/rustup-home:/opt/rustwide/rustup-home:ro,Z" "-e" "SOURCE_DIR=/opt/rustwide/workdir" "-e" "CARGO_TARGET_DIR=/opt/rustwide/target" "-e" "CARGO_INCREMENTAL=0" "-e" "RUST_BACKTRACE=full" "-e" "RUSTFLAGS=--cap-lints=warn" "-e" "CARGO_HOME=/opt/rustwide/cargo-home" "-e" "RUSTUP_HOME=/opt/rustwide/rustup-home" "-w" "/opt/rustwide/workdir" "-m" "1610612736" "--user" "0:0" "--network" "none" "ghcr.io/rust-lang/crates-build-env/linux@sha256:a89201d6b5b9fd45c15d5952ece0a0129e7e80cb26ec023fd59cf09bc26f1604" "/opt/rustwide/cargo-home/bin/cargo" "+beta-2021-10-15" "check" "--frozen" "--all" "--all-targets" "--message-format=json", kill_on_drop: false }`
[INFO] [stdout] 93094e30893fd0750be510b2d08057cf237d722c2f6968939f5d1d50d62e901f
[INFO] running `Command { std: "docker" "start" "-a" "93094e30893fd0750be510b2d08057cf237d722c2f6968939f5d1d50d62e901f", kill_on_drop: false }`
[INFO] [stderr]     Blocking waiting for file lock on package cache
[INFO] [stderr]    Compiling proc-macro2 v1.0.27
[INFO] [stderr]    Compiling unicode-xid v0.2.2
[INFO] [stderr]    Compiling syn v1.0.72
[INFO] [stderr]    Compiling libc v0.2.93
[INFO] [stderr]     Checking linked-hash-map v0.5.4
[INFO] [stderr]     Checking itoa v0.4.7
[INFO] [stderr]     Checking dtoa v0.4.8
[INFO] [stderr]    Compiling getrandom v0.2.2
[INFO] [stderr]    Compiling libloading v0.5.2
[INFO] [stderr]     Checking yaml-rust v0.4.5
[INFO] [stderr]    Compiling quote v1.0.9
[INFO] [stderr]     Checking rand_core v0.6.2
[INFO] [stderr]     Checking rand_chacha v0.3.0
[INFO] [stderr]     Checking rand v0.8.3
[INFO] [stderr]    Compiling serde_derive v1.0.125
[INFO] [stderr]    Compiling thiserror-impl v1.0.25
[INFO] [stderr]     Checking thiserror v1.0.25
[INFO] [stderr]     Checking mincost v0.1.0 (https://github.com/erihsu/mincost?tag=v0.0.1#ebe597f1)
[INFO] [stderr]     Checking serde v1.0.125
[INFO] [stderr]     Checking serde_json v1.0.64
[INFO] [stderr]     Checking serde_yaml v0.8.17
[INFO] [stderr]     Checking cts-plugin v0.1.0 (https://github.com/erihsu/cts-plugin?rev=c9f4275#c9f42750)
[INFO] [stderr]     Checking sym-cts-rs v0.1.0 (/opt/rustwide/workdir)
[INFO] [stdout] error: expected type, found `)`
[INFO] [stdout]    --> src/model/mod.rs:174:29
[INFO] [stdout]     |
[INFO] [stdout] 174 |     fn init_from_json(value:) -> Self {
[INFO] [stdout]     |                             ^ expected type
[INFO] [stdout] 
[INFO] [stdout] 
[INFO] [stdout] error: expected type, found `)`
[INFO] [stdout]    --> src/model/mod.rs:174:29
[INFO] [stdout]     |
[INFO] [stdout] 174 |     fn init_from_json(value:) -> Self {
[INFO] [stdout]     |                             ^ expected type
[INFO] [stdout] 
[INFO] [stdout] 
[INFO] [stdout] error[E0308]: mismatched types
[INFO] [stdout]    --> src/model/mod.rs:174:34
[INFO] [stdout]     |
[INFO] [stdout] 174 |     fn init_from_json(value:) -> Self {
[INFO] [stdout]     |        --------------            ^^^^ expected struct `LutModel`, found `()`
[INFO] [stdout]     |        |
[INFO] [stdout]     |        implicitly returns `()` as its body has no tail or `return` expression
[INFO] [stdout] 
[INFO] [stdout] 
[INFO] [stdout] error[E0308]: mismatched types
[INFO] [stdout]    --> src/model/mod.rs:178:46
[INFO] [stdout]     |
[INFO] [stdout] 178 |     fn get_value(index_1:f32,index_2:f32) -> f32 {
[INFO] [stdout]     |        ---------                             ^^^ expected `f32`, found `()`
[INFO] [stdout]     |        |
[INFO] [stdout]     |        implicitly returns `()` as its body has no tail or `return` expression
[INFO] [stdout] 
[INFO] [stdout] 
[INFO] [stdout] error[E0308]: mismatched types
[INFO] [stdout]    --> src/model/mod.rs:174:34
[INFO] [stdout]     |
[INFO] [stdout] 174 |     fn init_from_json(value:) -> Self {
[INFO] [stdout]     |        --------------            ^^^^ expected struct `LutModel`, found `()`
[INFO] [stdout]     |        |
[INFO] [stdout]     |        implicitly returns `()` as its body has no tail or `return` expression
[INFO] [stdout] 
[INFO] [stdout] 
[INFO] [stdout] error[E0308]: mismatched types
[INFO] [stdout]    --> src/model/mod.rs:178:46
[INFO] [stdout]     |
[INFO] [stdout] 178 |     fn get_value(index_1:f32,index_2:f32) -> f32 {
[INFO] [stdout]     |        ---------                             ^^^ expected `f32`, found `()`
[INFO] [stdout]     |        |
[INFO] [stdout]     |        implicitly returns `()` as its body has no tail or `return` expression
[INFO] [stdout] 
[INFO] [stdout] 
[INFO] [stdout] error: aborting due to 3 previous errors
[INFO] [stdout] 
[INFO] [stdout] 
[INFO] [stdout] For more information about this error, try `rustc --explain E0308`.
[INFO] [stdout] 
[INFO] [stderr] error: could not compile `sym-cts-rs` due to 4 previous errors
[INFO] [stderr] warning: build failed, waiting for other jobs to finish...
[INFO] [stdout] error: aborting due to 3 previous errors
[INFO] [stdout] 
[INFO] [stdout] 
[INFO] [stdout] For more information about this error, try `rustc --explain E0308`.
[INFO] [stdout] 
[INFO] [stderr] error: build failed
[INFO] running `Command { std: "docker" "inspect" "93094e30893fd0750be510b2d08057cf237d722c2f6968939f5d1d50d62e901f", kill_on_drop: false }`
[INFO] running `Command { std: "docker" "rm" "-f" "93094e30893fd0750be510b2d08057cf237d722c2f6968939f5d1d50d62e901f", kill_on_drop: false }`
[INFO] [stdout] 93094e30893fd0750be510b2d08057cf237d722c2f6968939f5d1d50d62e901f
