[INFO] cloning repository https://github.com/erichgess/zmq_example
[INFO] running `Command { std: "git" "-c" "credential.helper=" "-c" "credential.helper=/workspace/cargo-home/bin/git-credential-null" "clone" "--bare" "https://github.com/erichgess/zmq_example" "/workspace/cache/git-repos/https%3A%2F%2Fgithub.com%2Ferichgess%2Fzmq_example", kill_on_drop: false }`
[INFO] [stderr] Cloning into bare repository '/workspace/cache/git-repos/https%3A%2F%2Fgithub.com%2Ferichgess%2Fzmq_example'...
[INFO] running `Command { std: "git" "rev-parse" "HEAD", kill_on_drop: false }`
[INFO] [stdout] c048e416443e6cc13764630849abcafba4506641
[INFO] checking erichgess/zmq_example against beta-2021-10-15 for beta-1.56-3
[INFO] running `Command { std: "git" "clone" "/workspace/cache/git-repos/https%3A%2F%2Fgithub.com%2Ferichgess%2Fzmq_example" "/workspace/builds/worker-35/source", kill_on_drop: false }`
[INFO] [stderr] Cloning into '/workspace/builds/worker-35/source'...
[INFO] [stderr] done.
[INFO] validating manifest of git repo https://github.com/erichgess/zmq_example on toolchain beta-2021-10-15
[INFO] running `Command { std: "/workspace/cargo-home/bin/cargo" "+beta-2021-10-15" "metadata" "--manifest-path" "Cargo.toml" "--no-deps", kill_on_drop: false }`
[INFO] started tweaking git repo https://github.com/erichgess/zmq_example
[INFO] finished tweaking git repo https://github.com/erichgess/zmq_example
[INFO] tweaked toml for git repo https://github.com/erichgess/zmq_example written to /workspace/builds/worker-35/source/Cargo.toml
[INFO] crate git repo https://github.com/erichgess/zmq_example already has a lockfile, it will not be regenerated
[INFO] running `Command { std: "/workspace/cargo-home/bin/cargo" "+beta-2021-10-15" "fetch" "--manifest-path" "Cargo.toml", kill_on_drop: false }`
[INFO] [stderr]     Blocking waiting for file lock on package cache
[INFO] [stderr]     Blocking waiting for file lock on package cache
[INFO] running `Command { std: "docker" "create" "-v" "/var/lib/crater-agent-workspace/builds/worker-35/target:/opt/rustwide/target:rw,Z" "-v" "/var/lib/crater-agent-workspace/builds/worker-35/source:/opt/rustwide/workdir:ro,Z" "-v" "/var/lib/crater-agent-workspace/cargo-home:/opt/rustwide/cargo-home:ro,Z" "-v" "/var/lib/crater-agent-workspace/rustup-home:/opt/rustwide/rustup-home:ro,Z" "-e" "SOURCE_DIR=/opt/rustwide/workdir" "-e" "CARGO_TARGET_DIR=/opt/rustwide/target" "-e" "CARGO_HOME=/opt/rustwide/cargo-home" "-e" "RUSTUP_HOME=/opt/rustwide/rustup-home" "-w" "/opt/rustwide/workdir" "-m" "1610612736" "--user" "0:0" "--network" "none" "ghcr.io/rust-lang/crates-build-env/linux@sha256:a89201d6b5b9fd45c15d5952ece0a0129e7e80cb26ec023fd59cf09bc26f1604" "/opt/rustwide/cargo-home/bin/cargo" "+beta-2021-10-15" "metadata" "--no-deps" "--format-version=1", kill_on_drop: false }`
[INFO] [stdout] 29139084d95a17a8c92183b61d136ffa85d3a5e2e6139ba92415845d77aef83e
[INFO] running `Command { std: "docker" "start" "-a" "29139084d95a17a8c92183b61d136ffa85d3a5e2e6139ba92415845d77aef83e", kill_on_drop: false }`
[INFO] running `Command { std: "docker" "inspect" "29139084d95a17a8c92183b61d136ffa85d3a5e2e6139ba92415845d77aef83e", kill_on_drop: false }`
[INFO] running `Command { std: "docker" "rm" "-f" "29139084d95a17a8c92183b61d136ffa85d3a5e2e6139ba92415845d77aef83e", kill_on_drop: false }`
[INFO] [stdout] 29139084d95a17a8c92183b61d136ffa85d3a5e2e6139ba92415845d77aef83e
[INFO] running `Command { std: "docker" "create" "-v" "/var/lib/crater-agent-workspace/builds/worker-35/target:/opt/rustwide/target:rw,Z" "-v" "/var/lib/crater-agent-workspace/builds/worker-35/source:/opt/rustwide/workdir:ro,Z" "-v" "/var/lib/crater-agent-workspace/cargo-home:/opt/rustwide/cargo-home:ro,Z" "-v" "/var/lib/crater-agent-workspace/rustup-home:/opt/rustwide/rustup-home:ro,Z" "-e" "SOURCE_DIR=/opt/rustwide/workdir" "-e" "CARGO_TARGET_DIR=/opt/rustwide/target" "-e" "CARGO_INCREMENTAL=0" "-e" "RUST_BACKTRACE=full" "-e" "RUSTFLAGS=--cap-lints=warn" "-e" "CARGO_HOME=/opt/rustwide/cargo-home" "-e" "RUSTUP_HOME=/opt/rustwide/rustup-home" "-w" "/opt/rustwide/workdir" "-m" "1610612736" "--user" "0:0" "--network" "none" "ghcr.io/rust-lang/crates-build-env/linux@sha256:a89201d6b5b9fd45c15d5952ece0a0129e7e80cb26ec023fd59cf09bc26f1604" "/opt/rustwide/cargo-home/bin/cargo" "+beta-2021-10-15" "check" "--frozen" "--all" "--all-targets" "--message-format=json", kill_on_drop: false }`
[INFO] [stdout] 26651b22cb268494f33aeb9b765fcb56b7d9c13d5441c2d3a0d21a4552c60e2b
[INFO] running `Command { std: "docker" "start" "-a" "26651b22cb268494f33aeb9b765fcb56b7d9c13d5441c2d3a0d21a4552c60e2b", kill_on_drop: false }`
[INFO] [stderr]     Blocking waiting for file lock on package cache
[INFO] [stderr]    Compiling libc v0.2.93
[INFO] [stderr]     Checking cfg-if v1.0.0
[INFO] [stderr]    Compiling cc v1.0.67
[INFO] [stderr]    Compiling proc-macro2 v1.0.26
[INFO] [stderr]    Compiling unicode-xid v0.2.1
[INFO] [stderr]    Compiling pkg-config v0.3.19
[INFO] [stderr]    Compiling toml v0.2.1
[INFO] [stderr]    Compiling error-chain v0.10.0
[INFO] [stderr]    Compiling syn v1.0.70
[INFO] [stderr]    Compiling serde_derive v1.0.125
[INFO] [stderr]    Compiling log v0.4.14
[INFO] [stderr]     Checking scopeguard v1.1.0
[INFO] [stderr]    Compiling serde v1.0.125
[INFO] [stderr]    Compiling signal-hook v0.3.8
[INFO] [stderr]    Compiling zmq v0.9.2
[INFO] [stderr]     Checking unicode-width v0.1.8
[INFO] [stderr]     Checking byteorder v1.4.3
[INFO] [stderr]    Compiling crossbeam-utils v0.8.3
[INFO] [stderr]    Compiling num-traits v0.2.14
[INFO] [stderr]    Compiling memoffset v0.6.3
[INFO] [stderr]    Compiling num-integer v0.1.44
[INFO] [stderr]     Checking textwrap v0.11.0
[INFO] [stderr]    Compiling metadeps v1.1.2
[INFO] [stderr]    Compiling cmake v0.1.45
[INFO] [stderr]    Compiling zeromq-src v0.1.10+4.3.2
[INFO] [stderr]    Compiling quote v1.0.9
[INFO] [stderr]     Checking atty v0.2.14
[INFO] [stderr]     Checking time v0.1.44
[INFO] [stderr]     Checking signal-hook-registry v1.3.0
[INFO] [stderr]    Compiling zmq-sys v0.11.0
[INFO] [stderr]     Checking colored v1.9.3
[INFO] [stderr]     Checking clap v2.33.3
[INFO] [stderr]     Checking crossbeam-epoch v0.9.3
[INFO] [stderr]     Checking crossbeam-channel v0.5.1
[INFO] [stderr]     Checking crossbeam-queue v0.3.1
[INFO] [stderr]     Checking rmp v0.8.10
[INFO] [stderr]     Checking crossbeam-deque v0.8.0
[INFO] [stderr]     Checking chrono v0.4.19
[INFO] [stderr]     Checking crossbeam v0.8.0
[INFO] [stderr]     Checking simple_logger v1.11.0
[INFO] [stderr]     Checking rmp-serde v0.15.4
[INFO] [stderr] error: failed to run custom build command for `zmq-sys v0.11.0`
[INFO] [stderr] 
[INFO] [stderr] Caused by:
[INFO] [stderr]   process didn't exit successfully: `/opt/rustwide/target/debug/build/zmq-sys-906435f81becf54f/build-script-main` (exit status: 101)
[INFO] [stderr]   --- stdout
[INFO] [stderr]   cargo:rerun-if-changed=build/main.rs
[INFO] [stderr]   cargo:rerun-if-env-changed=PROFILE
[INFO] [stderr]   running: "cmake" "/opt/rustwide/cargo-home/registry/src/github.com-1ecc6299db9ec823/zeromq-src-0.1.10+4.3.2/vendor" "-DCMAKE_INSTALL_LIBDIR=lib" "-DCMAKE_C_STANDARD=99" "-DZMQ_BUILD_TESTS=OFF" "-DENABLE_DRAFTS=OFF" "-DENABLE_CURVE=ON" "-DCMAKE_BUILD_TYPE=Debug" "-DWITH_PERF_TOOL=OFF" "-DBUILD_SHARED=OFF" "-DBUILD_STATIC=ON" "-DWITH_LIBSODIUM=OFF" "-DCMAKE_INSTALL_PREFIX=/opt/rustwide/target/debug/build/zmq-sys-f8245468d7920dad/out" "-DCMAKE_C_FLAGS= -ffunction-sections -fdata-sections -fPIC -m64" "-DCMAKE_C_COMPILER=/usr/bin/cc" "-DCMAKE_CXX_FLAGS= -ffunction-sections -fdata-sections -fPIC -m64" "-DCMAKE_CXX_COMPILER=/usr/bin/c++" "-DCMAKE_ASM_FLAGS= -ffunction-sections -fdata-sections -fPIC -m64" "-DCMAKE_ASM_COMPILER=/usr/bin/cc"
[INFO] [stderr]   -- The C compiler identification is GNU 9.3.0
[INFO] [stderr]   -- The CXX compiler identification is GNU 9.3.0
[INFO] [stderr]   -- Check for working C compiler: /usr/bin/cc
[INFO] [stderr]   -- Check for working C compiler: /usr/bin/cc -- works
[INFO] [stderr]   -- Detecting C compiler ABI info
[INFO] [stderr]   -- Detecting C compiler ABI info - done
[INFO] [stderr]   -- Detecting C compile features
[INFO] [stderr]   -- Detecting C compile features - done
[INFO] [stderr]   -- Check for working CXX compiler: /usr/bin/c++
[INFO] [stderr]   -- Check for working CXX compiler: /usr/bin/c++ -- works
[INFO] [stderr]   -- Detecting CXX compiler ABI info
[INFO] [stderr]   -- Detecting CXX compiler ABI info - done
[INFO] [stderr]   -- Detecting CXX compile features
[INFO] [stderr]   -- Detecting CXX compile features - done
[INFO] [stderr]   -- Looking for pthread.h
[INFO] [stderr]   -- Looking for pthread.h - found
[INFO] [stderr]   -- Performing Test CMAKE_HAVE_LIBC_PTHREAD
[INFO] [stderr]   -- Performing Test CMAKE_HAVE_LIBC_PTHREAD - Failed
[INFO] [stderr]   -- Looking for pthread_create in pthreads
[INFO] [stderr]   -- Looking for pthread_create in pthreads - not found
[INFO] [stderr]   -- Looking for pthread_create in pthread
[INFO] [stderr]   -- Looking for pthread_create in pthread - found
[INFO] [stderr]   -- Found Threads: TRUE  
[INFO] [stderr]   -- Detected ZMQ Version - 4.3.2
[INFO] [stderr]   -- Performing Test COMPILER_SUPPORTS_CXX11
[INFO] [stderr]   -- Performing Test COMPILER_SUPPORTS_CXX11 - Success
[INFO] [stderr]   -- Performing Test COMPILER_SUPPORTS_C11
[INFO] [stderr]   -- Performing Test COMPILER_SUPPORTS_C11 - Success
[INFO] [stderr]   -- Performing Test CXX_HAS_TAUT_WARNING
[INFO] [stderr]   -- Performing Test CXX_HAS_TAUT_WARNING - Success
[INFO] [stderr]   -- Performing Test CC_HAS_TAUT_WARNING
[INFO] [stderr]   -- Performing Test CC_HAS_TAUT_WARNING - Success
[INFO] [stderr]   -- Using tweetnacl for CURVE security
[INFO] [stderr]   -- Looking for kqueue
[INFO] [stderr]   -- Looking for kqueue - not found
[INFO] [stderr]   -- Looking for epoll_create
[INFO] [stderr]   -- Looking for epoll_create - found
[INFO] [stderr]   -- Looking for epoll_create1
[INFO] [stderr]   -- Looking for epoll_create1 - found
[INFO] [stderr]   -- Using polling method in I/O threads: epoll
[INFO] [stderr]   -- Using polling method in zmq_poll(er)_* API: poll
[INFO] [stderr]   -- Using 64 bytes alignment for lock-free data structures
[INFO] [stderr]   -- Looking for include file windows.h
[INFO] [stderr]   -- Looking for include file windows.h - not found
[INFO] [stderr]   -- Looking for include file condition_variable
[INFO] [stderr]   -- Looking for include file condition_variable - found
[INFO] [stderr]   -- Using condition_variable_t implementation: stl11
[INFO] [stderr]   -- Looking for include file ifaddrs.h
[INFO] [stderr]   -- Looking for include file ifaddrs.h - found
[INFO] [stderr]   -- Looking for include file sys/uio.h
[INFO] [stderr]   -- Looking for include file sys/uio.h - found
[INFO] [stderr]   -- Looking for include file sys/eventfd.h
[INFO] [stderr]   -- Looking for include file sys/eventfd.h - found
[INFO] [stderr]   -- Checking whether EFD_CLOEXEC is supported
[INFO] [stderr]   -- Performing Test ZMQ_HAVE_EVENTFD_CLOEXEC
[INFO] [stderr]   -- Performing Test ZMQ_HAVE_EVENTFD_CLOEXEC - Success
[INFO] [stderr]   -- Looking for SO_PEERCRED
[INFO] [stderr]   -- Looking for SO_PEERCRED - found
[INFO] [stderr]   -- Looking for LOCAL_PEERCRED
[INFO] [stderr]   -- Looking for LOCAL_PEERCRED - not found
[INFO] [stderr]   -- Looking for clock_gettime
[INFO] [stderr]   -- Looking for clock_gettime - found
[INFO] [stderr]   -- Looking for fork
[INFO] [stderr]   -- Looking for fork - found
[INFO] [stderr]   -- Looking for gethrtimei
[INFO] [stderr]   -- Looking for gethrtimei - not found
[INFO] [stderr]   -- Looking for mkdtemp
[INFO] [stderr]   -- Looking for mkdtemp - found
[INFO] [stderr]   -- Looking for accept4
[INFO] [stderr]   -- Looking for accept4 - found
[INFO] [stderr]   -- Looking for strnlen
[INFO] [stderr]   -- Looking for strnlen - found
[INFO] [stderr]   -- Performing Test HAVE_FLAG_-Wall
[INFO] [stderr]   -- Performing Test HAVE_FLAG_-Wall - Failed
[INFO] [stderr]   -- Performing Test HAVE_FLAG_-Wextra
[INFO] [stderr]   -- Performing Test HAVE_FLAG_-Wextra - Failed
[INFO] [stderr]   -- Performing Test HAVE_FLAG_-Wno-long-long
[INFO] [stderr]   -- Performing Test HAVE_FLAG_-Wno-long-long - Failed
[INFO] [stderr]   -- Performing Test HAVE_FLAG_-Wno-uninitialized
[INFO] [stderr]   -- Performing Test HAVE_FLAG_-Wno-uninitialized - Failed
[INFO] [stderr]   -- Performing Test HAVE_FLAG_-pedantic
[INFO] [stderr]   -- Performing Test HAVE_FLAG_-pedantic - Failed
[INFO] [stderr]   -- Checking whether noexcept is supported
[INFO] [stderr]   -- Performing Test ZMQ_HAVE_NOEXCEPT
[INFO] [stderr]   -- Performing Test ZMQ_HAVE_NOEXCEPT - Success
[INFO] [stderr]   -- Checking whether SOCK_CLOEXEC is supported
[INFO] [stderr]   -- Performing Test ZMQ_HAVE_SOCK_CLOEXEC
[INFO] [stderr]   -- Performing Test ZMQ_HAVE_SOCK_CLOEXEC - Success
[INFO] [stderr]   -- Checking whether O_CLOEXEC is supported
[INFO] [stderr]   -- Performing Test ZMQ_HAVE_O_CLOEXEC
[INFO] [stderr]   -- Performing Test ZMQ_HAVE_O_CLOEXEC - Success
[INFO] [stderr]   -- Checking whether SO_BINDTODEVICE is supported
[INFO] [stderr]   -- Performing Test ZMQ_HAVE_SO_BINDTODEVICE
[INFO] [stderr]   -- Performing Test ZMQ_HAVE_SO_BINDTODEVICE - Success
[INFO] [stderr]   -- Checking whether SO_KEEPALIVE is supported
[INFO] [stderr]   -- Performing Test ZMQ_HAVE_SO_KEEPALIVE
[INFO] [stderr]   -- Performing Test ZMQ_HAVE_SO_KEEPALIVE - Success
[INFO] [stderr]   -- Checking whether TCP_KEEPCNT is supported
[INFO] [stderr]   -- Performing Test ZMQ_HAVE_TCP_KEEPCNT
[INFO] [stderr]   -- Performing Test ZMQ_HAVE_TCP_KEEPCNT - Success
[INFO] [stderr]   -- Checking whether TCP_KEEPIDLE is supported
[INFO] [stderr]   -- Performing Test ZMQ_HAVE_TCP_KEEPIDLE
[INFO] [stderr]   -- Performing Test ZMQ_HAVE_TCP_KEEPIDLE - Success
[INFO] [stderr]   -- Checking whether TCP_KEEPINTVL is supported
[INFO] [stderr]   -- Performing Test ZMQ_HAVE_TCP_KEEPINTVL
[INFO] [stderr]   -- Performing Test ZMQ_HAVE_TCP_KEEPINTVL - Success
[INFO] [stderr]   -- Checking whether TCP_KEEPALIVE is supported
[INFO] [stderr]   -- Performing Test ZMQ_HAVE_TCP_KEEPALIVE
[INFO] [stderr]   -- Performing Test ZMQ_HAVE_TCP_KEEPALIVE - Failed
[INFO] [stderr]   -- Checking whether TIPC is supported
[INFO] [stderr]   -- Performing Test ZMQ_HAVE_TIPC
[INFO] [stderr]   -- Performing Test ZMQ_HAVE_TIPC - Success
[INFO] [stderr]   -- Checking pthread_setname signature
[INFO] [stderr]   -- Performing Test ZMQ_HAVE_PTHREAD_SETNAME_1
[INFO] [stderr]   -- Performing Test ZMQ_HAVE_PTHREAD_SETNAME_1 - Failed
[INFO] [stderr]   -- Performing Test ZMQ_HAVE_PTHREAD_SETNAME_2
[INFO] [stderr]   -- Performing Test ZMQ_HAVE_PTHREAD_SETNAME_2 - Success
[INFO] [stderr]   -- Performing Test ZMQ_HAVE_PTHREAD_SETNAME_3
[INFO] [stderr]   -- Performing Test ZMQ_HAVE_PTHREAD_SETNAME_3 - Failed
[INFO] [stderr]   -- Performing Test ZMQ_HAVE_PTHREAD_SET_NAME
[INFO] [stderr]   -- Performing Test ZMQ_HAVE_PTHREAD_SET_NAME - Failed
[INFO] [stderr]   -- Checking pthread_setaffinity signature
[INFO] [stderr]   -- Performing Test ZMQ_HAVE_PTHREAD_SETAFFINITY
[INFO] [stderr]   -- Performing Test ZMQ_HAVE_PTHREAD_SETAFFINITY - Success
[INFO] [stderr]   -- Checking whether getrandom is supported
[INFO] [stderr]   -- Performing Test ZMQ_HAVE_GETRANDOM
[INFO] [stderr]   -- Performing Test ZMQ_HAVE_GETRANDOM - Success
[INFO] [stderr]   -- Could NOT find AsciiDoc (missing: ASCIIDOC_EXECUTABLE) 
[INFO] [stderr]   -- Configuring done
[INFO] [stderr]   -- Generating done
[INFO] [stderr]   -- Build files have been written to: /opt/rustwide/target/debug/build/zmq-sys-f8245468d7920dad/out/build
[INFO] [stderr]   running: "cmake" "--build" "." "--target" "install" "--config" "Debug" "--"
[INFO] [stderr]   Scanning dependencies of target objects
[INFO] [stderr]   [  1%] Building CXX object CMakeFiles/objects.dir/src/client.cpp.o
[INFO] [stderr]   [  2%] Building CXX object CMakeFiles/objects.dir/src/address.cpp.o
[INFO] [stderr]   [  3%] Building C object CMakeFiles/objects.dir/src/tweetnacl.c.o
[INFO] [stderr]   [  4%] Building CXX object CMakeFiles/objects.dir/src/precompiled.cpp.o
[INFO] [stderr]   [  5%] Building CXX object CMakeFiles/objects.dir/src/ctx.cpp.o
[INFO] [stderr]   [  6%] Building CXX object CMakeFiles/objects.dir/src/curve_mechanism_base.cpp.o
[INFO] [stderr]   [  7%] Building CXX object CMakeFiles/objects.dir/src/curve_client.cpp.o
[INFO] [stderr]   [  8%] Building CXX object CMakeFiles/objects.dir/src/dgram.cpp.o
[INFO] [stderr]   [  9%] Building CXX object CMakeFiles/objects.dir/src/clock.cpp.o
[INFO] [stderr]   [ 10%] Building CXX object CMakeFiles/objects.dir/src/dist.cpp.o
[INFO] [stderr]   [ 11%] Building CXX object CMakeFiles/objects.dir/src/dealer.cpp.o
[INFO] [stderr]   [ 12%] Building CXX object CMakeFiles/objects.dir/src/curve_server.cpp.o
[INFO] [stderr]   [ 13%] Building CXX object CMakeFiles/objects.dir/src/endpoint.cpp.o
[INFO] [stderr]   [ 14%] Building CXX object CMakeFiles/objects.dir/src/devpoll.cpp.o
[INFO] [stderr]   [ 15%] Building CXX object CMakeFiles/objects.dir/src/fq.cpp.o
[INFO] [stderr]   [ 16%] Building CXX object CMakeFiles/objects.dir/src/err.cpp.o
[INFO] [stderr]   [ 17%] Building CXX object CMakeFiles/objects.dir/src/epoll.cpp.o
[INFO] [stderr]   [ 18%] Building CXX object CMakeFiles/objects.dir/src/io_object.cpp.o
[INFO] [stderr]   [ 19%] Building CXX object CMakeFiles/objects.dir/src/ip.cpp.o
[INFO] [stderr]   [ 20%] Building CXX object CMakeFiles/objects.dir/src/io_thread.cpp.o
[INFO] [stderr]   [ 21%] Building CXX object CMakeFiles/objects.dir/src/ipc_address.cpp.o
[INFO] [stderr]   [ 22%] Building CXX object CMakeFiles/objects.dir/src/lb.cpp.o
[INFO] [stderr]   [ 23%] Building CXX object CMakeFiles/objects.dir/src/ipc_listener.cpp.o
[INFO] [stderr]   [ 24%] Building CXX object CMakeFiles/objects.dir/src/ipc_connecter.cpp.o
[INFO] [stderr]   [ 25%] Building CXX object CMakeFiles/objects.dir/src/mailbox_safe.cpp.o
[INFO] [stderr]   [ 26%] Building CXX object CMakeFiles/objects.dir/src/kqueue.cpp.o
[INFO] [stderr]   [ 27%] Building CXX object CMakeFiles/objects.dir/src/metadata.cpp.o
[INFO] [stderr]   [ 28%] Building CXX object CMakeFiles/objects.dir/src/mechanism_base.cpp.o
[INFO] [stderr]   [ 30%] Building CXX object CMakeFiles/objects.dir/src/norm_engine.cpp.o
[INFO] [stderr]   [ 31%] Building CXX object CMakeFiles/objects.dir/src/mtrie.cpp.o
[INFO] [stderr]   [ 31%] Building CXX object CMakeFiles/objects.dir/src/msg.cpp.o
[INFO] [stderr]   [ 31%] Building CXX object CMakeFiles/objects.dir/src/mechanism.cpp.o
[INFO] [stderr]   [ 32%] Building CXX object CMakeFiles/objects.dir/src/mailbox.cpp.o
[INFO] [stderr]   [ 33%] Building CXX object CMakeFiles/objects.dir/src/object.cpp.o
[INFO] [stderr]   [ 34%] Building CXX object CMakeFiles/objects.dir/src/own.cpp.o
[INFO] [stderr]   [ 35%] Building CXX object CMakeFiles/objects.dir/src/pair.cpp.o
[INFO] [stderr]   [ 36%] Building CXX object CMakeFiles/objects.dir/src/null_mechanism.cpp.o
[INFO] [stderr]   [ 37%] Building CXX object CMakeFiles/objects.dir/src/options.cpp.o
[INFO] [stderr]   [ 38%] Building CXX object CMakeFiles/objects.dir/src/plain_client.cpp.o
[INFO] [stderr]   [ 39%] Building CXX object CMakeFiles/objects.dir/src/pipe.cpp.o
[INFO] [stderr]   [ 40%] Building CXX object CMakeFiles/objects.dir/src/pgm_sender.cpp.o
[INFO] [stderr]   [ 42%] Building CXX object CMakeFiles/objects.dir/src/pgm_receiver.cpp.o
[INFO] [stderr]   [ 41%] Building CXX object CMakeFiles/objects.dir/src/plain_server.cpp.o
[INFO] [stderr]   [ 43%] Building CXX object CMakeFiles/objects.dir/src/poll.cpp.o
[INFO] [stderr]   [ 44%] Building CXX object CMakeFiles/objects.dir/src/poller_base.cpp.o
[INFO] [stderr]   [ 45%] Building CXX object CMakeFiles/objects.dir/src/pgm_socket.cpp.o
[INFO] [stderr]   [ 46%] Building CXX object CMakeFiles/objects.dir/src/polling_util.cpp.o
[INFO] [stderr]   [ 47%] Building CXX object CMakeFiles/objects.dir/src/proxy.cpp.o
[INFO] [stderr]   [ 48%] Building CXX object CMakeFiles/objects.dir/src/push.cpp.o
[INFO] [stderr]   [ 49%] Building CXX object CMakeFiles/objects.dir/src/pollset.cpp.o
[INFO] [stderr]   [ 50%] Building CXX object CMakeFiles/objects.dir/src/pull.cpp.o
[INFO] [stderr]   [ 51%] Building CXX object CMakeFiles/objects.dir/src/pub.cpp.o
[INFO] [stderr]   [ 52%] Building CXX object CMakeFiles/objects.dir/src/raw_encoder.cpp.o
[INFO] [stderr]   [ 53%] Building CXX object CMakeFiles/objects.dir/src/random.cpp.o
[INFO] [stderr]   [ 54%] Building CXX object CMakeFiles/objects.dir/src/raw_decoder.cpp.o
[INFO] [stderr]   [ 55%] Building CXX object CMakeFiles/objects.dir/src/reaper.cpp.o
[INFO] [stderr]   [ 56%] Building CXX object CMakeFiles/objects.dir/src/req.cpp.o
[INFO] [stderr]   [ 57%] Building CXX object CMakeFiles/objects.dir/src/router.cpp.o
[INFO] [stderr]   [ 58%] Building CXX object CMakeFiles/objects.dir/src/select.cpp.o
[INFO] [stderr]   [ 59%] Building CXX object CMakeFiles/objects.dir/src/server.cpp.o
[INFO] [stderr]   [ 60%] Building CXX object CMakeFiles/objects.dir/src/session_base.cpp.o
[INFO] [stderr]   [ 61%] Building CXX object CMakeFiles/objects.dir/src/rep.cpp.o
[INFO] [stderr]   [ 62%] Building CXX object CMakeFiles/objects.dir/src/socket_base.cpp.o
[INFO] [stderr]   [ 63%] Building CXX object CMakeFiles/objects.dir/src/signaler.cpp.o
[INFO] [stderr]   [ 63%] Building CXX object CMakeFiles/objects.dir/src/socks_connecter.cpp.o
[INFO] [stderr]   [ 64%] Building CXX object CMakeFiles/objects.dir/src/socks.cpp.o
[INFO] [stderr]   [ 65%] Building CXX object CMakeFiles/objects.dir/src/stream.cpp.o
[INFO] [stderr]   [ 66%] Building CXX object CMakeFiles/objects.dir/src/tcp.cpp.o
[INFO] [stderr]   [ 67%] Building CXX object CMakeFiles/objects.dir/src/stream_engine.cpp.o
[INFO] [stderr]   [ 68%] Building CXX object CMakeFiles/objects.dir/src/tcp_connecter.cpp.o
[INFO] [stderr]   [ 69%] Building CXX object CMakeFiles/objects.dir/src/sub.cpp.o
[INFO] [stderr]   [ 70%] Building CXX object CMakeFiles/objects.dir/src/thread.cpp.o
[INFO] [stderr]   [ 71%] Building CXX object CMakeFiles/objects.dir/src/tcp_listener.cpp.o
[INFO] [stderr]   [ 72%] Building CXX object CMakeFiles/objects.dir/src/tcp_address.cpp.o
[INFO] [stderr]   [ 73%] Building CXX object CMakeFiles/objects.dir/src/trie.cpp.o
[INFO] [stderr]   [ 74%] Building CXX object CMakeFiles/objects.dir/src/v1_decoder.cpp.o
[INFO] [stderr]   [ 75%] Building CXX object CMakeFiles/objects.dir/src/radix_tree.cpp.o
[INFO] [stderr]   [ 76%] Building CXX object CMakeFiles/objects.dir/src/v1_encoder.cpp.o
[INFO] [stderr]   [ 77%] Building CXX object CMakeFiles/objects.dir/src/v2_decoder.cpp.o
[INFO] [stderr]   [ 78%] Building CXX object CMakeFiles/objects.dir/src/v2_encoder.cpp.o
[INFO] [stderr]   [ 79%] Building CXX object CMakeFiles/objects.dir/src/xpub.cpp.o
[INFO] [stderr]   [ 80%] Building CXX object CMakeFiles/objects.dir/src/zmq.cpp.o
[INFO] [stderr]   [ 81%] Building CXX object CMakeFiles/objects.dir/src/xsub.cpp.o
[INFO] [stderr]   [ 82%] Building CXX object CMakeFiles/objects.dir/src/zmq_utils.cpp.o
[INFO] [stderr]   [ 83%] Building CXX object CMakeFiles/objects.dir/src/socket_poller.cpp.o
[INFO] [stderr]   [ 84%] Building CXX object CMakeFiles/objects.dir/src/decoder_allocators.cpp.o
[INFO] [stderr] 
[INFO] [stderr]   --- stderr
[INFO] [stderr]   CMake Warning:
[INFO] [stderr]     Manually-specified variables were not used by the project:
[INFO] [stderr] 
[INFO] [stderr]       CMAKE_ASM_COMPILER
[INFO] [stderr]       CMAKE_ASM_FLAGS
[INFO] [stderr] 
[INFO] [stderr] 
[INFO] [stderr]   c++: fatal error: Killed signal terminated program cc1plus
[INFO] [stderr]   compilation terminated.
[INFO] [stderr]   make[2]: *** [CMakeFiles/objects.dir/build.make:492: CMakeFiles/objects.dir/src/object.cpp.o] Error 1
[INFO] [stderr]   make[2]: *** Waiting for unfinished jobs....
[INFO] [stderr]   c++: fatal error: Killed signal terminated program cc1plus
[INFO] [stderr]   compilation terminated.
[INFO] [stderr]   make[2]: *** [CMakeFiles/objects.dir/build.make:518: CMakeFiles/objects.dir/src/own.cpp.o] Error 1
[INFO] [stderr]   c++: fatal error: Killed signal terminated program cc1plus
[INFO] [stderr]   compilation terminated.
[INFO] [stderr]   make[2]: *** [CMakeFiles/objects.dir/build.make:726: CMakeFiles/objects.dir/src/push.cpp.o] Error 1
[INFO] [stderr]   c++: fatal error: Killed signal terminated program cc1plus
[INFO] [stderr]   compilation terminated.
[INFO] [stderr]   make[2]: *** [CMakeFiles/objects.dir/build.make:986: CMakeFiles/objects.dir/src/tcp_connecter.cpp.o] Error 1
[INFO] [stderr]   c++: fatal error: Killed signal terminated program cc1plus
[INFO] [stderr]   compilation terminated.
[INFO] [stderr]   c++: fatal error: Killed signal terminated program cc1plus
[INFO] [stderr]   compilation terminated.
[INFO] [stderr]   make[2]: *** [CMakeFiles/objects.dir/build.make:167: CMakeFiles/objects.dir/src/curve_server.cpp.o] Error 1
[INFO] [stderr]   make[2]: *** [CMakeFiles/objects.dir/build.make:544: CMakeFiles/objects.dir/src/pair.cpp.o] Error 1
[INFO] [stderr]   c++: fatal error: Killed signal terminated program cc1plus
[INFO] [stderr]   compilation terminated.
[INFO] [stderr]   make[2]: *** [CMakeFiles/objects.dir/build.make:856: CMakeFiles/objects.dir/src/session_base.cpp.o] Error 1
[INFO] [stderr]   c++: fatal error: Killed signal terminated program cc1plus
[INFO] [stderr]   compilation terminated.
[INFO] [stderr]   make[2]: *** [CMakeFiles/objects.dir/build.make:245: CMakeFiles/objects.dir/src/epoll.cpp.o] Error 1
[INFO] [stderr]   c++: fatal error: Killed signal terminated program cc1plus
[INFO] [stderr]   compilation terminated.
[INFO] [stderr]   make[2]: *** [CMakeFiles/objects.dir/build.make:687: CMakeFiles/objects.dir/src/proxy.cpp.o] Error 1
[INFO] [stderr]   c++: fatal error: Killed signal terminated program cc1plus
[INFO] [stderr]   compilation terminated.
[INFO] [stderr]   make[2]: *** [CMakeFiles/objects.dir/build.make:154: CMakeFiles/objects.dir/src/curve_client.cpp.o] Error 1
[INFO] [stderr]   c++: fatal error: Killed signal terminated program cc1plus
[INFO] [stderr]   compilation terminated.
[INFO] [stderr]   make[2]: *** [CMakeFiles/objects.dir/build.make:284: CMakeFiles/objects.dir/src/io_object.cpp.o] Error 1
[INFO] [stderr]   c++: fatal error: Killed signal terminated program cc1plus
[INFO] [stderr]   compilation terminated.
[INFO] [stderr]   make[2]: *** [CMakeFiles/objects.dir/build.make:375: CMakeFiles/objects.dir/src/lb.cpp.o] Error 1
[INFO] [stderr]   c++: fatal error: Killed signal terminated program cc1plus
[INFO] [stderr]   compilation terminated.
[INFO] [stderr]   make[2]: *** [CMakeFiles/objects.dir/build.make:297: CMakeFiles/objects.dir/src/io_thread.cpp.o] Error 1
[INFO] [stderr]   c++: fatal error: Killed signal terminated program cc1plus
[INFO] [stderr]   compilation terminated.
[INFO] [stderr]   make[2]: *** [CMakeFiles/objects.dir/build.make:609: CMakeFiles/objects.dir/src/plain_client.cpp.o] Error 1
[INFO] [stderr]   c++: fatal error: Killed signal terminated program cc1plus
[INFO] [stderr]   compilation terminated.
[INFO] [stderr]   make[2]: *** [CMakeFiles/objects.dir/build.make:648: CMakeFiles/objects.dir/src/poller_base.cpp.o] Error 1
[INFO] [stderr]   c++: fatal error: Killed signal terminated program cc1plus
[INFO] [stderr]   compilation terminated.
[INFO] [stderr]   make[2]: *** [CMakeFiles/objects.dir/build.make:843: CMakeFiles/objects.dir/src/server.cpp.o] Error 1
[INFO] [stderr]   c++: fatal error: Killed signal terminated program cc1plus
[INFO] [stderr]   compilation terminated.
[INFO] [stderr]   make[2]: *** [CMakeFiles/objects.dir/build.make:141: CMakeFiles/objects.dir/src/curve_mechanism_base.cpp.o] Error 1
[INFO] [stderr]   c++: fatal error: Killed signal terminated program cc1plus
[INFO] [stderr]   compilation terminated.
[INFO] [stderr]   make[2]: *** [CMakeFiles/objects.dir/build.make:102: CMakeFiles/objects.dir/src/client.cpp.o] Error 1
[INFO] [stderr]   c++: fatal error: Killed signal terminated program cc1plus
[INFO] [stderr]   compilation terminated.
[INFO] [stderr]   make[2]: *** [CMakeFiles/objects.dir/build.make:700: CMakeFiles/objects.dir/src/pub.cpp.o] Error 1
[INFO] [stderr]   make[1]: *** [CMakeFiles/Makefile2:189: CMakeFiles/objects.dir/all] Error 2
[INFO] [stderr]   make: *** [Makefile:130: all] Error 2
[INFO] [stderr]   thread 'main' panicked at '
[INFO] [stderr]   command did not execute successfully, got: exit status: 2
[INFO] [stderr] 
[INFO] [stderr]   build script failed, must exit now', /opt/rustwide/cargo-home/registry/src/github.com-1ecc6299db9ec823/cmake-0.1.45/src/lib.rs:894:5
[INFO] [stderr]   stack backtrace:
[INFO] [stderr]      0:     0x55782f1e236c - std::backtrace_rs::backtrace::libunwind::trace::h51faa62df48810e4
[INFO] [stderr]                                  at /rustc/58268ff091703ace98c3c2a8c5f2fb2c3aecace2/library/std/src/../../backtrace/src/backtrace/libunwind.rs:90:5
[INFO] [stderr]      1:     0x55782f1e236c - std::backtrace_rs::backtrace::trace_unsynchronized::h91de4d8e16d607e4
[INFO] [stderr]                                  at /rustc/58268ff091703ace98c3c2a8c5f2fb2c3aecace2/library/std/src/../../backtrace/src/backtrace/mod.rs:66:5
[INFO] [stderr]      2:     0x55782f1e236c - std::sys_common::backtrace::_print_fmt::h71b0935f97e4322c
[INFO] [stderr]                                  at /rustc/58268ff091703ace98c3c2a8c5f2fb2c3aecace2/library/std/src/sys_common/backtrace.rs:67:5
[INFO] [stderr]      3:     0x55782f1e236c - <std::sys_common::backtrace::_print::DisplayBacktrace as core::fmt::Display>::fmt::h9a78218788c14e18
[INFO] [stderr]                                  at /rustc/58268ff091703ace98c3c2a8c5f2fb2c3aecace2/library/std/src/sys_common/backtrace.rs:46:22
[INFO] [stderr]      4:     0x55782f20317c - core::fmt::write::h3381b3176fe2b3d3
[INFO] [stderr]                                  at /rustc/58268ff091703ace98c3c2a8c5f2fb2c3aecace2/library/core/src/fmt/mod.rs:1150:17
[INFO] [stderr]      5:     0x55782f1ded65 - std::io::Write::write_fmt::h1d5220480c7a2437
[INFO] [stderr]                                  at /rustc/58268ff091703ace98c3c2a8c5f2fb2c3aecace2/library/std/src/io/mod.rs:1667:15
[INFO] [stderr]      6:     0x55782f1e4440 - std::sys_common::backtrace::_print::h4b77abc4d907ed0e
[INFO] [stderr]                                  at /rustc/58268ff091703ace98c3c2a8c5f2fb2c3aecace2/library/std/src/sys_common/backtrace.rs:49:5
[INFO] [stderr]      7:     0x55782f1e4440 - std::sys_common::backtrace::print::hb170c60b542377ad
[INFO] [stderr]                                  at /rustc/58268ff091703ace98c3c2a8c5f2fb2c3aecace2/library/std/src/sys_common/backtrace.rs:36:9
[INFO] [stderr]      8:     0x55782f1e4440 - std::panicking::default_hook::{{closure}}::h12bbda9af8901ee3
[INFO] [stderr]                                  at /rustc/58268ff091703ace98c3c2a8c5f2fb2c3aecace2/library/std/src/panicking.rs:210:50
[INFO] [stderr]      9:     0x55782f1e3ff7 - std::panicking::default_hook::h8c6c66d3f3ba6768
[INFO] [stderr]                                  at /rustc/58268ff091703ace98c3c2a8c5f2fb2c3aecace2/library/std/src/panicking.rs:227:9
[INFO] [stderr]     10:     0x55782f1e4af4 - std::panicking::rust_panic_with_hook::h36f2fa0bb09f4069
[INFO] [stderr]                                  at /rustc/58268ff091703ace98c3c2a8c5f2fb2c3aecace2/library/std/src/panicking.rs:624:17
[INFO] [stderr]     11:     0x55782f1e45d0 - std::panicking::begin_panic_handler::{{closure}}::h9c42b65a42d06a7a
[INFO] [stderr]                                  at /rustc/58268ff091703ace98c3c2a8c5f2fb2c3aecace2/library/std/src/panicking.rs:521:13
[INFO] [stderr]     12:     0x55782f1e2834 - std::sys_common::backtrace::__rust_end_short_backtrace::hc791bddfe31e532c
[INFO] [stderr]                                  at /rustc/58268ff091703ace98c3c2a8c5f2fb2c3aecace2/library/std/src/sys_common/backtrace.rs:141:18
[INFO] [stderr]     13:     0x55782f1e4539 - rust_begin_unwind
[INFO] [stderr]                                  at /rustc/58268ff091703ace98c3c2a8c5f2fb2c3aecace2/library/std/src/panicking.rs:517:5
[INFO] [stderr]     14:     0x55782f159b6b - std::panicking::begin_panic_fmt::h32ac317c038a272d
[INFO] [stderr]                                  at /rustc/58268ff091703ace98c3c2a8c5f2fb2c3aecace2/library/std/src/panicking.rs:460:5
[INFO] [stderr]     15:     0x55782f16806b - cmake::fail::h0016b7771f7f17b9
[INFO] [stderr]                                  at /opt/rustwide/cargo-home/registry/src/github.com-1ecc6299db9ec823/cmake-0.1.45/src/lib.rs:894:5
[INFO] [stderr]     16:     0x55782f167a89 - cmake::run::h07d9b4a6c218741f
[INFO] [stderr]                                  at /opt/rustwide/cargo-home/registry/src/github.com-1ecc6299db9ec823/cmake-0.1.45/src/lib.rs:872:9
[INFO] [stderr]     17:     0x55782f16553c - cmake::Config::build::h90e1892fd147fdd8
[INFO] [stderr]                                  at /opt/rustwide/cargo-home/registry/src/github.com-1ecc6299db9ec823/cmake-0.1.45/src/lib.rs:778:9
[INFO] [stderr]     18:     0x55782f15cd4f - zeromq_src::Build::build::ha6262d74b0322914
[INFO] [stderr]                                  at /opt/rustwide/cargo-home/registry/src/github.com-1ecc6299db9ec823/zeromq-src-0.1.10+4.3.2/src/lib.rs:314:23
[INFO] [stderr]     19:     0x55782f15b249 - build_script_main::find::configure::hdf3e46c9ff5a3b72
[INFO] [stderr]                                  at /opt/rustwide/cargo-home/registry/src/github.com-1ecc6299db9ec823/zmq-sys-0.11.0/build/vendored.rs:9:21
[INFO] [stderr]     20:     0x55782f15aee6 - build_script_main::main::h7ddf624ddbe41d38
[INFO] [stderr]                                  at /opt/rustwide/cargo-home/registry/src/github.com-1ecc6299db9ec823/zmq-sys-0.11.0/build/main.rs:6:5
[INFO] [stderr]     21:     0x55782f15af8b - core::ops::function::FnOnce::call_once::hbe41fb1d97e4d214
[INFO] [stderr]                                  at /rustc/58268ff091703ace98c3c2a8c5f2fb2c3aecace2/library/core/src/ops/function.rs:227:5
[INFO] [stderr]     22:     0x55782f15aaee - std::sys_common::backtrace::__rust_begin_short_backtrace::h49649e757192f527
[INFO] [stderr]                                  at /rustc/58268ff091703ace98c3c2a8c5f2fb2c3aecace2/library/std/src/sys_common/backtrace.rs:125:18
[INFO] [stderr]     23:     0x55782f15aec1 - std::rt::lang_start::{{closure}}::h003f8939d04b459f
[INFO] [stderr]                                  at /rustc/58268ff091703ace98c3c2a8c5f2fb2c3aecace2/library/std/src/rt.rs:63:18
[INFO] [stderr]     24:     0x55782f1e4ffa - core::ops::function::impls::<impl core::ops::function::FnOnce<A> for &F>::call_once::hc590b210ed55e22f
[INFO] [stderr]                                  at /rustc/58268ff091703ace98c3c2a8c5f2fb2c3aecace2/library/core/src/ops/function.rs:259:13
[INFO] [stderr]     25:     0x55782f1e4ffa - std::panicking::try::do_call::h5f0600b7a33ea1af
[INFO] [stderr]                                  at /rustc/58268ff091703ace98c3c2a8c5f2fb2c3aecace2/library/std/src/panicking.rs:403:40
[INFO] [stderr]     26:     0x55782f1e4ffa - std::panicking::try::he15826df0f376a33
[INFO] [stderr]                                  at /rustc/58268ff091703ace98c3c2a8c5f2fb2c3aecace2/library/std/src/panicking.rs:367:19
[INFO] [stderr]     27:     0x55782f1e4ffa - std::panic::catch_unwind::hd8af3a578b6b4c86
[INFO] [stderr]                                  at /rustc/58268ff091703ace98c3c2a8c5f2fb2c3aecace2/library/std/src/panic.rs:129:14
[INFO] [stderr]     28:     0x55782f1e4ffa - std::rt::lang_start_internal::{{closure}}::h301d1329324ae1f0
[INFO] [stderr]                                  at /rustc/58268ff091703ace98c3c2a8c5f2fb2c3aecace2/library/std/src/rt.rs:45:48
[INFO] [stderr]     29:     0x55782f1e4ffa - std::panicking::try::do_call::h941e8fdb0bd03655
[INFO] [stderr]                                  at /rustc/58268ff091703ace98c3c2a8c5f2fb2c3aecace2/library/std/src/panicking.rs:403:40
[INFO] [stderr]     30:     0x55782f1e4ffa - std::panicking::try::ha20a77bf65530f63
[INFO] [stderr]                                  at /rustc/58268ff091703ace98c3c2a8c5f2fb2c3aecace2/library/std/src/panicking.rs:367:19
[INFO] [stderr]     31:     0x55782f1e4ffa - std::panic::catch_unwind::h33afc061cc69ef90
[INFO] [stderr]                                  at /rustc/58268ff091703ace98c3c2a8c5f2fb2c3aecace2/library/std/src/panic.rs:129:14
[INFO] [stderr]     32:     0x55782f1e4ffa - std::rt::lang_start_internal::hc05c244593147106
[INFO] [stderr]                                  at /rustc/58268ff091703ace98c3c2a8c5f2fb2c3aecace2/library/std/src/rt.rs:45:20
[INFO] [stderr]     33:     0x55782f15ae90 - std::rt::lang_start::h7a39aaedabd87ddf
[INFO] [stderr]                                  at /rustc/58268ff091703ace98c3c2a8c5f2fb2c3aecace2/library/std/src/rt.rs:62:5
[INFO] [stderr]     34:     0x55782f15af0c - main
[INFO] [stderr]     35:     0x7f896f13c0b3 - __libc_start_main
[INFO] [stderr]     36:     0x55782f15aa1e - _start
[INFO] [stderr]     37:                0x0 - <unknown>
[INFO] running `Command { std: "docker" "inspect" "26651b22cb268494f33aeb9b765fcb56b7d9c13d5441c2d3a0d21a4552c60e2b", kill_on_drop: false }`
[INFO] running `Command { std: "docker" "rm" "-f" "26651b22cb268494f33aeb9b765fcb56b7d9c13d5441c2d3a0d21a4552c60e2b", kill_on_drop: false }`
[INFO] [stdout] 26651b22cb268494f33aeb9b765fcb56b7d9c13d5441c2d3a0d21a4552c60e2b
