[INFO] cloning repository https://github.com/ericgroom/advent2019
[INFO] running `Command { std: "git" "-c" "credential.helper=" "-c" "credential.helper=/workspace/cargo-home/bin/git-credential-null" "clone" "--bare" "https://github.com/ericgroom/advent2019" "/workspace/cache/git-repos/https%3A%2F%2Fgithub.com%2Fericgroom%2Fadvent2019", kill_on_drop: false }`
[INFO] [stderr] Cloning into bare repository '/workspace/cache/git-repos/https%3A%2F%2Fgithub.com%2Fericgroom%2Fadvent2019'...
[INFO] running `Command { std: "git" "rev-parse" "HEAD", kill_on_drop: false }`
[INFO] [stdout] 39718319bece024040976677f9bdd5ab3a313e70
[INFO] checking ericgroom/advent2019 against beta-2021-10-15 for beta-1.56-3
[INFO] running `Command { std: "git" "clone" "/workspace/cache/git-repos/https%3A%2F%2Fgithub.com%2Fericgroom%2Fadvent2019" "/workspace/builds/worker-88/source", kill_on_drop: false }`
[INFO] [stderr] Cloning into '/workspace/builds/worker-88/source'...
[INFO] [stderr] done.
[INFO] validating manifest of git repo https://github.com/ericgroom/advent2019 on toolchain beta-2021-10-15
[INFO] running `Command { std: "/workspace/cargo-home/bin/cargo" "+beta-2021-10-15" "metadata" "--manifest-path" "Cargo.toml" "--no-deps", kill_on_drop: false }`
[INFO] started tweaking git repo https://github.com/ericgroom/advent2019
[INFO] finished tweaking git repo https://github.com/ericgroom/advent2019
[INFO] tweaked toml for git repo https://github.com/ericgroom/advent2019 written to /workspace/builds/worker-88/source/Cargo.toml
[INFO] crate git repo https://github.com/ericgroom/advent2019 already has a lockfile, it will not be regenerated
[INFO] running `Command { std: "/workspace/cargo-home/bin/cargo" "+beta-2021-10-15" "fetch" "--manifest-path" "Cargo.toml", kill_on_drop: false }`
[INFO] [stderr]     Blocking waiting for file lock on package cache
[INFO] [stderr]     Blocking waiting for file lock on package cache
[INFO] running `Command { std: "docker" "create" "-v" "/var/lib/crater-agent-workspace/builds/worker-88/target:/opt/rustwide/target:rw,Z" "-v" "/var/lib/crater-agent-workspace/builds/worker-88/source:/opt/rustwide/workdir:ro,Z" "-v" "/var/lib/crater-agent-workspace/cargo-home:/opt/rustwide/cargo-home:ro,Z" "-v" "/var/lib/crater-agent-workspace/rustup-home:/opt/rustwide/rustup-home:ro,Z" "-e" "SOURCE_DIR=/opt/rustwide/workdir" "-e" "CARGO_TARGET_DIR=/opt/rustwide/target" "-e" "CARGO_HOME=/opt/rustwide/cargo-home" "-e" "RUSTUP_HOME=/opt/rustwide/rustup-home" "-w" "/opt/rustwide/workdir" "-m" "1610612736" "--user" "0:0" "--network" "none" "ghcr.io/rust-lang/crates-build-env/linux@sha256:a89201d6b5b9fd45c15d5952ece0a0129e7e80cb26ec023fd59cf09bc26f1604" "/opt/rustwide/cargo-home/bin/cargo" "+beta-2021-10-15" "metadata" "--no-deps" "--format-version=1", kill_on_drop: false }`
[INFO] [stdout] 78fb35cc41037823aeabf1ab6e43402833b219ba999bafddb3884e60401b8f47
[INFO] running `Command { std: "docker" "start" "-a" "78fb35cc41037823aeabf1ab6e43402833b219ba999bafddb3884e60401b8f47", kill_on_drop: false }`
[INFO] running `Command { std: "docker" "inspect" "78fb35cc41037823aeabf1ab6e43402833b219ba999bafddb3884e60401b8f47", kill_on_drop: false }`
[INFO] running `Command { std: "docker" "rm" "-f" "78fb35cc41037823aeabf1ab6e43402833b219ba999bafddb3884e60401b8f47", kill_on_drop: false }`
[INFO] [stdout] 78fb35cc41037823aeabf1ab6e43402833b219ba999bafddb3884e60401b8f47
[INFO] running `Command { std: "docker" "create" "-v" "/var/lib/crater-agent-workspace/builds/worker-88/target:/opt/rustwide/target:rw,Z" "-v" "/var/lib/crater-agent-workspace/builds/worker-88/source:/opt/rustwide/workdir:ro,Z" "-v" "/var/lib/crater-agent-workspace/cargo-home:/opt/rustwide/cargo-home:ro,Z" "-v" "/var/lib/crater-agent-workspace/rustup-home:/opt/rustwide/rustup-home:ro,Z" "-e" "SOURCE_DIR=/opt/rustwide/workdir" "-e" "CARGO_TARGET_DIR=/opt/rustwide/target" "-e" "CARGO_INCREMENTAL=0" "-e" "RUST_BACKTRACE=full" "-e" "RUSTFLAGS=--cap-lints=warn" "-e" "CARGO_HOME=/opt/rustwide/cargo-home" "-e" "RUSTUP_HOME=/opt/rustwide/rustup-home" "-w" "/opt/rustwide/workdir" "-m" "1610612736" "--user" "0:0" "--network" "none" "ghcr.io/rust-lang/crates-build-env/linux@sha256:a89201d6b5b9fd45c15d5952ece0a0129e7e80cb26ec023fd59cf09bc26f1604" "/opt/rustwide/cargo-home/bin/cargo" "+beta-2021-10-15" "check" "--frozen" "--all" "--all-targets" "--message-format=json", kill_on_drop: false }`
[INFO] [stdout] 0b4ead85109cfa692bc8afb17deafeb89894ad19a7f907d1347b471084c8ecc9
[INFO] running `Command { std: "docker" "start" "-a" "0b4ead85109cfa692bc8afb17deafeb89894ad19a7f907d1347b471084c8ecc9", kill_on_drop: false }`
[INFO] [stderr]     Blocking waiting for file lock on package cache
[INFO] [stderr]    Compiling libc v0.2.66
[INFO] [stderr]     Checking intcode_computer v0.1.0 (/opt/rustwide/workdir/intcode_computer)
[INFO] [stderr]    Compiling anyhow v1.0.25
[INFO] [stderr]     Checking intcode_assembler v0.1.0 (/opt/rustwide/workdir/intcode_assembler)
[INFO] [stderr]     Checking advent2019 v0.1.0 (/opt/rustwide/workdir/advent2019)
[INFO] [stdout] warning: unnecessary parentheses around assigned value
[INFO] [stdout]    --> advent2019/src/day17.rs:118:12
[INFO] [stdout]     |
[INFO] [stdout] 118 |     sum += (intersection.x * intersection.y);
[INFO] [stdout]     |            ^^^^^^^^^^^^^^^^^^^^^^^^^^^^^^^^^ help: remove these parentheses
[INFO] [stdout]     |
[INFO] [stdout]     = note: `#[warn(unused_parens)]` on by default
[INFO] [stdout] 
[INFO] [stdout] 
[INFO] [stdout] warning: unnecessary parentheses around assigned value
[INFO] [stdout]    --> advent2019/src/day17.rs:118:12
[INFO] [stdout]     |
[INFO] [stdout] 118 |     sum += (intersection.x * intersection.y);
[INFO] [stdout]     |            ^^^^^^^^^^^^^^^^^^^^^^^^^^^^^^^^^ help: remove these parentheses
[INFO] [stdout]     |
[INFO] [stdout]     = note: `#[warn(unused_parens)]` on by default
[INFO] [stdout] 
[INFO] [stdout] 
[INFO] [stderr]     Checking atty v0.2.13
[INFO] [stdout] warning: associated function is never used: `new`
[INFO] [stdout]   --> advent2019/src/day16.rs:12:8
[INFO] [stdout]    |
[INFO] [stdout] 12 |     fn new(subsequnce_length: usize) -> PatternIter {
[INFO] [stdout]    |        ^^^
[INFO] [stdout]    |
[INFO] [stdout]    = note: `#[warn(dead_code)]` on by default
[INFO] [stdout] 
[INFO] [stdout] 
[INFO] [stdout] warning: associated function is never used: `manhattan`
[INFO] [stdout]   --> advent2019/src/utils/geometry.rs:17:12
[INFO] [stdout]    |
[INFO] [stdout] 17 |     pub fn manhattan(&self, other: &Self) -> i32 {
[INFO] [stdout]    |            ^^^^^^^^^
[INFO] [stdout] 
[INFO] [stdout] 
[INFO] [stdout] warning: 3 warnings emitted
[INFO] [stdout] 
[INFO] [stdout] 
[INFO] [stderr]     Checking clap v2.33.0
[INFO] [stdout] warning: associated function is never used: `manhattan`
[INFO] [stdout]   --> advent2019/src/utils/geometry.rs:17:12
[INFO] [stdout]    |
[INFO] [stdout] 17 |     pub fn manhattan(&self, other: &Self) -> i32 {
[INFO] [stdout]    |            ^^^^^^^^^
[INFO] [stdout]    |
[INFO] [stdout]    = note: `#[warn(dead_code)]` on by default
[INFO] [stdout] 
[INFO] [stdout] 
[INFO] [stdout] warning: 2 warnings emitted
[INFO] [stdout] 
[INFO] [stdout] 
[INFO] [stderr]     Checking intcode_cli v0.1.0 (/opt/rustwide/workdir/intcode_cli)
[INFO] [stdout] error[E0061]: this function takes 1 argument but 2 arguments were supplied
[INFO] [stdout]   --> intcode_cli/src/main.rs:74:20
[INFO] [stdout]    |
[INFO] [stdout] 74 |     let computer = IntCodeComputer::new(intcode, &output_handler);
[INFO] [stdout]    |                    ^^^^^^^^^^^^^^^^^^^^ -------  --------------- supplied 2 arguments
[INFO] [stdout]    |                    |
[INFO] [stdout]    |                    expected 1 argument
[INFO] [stdout]    |
[INFO] [stdout] note: associated function defined here
[INFO] [stdout]   --> /opt/rustwide/workdir/intcode_computer/src/lib.rs:32:12
[INFO] [stdout]    |
[INFO] [stdout] 32 |     pub fn new(memory: Vec<IntcodeMemoryCellType>) -> IntCodeComputer {
[INFO] [stdout]    |            ^^^
[INFO] [stdout] 
[INFO] [stdout] 
[INFO] [stdout] error[E0061]: this function takes 1 argument but 2 arguments were supplied
[INFO] [stdout]   --> intcode_cli/src/main.rs:74:20
[INFO] [stdout]    |
[INFO] [stdout] 74 |     let computer = IntCodeComputer::new(intcode, &output_handler);
[INFO] [stdout]    |                    ^^^^^^^^^^^^^^^^^^^^ -------  --------------- supplied 2 arguments
[INFO] [stdout]    |                    |
[INFO] [stdout]    |                    expected 1 argument
[INFO] [stdout]    |
[INFO] [stdout] note: associated function defined here
[INFO] [stdout]   --> /opt/rustwide/workdir/intcode_computer/src/lib.rs:32:12
[INFO] [stdout]    |
[INFO] [stdout] 32 |     pub fn new(memory: Vec<IntcodeMemoryCellType>) -> IntCodeComputer {
[INFO] [stdout]    |            ^^^
[INFO] [stdout] 
[INFO] [stdout] 
[INFO] [stdout] error[E0308]: mismatched types
[INFO] [stdout]   --> intcode_cli/src/main.rs:77:11
[INFO] [stdout]    |
[INFO] [stdout] 77 |     while computer.execute() {
[INFO] [stdout]    |           ^^^^^^^^^^^^^^^^^^ expected `bool`, found enum `Interrupt`
[INFO] [stdout] 
[INFO] [stdout] 
[INFO] [stdout] error: aborting due to 2 previous errors
[INFO] [stdout] 
[INFO] [stdout] 
[INFO] [stdout] Some errors have detailed explanations: E0061, E0308.
[INFO] [stdout] 
[INFO] [stdout] For more information about an error, try `rustc --explain E0061`.
[INFO] [stdout] 
[INFO] [stderr] error: could not compile `intcode_cli` due to 3 previous errors
[INFO] [stderr] warning: build failed, waiting for other jobs to finish...
[INFO] [stdout] error[E0308]: mismatched types
[INFO] [stdout]   --> intcode_cli/src/main.rs:77:11
[INFO] [stdout]    |
[INFO] [stdout] 77 |     while computer.execute() {
[INFO] [stdout]    |           ^^^^^^^^^^^^^^^^^^ expected `bool`, found enum `Interrupt`
[INFO] [stdout] 
[INFO] [stdout] 
[INFO] [stdout] error: aborting due to 2 previous errors
[INFO] [stdout] 
[INFO] [stdout] 
[INFO] [stdout] Some errors have detailed explanations: E0061, E0308.
[INFO] [stdout] 
[INFO] [stdout] For more information about an error, try `rustc --explain E0061`.
[INFO] [stdout] 
[INFO] [stderr] error: build failed
[INFO] running `Command { std: "docker" "inspect" "0b4ead85109cfa692bc8afb17deafeb89894ad19a7f907d1347b471084c8ecc9", kill_on_drop: false }`
[INFO] running `Command { std: "docker" "rm" "-f" "0b4ead85109cfa692bc8afb17deafeb89894ad19a7f907d1347b471084c8ecc9", kill_on_drop: false }`
[INFO] [stdout] 0b4ead85109cfa692bc8afb17deafeb89894ad19a7f907d1347b471084c8ecc9
