[INFO] cloning repository https://github.com/epipheus/substrate-dev-lesson03
[INFO] running `Command { std: "git" "-c" "credential.helper=" "-c" "credential.helper=/workspace/cargo-home/bin/git-credential-null" "clone" "--bare" "https://github.com/epipheus/substrate-dev-lesson03" "/workspace/cache/git-repos/https%3A%2F%2Fgithub.com%2Fepipheus%2Fsubstrate-dev-lesson03", kill_on_drop: false }`
[INFO] [stderr] Cloning into bare repository '/workspace/cache/git-repos/https%3A%2F%2Fgithub.com%2Fepipheus%2Fsubstrate-dev-lesson03'...
[INFO] running `Command { std: "git" "rev-parse" "HEAD", kill_on_drop: false }`
[INFO] [stdout] 036fc16636a2c1c6272770600692641d74c9c9e1
[INFO] checking epipheus/substrate-dev-lesson03 against 1.55.0 for beta-1.56-3
[INFO] running `Command { std: "git" "clone" "/workspace/cache/git-repos/https%3A%2F%2Fgithub.com%2Fepipheus%2Fsubstrate-dev-lesson03" "/workspace/builds/worker-8/source", kill_on_drop: false }`
[INFO] [stderr] Cloning into '/workspace/builds/worker-8/source'...
[INFO] [stderr] done.
[INFO] validating manifest of git repo https://github.com/epipheus/substrate-dev-lesson03 on toolchain 1.55.0
[INFO] running `Command { std: "/workspace/cargo-home/bin/cargo" "+1.55.0" "metadata" "--manifest-path" "Cargo.toml" "--no-deps", kill_on_drop: false }`
[INFO] started tweaking git repo https://github.com/epipheus/substrate-dev-lesson03
[INFO] finished tweaking git repo https://github.com/epipheus/substrate-dev-lesson03
[INFO] tweaked toml for git repo https://github.com/epipheus/substrate-dev-lesson03 written to /workspace/builds/worker-8/source/Cargo.toml
[INFO] crate git repo https://github.com/epipheus/substrate-dev-lesson03 already has a lockfile, it will not be regenerated
[INFO] running `Command { std: "/workspace/cargo-home/bin/cargo" "+1.55.0" "fetch" "--manifest-path" "Cargo.toml", kill_on_drop: false }`
[INFO] [stderr]     Blocking waiting for file lock on package cache
[INFO] [stderr]     Blocking waiting for file lock on package cache
[INFO] running `Command { std: "docker" "create" "-v" "/var/lib/crater-agent-workspace/builds/worker-8/target:/opt/rustwide/target:rw,Z" "-v" "/var/lib/crater-agent-workspace/builds/worker-8/source:/opt/rustwide/workdir:ro,Z" "-v" "/var/lib/crater-agent-workspace/cargo-home:/opt/rustwide/cargo-home:ro,Z" "-v" "/var/lib/crater-agent-workspace/rustup-home:/opt/rustwide/rustup-home:ro,Z" "-e" "SOURCE_DIR=/opt/rustwide/workdir" "-e" "CARGO_TARGET_DIR=/opt/rustwide/target" "-e" "CARGO_HOME=/opt/rustwide/cargo-home" "-e" "RUSTUP_HOME=/opt/rustwide/rustup-home" "-w" "/opt/rustwide/workdir" "-m" "1610612736" "--user" "0:0" "--network" "none" "ghcr.io/rust-lang/crates-build-env/linux@sha256:a89201d6b5b9fd45c15d5952ece0a0129e7e80cb26ec023fd59cf09bc26f1604" "/opt/rustwide/cargo-home/bin/cargo" "+1.55.0" "metadata" "--no-deps" "--format-version=1", kill_on_drop: false }`
[INFO] [stdout] a716559fc69bf2e18354917f77d01e0906f3907c19919fb2ea385c688aa68f62
[INFO] [stderr] WARNING: Your kernel does not support swap limit capabilities or the cgroup is not mounted. Memory limited without swap.
[INFO] running `Command { std: "docker" "start" "-a" "a716559fc69bf2e18354917f77d01e0906f3907c19919fb2ea385c688aa68f62", kill_on_drop: false }`
[INFO] running `Command { std: "docker" "inspect" "a716559fc69bf2e18354917f77d01e0906f3907c19919fb2ea385c688aa68f62", kill_on_drop: false }`
[INFO] running `Command { std: "docker" "rm" "-f" "a716559fc69bf2e18354917f77d01e0906f3907c19919fb2ea385c688aa68f62", kill_on_drop: false }`
[INFO] [stdout] a716559fc69bf2e18354917f77d01e0906f3907c19919fb2ea385c688aa68f62
[INFO] running `Command { std: "docker" "create" "-v" "/var/lib/crater-agent-workspace/builds/worker-8/target:/opt/rustwide/target:rw,Z" "-v" "/var/lib/crater-agent-workspace/builds/worker-8/source:/opt/rustwide/workdir:ro,Z" "-v" "/var/lib/crater-agent-workspace/cargo-home:/opt/rustwide/cargo-home:ro,Z" "-v" "/var/lib/crater-agent-workspace/rustup-home:/opt/rustwide/rustup-home:ro,Z" "-e" "SOURCE_DIR=/opt/rustwide/workdir" "-e" "CARGO_TARGET_DIR=/opt/rustwide/target" "-e" "CARGO_INCREMENTAL=0" "-e" "RUST_BACKTRACE=full" "-e" "RUSTFLAGS=--cap-lints=warn" "-e" "CARGO_HOME=/opt/rustwide/cargo-home" "-e" "RUSTUP_HOME=/opt/rustwide/rustup-home" "-w" "/opt/rustwide/workdir" "-m" "1610612736" "--user" "0:0" "--network" "none" "ghcr.io/rust-lang/crates-build-env/linux@sha256:a89201d6b5b9fd45c15d5952ece0a0129e7e80cb26ec023fd59cf09bc26f1604" "/opt/rustwide/cargo-home/bin/cargo" "+1.55.0" "check" "--frozen" "--all" "--all-targets" "--message-format=json", kill_on_drop: false }`
[INFO] [stdout] 1d370086898e2464568d46f6c7ee012532dd5a1ec1b63888ae9ea4e59628ff4a
[INFO] [stderr] WARNING: Your kernel does not support swap limit capabilities or the cgroup is not mounted. Memory limited without swap.
[INFO] running `Command { std: "docker" "start" "-a" "1d370086898e2464568d46f6c7ee012532dd5a1ec1b63888ae9ea4e59628ff4a", kill_on_drop: false }`
[INFO] [stderr]     Blocking waiting for file lock on package cache
[INFO] [stderr]     Checking sp-std v3.0.0 (https://github.com/paritytech/substrate.git?branch=polkadot-v0.9.8#1b758b2a)
[INFO] [stderr]    Compiling sc-consensus-slots v0.9.0 (https://github.com/paritytech/substrate.git?branch=polkadot-v0.9.8#1b758b2a)
[INFO] [stderr]    Compiling syn v1.0.73
[INFO] [stderr]    Compiling substrate-build-script-utils v3.0.0 (https://github.com/paritytech/substrate.git?branch=polkadot-v0.9.8#1b758b2a)
[INFO] [stderr]     Checking simba v0.5.1
[INFO] [stderr]     Checking libsecp256k1 v0.3.5
[INFO] [stderr]    Compiling zstd-safe v3.0.1+zstd.1.4.9
[INFO] [stderr]     Checking zstd-sys v1.4.20+zstd.1.4.9
[INFO] [stderr]    Compiling librocksdb-sys v6.17.3
[INFO] [stderr]     Checking sct v0.6.1
[INFO] [stderr]     Checking webpki v0.21.4
[INFO] [stderr]    Compiling node-template v3.0.0 (/opt/rustwide/workdir/node)
[INFO] [stderr]     Checking ct-logs v0.7.0
[INFO] [stderr]     Checking webpki-roots v0.21.1
[INFO] [stderr]     Checking zstd v0.6.1+zstd.1.4.9
[INFO] [stderr]     Checking sp-maybe-compressed-blob v3.0.0 (https://github.com/paritytech/substrate.git?branch=polkadot-v0.9.8#1b758b2a)
[INFO] [stderr]    Compiling synstructure v0.12.4
[INFO] [stderr]    Compiling proc-macro-error v1.0.4
[INFO] [stderr]    Compiling pest_generator v2.1.3
[INFO] [stderr]    Compiling serde_derive v1.0.126
[INFO] [stderr]    Compiling ctor v0.1.20
[INFO] [stderr]    Compiling thiserror-impl v1.0.25
[INFO] [stderr]    Compiling futures-macro v0.3.15
[INFO] [stderr]    Compiling zeroize_derive v1.1.0
[INFO] [stderr]    Compiling tracing-attributes v0.1.15
[INFO] [stderr]    Compiling impl-trait-for-tuples v0.2.1
[INFO] [stderr]    Compiling parity-util-mem-derive v0.1.0
[INFO] [stderr]    Compiling ref-cast-impl v1.0.6
[INFO] [stderr]    Compiling sp-debug-derive v3.0.0 (https://github.com/paritytech/substrate.git?branch=polkadot-v0.9.8#1b758b2a)
[INFO] [stderr]    Compiling dyn-clonable-impl v0.9.0
[INFO] [stderr]    Compiling async-trait v0.1.50
[INFO] [stderr]    Compiling derive_more v0.99.14
[INFO] [stderr]    Compiling prost-derive v0.7.0
[INFO] [stderr]    Compiling pin-project-internal v1.0.7
[INFO] [stderr] error: could not compile `impl-trait-for-tuples`
[INFO] [stderr] 
[INFO] [stderr] Caused by:
[INFO] [stderr]   process didn't exit successfully: `rustc --crate-name impl_trait_for_tuples --edition=2018 /opt/rustwide/cargo-home/registry/src/github.com-1ecc6299db9ec823/impl-trait-for-tuples-0.2.1/src/lib.rs --error-format=json --json=diagnostic-rendered-ansi --crate-type proc-macro --emit=dep-info,link -C prefer-dynamic -C embed-bitcode=no -C debuginfo=2 -C metadata=3d3c212961a8cd3d -C extra-filename=-3d3c212961a8cd3d --out-dir /opt/rustwide/target/debug/deps -L dependency=/opt/rustwide/target/debug/deps --extern proc_macro2=/opt/rustwide/target/debug/deps/libproc_macro2-ba453d7f207722b4.rlib --extern quote=/opt/rustwide/target/debug/deps/libquote-84188b45a41dab22.rlib --extern syn=/opt/rustwide/target/debug/deps/libsyn-680724b8551baedb.rlib --extern proc_macro --cap-lints allow --cap-lints=warn` (signal: 9, SIGKILL: kill)
[INFO] [stderr] warning: build failed, waiting for other jobs to finish...
[INFO] [stderr] The following warnings were emitted during compilation:
[INFO] [stderr] 
[INFO] [stderr] warning: c++: fatal error: Killed signal terminated program cc1plus
[INFO] [stderr] warning: compilation terminated.
[INFO] [stderr] warning: c++: fatal error: Killed signal terminated program cc1plus
[INFO] [stderr] warning: compilation terminated.
[INFO] [stderr] warning: c++: fatal error: Killed signal terminated program cc1plus
[INFO] [stderr] warning: compilation terminated.
[INFO] [stderr] warning: c++: fatal error: Killed signal terminated program cc1plus
[INFO] [stderr] warning: compilation terminated.
[INFO] [stderr] warning: c++: fatal error: Killed signal terminated program cc1plus
[INFO] [stderr] warning: compilation terminated.
[INFO] [stderr] warning: c++: fatal error: Killed signal terminated program cc1plus
[INFO] [stderr] warning: compilation terminated.
[INFO] [stderr] 
[INFO] [stderr] error: build failed
[INFO] running `Command { std: "docker" "inspect" "1d370086898e2464568d46f6c7ee012532dd5a1ec1b63888ae9ea4e59628ff4a", kill_on_drop: false }`
[INFO] running `Command { std: "docker" "rm" "-f" "1d370086898e2464568d46f6c7ee012532dd5a1ec1b63888ae9ea4e59628ff4a", kill_on_drop: false }`
[INFO] [stdout] 1d370086898e2464568d46f6c7ee012532dd5a1ec1b63888ae9ea4e59628ff4a
