[INFO] cloning repository https://github.com/eolculnamo2/some-project
[INFO] running `Command { std: "git" "-c" "credential.helper=" "-c" "credential.helper=/workspace/cargo-home/bin/git-credential-null" "clone" "--bare" "https://github.com/eolculnamo2/some-project" "/workspace/cache/git-repos/https%3A%2F%2Fgithub.com%2Feolculnamo2%2Fsome-project", kill_on_drop: false }`
[INFO] [stderr] Cloning into bare repository '/workspace/cache/git-repos/https%3A%2F%2Fgithub.com%2Feolculnamo2%2Fsome-project'...
[INFO] running `Command { std: "git" "rev-parse" "HEAD", kill_on_drop: false }`
[INFO] [stdout] b18272bd00da6e7afd0f94db6bbdc89cdcd7f620
[INFO] checking eolculnamo2/some-project against 1.55.0 for beta-1.56-3
[INFO] running `Command { std: "git" "clone" "/workspace/cache/git-repos/https%3A%2F%2Fgithub.com%2Feolculnamo2%2Fsome-project" "/workspace/builds/worker-6/source", kill_on_drop: false }`
[INFO] [stderr] Cloning into '/workspace/builds/worker-6/source'...
[INFO] [stderr] done.
[INFO] validating manifest of git repo https://github.com/eolculnamo2/some-project on toolchain 1.55.0
[INFO] running `Command { std: "/workspace/cargo-home/bin/cargo" "+1.55.0" "metadata" "--manifest-path" "Cargo.toml" "--no-deps", kill_on_drop: false }`
[INFO] started tweaking git repo https://github.com/eolculnamo2/some-project
[INFO] finished tweaking git repo https://github.com/eolculnamo2/some-project
[INFO] tweaked toml for git repo https://github.com/eolculnamo2/some-project written to /workspace/builds/worker-6/source/Cargo.toml
[INFO] crate git repo https://github.com/eolculnamo2/some-project already has a lockfile, it will not be regenerated
[INFO] running `Command { std: "/workspace/cargo-home/bin/cargo" "+1.55.0" "fetch" "--manifest-path" "Cargo.toml", kill_on_drop: false }`
[INFO] [stderr]  Downloading crates ...
[INFO] [stderr]   Downloaded libc v0.2.87
[INFO] [stderr]   Downloaded syn v1.0.61
[INFO] running `Command { std: "docker" "create" "-v" "/var/lib/crater-agent-workspace/builds/worker-6/target:/opt/rustwide/target:rw,Z" "-v" "/var/lib/crater-agent-workspace/builds/worker-6/source:/opt/rustwide/workdir:ro,Z" "-v" "/var/lib/crater-agent-workspace/cargo-home:/opt/rustwide/cargo-home:ro,Z" "-v" "/var/lib/crater-agent-workspace/rustup-home:/opt/rustwide/rustup-home:ro,Z" "-e" "SOURCE_DIR=/opt/rustwide/workdir" "-e" "CARGO_TARGET_DIR=/opt/rustwide/target" "-e" "CARGO_HOME=/opt/rustwide/cargo-home" "-e" "RUSTUP_HOME=/opt/rustwide/rustup-home" "-w" "/opt/rustwide/workdir" "-m" "1610612736" "--user" "0:0" "--network" "none" "ghcr.io/rust-lang/crates-build-env/linux@sha256:a89201d6b5b9fd45c15d5952ece0a0129e7e80cb26ec023fd59cf09bc26f1604" "/opt/rustwide/cargo-home/bin/cargo" "+1.55.0" "metadata" "--no-deps" "--format-version=1", kill_on_drop: false }`
[INFO] [stdout] 0cc3c5922801f42374adbc995a91eaf65ac045e3034271c232d59a5f994c4ce0
[INFO] [stderr] WARNING: Your kernel does not support swap limit capabilities or the cgroup is not mounted. Memory limited without swap.
[INFO] running `Command { std: "docker" "start" "-a" "0cc3c5922801f42374adbc995a91eaf65ac045e3034271c232d59a5f994c4ce0", kill_on_drop: false }`
[INFO] running `Command { std: "docker" "inspect" "0cc3c5922801f42374adbc995a91eaf65ac045e3034271c232d59a5f994c4ce0", kill_on_drop: false }`
[INFO] running `Command { std: "docker" "rm" "-f" "0cc3c5922801f42374adbc995a91eaf65ac045e3034271c232d59a5f994c4ce0", kill_on_drop: false }`
[INFO] [stdout] 0cc3c5922801f42374adbc995a91eaf65ac045e3034271c232d59a5f994c4ce0
[INFO] running `Command { std: "docker" "create" "-v" "/var/lib/crater-agent-workspace/builds/worker-6/target:/opt/rustwide/target:rw,Z" "-v" "/var/lib/crater-agent-workspace/builds/worker-6/source:/opt/rustwide/workdir:ro,Z" "-v" "/var/lib/crater-agent-workspace/cargo-home:/opt/rustwide/cargo-home:ro,Z" "-v" "/var/lib/crater-agent-workspace/rustup-home:/opt/rustwide/rustup-home:ro,Z" "-e" "SOURCE_DIR=/opt/rustwide/workdir" "-e" "CARGO_TARGET_DIR=/opt/rustwide/target" "-e" "CARGO_INCREMENTAL=0" "-e" "RUST_BACKTRACE=full" "-e" "RUSTFLAGS=--cap-lints=warn" "-e" "CARGO_HOME=/opt/rustwide/cargo-home" "-e" "RUSTUP_HOME=/opt/rustwide/rustup-home" "-w" "/opt/rustwide/workdir" "-m" "1610612736" "--user" "0:0" "--network" "none" "ghcr.io/rust-lang/crates-build-env/linux@sha256:a89201d6b5b9fd45c15d5952ece0a0129e7e80cb26ec023fd59cf09bc26f1604" "/opt/rustwide/cargo-home/bin/cargo" "+1.55.0" "check" "--frozen" "--all" "--all-targets" "--message-format=json", kill_on_drop: false }`
[INFO] [stdout] b5d1c343ec3ab01a2ac6abf40ae91241dccb1ac7ee69025bf5ade19510d05779
[INFO] [stderr] WARNING: Your kernel does not support swap limit capabilities or the cgroup is not mounted. Memory limited without swap.
[INFO] running `Command { std: "docker" "start" "-a" "b5d1c343ec3ab01a2ac6abf40ae91241dccb1ac7ee69025bf5ade19510d05779", kill_on_drop: false }`
[INFO] [stderr]    Compiling syn v1.0.61
[INFO] [stderr]    Compiling libc v0.2.87
[INFO] [stderr]     Checking atty v0.2.14
[INFO] [stderr]     Checking clap v2.33.3
[INFO] [stderr]    Compiling proc-macro-error v1.0.4
[INFO] [stderr]    Compiling structopt-derive v0.4.14
[INFO] [stderr]     Checking structopt v0.3.21
[INFO] [stderr]     Checking translator v0.1.0 (/opt/rustwide/workdir)
[INFO] [stdout] error[E0432]: unresolved import `crate::utils::string_utils::find_start_at`
[INFO] [stdout]  --> src/dom/dom.rs:4:35
[INFO] [stdout]   |
[INFO] [stdout] 4 | use crate::utils::string_utils::{ find_start_at };
[INFO] [stdout]   |                                   ^^^^^^^^^^^^^ no `find_start_at` in `utils::string_utils`
[INFO] [stdout] 
[INFO] [stdout] 
[INFO] [stdout] error[E0554]: `#![feature]` may not be used on the stable release channel
[INFO] [stdout]  --> src/main.rs:1:1
[INFO] [stdout]   |
[INFO] [stdout] 1 | #![feature(option_result_contains)]
[INFO] [stdout]   | ^^^^^^^^^^^^^^^^^^^^^^^^^^^^^^^^^^^
[INFO] [stdout] 
[INFO] [stdout] 
[INFO] [stdout] error[E0432]: unresolved import `crate::utils::string_utils::find_start_at`
[INFO] [stdout]  --> src/dom/dom.rs:4:35
[INFO] [stdout]   |
[INFO] [stdout] 4 | use crate::utils::string_utils::{ find_start_at };
[INFO] [stdout]   |                                   ^^^^^^^^^^^^^ no `find_start_at` in `utils::string_utils`
[INFO] [stdout] 
[INFO] [stdout] 
[INFO] [stdout] error[E0554]: `#![feature]` may not be used on the stable release channel
[INFO] [stdout]  --> src/main.rs:1:1
[INFO] [stdout]   |
[INFO] [stdout] 1 | #![feature(option_result_contains)]
[INFO] [stdout]   | ^^^^^^^^^^^^^^^^^^^^^^^^^^^^^^^^^^^
[INFO] [stdout] 
[INFO] [stdout] 
[INFO] [stdout] error: aborting due to 2 previous errors
[INFO] [stdout] 
[INFO] [stdout] 
[INFO] [stdout] Some errors have detailed explanations: E0432, E0554.
[INFO] [stdout] 
[INFO] [stdout] For more information about an error, try `rustc --explain E0432`.
[INFO] [stdout] 
[INFO] [stderr] error: could not compile `translator` due to 3 previous errors
[INFO] [stderr] warning: build failed, waiting for other jobs to finish...
[INFO] [stdout] error: aborting due to 2 previous errors
[INFO] [stdout] 
[INFO] [stdout] 
[INFO] [stdout] Some errors have detailed explanations: E0432, E0554.
[INFO] [stdout] 
[INFO] [stdout] For more information about an error, try `rustc --explain E0432`.
[INFO] [stdout] 
[INFO] [stderr] error: build failed
[INFO] running `Command { std: "docker" "inspect" "b5d1c343ec3ab01a2ac6abf40ae91241dccb1ac7ee69025bf5ade19510d05779", kill_on_drop: false }`
[INFO] running `Command { std: "docker" "rm" "-f" "b5d1c343ec3ab01a2ac6abf40ae91241dccb1ac7ee69025bf5ade19510d05779", kill_on_drop: false }`
[INFO] [stdout] b5d1c343ec3ab01a2ac6abf40ae91241dccb1ac7ee69025bf5ade19510d05779
