[INFO] cloning repository https://github.com/entropitor/cpl-window-manager
[INFO] running `Command { std: "git" "-c" "credential.helper=" "-c" "credential.helper=/workspace/cargo-home/bin/git-credential-null" "clone" "--bare" "https://github.com/entropitor/cpl-window-manager" "/workspace/cache/git-repos/https%3A%2F%2Fgithub.com%2Fentropitor%2Fcpl-window-manager", kill_on_drop: false }`
[INFO] [stderr] Cloning into bare repository '/workspace/cache/git-repos/https%3A%2F%2Fgithub.com%2Fentropitor%2Fcpl-window-manager'...
[INFO] running `Command { std: "git" "rev-parse" "HEAD", kill_on_drop: false }`
[INFO] [stdout] 36e6e7ba353e739a09807d26df144bfa757a08ae
[INFO] checking entropitor/cpl-window-manager against beta-2021-10-15 for beta-1.56-3
[INFO] running `Command { std: "git" "clone" "/workspace/cache/git-repos/https%3A%2F%2Fgithub.com%2Fentropitor%2Fcpl-window-manager" "/workspace/builds/worker-12/source", kill_on_drop: false }`
[INFO] [stderr] Cloning into '/workspace/builds/worker-12/source'...
[INFO] [stderr] done.
[INFO] validating manifest of git repo https://github.com/entropitor/cpl-window-manager on toolchain beta-2021-10-15
[INFO] running `Command { std: "/workspace/cargo-home/bin/cargo" "+beta-2021-10-15" "metadata" "--manifest-path" "Cargo.toml" "--no-deps", kill_on_drop: false }`
[INFO] started tweaking git repo https://github.com/entropitor/cpl-window-manager
[INFO] finished tweaking git repo https://github.com/entropitor/cpl-window-manager
[INFO] tweaked toml for git repo https://github.com/entropitor/cpl-window-manager written to /workspace/builds/worker-12/source/Cargo.toml
[INFO] crate git repo https://github.com/entropitor/cpl-window-manager already has a lockfile, it will not be regenerated
[INFO] running `Command { std: "/workspace/cargo-home/bin/cargo" "+beta-2021-10-15" "fetch" "--manifest-path" "Cargo.toml", kill_on_drop: false }`
[INFO] [stderr]  Downloading crates ...
[INFO] [stderr]   Downloaded getopts v0.2.14
[INFO] [stderr]   Downloaded rand v0.3.14
[INFO] [stderr]   Downloaded skeptic v0.5.0
[INFO] [stderr]   Downloaded pulldown-cmark v0.0.3
[INFO] [stderr]   Downloaded stainless v0.1.9
[INFO] [stderr]   Downloaded expectest v0.6.0
[INFO] running `Command { std: "docker" "create" "-v" "/var/lib/crater-agent-workspace/builds/worker-12/target:/opt/rustwide/target:rw,Z" "-v" "/var/lib/crater-agent-workspace/builds/worker-12/source:/opt/rustwide/workdir:ro,Z" "-v" "/var/lib/crater-agent-workspace/cargo-home:/opt/rustwide/cargo-home:ro,Z" "-v" "/var/lib/crater-agent-workspace/rustup-home:/opt/rustwide/rustup-home:ro,Z" "-e" "SOURCE_DIR=/opt/rustwide/workdir" "-e" "CARGO_TARGET_DIR=/opt/rustwide/target" "-e" "CARGO_HOME=/opt/rustwide/cargo-home" "-e" "RUSTUP_HOME=/opt/rustwide/rustup-home" "-w" "/opt/rustwide/workdir" "-m" "1610612736" "--user" "0:0" "--network" "none" "ghcr.io/rust-lang/crates-build-env/linux@sha256:a89201d6b5b9fd45c15d5952ece0a0129e7e80cb26ec023fd59cf09bc26f1604" "/opt/rustwide/cargo-home/bin/cargo" "+beta-2021-10-15" "metadata" "--no-deps" "--format-version=1", kill_on_drop: false }`
[INFO] [stderr] WARNING: Your kernel does not support swap limit capabilities or the cgroup is not mounted. Memory limited without swap.
[INFO] [stdout] aaac04447710b8fdaa54c57e9680c317bcdc3cab3b8a1f8317fbf8ddfdf57c01
[INFO] running `Command { std: "docker" "start" "-a" "aaac04447710b8fdaa54c57e9680c317bcdc3cab3b8a1f8317fbf8ddfdf57c01", kill_on_drop: false }`
[INFO] running `Command { std: "docker" "inspect" "aaac04447710b8fdaa54c57e9680c317bcdc3cab3b8a1f8317fbf8ddfdf57c01", kill_on_drop: false }`
[INFO] running `Command { std: "docker" "rm" "-f" "aaac04447710b8fdaa54c57e9680c317bcdc3cab3b8a1f8317fbf8ddfdf57c01", kill_on_drop: false }`
[INFO] [stdout] aaac04447710b8fdaa54c57e9680c317bcdc3cab3b8a1f8317fbf8ddfdf57c01
[INFO] running `Command { std: "docker" "create" "-v" "/var/lib/crater-agent-workspace/builds/worker-12/target:/opt/rustwide/target:rw,Z" "-v" "/var/lib/crater-agent-workspace/builds/worker-12/source:/opt/rustwide/workdir:ro,Z" "-v" "/var/lib/crater-agent-workspace/cargo-home:/opt/rustwide/cargo-home:ro,Z" "-v" "/var/lib/crater-agent-workspace/rustup-home:/opt/rustwide/rustup-home:ro,Z" "-e" "SOURCE_DIR=/opt/rustwide/workdir" "-e" "CARGO_TARGET_DIR=/opt/rustwide/target" "-e" "CARGO_INCREMENTAL=0" "-e" "RUST_BACKTRACE=full" "-e" "RUSTFLAGS=--cap-lints=warn" "-e" "CARGO_HOME=/opt/rustwide/cargo-home" "-e" "RUSTUP_HOME=/opt/rustwide/rustup-home" "-w" "/opt/rustwide/workdir" "-m" "1610612736" "--user" "0:0" "--network" "none" "ghcr.io/rust-lang/crates-build-env/linux@sha256:a89201d6b5b9fd45c15d5952ece0a0129e7e80cb26ec023fd59cf09bc26f1604" "/opt/rustwide/cargo-home/bin/cargo" "+beta-2021-10-15" "check" "--frozen" "--all" "--all-targets" "--message-format=json", kill_on_drop: false }`
[INFO] [stdout] fd87db070b66110a2e9fc77eba25a142ad2feba6a43f6d722d9a3ba5b0e1d408
[INFO] [stderr] WARNING: Your kernel does not support swap limit capabilities or the cgroup is not mounted. Memory limited without swap.
[INFO] running `Command { std: "docker" "start" "-a" "fd87db070b66110a2e9fc77eba25a142ad2feba6a43f6d722d9a3ba5b0e1d408", kill_on_drop: false }`
[INFO] [stderr]    Compiling getopts v0.2.14
[INFO] [stderr]    Compiling stainless v0.1.9
[INFO] [stderr]    Compiling tempdir v0.3.5
[INFO] [stderr]     Checking cplwm-api v0.1.0 (/opt/rustwide/workdir/api)
[INFO] [stdout] error[E0557]: feature has been removed
[INFO] [stdout]  --> /opt/rustwide/cargo-home/registry/src/github.com-1ecc6299db9ec823/stainless-0.1.9/src/lib.rs:7:12
[INFO] [stdout]   |
[INFO] [stdout] 7 | #![feature(plugin_registrar, quote, rustc_private)]
[INFO] [stdout]   |            ^^^^^^^^^^^^^^^^ feature has been removed
[INFO] [stdout]   |
[INFO] [stdout]   = note: a __rustc_plugin_registrar symbol must now be defined instead
[INFO] [stdout] 
[INFO] [stdout] 
[INFO] [stdout] error[E0557]: feature has been removed
[INFO] [stdout]  --> /opt/rustwide/cargo-home/registry/src/github.com-1ecc6299db9ec823/stainless-0.1.9/src/lib.rs:7:30
[INFO] [stdout]   |
[INFO] [stdout] 7 | #![feature(plugin_registrar, quote, rustc_private)]
[INFO] [stdout]   |                              ^^^^^ feature has been removed
[INFO] [stdout] 
[INFO] [stdout] 
[INFO] [stdout] error[E0463]: can't find crate for `syntax`
[INFO] [stdout]    --> /opt/rustwide/cargo-home/registry/src/github.com-1ecc6299db9ec823/stainless-0.1.9/src/lib.rs:171:1
[INFO] [stdout]     |
[INFO] [stdout] 171 | extern crate syntax;
[INFO] [stdout]     | ^^^^^^^^^^^^^^^^^^^^ can't find crate
[INFO] [stdout] 
[INFO] [stdout] 
[INFO] [stdout] error: aborting due to 3 previous errors
[INFO] [stdout] 
[INFO] [stdout] 
[INFO] [stdout] Some errors have detailed explanations: E0463, E0557.
[INFO] [stdout] 
[INFO] [stdout] For more information about an error, try `rustc --explain E0463`.
[INFO] [stdout] 
[INFO] [stderr] error: could not compile `stainless` due to 4 previous errors
[INFO] [stderr] warning: build failed, waiting for other jobs to finish...
[INFO] [stdout] warning: use of deprecated macro `RustcDecodable`: rustc-serialize is deprecated and no longer supported
[INFO] [stdout]   --> api/src/types.rs:41:23
[INFO] [stdout]    |
[INFO] [stdout] 41 | #[derive(Copy, Clone, RustcDecodable, RustcEncodable, Debug, PartialEq, Eq, Hash)]
[INFO] [stdout]    |                       ^^^^^^^^^^^^^^
[INFO] [stdout]    |
[INFO] [stdout]    = note: `#[warn(deprecated)]` on by default
[INFO] [stdout] 
[INFO] [stdout] 
[INFO] [stdout] warning: use of deprecated macro `RustcEncodable`: rustc-serialize is deprecated and no longer supported
[INFO] [stdout]   --> api/src/types.rs:41:39
[INFO] [stdout]    |
[INFO] [stdout] 41 | #[derive(Copy, Clone, RustcDecodable, RustcEncodable, Debug, PartialEq, Eq, Hash)]
[INFO] [stdout]    |                                       ^^^^^^^^^^^^^^
[INFO] [stdout] 
[INFO] [stdout] 
[INFO] [stdout] warning: use of deprecated macro `RustcDecodable`: rustc-serialize is deprecated and no longer supported
[INFO] [stdout]   --> api/src/types.rs:69:23
[INFO] [stdout]    |
[INFO] [stdout] 69 | #[derive(Copy, Clone, RustcDecodable, RustcEncodable, Debug, PartialEq, Eq, Hash)]
[INFO] [stdout]    |                       ^^^^^^^^^^^^^^
[INFO] [stdout] 
[INFO] [stdout] 
[INFO] [stdout] warning: use of deprecated macro `RustcEncodable`: rustc-serialize is deprecated and no longer supported
[INFO] [stdout]   --> api/src/types.rs:69:39
[INFO] [stdout]    |
[INFO] [stdout] 69 | #[derive(Copy, Clone, RustcDecodable, RustcEncodable, Debug, PartialEq, Eq, Hash)]
[INFO] [stdout]    |                                       ^^^^^^^^^^^^^^
[INFO] [stdout] 
[INFO] [stdout] 
[INFO] [stdout] warning: use of deprecated macro `RustcDecodable`: rustc-serialize is deprecated and no longer supported
[INFO] [stdout]    --> api/src/types.rs:102:23
[INFO] [stdout]     |
[INFO] [stdout] 102 | #[derive(Copy, Clone, RustcDecodable, RustcEncodable, Debug, PartialEq, Eq, Hash)]
[INFO] [stdout]     |                       ^^^^^^^^^^^^^^
[INFO] [stdout] 
[INFO] [stdout] 
[INFO] [stdout] warning: use of deprecated macro `RustcEncodable`: rustc-serialize is deprecated and no longer supported
[INFO] [stdout]    --> api/src/types.rs:102:39
[INFO] [stdout]     |
[INFO] [stdout] 102 | #[derive(Copy, Clone, RustcDecodable, RustcEncodable, Debug, PartialEq, Eq, Hash)]
[INFO] [stdout]     |                                       ^^^^^^^^^^^^^^
[INFO] [stdout] 
[INFO] [stdout] 
[INFO] [stdout] warning: use of deprecated macro `RustcDecodable`: rustc-serialize is deprecated and no longer supported
[INFO] [stdout]    --> api/src/types.rs:129:23
[INFO] [stdout]     |
[INFO] [stdout] 129 | #[derive(Copy, Clone, RustcDecodable, RustcEncodable, Debug, PartialEq, Eq, Hash)]
[INFO] [stdout]     |                       ^^^^^^^^^^^^^^
[INFO] [stdout] 
[INFO] [stdout] 
[INFO] [stdout] warning: use of deprecated macro `RustcEncodable`: rustc-serialize is deprecated and no longer supported
[INFO] [stdout]    --> api/src/types.rs:129:39
[INFO] [stdout]     |
[INFO] [stdout] 129 | #[derive(Copy, Clone, RustcDecodable, RustcEncodable, Debug, PartialEq, Eq, Hash)]
[INFO] [stdout]     |                                       ^^^^^^^^^^^^^^
[INFO] [stdout] 
[INFO] [stdout] 
[INFO] [stdout] warning: use of deprecated macro `RustcDecodable`: rustc-serialize is deprecated and no longer supported
[INFO] [stdout]    --> api/src/types.rs:176:17
[INFO] [stdout]     |
[INFO] [stdout] 176 | #[derive(Clone, RustcDecodable, RustcEncodable, Debug, PartialEq, Eq, Hash)]
[INFO] [stdout]     |                 ^^^^^^^^^^^^^^
[INFO] [stdout] 
[INFO] [stdout] 
[INFO] [stdout] warning: use of deprecated macro `RustcEncodable`: rustc-serialize is deprecated and no longer supported
[INFO] [stdout]    --> api/src/types.rs:176:33
[INFO] [stdout]     |
[INFO] [stdout] 176 | #[derive(Clone, RustcDecodable, RustcEncodable, Debug, PartialEq, Eq, Hash)]
[INFO] [stdout]     |                                 ^^^^^^^^^^^^^^
[INFO] [stdout] 
[INFO] [stdout] 
[INFO] [stdout] warning: use of deprecated macro `RustcDecodable`: rustc-serialize is deprecated and no longer supported
[INFO] [stdout]    --> api/src/types.rs:218:23
[INFO] [stdout]     |
[INFO] [stdout] 218 | #[derive(Copy, Clone, RustcDecodable, RustcEncodable, Debug, PartialEq, Eq, Hash)]
[INFO] [stdout]     |                       ^^^^^^^^^^^^^^
[INFO] [stdout] 
[INFO] [stdout] 
[INFO] [stdout] warning: use of deprecated macro `RustcEncodable`: rustc-serialize is deprecated and no longer supported
[INFO] [stdout]    --> api/src/types.rs:218:39
[INFO] [stdout]     |
[INFO] [stdout] 218 | #[derive(Copy, Clone, RustcDecodable, RustcEncodable, Debug, PartialEq, Eq, Hash)]
[INFO] [stdout]     |                                       ^^^^^^^^^^^^^^
[INFO] [stdout] 
[INFO] [stdout] 
[INFO] [stdout] warning: anonymous parameters are deprecated and will be removed in the next edition.
[INFO] [stdout]    --> api/src/wm.rs:700:27
[INFO] [stdout]     |
[INFO] [stdout] 700 |     fn set_gap(&mut self, GapSize);
[INFO] [stdout]     |                           ^^^^^^^ help: try naming the parameter or explicitly ignoring it: `_: GapSize`
[INFO] [stdout]     |
[INFO] [stdout]     = note: `#[warn(anonymous_parameters)]` on by default
[INFO] [stdout]     = warning: this is accepted in the current edition (Rust 2015) but is a hard error in Rust 2018!
[INFO] [stdout]     = note: for more information, see issue #41686 <https://github.com/rust-lang/rust/issues/41686>
[INFO] [stdout] 
[INFO] [stdout] 
[INFO] [stdout] warning: use of deprecated macro `RustcDecodable`: rustc-serialize is deprecated and no longer supported
[INFO] [stdout]   --> api/src/types.rs:41:23
[INFO] [stdout]    |
[INFO] [stdout] 41 | #[derive(Copy, Clone, RustcDecodable, RustcEncodable, Debug, PartialEq, Eq, Hash)]
[INFO] [stdout]    |                       ^^^^^^^^^^^^^^
[INFO] [stdout]    |
[INFO] [stdout]    = note: `#[warn(deprecated)]` on by default
[INFO] [stdout] 
[INFO] [stdout] 
[INFO] [stdout] warning: use of deprecated macro `RustcEncodable`: rustc-serialize is deprecated and no longer supported
[INFO] [stdout]   --> api/src/types.rs:41:39
[INFO] [stdout]    |
[INFO] [stdout] 41 | #[derive(Copy, Clone, RustcDecodable, RustcEncodable, Debug, PartialEq, Eq, Hash)]
[INFO] [stdout]    |                                       ^^^^^^^^^^^^^^
[INFO] [stdout] 
[INFO] [stdout] 
[INFO] [stdout] warning: use of deprecated macro `RustcDecodable`: rustc-serialize is deprecated and no longer supported
[INFO] [stdout]   --> api/src/types.rs:69:23
[INFO] [stdout]    |
[INFO] [stdout] 69 | #[derive(Copy, Clone, RustcDecodable, RustcEncodable, Debug, PartialEq, Eq, Hash)]
[INFO] [stdout]    |                       ^^^^^^^^^^^^^^
[INFO] [stdout] 
[INFO] [stdout] 
[INFO] [stdout] warning: use of deprecated macro `RustcEncodable`: rustc-serialize is deprecated and no longer supported
[INFO] [stdout]   --> api/src/types.rs:69:39
[INFO] [stdout]    |
[INFO] [stdout] 69 | #[derive(Copy, Clone, RustcDecodable, RustcEncodable, Debug, PartialEq, Eq, Hash)]
[INFO] [stdout]    |                                       ^^^^^^^^^^^^^^
[INFO] [stdout] 
[INFO] [stdout] 
[INFO] [stdout] warning: use of deprecated macro `RustcDecodable`: rustc-serialize is deprecated and no longer supported
[INFO] [stdout]    --> api/src/types.rs:102:23
[INFO] [stdout]     |
[INFO] [stdout] 102 | #[derive(Copy, Clone, RustcDecodable, RustcEncodable, Debug, PartialEq, Eq, Hash)]
[INFO] [stdout]     |                       ^^^^^^^^^^^^^^
[INFO] [stdout] 
[INFO] [stdout] 
[INFO] [stdout] warning: use of deprecated macro `RustcEncodable`: rustc-serialize is deprecated and no longer supported
[INFO] [stdout]    --> api/src/types.rs:102:39
[INFO] [stdout]     |
[INFO] [stdout] 102 | #[derive(Copy, Clone, RustcDecodable, RustcEncodable, Debug, PartialEq, Eq, Hash)]
[INFO] [stdout]     |                                       ^^^^^^^^^^^^^^
[INFO] [stdout] 
[INFO] [stdout] 
[INFO] [stdout] warning: use of deprecated macro `RustcDecodable`: rustc-serialize is deprecated and no longer supported
[INFO] [stdout]    --> api/src/types.rs:129:23
[INFO] [stdout]     |
[INFO] [stdout] 129 | #[derive(Copy, Clone, RustcDecodable, RustcEncodable, Debug, PartialEq, Eq, Hash)]
[INFO] [stdout]     |                       ^^^^^^^^^^^^^^
[INFO] [stdout] 
[INFO] [stdout] 
[INFO] [stdout] warning: use of deprecated macro `RustcEncodable`: rustc-serialize is deprecated and no longer supported
[INFO] [stdout]    --> api/src/types.rs:129:39
[INFO] [stdout]     |
[INFO] [stdout] 129 | #[derive(Copy, Clone, RustcDecodable, RustcEncodable, Debug, PartialEq, Eq, Hash)]
[INFO] [stdout]     |                                       ^^^^^^^^^^^^^^
[INFO] [stdout] 
[INFO] [stdout] 
[INFO] [stdout] warning: use of deprecated macro `RustcDecodable`: rustc-serialize is deprecated and no longer supported
[INFO] [stdout]    --> api/src/types.rs:176:17
[INFO] [stdout]     |
[INFO] [stdout] 176 | #[derive(Clone, RustcDecodable, RustcEncodable, Debug, PartialEq, Eq, Hash)]
[INFO] [stdout]     |                 ^^^^^^^^^^^^^^
[INFO] [stdout] 
[INFO] [stdout] 
[INFO] [stdout] warning: use of deprecated macro `RustcEncodable`: rustc-serialize is deprecated and no longer supported
[INFO] [stdout]    --> api/src/types.rs:176:33
[INFO] [stdout]     |
[INFO] [stdout] 176 | #[derive(Clone, RustcDecodable, RustcEncodable, Debug, PartialEq, Eq, Hash)]
[INFO] [stdout]     |                                 ^^^^^^^^^^^^^^
[INFO] [stdout] 
[INFO] [stdout] 
[INFO] [stdout] warning: use of deprecated macro `RustcDecodable`: rustc-serialize is deprecated and no longer supported
[INFO] [stdout]    --> api/src/types.rs:218:23
[INFO] [stdout]     |
[INFO] [stdout] 218 | #[derive(Copy, Clone, RustcDecodable, RustcEncodable, Debug, PartialEq, Eq, Hash)]
[INFO] [stdout]     |                       ^^^^^^^^^^^^^^
[INFO] [stdout] 
[INFO] [stdout] 
[INFO] [stdout] warning: use of deprecated macro `RustcEncodable`: rustc-serialize is deprecated and no longer supported
[INFO] [stdout]    --> api/src/types.rs:218:39
[INFO] [stdout]     |
[INFO] [stdout] 218 | #[derive(Copy, Clone, RustcDecodable, RustcEncodable, Debug, PartialEq, Eq, Hash)]
[INFO] [stdout]     |                                       ^^^^^^^^^^^^^^
[INFO] [stdout] 
[INFO] [stdout] 
[INFO] [stdout] warning: anonymous parameters are deprecated and will be removed in the next edition.
[INFO] [stdout]    --> api/src/wm.rs:700:27
[INFO] [stdout]     |
[INFO] [stdout] 700 |     fn set_gap(&mut self, GapSize);
[INFO] [stdout]     |                           ^^^^^^^ help: try naming the parameter or explicitly ignoring it: `_: GapSize`
[INFO] [stdout]     |
[INFO] [stdout]     = note: `#[warn(anonymous_parameters)]` on by default
[INFO] [stdout]     = warning: this is accepted in the current edition (Rust 2015) but is a hard error in Rust 2018!
[INFO] [stdout]     = note: for more information, see issue #41686 <https://github.com/rust-lang/rust/issues/41686>
[INFO] [stdout] 
[INFO] [stdout] 
[INFO] [stdout] warning: 13 warnings emitted
[INFO] [stdout] 
[INFO] [stdout] 
[INFO] [stdout] warning: 13 warnings emitted
[INFO] [stdout] 
[INFO] [stdout] 
[INFO] [stderr] error: build failed
[INFO] [stdout] error[E0503]: cannot use `state` because it was mutably borrowed
[INFO] [stdout]     --> /opt/rustwide/cargo-home/registry/src/github.com-1ecc6299db9ec823/getopts-0.2.14/src/lib.rs:1008:25
[INFO] [stdout]      |
[INFO] [stdout] 955  |     let mut machine = |cont: &mut bool, (i, c): (usize, char)| {
[INFO] [stdout]      |                       ---------------------------------------- borrow of `state` occurs here
[INFO] [stdout] ...
[INFO] [stdout] 959  |         state = match (state, whitespace, limit) {
[INFO] [stdout]      |         ----- borrow occurs due to use of `state` in closure
[INFO] [stdout] ...
[INFO] [stdout] 1008 |     while cont && match state { B | C => true, A => false } {
[INFO] [stdout]      |                         ^^^^^ use of borrowed `state`
[INFO] [stdout] 1009 |         machine(&mut cont, (fake_i, ' '));
[INFO] [stdout]      |         ------- borrow later used here
[INFO] [stdout] 
[INFO] [stdout] 
[INFO] [stdout] error: aborting due to previous error
[INFO] [stdout] 
[INFO] [stdout] 
[INFO] [stdout] For more information about this error, try `rustc --explain E0503`.
[INFO] [stdout] 
[INFO] running `Command { std: "docker" "inspect" "fd87db070b66110a2e9fc77eba25a142ad2feba6a43f6d722d9a3ba5b0e1d408", kill_on_drop: false }`
[INFO] running `Command { std: "docker" "rm" "-f" "fd87db070b66110a2e9fc77eba25a142ad2feba6a43f6d722d9a3ba5b0e1d408", kill_on_drop: false }`
[INFO] [stdout] fd87db070b66110a2e9fc77eba25a142ad2feba6a43f6d722d9a3ba5b0e1d408
