[INFO] cloning repository https://github.com/enigmampc/SecretSwapAnonEdition
[INFO] running `Command { std: "git" "-c" "credential.helper=" "-c" "credential.helper=/workspace/cargo-home/bin/git-credential-null" "clone" "--bare" "https://github.com/enigmampc/SecretSwapAnonEdition" "/workspace/cache/git-repos/https%3A%2F%2Fgithub.com%2Fenigmampc%2FSecretSwapAnonEdition", kill_on_drop: false }`
[INFO] [stderr] Cloning into bare repository '/workspace/cache/git-repos/https%3A%2F%2Fgithub.com%2Fenigmampc%2FSecretSwapAnonEdition'...
[INFO] running `Command { std: "git" "rev-parse" "HEAD", kill_on_drop: false }`
[INFO] [stdout] b52f76fea67002a64a3fb1623caf690e95ff43c4
[INFO] checking enigmampc/SecretSwapAnonEdition against 1.55.0 for beta-1.56-3
[INFO] running `Command { std: "git" "clone" "/workspace/cache/git-repos/https%3A%2F%2Fgithub.com%2Fenigmampc%2FSecretSwapAnonEdition" "/workspace/builds/worker-0/source", kill_on_drop: false }`
[INFO] [stderr] Cloning into '/workspace/builds/worker-0/source'...
[INFO] [stderr] done.
[INFO] validating manifest of git repo https://github.com/enigmampc/SecretSwapAnonEdition on toolchain 1.55.0
[INFO] running `Command { std: "/workspace/cargo-home/bin/cargo" "+1.55.0" "metadata" "--manifest-path" "Cargo.toml" "--no-deps", kill_on_drop: false }`
[INFO] started tweaking git repo https://github.com/enigmampc/SecretSwapAnonEdition
[INFO] finished tweaking git repo https://github.com/enigmampc/SecretSwapAnonEdition
[INFO] tweaked toml for git repo https://github.com/enigmampc/SecretSwapAnonEdition written to /workspace/builds/worker-0/source/Cargo.toml
[INFO] crate git repo https://github.com/enigmampc/SecretSwapAnonEdition already has a lockfile, it will not be regenerated
[INFO] running `Command { std: "/workspace/cargo-home/bin/cargo" "+1.55.0" "fetch" "--manifest-path" "Cargo.toml", kill_on_drop: false }`
[INFO] [stderr] warning: profiles for the non root package will be ignored, specify profiles at the workspace root:
[INFO] [stderr] package:   /workspace/builds/worker-0/source/contracts/dummy_swap_data_receiver/Cargo.toml
[INFO] [stderr] workspace: /workspace/builds/worker-0/source/Cargo.toml
[INFO] [stderr] warning: profiles for the non root package will be ignored, specify profiles at the workspace root:
[INFO] [stderr] package:   /workspace/builds/worker-0/source/contracts/secretswap_router/Cargo.toml
[INFO] [stderr] workspace: /workspace/builds/worker-0/source/Cargo.toml
[INFO] running `Command { std: "docker" "create" "-v" "/var/lib/crater-agent-workspace/builds/worker-0/target:/opt/rustwide/target:rw,Z" "-v" "/var/lib/crater-agent-workspace/builds/worker-0/source:/opt/rustwide/workdir:ro,Z" "-v" "/var/lib/crater-agent-workspace/cargo-home:/opt/rustwide/cargo-home:ro,Z" "-v" "/var/lib/crater-agent-workspace/rustup-home:/opt/rustwide/rustup-home:ro,Z" "-e" "SOURCE_DIR=/opt/rustwide/workdir" "-e" "CARGO_TARGET_DIR=/opt/rustwide/target" "-e" "CARGO_HOME=/opt/rustwide/cargo-home" "-e" "RUSTUP_HOME=/opt/rustwide/rustup-home" "-w" "/opt/rustwide/workdir" "-m" "1610612736" "--user" "0:0" "--network" "none" "ghcr.io/rust-lang/crates-build-env/linux@sha256:a89201d6b5b9fd45c15d5952ece0a0129e7e80cb26ec023fd59cf09bc26f1604" "/opt/rustwide/cargo-home/bin/cargo" "+1.55.0" "metadata" "--no-deps" "--format-version=1", kill_on_drop: false }`
[INFO] [stdout] 72dd4d1a585cbd6478f8d679bd926813811c556fd9ec55fa7174c02c63c2968a
[INFO] [stderr] WARNING: Your kernel does not support swap limit capabilities or the cgroup is not mounted. Memory limited without swap.
[INFO] running `Command { std: "docker" "start" "-a" "72dd4d1a585cbd6478f8d679bd926813811c556fd9ec55fa7174c02c63c2968a", kill_on_drop: false }`
[INFO] running `Command { std: "docker" "inspect" "72dd4d1a585cbd6478f8d679bd926813811c556fd9ec55fa7174c02c63c2968a", kill_on_drop: false }`
[INFO] running `Command { std: "docker" "rm" "-f" "72dd4d1a585cbd6478f8d679bd926813811c556fd9ec55fa7174c02c63c2968a", kill_on_drop: false }`
[INFO] [stdout] 72dd4d1a585cbd6478f8d679bd926813811c556fd9ec55fa7174c02c63c2968a
[INFO] running `Command { std: "docker" "create" "-v" "/var/lib/crater-agent-workspace/builds/worker-0/target:/opt/rustwide/target:rw,Z" "-v" "/var/lib/crater-agent-workspace/builds/worker-0/source:/opt/rustwide/workdir:ro,Z" "-v" "/var/lib/crater-agent-workspace/cargo-home:/opt/rustwide/cargo-home:ro,Z" "-v" "/var/lib/crater-agent-workspace/rustup-home:/opt/rustwide/rustup-home:ro,Z" "-e" "SOURCE_DIR=/opt/rustwide/workdir" "-e" "CARGO_TARGET_DIR=/opt/rustwide/target" "-e" "CARGO_INCREMENTAL=0" "-e" "RUST_BACKTRACE=full" "-e" "RUSTFLAGS=--cap-lints=warn" "-e" "CARGO_HOME=/opt/rustwide/cargo-home" "-e" "RUSTUP_HOME=/opt/rustwide/rustup-home" "-w" "/opt/rustwide/workdir" "-m" "1610612736" "--user" "0:0" "--network" "none" "ghcr.io/rust-lang/crates-build-env/linux@sha256:a89201d6b5b9fd45c15d5952ece0a0129e7e80cb26ec023fd59cf09bc26f1604" "/opt/rustwide/cargo-home/bin/cargo" "+1.55.0" "check" "--frozen" "--all" "--all-targets" "--message-format=json", kill_on_drop: false }`
[INFO] [stdout] 7621fe2f0d1a9372a9c69a024671addbb3061671400fd3de3d166605f9d1d189
[INFO] [stderr] WARNING: Your kernel does not support swap limit capabilities or the cgroup is not mounted. Memory limited without swap.
[INFO] running `Command { std: "docker" "start" "-a" "7621fe2f0d1a9372a9c69a024671addbb3061671400fd3de3d166605f9d1d189", kill_on_drop: false }`
[INFO] [stderr] warning: profiles for the non root package will be ignored, specify profiles at the workspace root:
[INFO] [stderr] package:   /opt/rustwide/workdir/contracts/dummy_swap_data_receiver/Cargo.toml
[INFO] [stderr] workspace: /opt/rustwide/workdir/Cargo.toml
[INFO] [stderr] warning: profiles for the non root package will be ignored, specify profiles at the workspace root:
[INFO] [stderr] package:   /opt/rustwide/workdir/contracts/secretswap_router/Cargo.toml
[INFO] [stderr] workspace: /opt/rustwide/workdir/Cargo.toml
[INFO] [stderr]     Blocking waiting for file lock on package cache
[INFO] [stderr]    Compiling serde v1.0.123
[INFO] [stderr]    Compiling schemars v0.7.6
[INFO] [stderr]    Compiling cbindgen v0.13.2
[INFO] [stderr]     Checking sgx_types v1.1.2 (https://github.com/apache/teaclave-sgx-sdk.git?rev=v1.1.2#8f065be7)
[INFO] [stderr]     Checking fixed-hash v0.7.0
[INFO] [stderr]     Checking crunchy v0.2.2
[INFO] [stderr]    Compiling libc v0.2.86
[INFO] [stderr]     Checking getrandom v0.1.16
[INFO] [stderr]     Checking memmap v0.7.0
[INFO] [stderr]    Compiling serde_derive v1.0.123
[INFO] [stderr]    Compiling serde_derive_internals v0.25.0
[INFO] [stderr]    Compiling snafu-derive v0.6.10
[INFO] [stderr]     Checking hmac v0.7.1
[INFO] [stderr]     Checking sha2 v0.8.2
[INFO] [stderr]    Compiling thiserror-impl v1.0.23
[INFO] [stderr]    Compiling derive_more v0.99.11
[INFO] [stderr]     Checking uint v0.9.0
[INFO] [stderr]     Checking hmac-drbg v0.2.0
[INFO] [stderr]     Checking rand_core v0.5.1
[INFO] [stderr]     Checking sgx_urts v1.1.2 (https://github.com/apache/teaclave-sgx-sdk.git?rev=v1.1.2#8f065be7)
[INFO] [stderr]     Checking primitive-types v0.9.0
[INFO] [stderr]     Checking rand_chacha v0.2.2
[INFO] [stderr]    Compiling getrandom v0.2.2
[INFO] [stderr]    Compiling atty v0.2.14
[INFO] [stderr]    Compiling rand_core v0.6.2
[INFO] [stderr]    Compiling clap v2.33.3
[INFO] [stderr]     Checking rand v0.7.3
[INFO] [stderr]    Compiling schemars_derive v0.7.6
[INFO] [stderr]    Compiling rand_chacha v0.3.0
[INFO] [stderr]    Compiling rand v0.8.3
[INFO] [stderr]     Checking libsecp256k1 v0.3.5
[INFO] [stderr]    Compiling thiserror v1.0.23
[INFO] [stderr]    Compiling tempfile v3.2.0
[INFO] [stderr]     Checking snafu v0.6.10
[INFO] [stderr]     Checking serde_json v1.0.62
[INFO] [stderr]     Checking serde-json-wasm v0.2.3
[INFO] [stderr]     Checking bincode2 v2.0.1
[INFO] [stderr]    Compiling toml v0.5.8
[INFO] [stderr]     Checking cosmwasm-std v0.10.0 (https://github.com/enigmampc/SecretNetwork?rev=004c6bc#004c6bca)
[INFO] [stderr]     Checking cosmwasm-std v0.10.0 (https://github.com/enigmampc/SecretNetwork?tag=v1.0.0#490fba92)
[INFO] [stderr]     Checking cosmwasm-schema v0.9.4
[INFO] [stderr]     Checking cosmwasm-storage v0.10.0 (https://github.com/enigmampc/SecretNetwork?rev=004c6bc#004c6bca)
[INFO] [stderr]     Checking secret-toolkit-serialization v0.1.0 (https://github.com/enigmampc/secret-toolkit?branch=debug-print#e960c649)
[INFO] [stderr]     Checking secret-toolkit-utils v0.1.0 (https://github.com/enigmampc/secret-toolkit?branch=debug-print#e960c649)
[INFO] [stderr]     Checking secret-toolkit-crypto v0.1.0 (https://github.com/enigmampc/secret-toolkit?branch=debug-print#e960c649)
[INFO] [stderr]     Checking secret-toolkit-snip20 v0.1.0 (https://github.com/enigmampc/secret-toolkit?branch=debug-print#e960c649)
[INFO] [stderr]     Checking secret-toolkit-storage v0.1.0 (https://github.com/enigmampc/secret-toolkit?branch=debug-print#e960c649)
[INFO] [stderr]     Checking secret-toolkit v0.1.0 (https://github.com/enigmampc/secret-toolkit?branch=debug-print#e960c649)
[INFO] [stderr]     Checking secretswap v0.1.0 (/opt/rustwide/workdir/packages/secretswap)
[INFO] [stdout] warning: unused import: `BankMsg`
[INFO] [stdout]  --> packages/secretswap/src/asset.rs:4:21
[INFO] [stdout]   |
[INFO] [stdout] 4 |     to_binary, Api, BankMsg, CanonicalAddr, Coin, CosmosMsg, Env, Extern, HumanAddr, Querier,
[INFO] [stdout]   |                     ^^^^^^^
[INFO] [stdout]   |
[INFO] [stdout]   = note: `#[warn(unused_imports)]` on by default
[INFO] [stdout] 
[INFO] [stdout] 
[INFO] [stdout] warning: unused import: `query_balance`
[INFO] [stdout]   --> packages/secretswap/src/asset.rs:11:22
[INFO] [stdout]    |
[INFO] [stdout] 11 | use crate::querier::{query_balance, query_token_balance};
[INFO] [stdout]    |                      ^^^^^^^^^^^^^
[INFO] [stdout] 
[INFO] [stdout] 
[INFO] [stdout] error[E0412]: cannot find type `Never` in this scope
[INFO] [stdout]   --> packages/secretswap/src/mock_querier.rs:37:23
[INFO] [stdout]    |
[INFO] [stdout] 36 | pub struct WasmMockQuerier {
[INFO] [stdout]    |                           - help: you might be missing a type parameter: `<Never>`
[INFO] [stdout] 37 |     base: MockQuerier<Never>,
[INFO] [stdout]    |                       ^^^^^ not found in this scope
[INFO] [stdout] 
[INFO] [stdout] 
[INFO] [stdout] error[E0412]: cannot find type `TerraQueryWrapper` in this scope
[INFO] [stdout]    --> packages/secretswap/src/mock_querier.rs:104:35
[INFO] [stdout]     |
[INFO] [stdout] 101 | impl Querier for WasmMockQuerier {
[INFO] [stdout]     |     - help: you might be missing a type parameter: `<TerraQueryWrapper>`
[INFO] [stdout] ...
[INFO] [stdout] 104 |         let request: QueryRequest<TerraQueryWrapper> = match from_slice(bin_request) {
[INFO] [stdout]     |                                   ^^^^^^^^^^^^^^^^^ not found in this scope
[INFO] [stdout] 
[INFO] [stdout] 
[INFO] [stdout] error[E0412]: cannot find type `TerraQueryWrapper` in this scope
[INFO] [stdout]    --> packages/secretswap/src/mock_querier.rs:212:27
[INFO] [stdout]     |
[INFO] [stdout] 210 | impl WasmMockQuerier {
[INFO] [stdout]     |     - help: you might be missing a type parameter: `<TerraQueryWrapper>`
[INFO] [stdout] 211 |     pub fn new<A: Api>(
[INFO] [stdout] 212 |         base: MockQuerier<TerraQueryWrapper>,
[INFO] [stdout]     |                           ^^^^^^^^^^^^^^^^^ not found in this scope
[INFO] [stdout] 
[INFO] [stdout] 
[INFO] [stdout] warning: unused import: `BankMsg`
[INFO] [stdout]  --> packages/secretswap/src/asset.rs:4:21
[INFO] [stdout]   |
[INFO] [stdout] 4 |     to_binary, Api, BankMsg, CanonicalAddr, Coin, CosmosMsg, Env, Extern, HumanAddr, Querier,
[INFO] [stdout]   |                     ^^^^^^^
[INFO] [stdout]   |
[INFO] [stdout]   = note: `#[warn(unused_imports)]` on by default
[INFO] [stdout] 
[INFO] [stdout] 
[INFO] [stdout] warning: unused import: `query_balance`
[INFO] [stdout]   --> packages/secretswap/src/asset.rs:11:22
[INFO] [stdout]    |
[INFO] [stdout] 11 | use crate::querier::{query_balance, query_token_balance};
[INFO] [stdout]    |                      ^^^^^^^^^^^^^
[INFO] [stdout] 
[INFO] [stdout] 
[INFO] [stdout] warning: unused import: `Decimal`
[INFO] [stdout]  --> packages/secretswap/src/mock_querier.rs:5:67
[INFO] [stdout]   |
[INFO] [stdout] 5 |     from_binary, from_slice, to_binary, Api, CanonicalAddr, Coin, Decimal, Extern, HumanAddr,
[INFO] [stdout]   |                                                                   ^^^^^^^
[INFO] [stdout] 
[INFO] [stdout] 
[INFO] [stdout] warning: unused imports: `WasmMsg`, `to_binary`
[INFO] [stdout]  --> packages/secretswap/src/testing.rs:2:20
[INFO] [stdout]   |
[INFO] [stdout] 2 | use cosmwasm_std::{to_binary, BankMsg, Coin, CosmosMsg, Decimal, HumanAddr, Uint128, WasmMsg};
[INFO] [stdout]   |                    ^^^^^^^^^                                                         ^^^^^^^
[INFO] [stdout] 
[INFO] [stdout] 
[INFO] [stdout] warning: unused variable: `amount`
[INFO] [stdout]   --> packages/secretswap/src/asset.rs:59:13
[INFO] [stdout]    |
[INFO] [stdout] 59 |         let amount = self.amount;
[INFO] [stdout]    |             ^^^^^^ help: if this is intentional, prefix it with an underscore: `_amount`
[INFO] [stdout]    |
[INFO] [stdout]    = note: `#[warn(unused_variables)]` on by default
[INFO] [stdout] 
[INFO] [stdout] 
[INFO] [stdout] warning: unused variable: `deps`
[INFO] [stdout]   --> packages/secretswap/src/asset.rs:57:9
[INFO] [stdout]    |
[INFO] [stdout] 57 |         deps: &Extern<S, A, Q>,
[INFO] [stdout]    |         ^^^^ help: if this is intentional, prefix it with an underscore: `_deps`
[INFO] [stdout] 
[INFO] [stdout] 
[INFO] [stdout] warning: unused variable: `deps`
[INFO] [stdout]   --> packages/secretswap/src/asset.rs:65:9
[INFO] [stdout]    |
[INFO] [stdout] 65 |         deps: &Extern<S, A, Q>,
[INFO] [stdout]    |         ^^^^ help: if this is intentional, prefix it with an underscore: `_deps`
[INFO] [stdout] 
[INFO] [stdout] 
[INFO] [stdout] warning: unused variable: `sender`
[INFO] [stdout]   --> packages/secretswap/src/asset.rs:66:9
[INFO] [stdout]    |
[INFO] [stdout] 66 |         sender: HumanAddr,
[INFO] [stdout]    |         ^^^^^^ help: if this is intentional, prefix it with an underscore: `_sender`
[INFO] [stdout] 
[INFO] [stdout] 
[INFO] [stdout] warning: unused variable: `env`
[INFO] [stdout]   --> packages/secretswap/src/asset.rs:92:52
[INFO] [stdout]    |
[INFO] [stdout] 92 |     pub fn assert_sent_native_token_balance(&self, env: &Env) -> StdResult<()> {
[INFO] [stdout]    |                                                    ^^^ help: if this is intentional, prefix it with an underscore: `_env`
[INFO] [stdout] 
[INFO] [stdout] 
[INFO] [stdout] error[E0283]: type annotations needed
[INFO] [stdout]    --> packages/secretswap/src/mock_querier.rs:24:9
[INFO] [stdout]     |
[INFO] [stdout] 24  |         MockQuerier::new(&[(&contract_addr, contract_balance)]),
[INFO] [stdout]     |         ^^^^^^^^^^^^^^^^ cannot infer type for type parameter `C`
[INFO] [stdout]     |
[INFO] [stdout]     = note: cannot satisfy `_: DeserializeOwned`
[INFO] [stdout] note: required by `MockQuerier::<C>::new`
[INFO] [stdout]    --> /opt/rustwide/cargo-home/git/checkouts/secretnetwork-2885a5c51d1243af/004c6bc/cosmwasm/packages/std/src/mock.rs:158:5
[INFO] [stdout]     |
[INFO] [stdout] 158 |     pub fn new(balances: &[(&HumanAddr, &[Coin])]) -> Self {
[INFO] [stdout]     |     ^^^^^^^^^^^^^^^^^^^^^^^^^^^^^^^^^^^^^^^^^^^^^^^^^^^^^^
[INFO] [stdout] 
[INFO] [stdout] 
[INFO] [stdout] warning: 7 warnings emitted
[INFO] [stdout] 
[INFO] [stdout] 
[INFO] [stderr]     Checking secretswap-pair v0.1.0 (/opt/rustwide/workdir/contracts/secretswap_pair)
[INFO] [stderr]     Checking secretswap-token v0.1.0 (/opt/rustwide/workdir/contracts/secretswap_token)
[INFO] [stderr]     Checking secretswap-factory v0.1.0 (/opt/rustwide/workdir/contracts/secretswap_factory)
[INFO] [stderr]     Checking dummy-swap-data-receiver v0.1.0 (/opt/rustwide/workdir/contracts/dummy_swap_data_receiver)
[INFO] [stderr]     Checking secretswap-router v0.1.0 (/opt/rustwide/workdir/contracts/secretswap_router)
[INFO] [stdout] error[E0277]: the trait bound `TokenInfoResponse: Serialize` is not satisfied
[INFO] [stdout]    --> packages/secretswap/src/mock_querier.rs:168:36
[INFO] [stdout]     |
[INFO] [stdout] 168 |                           &to_binary(&TokenInfoResponse {
[INFO] [stdout]     |  ____________________________________^
[INFO] [stdout] 169 | |                             token_info: TokenInfo {
[INFO] [stdout] 170 | |                                 name: "mAPPL".to_string(),
[INFO] [stdout] 171 | |                                 symbol: "mAPPL".to_string(),
[INFO] [stdout] ...   |
[INFO] [stdout] 174 | |                             },
[INFO] [stdout] 175 | |                         })
[INFO] [stdout]     | |_________________________^ the trait `Serialize` is not implemented for `TokenInfoResponse`
[INFO] [stdout]     | 
[INFO] [stdout]    ::: /opt/rustwide/cargo-home/git/checkouts/secretnetwork-2885a5c51d1243af/004c6bc/cosmwasm/packages/std/src/serde.rs:28:8
[INFO] [stdout]     |
[INFO] [stdout] 28  |       T: Serialize + ?Sized,
[INFO] [stdout]     |          --------- required by this bound in `to_binary`
[INFO] [stdout] 
[INFO] [stdout] 
[INFO] [stdout] error[E0599]: no variant named `NativeToken` found for enum `AssetInfo`
[INFO] [stdout]    --> packages/secretswap/src/testing.rs:113:51
[INFO] [stdout]     |
[INFO] [stdout] 113 |     let native_token_info: AssetInfo = AssetInfo::NativeToken {
[INFO] [stdout]     |                                                   ^^^^^^^^^^^ variant not found in `AssetInfo`
[INFO] [stdout]     | 
[INFO] [stdout]    ::: packages/secretswap/src/asset.rs:119:1
[INFO] [stdout]     |
[INFO] [stdout] 119 | pub enum AssetInfo {
[INFO] [stdout]     | ------------------ variant `NativeToken` not found here
[INFO] [stdout] 
[INFO] [stdout] 
[INFO] [stderr]    Compiling enclave-ffi-types v0.1.0 (https://github.com/enigmampc/SecretNetwork?tag=v1.0.0#490fba92)
[INFO] [stdout] error[E0599]: no method named `with_tax` found for struct `WasmMockQuerier` in the current scope
[INFO] [stdout]    --> packages/secretswap/src/testing.rs:191:18
[INFO] [stdout]     |
[INFO] [stdout] 191 |     deps.querier.with_tax(
[INFO] [stdout]     |                  ^^^^^^^^ method not found in `WasmMockQuerier`
[INFO] [stdout]     | 
[INFO] [stdout]    ::: packages/secretswap/src/mock_querier.rs:36:1
[INFO] [stdout]     |
[INFO] [stdout] 36  | pub struct WasmMockQuerier {
[INFO] [stdout]     | -------------------------- method `with_tax` not found for this
[INFO] [stdout] 
[INFO] [stdout] 
[INFO] [stdout] error[E0599]: no variant named `NativeToken` found for enum `AssetInfo`
[INFO] [stdout]    --> packages/secretswap/src/testing.rs:207:26
[INFO] [stdout]     |
[INFO] [stdout] 207 |         info: AssetInfo::NativeToken {
[INFO] [stdout]     |                          ^^^^^^^^^^^ variant not found in `AssetInfo`
[INFO] [stdout]     | 
[INFO] [stdout]    ::: packages/secretswap/src/asset.rs:119:1
[INFO] [stdout]     |
[INFO] [stdout] 119 | pub enum AssetInfo {
[INFO] [stdout]     | ------------------ variant `NativeToken` not found here
[INFO] [stdout] 
[INFO] [stdout] 
[INFO] [stdout] error[E0599]: no variant named `NativeToken` found for enum `AssetInfo`
[INFO] [stdout]    --> packages/secretswap/src/testing.rs:277:28
[INFO] [stdout]     |
[INFO] [stdout] 277 |                 AssetInfo::NativeToken {
[INFO] [stdout]     |                            ^^^^^^^^^^^ variant not found in `AssetInfo`
[INFO] [stdout]     | 
[INFO] [stdout]    ::: packages/secretswap/src/asset.rs:119:1
[INFO] [stdout]     |
[INFO] [stdout] 119 | pub enum AssetInfo {
[INFO] [stdout]     | ------------------ variant `NativeToken` not found here
[INFO] [stdout] 
[INFO] [stdout] 
[INFO] [stdout] error[E0063]: missing fields `asset0_volume`, `asset1_volume` and `factory` in initializer of `PairInfo`
[INFO] [stdout]    --> packages/secretswap/src/testing.rs:270:10
[INFO] [stdout]     |
[INFO] [stdout] 270 |         &PairInfo {
[INFO] [stdout]     |          ^^^^^^^^ missing `asset0_volume`, `asset1_volume` and `factory`
[INFO] [stdout] 
[INFO] [stdout] 
[INFO] [stdout] error[E0599]: no variant named `NativeToken` found for enum `AssetInfo`
[INFO] [stdout]    --> packages/secretswap/src/testing.rs:297:24
[INFO] [stdout]     |
[INFO] [stdout] 297 |             AssetInfo::NativeToken {
[INFO] [stdout]     |                        ^^^^^^^^^^^ variant not found in `AssetInfo`
[INFO] [stdout]     | 
[INFO] [stdout]    ::: packages/secretswap/src/asset.rs:119:1
[INFO] [stdout]     |
[INFO] [stdout] 119 | pub enum AssetInfo {
[INFO] [stdout]     | ------------------ variant `NativeToken` not found here
[INFO] [stdout] 
[INFO] [stdout] 
[INFO] [stdout] error: aborting due to 11 previous errors; 4 warnings emitted
[INFO] [stdout] 
[INFO] [stdout] 
[INFO] [stdout] Some errors have detailed explanations: E0063, E0277, E0283, E0412, E0599.
[INFO] [stdout] 
[INFO] [stdout] For more information about an error, try `rustc --explain E0063`.
[INFO] [stdout] 
[INFO] [stderr] error: could not compile `secretswap` due to 12 previous errors; 4 warnings emitted
[INFO] [stderr] warning: build failed, waiting for other jobs to finish...
[INFO] [stdout] warning: unused import: `collections::hash_map::RandomState`
[INFO] [stdout]  --> contracts/secretswap_pair/src/contract.rs:2:5
[INFO] [stdout]   |
[INFO] [stdout] 2 |     collections::hash_map::RandomState,
[INFO] [stdout]   |     ^^^^^^^^^^^^^^^^^^^^^^^^^^^^^^^^^^
[INFO] [stdout]   |
[INFO] [stdout]   = note: `#[warn(unused_imports)]` on by default
[INFO] [stdout] 
[INFO] [stdout] 
[INFO] [stdout] warning: unused import: `debug_print`
[INFO] [stdout]  --> contracts/secretswap_pair/src/contract.rs:8:5
[INFO] [stdout]   |
[INFO] [stdout] 8 |     debug_print, from_binary, log, to_binary, Api, Binary, CanonicalAddr, CosmosMsg, Decimal, Env,
[INFO] [stdout]   |     ^^^^^^^^^^^
[INFO] [stdout] 
[INFO] [stdout] 
[INFO] [stdout] error[E0432]: unresolved import `cw20`
[INFO] [stdout]  --> contracts/secretswap_pair/src/testing.rs:7:5
[INFO] [stdout]   |
[INFO] [stdout] 7 | use cw20::{Cw20HandleMsg, Cw20ReceiveMsg, MinterResponse};
[INFO] [stdout]   |     ^^^^ use of undeclared crate or module `cw20`
[INFO] [stdout] 
[INFO] [stdout] 
[INFO] [stdout] warning: unused import: `debug_print`
[INFO] [stdout]  --> contracts/secretswap_router/src/contract.rs:2:5
[INFO] [stdout]   |
[INFO] [stdout] 2 |     debug_print, from_binary, to_binary, Api, BankMsg, Binary, Coin, CosmosMsg, Env, Extern,
[INFO] [stdout]   |     ^^^^^^^^^^^
[INFO] [stdout]   |
[INFO] [stdout]   = note: `#[warn(unused_imports)]` on by default
[INFO] [stdout] 
[INFO] [stdout] 
[INFO] [stdout] warning: unused import: `debug_print`
[INFO] [stdout]  --> contracts/secretswap_router/src/contract.rs:2:5
[INFO] [stdout]   |
[INFO] [stdout] 2 |     debug_print, from_binary, to_binary, Api, BankMsg, Binary, Coin, CosmosMsg, Env, Extern,
[INFO] [stdout]   |     ^^^^^^^^^^^
[INFO] [stdout]   |
[INFO] [stdout]   = note: `#[warn(unused_imports)]` on by default
[INFO] [stdout] 
[INFO] [stdout] 
[INFO] [stdout] error[E0433]: failed to resolve: use of undeclared type `TerraRoute`
[INFO] [stdout]    --> contracts/secretswap_pair/src/mock_querier.rs:112:30
[INFO] [stdout]     |
[INFO] [stdout] 112 |                 if route == &TerraRoute::Treasury {
[INFO] [stdout]     |                              ^^^^^^^^^^ use of undeclared type `TerraRoute`
[INFO] [stdout] 
[INFO] [stdout] 
[INFO] [stdout] error[E0433]: failed to resolve: use of undeclared type `TerraQuery`
[INFO] [stdout]    --> contracts/secretswap_pair/src/mock_querier.rs:114:25
[INFO] [stdout]     |
[INFO] [stdout] 114 |                         TerraQuery::TaxRate {} => {
[INFO] [stdout]     |                         ^^^^^^^^^^ use of undeclared type `TerraQuery`
[INFO] [stdout] 
[INFO] [stdout] 
[INFO] [stdout] error[E0433]: failed to resolve: use of undeclared type `TerraQuery`
[INFO] [stdout]    --> contracts/secretswap_pair/src/mock_querier.rs:120:25
[INFO] [stdout]     |
[INFO] [stdout] 120 |                         TerraQuery::TaxCap { denom } => {
[INFO] [stdout]     |                         ^^^^^^^^^^ use of undeclared type `TerraQuery`
[INFO] [stdout] 
[INFO] [stdout] 
[INFO] [stdout] error[E0423]: expected function, tuple struct or tuple variant, found struct variant `HandleMsg::Receive`
[INFO] [stdout]    --> contracts/secretswap_pair/src/testing.rs:529:15
[INFO] [stdout]     |
[INFO] [stdout] 529 |       let msg = HandleMsg::Receive(Cw20ReceiveMsg {
[INFO] [stdout]     |  _______________^
[INFO] [stdout] 530 | |         sender: HumanAddr::from("addr0000"),
[INFO] [stdout] 531 | |         msg: Some(to_binary(&Cw20HookMsg::WithdrawLiquidity {}).unwrap()),
[INFO] [stdout] 532 | |         amount: Uint128(100u128),
[INFO] [stdout] 533 | |     });
[INFO] [stdout]     | |______^ help: use struct literal syntax instead: `HandleMsg::Receive { from: val, msg: val, amount: val }`
[INFO] [stdout]     | 
[INFO] [stdout]    ::: contracts/secretswap_pair/src/msg.rs:10:5
[INFO] [stdout]     |
[INFO] [stdout] 10  | /     Receive {
[INFO] [stdout] 11  | |         from: HumanAddr,
[INFO] [stdout] 12  | |         msg: Option<Binary>,
[INFO] [stdout] 13  | |         amount: Uint128,
[INFO] [stdout] 14  | |     },
[INFO] [stdout]     | |_____- `HandleMsg::Receive` defined here
[INFO] [stdout] 
[INFO] [stdout] 
[INFO] [stdout] error[E0423]: expected function, tuple struct or tuple variant, found struct variant `HandleMsg::Receive`
[INFO] [stdout]    --> contracts/secretswap_pair/src/testing.rs:834:15
[INFO] [stdout]     |
[INFO] [stdout] 834 |       let msg = HandleMsg::Receive(Cw20ReceiveMsg {
[INFO] [stdout]     |  _______________^
[INFO] [stdout] 835 | |         sender: HumanAddr::from("addr0000"),
[INFO] [stdout] 836 | |         amount: offer_amount,
[INFO] [stdout] 837 | |         msg: Some(
[INFO] [stdout] ...   |
[INFO] [stdout] 844 | |         ),
[INFO] [stdout] 845 | |     });
[INFO] [stdout]     | |______^ help: use struct literal syntax instead: `HandleMsg::Receive { from: val, msg: val, amount: val }`
[INFO] [stdout]     | 
[INFO] [stdout]    ::: contracts/secretswap_pair/src/msg.rs:10:5
[INFO] [stdout]     |
[INFO] [stdout] 10  | /     Receive {
[INFO] [stdout] 11  | |         from: HumanAddr,
[INFO] [stdout] 12  | |         msg: Option<Binary>,
[INFO] [stdout] 13  | |         amount: Uint128,
[INFO] [stdout] 14  | |     },
[INFO] [stdout]     | |_____- `HandleMsg::Receive` defined here
[INFO] [stdout] 
[INFO] [stdout] 
[INFO] [stdout] error[E0423]: expected function, tuple struct or tuple variant, found struct variant `HandleMsg::Receive`
[INFO] [stdout]    --> contracts/secretswap_pair/src/testing.rs:948:15
[INFO] [stdout]     |
[INFO] [stdout] 948 |       let msg = HandleMsg::Receive(Cw20ReceiveMsg {
[INFO] [stdout]     |  _______________^
[INFO] [stdout] 949 | |         sender: HumanAddr::from("addr0000"),
[INFO] [stdout] 950 | |         amount: offer_amount,
[INFO] [stdout] 951 | |         msg: Some(
[INFO] [stdout] ...   |
[INFO] [stdout] 958 | |         ),
[INFO] [stdout] 959 | |     });
[INFO] [stdout]     | |______^ help: use struct literal syntax instead: `HandleMsg::Receive { from: val, msg: val, amount: val }`
[INFO] [stdout]     | 
[INFO] [stdout]    ::: contracts/secretswap_pair/src/msg.rs:10:5
[INFO] [stdout]     |
[INFO] [stdout] 10  | /     Receive {
[INFO] [stdout] 11  | |         from: HumanAddr,
[INFO] [stdout] 12  | |         msg: Option<Binary>,
[INFO] [stdout] 13  | |         amount: Uint128,
[INFO] [stdout] 14  | |     },
[INFO] [stdout]     | |_____- `HandleMsg::Receive` defined here
[INFO] [stdout] 
[INFO] [stdout] 
[INFO] [stdout] error[E0412]: cannot find type `TerraQueryWrapper` in this scope
[INFO] [stdout]   --> contracts/secretswap_pair/src/mock_querier.rs:33:23
[INFO] [stdout]    |
[INFO] [stdout] 32 | pub struct WasmMockQuerier {
[INFO] [stdout]    |                           - help: you might be missing a type parameter: `<TerraQueryWrapper>`
[INFO] [stdout] 33 |     base: MockQuerier<TerraQueryWrapper>,
[INFO] [stdout]    |                       ^^^^^^^^^^^^^^^^^ not found in this scope
[INFO] [stdout] 
[INFO] [stdout] 
[INFO] [stdout] error[E0412]: cannot find type `TerraQueryWrapper` in this scope
[INFO] [stdout]   --> contracts/secretswap_pair/src/mock_querier.rs:95:35
[INFO] [stdout]    |
[INFO] [stdout] 92 | impl Querier for WasmMockQuerier {
[INFO] [stdout]    |     - help: you might be missing a type parameter: `<TerraQueryWrapper>`
[INFO] [stdout] ...
[INFO] [stdout] 95 |         let request: QueryRequest<TerraQueryWrapper> = match from_slice(bin_request) {
[INFO] [stdout]    |                                   ^^^^^^^^^^^^^^^^^ not found in this scope
[INFO] [stdout] 
[INFO] [stdout] 
[INFO] [stdout] error[E0412]: cannot find type `TerraQueryWrapper` in this scope
[INFO] [stdout]    --> contracts/secretswap_pair/src/mock_querier.rs:109:55
[INFO] [stdout]     |
[INFO] [stdout] 108 | impl WasmMockQuerier {
[INFO] [stdout]     |     - help: you might be missing a type parameter: `<TerraQueryWrapper>`
[INFO] [stdout] 109 |     pub fn handle_query(&self, request: &QueryRequest<TerraQueryWrapper>) -> QuerierResult {
[INFO] [stdout]     |                                                       ^^^^^^^^^^^^^^^^^ not found in this scope
[INFO] [stdout] 
[INFO] [stdout] 
[INFO] [stdout] error[E0422]: cannot find struct, variant or union type `TerraQueryWrapper` in this scope
[INFO] [stdout]    --> contracts/secretswap_pair/src/mock_querier.rs:111:34
[INFO] [stdout]     |
[INFO] [stdout] 111 |             QueryRequest::Custom(TerraQueryWrapper { route, query_data }) => {
[INFO] [stdout]     |                                  ^^^^^^^^^^^^^^^^^ not found in this scope
[INFO] [stdout] 
[INFO] [stdout] 
[INFO] [stdout] error[E0422]: cannot find struct, variant or union type `TaxRateResponse` in this scope
[INFO] [stdout]    --> contracts/secretswap_pair/src/mock_querier.rs:115:39
[INFO] [stdout]     |
[INFO] [stdout] 115 | ...                   let res = TaxRateResponse {
[INFO] [stdout]     |                                 ^^^^^^^^^^^^^^^ not found in this scope
[INFO] [stdout] 
[INFO] [stdout] 
[INFO] [stdout] error[E0422]: cannot find struct, variant or union type `TaxCapResponse` in this scope
[INFO] [stdout]    --> contracts/secretswap_pair/src/mock_querier.rs:127:39
[INFO] [stdout]     |
[INFO] [stdout] 127 | ...                   let res = TaxCapResponse { cap };
[INFO] [stdout]     |                                 ^^^^^^^^^^^^^^ not found in this scope
[INFO] [stdout] 
[INFO] [stdout] 
[INFO] [stdout] error[E0412]: cannot find type `TerraQueryWrapper` in this scope
[INFO] [stdout]    --> contracts/secretswap_pair/src/mock_querier.rs:215:27
[INFO] [stdout]     |
[INFO] [stdout] 213 | impl WasmMockQuerier {
[INFO] [stdout]     |     - help: you might be missing a type parameter: `<TerraQueryWrapper>`
[INFO] [stdout] 214 |     pub fn new<A: Api>(
[INFO] [stdout] 215 |         base: MockQuerier<TerraQueryWrapper>,
[INFO] [stdout]     |                           ^^^^^^^^^^^^^^^^^ not found in this scope
[INFO] [stdout] 
[INFO] [stdout] 
[INFO] [stdout] warning: unused import: `collections::hash_map::RandomState`
[INFO] [stdout]  --> contracts/secretswap_pair/src/contract.rs:2:5
[INFO] [stdout]   |
[INFO] [stdout] 2 |     collections::hash_map::RandomState,
[INFO] [stdout]   |     ^^^^^^^^^^^^^^^^^^^^^^^^^^^^^^^^^^
[INFO] [stdout]   |
[INFO] [stdout]   = note: `#[warn(unused_imports)]` on by default
[INFO] [stdout] 
[INFO] [stdout] 
[INFO] [stdout] warning: unused import: `debug_print`
[INFO] [stdout]  --> contracts/secretswap_pair/src/contract.rs:8:5
[INFO] [stdout]   |
[INFO] [stdout] 8 |     debug_print, from_binary, log, to_binary, Api, Binary, CanonicalAddr, CosmosMsg, Decimal, Env,
[INFO] [stdout]   |     ^^^^^^^^^^^
[INFO] [stdout] 
[INFO] [stdout] 
[INFO] [stdout] error[E0599]: no variant named `NativeToken` found for enum `AssetInfo`
[INFO] [stdout]    --> contracts/secretswap_router/src/contract.rs:230:46
[INFO] [stdout]     |
[INFO] [stdout] 230 | ...                   info: AssetInfo::NativeToken {
[INFO] [stdout]     |                                        ^^^^^^^^^^^ variant not found in `AssetInfo`
[INFO] [stdout] 
[INFO] [stdout] 
[INFO] [stdout] error[E0599]: no variant named `NativeToken` found for enum `AssetInfo`
[INFO] [stdout]    --> contracts/secretswap_router/src/contract.rs:230:46
[INFO] [stdout]     |
[INFO] [stdout] 230 | ...                   info: AssetInfo::NativeToken {
[INFO] [stdout]     |                                        ^^^^^^^^^^^ variant not found in `AssetInfo`
[INFO] [stdout] 
[INFO] [stdout] 
[INFO] [stdout] warning: unreachable pattern
[INFO] [stdout]   --> contracts/secretswap_pair/src/contract.rs:73:9
[INFO] [stdout]    |
[INFO] [stdout] 73 |         _ => {}
[INFO] [stdout]    |         ^
[INFO] [stdout]    |
[INFO] [stdout]    = note: `#[warn(unreachable_patterns)]` on by default
[INFO] [stdout] 
[INFO] [stdout] 
[INFO] [stdout] warning: unreachable pattern
[INFO] [stdout]    --> contracts/secretswap_pair/src/contract.rs:101:9
[INFO] [stdout]     |
[INFO] [stdout] 101 |         _ => {}
[INFO] [stdout]     |         ^
[INFO] [stdout] 
[INFO] [stdout] 
[INFO] [stdout] warning: irrefutable `if let` pattern
[INFO] [stdout]    --> contracts/secretswap_pair/src/contract.rs:315:9
[INFO] [stdout]     |
[INFO] [stdout] 315 | /         if let AssetInfo::Token {
[INFO] [stdout] 316 | |             contract_addr,
[INFO] [stdout] 317 | |             token_code_hash,
[INFO] [stdout] 318 | |             ..
[INFO] [stdout] ...   |
[INFO] [stdout] 333 | |             pool.amount = (pool.amount - deposits[i])?;
[INFO] [stdout] 334 | |         }
[INFO] [stdout]     | |_________^
[INFO] [stdout]     |
[INFO] [stdout]     = note: `#[warn(irrefutable_let_patterns)]` on by default
[INFO] [stdout]     = note: this pattern will always match, so the `if let` is useless
[INFO] [stdout]     = help: consider replacing the `if let` with a `let`
[INFO] [stdout] 
[INFO] [stdout] 
[INFO] [stdout] error[E0063]: missing fields `pair_code_hash`, `prng_seed` and `token_code_hash` in initializer of `InitMsg`
[INFO] [stdout]   --> contracts/secretswap_factory/src/testing.rs:17:15
[INFO] [stdout]    |
[INFO] [stdout] 17 |     let msg = InitMsg {
[INFO] [stdout]    |               ^^^^^^^ missing `pair_code_hash`, `prng_seed` and `token_code_hash`
[INFO] [stdout] 
[INFO] [stdout] 
[INFO] [stdout] error[E0063]: missing fields `pair_code_hash`, `prng_seed` and `token_code_hash` in initializer of `InitMsg`
[INFO] [stdout]   --> contracts/secretswap_factory/src/testing.rs:39:15
[INFO] [stdout]    |
[INFO] [stdout] 39 |     let msg = InitMsg {
[INFO] [stdout]    |               ^^^^^^^ missing `pair_code_hash`, `prng_seed` and `token_code_hash`
[INFO] [stdout] 
[INFO] [stdout] 
[INFO] [stdout] error[E0063]: missing fields `pair_code_hash`, `swap_data_endpoint`, `swap_fee` and 1 other field in initializer of `msg::HandleMsg`
[INFO] [stdout]   --> contracts/secretswap_factory/src/testing.rs:52:15
[INFO] [stdout]    |
[INFO] [stdout] 52 |     let msg = HandleMsg::UpdateConfig {
[INFO] [stdout]    |               ^^^^^^^^^^^^^^^^^^^^^^^ missing `pair_code_hash`, `swap_data_endpoint`, `swap_fee` and 1 other field
[INFO] [stdout] 
[INFO] [stdout] 
[INFO] [stdout] error[E0063]: missing fields `pair_code_hash`, `swap_data_endpoint`, `swap_fee` and 1 other field in initializer of `msg::HandleMsg`
[INFO] [stdout]   --> contracts/secretswap_factory/src/testing.rs:70:15
[INFO] [stdout]    |
[INFO] [stdout] 70 |     let msg = HandleMsg::UpdateConfig {
[INFO] [stdout]    |               ^^^^^^^^^^^^^^^^^^^^^^^ missing `pair_code_hash`, `swap_data_endpoint`, `swap_fee` and 1 other field
[INFO] [stdout] 
[INFO] [stdout] 
[INFO] [stdout] error[E0063]: missing fields `pair_code_hash`, `swap_data_endpoint`, `swap_fee` and 1 other field in initializer of `msg::HandleMsg`
[INFO] [stdout]   --> contracts/secretswap_factory/src/testing.rs:88:15
[INFO] [stdout]    |
[INFO] [stdout] 88 |     let msg = HandleMsg::UpdateConfig {
[INFO] [stdout]    |               ^^^^^^^^^^^^^^^^^^^^^^^ missing `pair_code_hash`, `swap_data_endpoint`, `swap_fee` and 1 other field
[INFO] [stdout] 
[INFO] [stdout] 
[INFO] [stdout] error[E0063]: missing fields `pair_code_hash`, `prng_seed` and `token_code_hash` in initializer of `InitMsg`
[INFO] [stdout]    --> contracts/secretswap_factory/src/testing.rs:105:15
[INFO] [stdout]     |
[INFO] [stdout] 105 |     let msg = InitMsg {
[INFO] [stdout]     |               ^^^^^^^ missing `pair_code_hash`, `prng_seed` and `token_code_hash`
[INFO] [stdout] 
[INFO] [stdout] 
[INFO] [stdout] error[E0063]: missing fields `token_code_hash` and `viewing_key` in initializer of `AssetInfo`
[INFO] [stdout]    --> contracts/secretswap_factory/src/testing.rs:117:9
[INFO] [stdout]     |
[INFO] [stdout] 117 |         AssetInfo::Token {
[INFO] [stdout]     |         ^^^^^^^^^^^^^^^^ missing `token_code_hash` and `viewing_key`
[INFO] [stdout] 
[INFO] [stdout] 
[INFO] [stdout] error[E0063]: missing fields `token_code_hash` and `viewing_key` in initializer of `AssetInfo`
[INFO] [stdout]    --> contracts/secretswap_factory/src/testing.rs:120:9
[INFO] [stdout]     |
[INFO] [stdout] 120 |         AssetInfo::Token {
[INFO] [stdout]     |         ^^^^^^^^^^^^^^^^ missing `token_code_hash` and `viewing_key`
[INFO] [stdout] 
[INFO] [stdout] 
[INFO] [stdout] error[E0063]: missing field `code_hash` in initializer of `InitHook`
[INFO] [stdout]    --> contracts/secretswap_factory/src/testing.rs:145:33
[INFO] [stdout]     |
[INFO] [stdout] 145 |                 init_hook: Some(InitHook {
[INFO] [stdout]     |                                 ^^^^^^^^ missing `code_hash`
[INFO] [stdout] 
[INFO] [stdout] 
[INFO] [stdout] error[E0063]: missing fields `prng_seed` and `token_code_hash` in initializer of `PairInitMsg`
[INFO] [stdout]    --> contracts/secretswap_factory/src/testing.rs:142:29
[INFO] [stdout]     |
[INFO] [stdout] 142 |             msg: to_binary(&PairInitMsg {
[INFO] [stdout]     |                             ^^^^^^^^^^^ missing `prng_seed` and `token_code_hash`
[INFO] [stdout] 
[INFO] [stdout] 
[INFO] [stdout] error: aborting due to previous error; 1 warning emitted
[INFO] [stdout] 
[INFO] [stdout] 
[INFO] [stdout] For more information about this error, try `rustc --explain E0599`.
[INFO] [stdout] 
[INFO] [stdout] error[E0599]: no variant named `NativeToken` found for enum `AssetInfo`
[INFO] [stdout]   --> contracts/secretswap_pair/src/testing.rs:26:24
[INFO] [stdout]    |
[INFO] [stdout] 26 |             AssetInfo::NativeToken {
[INFO] [stdout]    |                        ^^^^^^^^^^^ variant not found in `AssetInfo`
[INFO] [stdout] 
[INFO] [stdout] 
[INFO] [stdout] error[E0063]: missing fields `token_code_hash` and `viewing_key` in initializer of `AssetInfo`
[INFO] [stdout]   --> contracts/secretswap_pair/src/testing.rs:29:13
[INFO] [stdout]    |
[INFO] [stdout] 29 |             AssetInfo::Token {
[INFO] [stdout]    |             ^^^^^^^^^^^^^^^^ missing `token_code_hash` and `viewing_key`
[INFO] [stdout] 
[INFO] [stdout] 
[INFO] [stdout] error[E0063]: missing field `code_hash` in initializer of `InitHook`
[INFO] [stdout]   --> contracts/secretswap_pair/src/testing.rs:34:25
[INFO] [stdout]    |
[INFO] [stdout] 34 |         init_hook: Some(InitHook {
[INFO] [stdout]    |                         ^^^^^^^^ missing `code_hash`
[INFO] [stdout] 
[INFO] [stdout] 
[INFO] [stdout] error[E0063]: missing fields `prng_seed` and `token_code_hash` in initializer of `PairInitMsg`
[INFO] [stdout]   --> contracts/secretswap_pair/src/testing.rs:24:15
[INFO] [stdout]    |
[INFO] [stdout] 24 |     let msg = PairInitMsg {
[INFO] [stdout]    |               ^^^^^^^^^^^ missing `prng_seed` and `token_code_hash`
[INFO] [stdout] 
[INFO] [stdout] 
[INFO] [stdout] error: aborting due to previous error; 1 warning emitted
[INFO] [stdout] 
[INFO] [stdout] 
[INFO] [stdout] For more information about this error, try `rustc --explain E0599`.
[INFO] [stdout] 
[INFO] [stdout] error[E0308]: mismatched types
[INFO] [stdout]    --> contracts/secretswap_factory/src/testing.rs:156:20
[INFO] [stdout]     |
[INFO] [stdout] 156 |             label: None,
[INFO] [stdout]     |                    ^^^^ expected struct `std::string::String`, found enum `std::option::Option`
[INFO] [stdout]     |
[INFO] [stdout]     = note: expected struct `std::string::String`
[INFO] [stdout]                  found enum `std::option::Option<_>`
[INFO] [stdout] 
[INFO] [stdout] 
[INFO] [stdout] error[E0063]: missing field `callback_code_hash` in initializer of `WasmMsg`
[INFO] [stdout]    --> contracts/secretswap_factory/src/testing.rs:141:30
[INFO] [stdout]     |
[INFO] [stdout] 141 |         vec![CosmosMsg::Wasm(WasmMsg::Instantiate {
[INFO] [stdout]     |                              ^^^^^^^^^^^^^^^^^^^^ missing `callback_code_hash`
[INFO] [stdout] 
[INFO] [stdout] 
[INFO] [stdout] error[E0063]: missing fields `pair_code_hash`, `prng_seed` and `token_code_hash` in initializer of `InitMsg`
[INFO] [stdout]    --> contracts/secretswap_factory/src/testing.rs:173:15
[INFO] [stdout]     |
[INFO] [stdout] 173 |     let msg = InitMsg {
[INFO] [stdout]     |               ^^^^^^^ missing `pair_code_hash`, `prng_seed` and `token_code_hash`
[INFO] [stdout] 
[INFO] [stdout] 
[INFO] [stdout] error[E0063]: missing fields `token_code_hash` and `viewing_key` in initializer of `AssetInfo`
[INFO] [stdout]    --> contracts/secretswap_factory/src/testing.rs:183:9
[INFO] [stdout]     |
[INFO] [stdout] 183 |         AssetInfo::Token {
[INFO] [stdout]     |         ^^^^^^^^^^^^^^^^ missing `token_code_hash` and `viewing_key`
[INFO] [stdout] 
[INFO] [stdout] 
[INFO] [stdout] error[E0063]: missing fields `token_code_hash` and `viewing_key` in initializer of `AssetInfo`
[INFO] [stdout]    --> contracts/secretswap_factory/src/testing.rs:186:9
[INFO] [stdout]     |
[INFO] [stdout] 186 |         AssetInfo::Token {
[INFO] [stdout]     |         ^^^^^^^^^^^^^^^^ missing `token_code_hash` and `viewing_key`
[INFO] [stdout] 
[INFO] [stdout] 
[INFO] [stdout] error[E0599]: no variant named `NativeToken` found for enum `AssetInfo`
[INFO] [stdout]    --> contracts/secretswap_factory/src/testing.rs:204:28
[INFO] [stdout]     |
[INFO] [stdout] 204 |                 AssetInfo::NativeToken {
[INFO] [stdout]     |                            ^^^^^^^^^^^ variant not found in `AssetInfo`
[INFO] [stdout] 
[INFO] [stdout] 
[INFO] [stdout] error[E0599]: no variant named `NativeToken` found for enum `AssetInfo`
[INFO] [stdout]    --> contracts/secretswap_factory/src/testing.rs:207:28
[INFO] [stdout]     |
[INFO] [stdout] 207 |                 AssetInfo::NativeToken {
[INFO] [stdout]     |                            ^^^^^^^^^^^ variant not found in `AssetInfo`
[INFO] [stdout] 
[INFO] [stdout] 
[INFO] [stdout] error[E0063]: missing fields `asset0_volume`, `asset1_volume`, `factory` and 1 other field in initializer of `PairInfo`
[INFO] [stdout]    --> contracts/secretswap_factory/src/testing.rs:202:10
[INFO] [stdout]     |
[INFO] [stdout] 202 |         &PairInfo {
[INFO] [stdout]     |          ^^^^^^^^ missing `asset0_volume`, `asset1_volume`, `factory` and 1 other field
[INFO] [stdout] 
[INFO] [stdout] 
[INFO] [stdout] error[E0063]: missing fields `asset0_volume`, `asset1_volume`, `factory` and 1 other field in initializer of `PairInfo`
[INFO] [stdout]    --> contracts/secretswap_factory/src/testing.rs:234:9
[INFO] [stdout]     |
[INFO] [stdout] 234 |         PairInfo {
[INFO] [stdout]     |         ^^^^^^^^ missing `asset0_volume`, `asset1_volume`, `factory` and 1 other field
[INFO] [stdout] 
[INFO] [stdout] 
[INFO] [stdout] error[E0063]: missing fields `token_code_hash` and `viewing_key` in initializer of `AssetInfo`
[INFO] [stdout]    --> contracts/secretswap_factory/src/testing.rs:254:9
[INFO] [stdout]     |
[INFO] [stdout] 254 |         AssetInfo::Token {
[INFO] [stdout]     |         ^^^^^^^^^^^^^^^^ missing `token_code_hash` and `viewing_key`
[INFO] [stdout] 
[INFO] [stdout] 
[INFO] [stdout] error[E0063]: missing fields `token_code_hash` and `viewing_key` in initializer of `AssetInfo`
[INFO] [stdout]    --> contracts/secretswap_factory/src/testing.rs:257:9
[INFO] [stdout]     |
[INFO] [stdout] 257 |         AssetInfo::Token {
[INFO] [stdout]     |         ^^^^^^^^^^^^^^^^ missing `token_code_hash` and `viewing_key`
[INFO] [stdout] 
[INFO] [stdout] 
[INFO] [stdout] error[E0599]: no variant named `NativeToken` found for enum `AssetInfo`
[INFO] [stdout]    --> contracts/secretswap_factory/src/testing.rs:275:28
[INFO] [stdout]     |
[INFO] [stdout] 275 |                 AssetInfo::NativeToken {
[INFO] [stdout]     |                            ^^^^^^^^^^^ variant not found in `AssetInfo`
[INFO] [stdout] 
[INFO] [stdout] 
[INFO] [stdout] error[E0599]: no variant named `NativeToken` found for enum `AssetInfo`
[INFO] [stdout]    --> contracts/secretswap_factory/src/testing.rs:278:28
[INFO] [stdout]     |
[INFO] [stdout] 278 |                 AssetInfo::NativeToken {
[INFO] [stdout]     |                            ^^^^^^^^^^^ variant not found in `AssetInfo`
[INFO] [stdout] 
[INFO] [stdout] 
[INFO] [stdout] error[E0063]: missing fields `asset0_volume`, `asset1_volume`, `factory` and 1 other field in initializer of `PairInfo`
[INFO] [stdout]    --> contracts/secretswap_factory/src/testing.rs:273:10
[INFO] [stdout]     |
[INFO] [stdout] 273 |         &PairInfo {
[INFO] [stdout]     |          ^^^^^^^^ missing `asset0_volume`, `asset1_volume`, `factory` and 1 other field
[INFO] [stdout] 
[INFO] [stdout] 
[INFO] [stdout] error[E0063]: missing fields `asset0_volume`, `asset1_volume`, `factory` and 1 other field in initializer of `PairInfo`
[INFO] [stdout]    --> contracts/secretswap_factory/src/testing.rs:304:13
[INFO] [stdout]     |
[INFO] [stdout] 304 |             PairInfo {
[INFO] [stdout]     |             ^^^^^^^^ missing `asset0_volume`, `asset1_volume`, `factory` and 1 other field
[INFO] [stdout] 
[INFO] [stdout] 
[INFO] [stdout] error[E0063]: missing fields `asset0_volume`, `asset1_volume`, `factory` and 1 other field in initializer of `PairInfo`
[INFO] [stdout]    --> contracts/secretswap_factory/src/testing.rs:309:13
[INFO] [stdout]     |
[INFO] [stdout] 309 |             PairInfo {
[INFO] [stdout]     |             ^^^^^^^^ missing `asset0_volume`, `asset1_volume`, `factory` and 1 other field
[INFO] [stdout] 
[INFO] [stdout] 
[INFO] [stdout] error[E0063]: missing fields `asset0_volume`, `asset1_volume`, `factory` and 1 other field in initializer of `PairInfo`
[INFO] [stdout]    --> contracts/secretswap_factory/src/testing.rs:326:14
[INFO] [stdout]     |
[INFO] [stdout] 326 |         vec![PairInfo {
[INFO] [stdout]     |              ^^^^^^^^ missing `asset0_volume`, `asset1_volume`, `factory` and 1 other field
[INFO] [stdout] 
[INFO] [stdout] 
[INFO] [stdout] error[E0063]: missing fields `asset0_volume`, `asset1_volume`, `factory` and 1 other field in initializer of `PairInfo`
[INFO] [stdout]    --> contracts/secretswap_factory/src/testing.rs:342:14
[INFO] [stdout]     |
[INFO] [stdout] 342 |         vec![PairInfo {
[INFO] [stdout]     |              ^^^^^^^^ missing `asset0_volume`, `asset1_volume`, `factory` and 1 other field
[INFO] [stdout] 
[INFO] [stdout] 
[INFO] [stdout] error[E0027]: pattern does not mention field `callback_code_hash`
[INFO] [stdout]   --> contracts/secretswap_factory/src/mock_querier.rs:78:32
[INFO] [stdout]    |
[INFO] [stdout] 78 |             QueryRequest::Wasm(WasmQuery::Raw { contract_addr, key }) => {
[INFO] [stdout]    |                                ^^^^^^^^^^^^^^^^^^^^^^^^^^^^^^^^^^^^^ missing field `callback_code_hash`
[INFO] [stdout]    |
[INFO] [stdout] help: include the missing field in the pattern
[INFO] [stdout]    |
[INFO] [stdout] 78 |             QueryRequest::Wasm(WasmQuery::Raw { contract_addr, key, callback_code_hash }) => {
[INFO] [stdout]    |                                                                   ^^^^^^^^^^^^^^^^^^^^^^
[INFO] [stdout] help: if you don't care about this missing field, you can explicitly ignore it
[INFO] [stdout]    |
[INFO] [stdout] 78 |             QueryRequest::Wasm(WasmQuery::Raw { contract_addr, key, .. }) => {
[INFO] [stdout]    |                                                                   ^^^^^^
[INFO] [stdout] 
[INFO] [stdout] 
[INFO] [stdout] error[E0599]: no variant named `NativeToken` found for enum `AssetInfoRaw`
[INFO] [stdout]    --> contracts/secretswap_factory/src/mock_querier.rs:102:47
[INFO] [stdout]     |
[INFO] [stdout] 102 | ...                   AssetInfoRaw::NativeToken {
[INFO] [stdout]     |                                     ^^^^^^^^^^^ variant not found in `AssetInfoRaw`
[INFO] [stdout] 
[INFO] [stdout] 
[INFO] [stdout] error[E0599]: no variant named `NativeToken` found for enum `AssetInfoRaw`
[INFO] [stdout]    --> contracts/secretswap_factory/src/mock_querier.rs:105:47
[INFO] [stdout]     |
[INFO] [stdout] 105 | ...                   AssetInfoRaw::NativeToken {
[INFO] [stdout]     |                                     ^^^^^^^^^^^ variant not found in `AssetInfoRaw`
[INFO] [stdout] 
[INFO] [stdout] 
[INFO] [stdout] error[E0063]: missing fields `asset0_volume`, `asset1_volume`, `factory` and 1 other field in initializer of `PairInfoRaw`
[INFO] [stdout]   --> contracts/secretswap_factory/src/mock_querier.rs:96:37
[INFO] [stdout]    |
[INFO] [stdout] 96 |                         &to_binary(&PairInfoRaw {
[INFO] [stdout]    |                                     ^^^^^^^^^^^ missing `asset0_volume`, `asset1_volume`, `factory` and 1 other field
[INFO] [stdout] 
[INFO] [stdout] 
[INFO] [stdout] error: aborting due to 32 previous errors
[INFO] [stdout] 
[INFO] [stdout] 
[INFO] [stdout] Some errors have detailed explanations: E0027, E0063, E0308, E0599.
[INFO] [stdout] 
[INFO] [stdout] For more information about an error, try `rustc --explain E0027`.
[INFO] [stdout] 
[INFO] [stdout] warning: 5 warnings emitted
[INFO] [stdout] 
[INFO] [stdout] 
[INFO] [stdout] error[E0308]: mismatched types
[INFO] [stdout]   --> contracts/secretswap_pair/src/testing.rs:52:39
[INFO] [stdout]    |
[INFO] [stdout] 52 |                     initial_balances: vec![],
[INFO] [stdout]    |                                       ^^^^^^ expected enum `std::option::Option`, found struct `std::vec::Vec`
[INFO] [stdout]    |
[INFO] [stdout]    = note: expected enum `std::option::Option<std::vec::Vec<secretswap::Balance>>`
[INFO] [stdout]             found struct `std::vec::Vec<_>`
[INFO] [stdout]    = note: this error originates in the macro `vec` (in Nightly builds, run with -Z macro-backtrace for more info)
[INFO] [stdout] 
[INFO] [stdout] 
[INFO] [stdout] error[E0560]: struct `TokenInitMsg` has no field named `mint`
[INFO] [stdout]   --> contracts/secretswap_pair/src/testing.rs:53:21
[INFO] [stdout]    |
[INFO] [stdout] 53 |                     mint: Some(MinterResponse {
[INFO] [stdout]    |                     ^^^^ `TokenInitMsg` does not have this field
[INFO] [stdout]    |
[INFO] [stdout]    = note: available fields are: `name`, `admin`, `symbol`, `decimals`, `initial_balances` ... and 3 others
[INFO] [stdout] 
[INFO] [stdout] 
[INFO] [stdout] error[E0063]: missing field `code_hash` in initializer of `InitHook`
[INFO] [stdout]   --> contracts/secretswap_pair/src/testing.rs:57:37
[INFO] [stdout]    |
[INFO] [stdout] 57 |                     init_hook: Some(InitHook {
[INFO] [stdout]    |                                     ^^^^^^^^ missing `code_hash`
[INFO] [stdout] 
[INFO] [stdout] 
[INFO] [stdout] error[E0308]: mismatched types
[INFO] [stdout]   --> contracts/secretswap_pair/src/testing.rs:64:24
[INFO] [stdout]    |
[INFO] [stdout] 64 |                 label: None,
[INFO] [stdout]    |                        ^^^^ expected struct `std::string::String`, found enum `std::option::Option`
[INFO] [stdout]    |
[INFO] [stdout]    = note: expected struct `std::string::String`
[INFO] [stdout]                 found enum `std::option::Option<_>`
[INFO] [stdout] 
[INFO] [stdout] 
[INFO] [stdout] error[E0063]: missing field `callback_code_hash` in initializer of `WasmMsg`
[INFO] [stdout]   --> contracts/secretswap_pair/src/testing.rs:46:29
[INFO] [stdout]    |
[INFO] [stdout] 46 |             CosmosMsg::Wasm(WasmMsg::Instantiate {
[INFO] [stdout]    |                             ^^^^^^^^^^^^^^^^^^^^ missing `callback_code_hash`
[INFO] [stdout] 
[INFO] [stdout] 
[INFO] [stdout] error[E0063]: missing field `callback_code_hash` in initializer of `WasmMsg`
[INFO] [stdout]   --> contracts/secretswap_pair/src/testing.rs:66:29
[INFO] [stdout]    |
[INFO] [stdout] 66 |             CosmosMsg::Wasm(WasmMsg::Execute {
[INFO] [stdout]    |                             ^^^^^^^^^^^^^^^^ missing `callback_code_hash`
[INFO] [stdout] 
[INFO] [stdout] 
[INFO] [stdout] error[E0599]: no variant named `NativeToken` found for enum `AssetInfo`
[INFO] [stdout]   --> contracts/secretswap_pair/src/testing.rs:90:24
[INFO] [stdout]    |
[INFO] [stdout] 90 |             AssetInfo::NativeToken {
[INFO] [stdout]    |                        ^^^^^^^^^^^ variant not found in `AssetInfo`
[INFO] [stdout] 
[INFO] [stdout] 
[INFO] [stdout] error[E0063]: missing fields `token_code_hash` and `viewing_key` in initializer of `AssetInfo`
[INFO] [stdout]   --> contracts/secretswap_pair/src/testing.rs:93:13
[INFO] [stdout]    |
[INFO] [stdout] 93 |             AssetInfo::Token {
[INFO] [stdout]    |             ^^^^^^^^^^^^^^^^ missing `token_code_hash` and `viewing_key`
[INFO] [stdout] 
[INFO] [stdout] 
[INFO] [stdout] error[E0599]: no variant named `NativeToken` found for enum `AssetInfo`
[INFO] [stdout]    --> contracts/secretswap_pair/src/testing.rs:117:24
[INFO] [stdout]     |
[INFO] [stdout] 117 |             AssetInfo::NativeToken {
[INFO] [stdout]     |                        ^^^^^^^^^^^ variant not found in `AssetInfo`
[INFO] [stdout] 
[INFO] [stdout] 
[INFO] [stdout] error[E0063]: missing fields `token_code_hash` and `viewing_key` in initializer of `AssetInfo`
[INFO] [stdout]    --> contracts/secretswap_pair/src/testing.rs:120:13
[INFO] [stdout]     |
[INFO] [stdout] 120 |             AssetInfo::Token {
[INFO] [stdout]     |             ^^^^^^^^^^^^^^^^ missing `token_code_hash` and `viewing_key`
[INFO] [stdout] 
[INFO] [stdout] 
[INFO] [stdout] error[E0063]: missing fields `prng_seed` and `token_code_hash` in initializer of `PairInitMsg`
[INFO] [stdout]    --> contracts/secretswap_pair/src/testing.rs:115:15
[INFO] [stdout]     |
[INFO] [stdout] 115 |     let msg = PairInitMsg {
[INFO] [stdout]     |               ^^^^^^^^^^^ missing `prng_seed` and `token_code_hash`
[INFO] [stdout] 
[INFO] [stdout] 
[INFO] [stdout] error[E0063]: missing fields `token_code_hash` and `viewing_key` in initializer of `AssetInfo`
[INFO] [stdout]    --> contracts/secretswap_pair/src/testing.rs:141:23
[INFO] [stdout]     |
[INFO] [stdout] 141 |                 info: AssetInfo::Token {
[INFO] [stdout]     |                       ^^^^^^^^^^^^^^^^ missing `token_code_hash` and `viewing_key`
[INFO] [stdout] 
[INFO] [stdout] 
[INFO] [stdout] error[E0599]: no variant named `NativeToken` found for enum `AssetInfo`
[INFO] [stdout]    --> contracts/secretswap_pair/src/testing.rs:147:34
[INFO] [stdout]     |
[INFO] [stdout] 147 |                 info: AssetInfo::NativeToken {
[INFO] [stdout]     |                                  ^^^^^^^^^^^ variant not found in `AssetInfo`
[INFO] [stdout] 
[INFO] [stdout] 
[INFO] [stdout] error[E0063]: missing field `callback_code_hash` in initializer of `WasmMsg`
[INFO] [stdout]    --> contracts/secretswap_pair/src/testing.rs:168:26
[INFO] [stdout]     |
[INFO] [stdout] 168 |         &CosmosMsg::Wasm(WasmMsg::Execute {
[INFO] [stdout]     |                          ^^^^^^^^^^^^^^^^ missing `callback_code_hash`
[INFO] [stdout] 
[INFO] [stdout] 
[INFO] [stdout] error[E0063]: missing field `callback_code_hash` in initializer of `WasmMsg`
[INFO] [stdout]    --> contracts/secretswap_pair/src/testing.rs:181:26
[INFO] [stdout]     |
[INFO] [stdout] 181 |         &CosmosMsg::Wasm(WasmMsg::Execute {
[INFO] [stdout]     |                          ^^^^^^^^^^^^^^^^ missing `callback_code_hash`
[INFO] [stdout] 
[INFO] [stdout] 
[INFO] [stdout] error[E0063]: missing fields `token_code_hash` and `viewing_key` in initializer of `AssetInfo`
[INFO] [stdout]    --> contracts/secretswap_pair/src/testing.rs:216:23
[INFO] [stdout]     |
[INFO] [stdout] 216 |                 info: AssetInfo::Token {
[INFO] [stdout]     |                       ^^^^^^^^^^^^^^^^ missing `token_code_hash` and `viewing_key`
[INFO] [stdout] 
[INFO] [stdout] 
[INFO] [stdout] error[E0599]: no variant named `NativeToken` found for enum `AssetInfo`
[INFO] [stdout]    --> contracts/secretswap_pair/src/testing.rs:222:34
[INFO] [stdout]     |
[INFO] [stdout] 222 |                 info: AssetInfo::NativeToken {
[INFO] [stdout]     |                                  ^^^^^^^^^^^ variant not found in `AssetInfo`
[INFO] [stdout] 
[INFO] [stdout] 
[INFO] [stdout] error[E0063]: missing field `callback_code_hash` in initializer of `WasmMsg`
[INFO] [stdout]    --> contracts/secretswap_pair/src/testing.rs:246:26
[INFO] [stdout]     |
[INFO] [stdout] 246 |         &CosmosMsg::Wasm(WasmMsg::Execute {
[INFO] [stdout]     |                          ^^^^^^^^^^^^^^^^ missing `callback_code_hash`
[INFO] [stdout] 
[INFO] [stdout] 
[INFO] [stdout] error[E0063]: missing field `callback_code_hash` in initializer of `WasmMsg`
[INFO] [stdout]    --> contracts/secretswap_pair/src/testing.rs:259:26
[INFO] [stdout]     |
[INFO] [stdout] 259 |         &CosmosMsg::Wasm(WasmMsg::Execute {
[INFO] [stdout]     |                          ^^^^^^^^^^^^^^^^ missing `callback_code_hash`
[INFO] [stdout] 
[INFO] [stdout] 
[INFO] [stdout] error[E0063]: missing fields `token_code_hash` and `viewing_key` in initializer of `AssetInfo`
[INFO] [stdout]    --> contracts/secretswap_pair/src/testing.rs:274:23
[INFO] [stdout]     |
[INFO] [stdout] 274 |                 info: AssetInfo::Token {
[INFO] [stdout]     |                       ^^^^^^^^^^^^^^^^ missing `token_code_hash` and `viewing_key`
[INFO] [stdout] 
[INFO] [stdout] 
[INFO] [stdout] error[E0599]: no variant named `NativeToken` found for enum `AssetInfo`
[INFO] [stdout]    --> contracts/secretswap_pair/src/testing.rs:280:34
[INFO] [stdout]     |
[INFO] [stdout] 280 |                 info: AssetInfo::NativeToken {
[INFO] [stdout]     |                                  ^^^^^^^^^^^ variant not found in `AssetInfo`
[INFO] [stdout] 
[INFO] [stdout] 
[INFO] [stdout] error[E0063]: missing fields `token_code_hash` and `viewing_key` in initializer of `AssetInfo`
[INFO] [stdout]    --> contracts/secretswap_pair/src/testing.rs:329:23
[INFO] [stdout]     |
[INFO] [stdout] 329 |                 info: AssetInfo::Token {
[INFO] [stdout]     |                       ^^^^^^^^^^^^^^^^ missing `token_code_hash` and `viewing_key`
[INFO] [stdout] 
[INFO] [stdout] 
[INFO] [stdout] error[E0599]: no variant named `NativeToken` found for enum `AssetInfo`
[INFO] [stdout]    --> contracts/secretswap_pair/src/testing.rs:335:34
[INFO] [stdout]     |
[INFO] [stdout] 335 |                 info: AssetInfo::NativeToken {
[INFO] [stdout]     |                                  ^^^^^^^^^^^ variant not found in `AssetInfo`
[INFO] [stdout] 
[INFO] [stdout] 
[INFO] [stdout] error[E0063]: missing fields `token_code_hash` and `viewing_key` in initializer of `AssetInfo`
[INFO] [stdout]    --> contracts/secretswap_pair/src/testing.rs:373:23
[INFO] [stdout]     |
[INFO] [stdout] 373 |                 info: AssetInfo::Token {
[INFO] [stdout]     |                       ^^^^^^^^^^^^^^^^ missing `token_code_hash` and `viewing_key`
[INFO] [stdout] 
[INFO] [stdout] 
[INFO] [stdout] error[E0599]: no variant named `NativeToken` found for enum `AssetInfo`
[INFO] [stdout]    --> contracts/secretswap_pair/src/testing.rs:379:34
[INFO] [stdout]     |
[INFO] [stdout] 379 |                 info: AssetInfo::NativeToken {
[INFO] [stdout]     |                                  ^^^^^^^^^^^ variant not found in `AssetInfo`
[INFO] [stdout] 
[INFO] [stdout] 
[INFO] [stdout] error[E0063]: missing fields `token_code_hash` and `viewing_key` in initializer of `AssetInfo`
[INFO] [stdout]    --> contracts/secretswap_pair/src/testing.rs:417:23
[INFO] [stdout]     |
[INFO] [stdout] 417 |                 info: AssetInfo::Token {
[INFO] [stdout]     |                       ^^^^^^^^^^^^^^^^ missing `token_code_hash` and `viewing_key`
[INFO] [stdout] 
[INFO] [stdout] 
[INFO] [stdout] error[E0599]: no variant named `NativeToken` found for enum `AssetInfo`
[INFO] [stdout]    --> contracts/secretswap_pair/src/testing.rs:423:34
[INFO] [stdout]     |
[INFO] [stdout] 423 |                 info: AssetInfo::NativeToken {
[INFO] [stdout]     |                                  ^^^^^^^^^^^ variant not found in `AssetInfo`
[INFO] [stdout] 
[INFO] [stdout] 
[INFO] [stdout] error[E0063]: missing fields `token_code_hash` and `viewing_key` in initializer of `AssetInfo`
[INFO] [stdout]    --> contracts/secretswap_pair/src/testing.rs:455:23
[INFO] [stdout]     |
[INFO] [stdout] 455 |                 info: AssetInfo::Token {
[INFO] [stdout]     |                       ^^^^^^^^^^^^^^^^ missing `token_code_hash` and `viewing_key`
[INFO] [stdout] 
[INFO] [stdout] 
[INFO] [stdout] error[E0599]: no variant named `NativeToken` found for enum `AssetInfo`
[INFO] [stdout]    --> contracts/secretswap_pair/src/testing.rs:461:34
[INFO] [stdout]     |
[INFO] [stdout] 461 |                 info: AssetInfo::NativeToken {
[INFO] [stdout]     |                                  ^^^^^^^^^^^ variant not found in `AssetInfo`
[INFO] [stdout] 
[INFO] [stdout] 
[INFO] [stdout] error[E0599]: no variant named `NativeToken` found for enum `AssetInfo`
[INFO] [stdout]    --> contracts/secretswap_pair/src/testing.rs:508:24
[INFO] [stdout]     |
[INFO] [stdout] 508 |             AssetInfo::NativeToken {
[INFO] [stdout]     |                        ^^^^^^^^^^^ variant not found in `AssetInfo`
[INFO] [stdout] 
[INFO] [stdout] 
[INFO] [stdout] error[E0063]: missing fields `token_code_hash` and `viewing_key` in initializer of `AssetInfo`
[INFO] [stdout]    --> contracts/secretswap_pair/src/testing.rs:511:13
[INFO] [stdout]     |
[INFO] [stdout] 511 |             AssetInfo::Token {
[INFO] [stdout]     |             ^^^^^^^^^^^^^^^^ missing `token_code_hash` and `viewing_key`
[INFO] [stdout] 
[INFO] [stdout] 
[INFO] [stdout] error[E0063]: missing fields `prng_seed` and `token_code_hash` in initializer of `PairInitMsg`
[INFO] [stdout]    --> contracts/secretswap_pair/src/testing.rs:506:15
[INFO] [stdout]     |
[INFO] [stdout] 506 |     let msg = PairInitMsg {
[INFO] [stdout]     |               ^^^^^^^^^^^ missing `prng_seed` and `token_code_hash`
[INFO] [stdout] 
[INFO] [stdout] 
[INFO] [stdout] error[E0063]: missing field `callback_code_hash` in initializer of `WasmMsg`
[INFO] [stdout]    --> contracts/secretswap_pair/src/testing.rs:555:26
[INFO] [stdout]     |
[INFO] [stdout] 555 |         &CosmosMsg::Wasm(WasmMsg::Execute {
[INFO] [stdout]     |                          ^^^^^^^^^^^^^^^^ missing `callback_code_hash`
[INFO] [stdout] 
[INFO] [stdout] 
[INFO] [stdout] error[E0063]: missing field `callback_code_hash` in initializer of `WasmMsg`
[INFO] [stdout]    --> contracts/secretswap_pair/src/testing.rs:567:26
[INFO] [stdout]     |
[INFO] [stdout] 567 |         &CosmosMsg::Wasm(WasmMsg::Execute {
[INFO] [stdout]     |                          ^^^^^^^^^^^^^^^^ missing `callback_code_hash`
[INFO] [stdout] 
[INFO] [stdout] 
[INFO] [stdout] error[E0599]: no variant named `NativeToken` found for enum `AssetInfo`
[INFO] [stdout]    --> contracts/secretswap_pair/src/testing.rs:623:24
[INFO] [stdout]     |
[INFO] [stdout] 623 |             AssetInfo::NativeToken {
[INFO] [stdout]     |                        ^^^^^^^^^^^ variant not found in `AssetInfo`
[INFO] [stdout] 
[INFO] [stdout] 
[INFO] [stdout] error[E0063]: missing fields `token_code_hash` and `viewing_key` in initializer of `AssetInfo`
[INFO] [stdout]    --> contracts/secretswap_pair/src/testing.rs:626:13
[INFO] [stdout]     |
[INFO] [stdout] 626 |             AssetInfo::Token {
[INFO] [stdout]     |             ^^^^^^^^^^^^^^^^ missing `token_code_hash` and `viewing_key`
[INFO] [stdout] 
[INFO] [stdout] 
[INFO] [stdout] error[E0063]: missing fields `prng_seed` and `token_code_hash` in initializer of `PairInitMsg`
[INFO] [stdout]    --> contracts/secretswap_pair/src/testing.rs:621:15
[INFO] [stdout]     |
[INFO] [stdout] 621 |     let msg = PairInitMsg {
[INFO] [stdout]     |               ^^^^^^^^^^^ missing `prng_seed` and `token_code_hash`
[INFO] [stdout] 
[INFO] [stdout] 
[INFO] [stdout] error[E0599]: no variant named `Swap` found for enum `msg::HandleMsg`
[INFO] [stdout]    --> contracts/secretswap_pair/src/testing.rs:644:26
[INFO] [stdout]     |
[INFO] [stdout] 644 |     let msg = HandleMsg::Swap {
[INFO] [stdout]     |                          ^^^^ variant not found in `msg::HandleMsg`
[INFO] [stdout]     | 
[INFO] [stdout]    ::: contracts/secretswap_pair/src/msg.rs:9:1
[INFO] [stdout]     |
[INFO] [stdout] 9   | pub enum HandleMsg {
[INFO] [stdout]     | ------------------ variant `Swap` not found here
[INFO] [stdout] 
[INFO] [stdout] 
[INFO] [stdout] error[E0599]: no variant named `NativeToken` found for enum `AssetInfo`
[INFO] [stdout]    --> contracts/secretswap_pair/src/testing.rs:646:30
[INFO] [stdout]     |
[INFO] [stdout] 646 |             info: AssetInfo::NativeToken {
[INFO] [stdout]     |                              ^^^^^^^^^^^ variant not found in `AssetInfo`
[INFO] [stdout] 
[INFO] [stdout] 
[INFO] [stdout] error[E0599]: no variant named `NativeToken` found for enum `AssetInfo`
[INFO] [stdout]    --> contracts/secretswap_pair/src/testing.rs:688:30
[INFO] [stdout]     |
[INFO] [stdout] 688 |             info: AssetInfo::NativeToken {
[INFO] [stdout]     |                              ^^^^^^^^^^^ variant not found in `AssetInfo`
[INFO] [stdout] 
[INFO] [stdout] 
[INFO] [stdout] error[E0063]: missing fields `token_code_hash` and `viewing_key` in initializer of `AssetInfo`
[INFO] [stdout]    --> contracts/secretswap_pair/src/testing.rs:703:19
[INFO] [stdout]     |
[INFO] [stdout] 703 |             info: AssetInfo::Token {
[INFO] [stdout]     |                   ^^^^^^^^^^^^^^^^ missing `token_code_hash` and `viewing_key`
[INFO] [stdout] 
[INFO] [stdout] 
[INFO] [stdout] error[E0063]: missing field `callback_code_hash` in initializer of `WasmMsg`
[INFO] [stdout]    --> contracts/secretswap_pair/src/testing.rs:745:26
[INFO] [stdout]     |
[INFO] [stdout] 745 |         &CosmosMsg::Wasm(WasmMsg::Execute {
[INFO] [stdout]     |                          ^^^^^^^^^^^^^^^^ missing `callback_code_hash`
[INFO] [stdout] 
[INFO] [stdout] 
[INFO] [stdout] error[E0599]: no variant named `NativeToken` found for enum `AssetInfo`
[INFO] [stdout]    --> contracts/secretswap_pair/src/testing.rs:794:24
[INFO] [stdout]     |
[INFO] [stdout] 794 |             AssetInfo::NativeToken {
[INFO] [stdout]     |                        ^^^^^^^^^^^ variant not found in `AssetInfo`
[INFO] [stdout] 
[INFO] [stdout] 
[INFO] [stdout] error[E0063]: missing fields `token_code_hash` and `viewing_key` in initializer of `AssetInfo`
[INFO] [stdout]    --> contracts/secretswap_pair/src/testing.rs:797:13
[INFO] [stdout]     |
[INFO] [stdout] 797 |             AssetInfo::Token {
[INFO] [stdout]     |             ^^^^^^^^^^^^^^^^ missing `token_code_hash` and `viewing_key`
[INFO] [stdout] 
[INFO] [stdout] 
[INFO] [stdout] error[E0063]: missing fields `prng_seed` and `token_code_hash` in initializer of `PairInitMsg`
[INFO] [stdout]    --> contracts/secretswap_pair/src/testing.rs:792:15
[INFO] [stdout]     |
[INFO] [stdout] 792 |     let msg = PairInitMsg {
[INFO] [stdout]     |               ^^^^^^^^^^^ missing `prng_seed` and `token_code_hash`
[INFO] [stdout] 
[INFO] [stdout] 
[INFO] [stdout] error[E0599]: no variant named `Swap` found for enum `msg::HandleMsg`
[INFO] [stdout]    --> contracts/secretswap_pair/src/testing.rs:815:26
[INFO] [stdout]     |
[INFO] [stdout] 815 |     let msg = HandleMsg::Swap {
[INFO] [stdout]     |                          ^^^^ variant not found in `msg::HandleMsg`
[INFO] [stdout]     | 
[INFO] [stdout]    ::: contracts/secretswap_pair/src/msg.rs:9:1
[INFO] [stdout]     |
[INFO] [stdout] 9   | pub enum HandleMsg {
[INFO] [stdout]     | ------------------ variant `Swap` not found here
[INFO] [stdout] 
[INFO] [stdout] 
[INFO] [stdout] error[E0063]: missing fields `token_code_hash` and `viewing_key` in initializer of `AssetInfo`
[INFO] [stdout]    --> contracts/secretswap_pair/src/testing.rs:817:19
[INFO] [stdout]     |
[INFO] [stdout] 817 |             info: AssetInfo::Token {
[INFO] [stdout]     |                   ^^^^^^^^^^^^^^^^ missing `token_code_hash` and `viewing_key`
[INFO] [stdout] 
[INFO] [stdout] 
[INFO] [stdout] error[E0063]: missing field `expected_return` in initializer of `Cw20HookMsg`
[INFO] [stdout]    --> contracts/secretswap_pair/src/testing.rs:838:24
[INFO] [stdout]     |
[INFO] [stdout] 838 |             to_binary(&Cw20HookMsg::Swap {
[INFO] [stdout]     |                        ^^^^^^^^^^^^^^^^^ missing `expected_return`
[INFO] [stdout] 
[INFO] [stdout] 
[INFO] [stdout] error[E0063]: missing fields `token_code_hash` and `viewing_key` in initializer of `AssetInfo`
[INFO] [stdout]    --> contracts/secretswap_pair/src/testing.rs:880:19
[INFO] [stdout]     |
[INFO] [stdout] 880 |             info: AssetInfo::Token {
[INFO] [stdout]     |                   ^^^^^^^^^^^^^^^^ missing `token_code_hash` and `viewing_key`
[INFO] [stdout] 
[INFO] [stdout] 
[INFO] [stdout] error[E0599]: no variant named `NativeToken` found for enum `AssetInfo`
[INFO] [stdout]    --> contracts/secretswap_pair/src/testing.rs:895:30
[INFO] [stdout]     |
[INFO] [stdout] 895 |             info: AssetInfo::NativeToken {
[INFO] [stdout]     |                              ^^^^^^^^^^^ variant not found in `AssetInfo`
[INFO] [stdout] 
[INFO] [stdout] 
[INFO] [stdout] error[E0063]: missing field `expected_return` in initializer of `Cw20HookMsg`
[INFO] [stdout]    --> contracts/secretswap_pair/src/testing.rs:952:24
[INFO] [stdout]     |
[INFO] [stdout] 952 |             to_binary(&Cw20HookMsg::Swap {
[INFO] [stdout]     |                        ^^^^^^^^^^^^^^^^^ missing `expected_return`
[INFO] [stdout] 
[INFO] [stdout] 
[INFO] [stdout] error[E0061]: this function takes 7 arguments but 5 arguments were supplied
[INFO] [stdout]    --> contracts/secretswap_pair/src/testing.rs:970:5
[INFO] [stdout]     |
[INFO] [stdout] 970 |     assert_max_spread(
[INFO] [stdout]     |     ^^^^^^^^^^^^^^^^^ expected 7 arguments
[INFO] [stdout] 971 |         Some(Decimal::from_ratio(1200u128, 1u128)),
[INFO] [stdout]     |         ------------------------------------------
[INFO] [stdout] 972 |         Some(Decimal::percent(1)),
[INFO] [stdout]     |         -------------------------
[INFO] [stdout] 973 |         Uint128::from(1200000000u128),
[INFO] [stdout]     |         -----------------------------
[INFO] [stdout] 974 |         Uint128::from(989999u128),
[INFO] [stdout]     |         -------------------------
[INFO] [stdout] 975 |         Uint128::zero(),
[INFO] [stdout]     |         --------------- supplied 5 arguments
[INFO] [stdout]     |
[INFO] [stdout] note: function defined here
[INFO] [stdout]    --> contracts/secretswap_pair/src/contract.rs:880:8
[INFO] [stdout]     |
[INFO] [stdout] 880 | pub fn assert_max_spread(
[INFO] [stdout]     |        ^^^^^^^^^^^^^^^^^
[INFO] [stdout] 881 |     belief_price: Option<Decimal>,
[INFO] [stdout]     |     -----------------------------
[INFO] [stdout] 882 |     max_spread: Option<Decimal>,
[INFO] [stdout]     |     ---------------------------
[INFO] [stdout] 883 |     expected_return: Option<Uint128>,
[INFO] [stdout]     |     --------------------------------
[INFO] [stdout] 884 |     offer_amount: Uint128,
[INFO] [stdout]     |     ---------------------
[INFO] [stdout] 885 |     return_amount: Uint128,
[INFO] [stdout]     |     ----------------------
[INFO] [stdout] 886 |     commission_amount: Uint128,
[INFO] [stdout]     |     --------------------------
[INFO] [stdout] 887 |     spread_amount: Uint128,
[INFO] [stdout]     |     ----------------------
[INFO] [stdout] 
[INFO] [stdout] 
[INFO] [stdout] error[E0061]: this function takes 7 arguments but 5 arguments were supplied
[INFO] [stdout]    --> contracts/secretswap_pair/src/testing.rs:979:5
[INFO] [stdout]     |
[INFO] [stdout] 979 |     assert_max_spread(
[INFO] [stdout]     |     ^^^^^^^^^^^^^^^^^ expected 7 arguments
[INFO] [stdout] 980 |         Some(Decimal::from_ratio(1200u128, 1u128)),
[INFO] [stdout]     |         ------------------------------------------
[INFO] [stdout] 981 |         Some(Decimal::percent(1)),
[INFO] [stdout]     |         -------------------------
[INFO] [stdout] 982 |         Uint128::from(1200000000u128),
[INFO] [stdout]     |         -----------------------------
[INFO] [stdout] 983 |         Uint128::from(990000u128),
[INFO] [stdout]     |         -------------------------
[INFO] [stdout] 984 |         Uint128::zero(),
[INFO] [stdout]     |         --------------- supplied 5 arguments
[INFO] [stdout]     |
[INFO] [stdout] note: function defined here
[INFO] [stdout]    --> contracts/secretswap_pair/src/contract.rs:880:8
[INFO] [stdout]     |
[INFO] [stdout] 880 | pub fn assert_max_spread(
[INFO] [stdout]     |        ^^^^^^^^^^^^^^^^^
[INFO] [stdout] 881 |     belief_price: Option<Decimal>,
[INFO] [stdout]     |     -----------------------------
[INFO] [stdout] 882 |     max_spread: Option<Decimal>,
[INFO] [stdout]     |     ---------------------------
[INFO] [stdout] 883 |     expected_return: Option<Uint128>,
[INFO] [stdout]     |     --------------------------------
[INFO] [stdout] 884 |     offer_amount: Uint128,
[INFO] [stdout]     |     ---------------------
[INFO] [stdout] 885 |     return_amount: Uint128,
[INFO] [stdout]     |     ----------------------
[INFO] [stdout] 886 |     commission_amount: Uint128,
[INFO] [stdout]     |     --------------------------
[INFO] [stdout] 887 |     spread_amount: Uint128,
[INFO] [stdout]     |     ----------------------
[INFO] [stdout] 
[INFO] [stdout] 
[INFO] [stdout] error[E0061]: this function takes 7 arguments but 5 arguments were supplied
[INFO] [stdout]    --> contracts/secretswap_pair/src/testing.rs:988:5
[INFO] [stdout]     |
[INFO] [stdout] 988 |     assert_max_spread(
[INFO] [stdout]     |     ^^^^^^^^^^^^^^^^^ expected 7 arguments
[INFO] [stdout] 989 |         None,
[INFO] [stdout]     |         ----
[INFO] [stdout] 990 |         Some(Decimal::percent(1)),
[INFO] [stdout]     |         -------------------------
[INFO] [stdout] 991 |         Uint128::zero(),
[INFO] [stdout]     |         ---------------
[INFO] [stdout] 992 |         Uint128::from(989999u128),
[INFO] [stdout]     |         -------------------------
[INFO] [stdout] 993 |         Uint128::from(10001u128),
[INFO] [stdout]     |         ------------------------ supplied 5 arguments
[INFO] [stdout]     |
[INFO] [stdout] note: function defined here
[INFO] [stdout]    --> contracts/secretswap_pair/src/contract.rs:880:8
[INFO] [stdout]     |
[INFO] [stdout] 880 | pub fn assert_max_spread(
[INFO] [stdout]     |        ^^^^^^^^^^^^^^^^^
[INFO] [stdout] 881 |     belief_price: Option<Decimal>,
[INFO] [stdout]     |     -----------------------------
[INFO] [stdout] 882 |     max_spread: Option<Decimal>,
[INFO] [stdout]     |     ---------------------------
[INFO] [stdout] 883 |     expected_return: Option<Uint128>,
[INFO] [stdout]     |     --------------------------------
[INFO] [stdout] 884 |     offer_amount: Uint128,
[INFO] [stdout]     |     ---------------------
[INFO] [stdout] 885 |     return_amount: Uint128,
[INFO] [stdout]     |     ----------------------
[INFO] [stdout] 886 |     commission_amount: Uint128,
[INFO] [stdout]     |     --------------------------
[INFO] [stdout] 887 |     spread_amount: Uint128,
[INFO] [stdout]     |     ----------------------
[INFO] [stdout] 
[INFO] [stdout] 
[INFO] [stdout] error[E0061]: this function takes 7 arguments but 5 arguments were supplied
[INFO] [stdout]     --> contracts/secretswap_pair/src/testing.rs:997:5
[INFO] [stdout]      |
[INFO] [stdout] 997  |     assert_max_spread(
[INFO] [stdout]      |     ^^^^^^^^^^^^^^^^^ expected 7 arguments
[INFO] [stdout] 998  |         None,
[INFO] [stdout]      |         ----
[INFO] [stdout] 999  |         Some(Decimal::percent(1)),
[INFO] [stdout]      |         -------------------------
[INFO] [stdout] 1000 |         Uint128::zero(),
[INFO] [stdout]      |         ---------------
[INFO] [stdout] 1001 |         Uint128::from(990000u128),
[INFO] [stdout]      |         -------------------------
[INFO] [stdout] 1002 |         Uint128::from(10000u128),
[INFO] [stdout]      |         ------------------------ supplied 5 arguments
[INFO] [stdout]      |
[INFO] [stdout] note: function defined here
[INFO] [stdout]     --> contracts/secretswap_pair/src/contract.rs:880:8
[INFO] [stdout]      |
[INFO] [stdout] 880  | pub fn assert_max_spread(
[INFO] [stdout]      |        ^^^^^^^^^^^^^^^^^
[INFO] [stdout] 881  |     belief_price: Option<Decimal>,
[INFO] [stdout]      |     -----------------------------
[INFO] [stdout] 882  |     max_spread: Option<Decimal>,
[INFO] [stdout]      |     ---------------------------
[INFO] [stdout] 883  |     expected_return: Option<Uint128>,
[INFO] [stdout]      |     --------------------------------
[INFO] [stdout] 884  |     offer_amount: Uint128,
[INFO] [stdout]      |     ---------------------
[INFO] [stdout] 885  |     return_amount: Uint128,
[INFO] [stdout]      |     ----------------------
[INFO] [stdout] 886  |     commission_amount: Uint128,
[INFO] [stdout]      |     --------------------------
[INFO] [stdout] 887  |     spread_amount: Uint128,
[INFO] [stdout]      |     ----------------------
[INFO] [stdout] 
[INFO] [stdout] 
[INFO] [stdout] error[E0599]: no variant named `NativeToken` found for enum `AssetInfo`
[INFO] [stdout]     --> contracts/secretswap_pair/src/testing.rs:1025:26
[INFO] [stdout]      |
[INFO] [stdout] 1025 |         info: AssetInfo::NativeToken {
[INFO] [stdout]      |                          ^^^^^^^^^^^ variant not found in `AssetInfo`
[INFO] [stdout] 
[INFO] [stdout] 
[INFO] [stdout] error[E0599]: no variant named `NativeToken` found for enum `AssetInfo`
[INFO] [stdout]     --> contracts/secretswap_pair/src/testing.rs:1062:24
[INFO] [stdout]      |
[INFO] [stdout] 1062 |             AssetInfo::NativeToken {
[INFO] [stdout]      |                        ^^^^^^^^^^^ variant not found in `AssetInfo`
[INFO] [stdout] 
[INFO] [stdout] 
[INFO] [stdout] error[E0063]: missing fields `token_code_hash` and `viewing_key` in initializer of `AssetInfo`
[INFO] [stdout]     --> contracts/secretswap_pair/src/testing.rs:1065:13
[INFO] [stdout]      |
[INFO] [stdout] 1065 |             AssetInfo::Token {
[INFO] [stdout]      |             ^^^^^^^^^^^^^^^^ missing `token_code_hash` and `viewing_key`
[INFO] [stdout] 
[INFO] [stdout] 
[INFO] [stdout] error[E0063]: missing fields `prng_seed` and `token_code_hash` in initializer of `PairInitMsg`
[INFO] [stdout]     --> contracts/secretswap_pair/src/testing.rs:1060:15
[INFO] [stdout]      |
[INFO] [stdout] 1060 |     let msg = PairInitMsg {
[INFO] [stdout]      |               ^^^^^^^^^^^ missing `prng_seed` and `token_code_hash`
[INFO] [stdout] 
[INFO] [stdout] 
[INFO] [stdout] error[E0599]: no variant named `NativeToken` found for enum `AssetInfo`
[INFO] [stdout]     --> contracts/secretswap_pair/src/testing.rs:1088:34
[INFO] [stdout]      |
[INFO] [stdout] 1088 |                 info: AssetInfo::NativeToken {
[INFO] [stdout]      |                                  ^^^^^^^^^^^ variant not found in `AssetInfo`
[INFO] [stdout] 
[INFO] [stdout] 
[INFO] [stdout] error[E0063]: missing fields `token_code_hash` and `viewing_key` in initializer of `AssetInfo`
[INFO] [stdout]     --> contracts/secretswap_pair/src/testing.rs:1094:23
[INFO] [stdout]      |
[INFO] [stdout] 1094 |                 info: AssetInfo::Token {
[INFO] [stdout]      |                       ^^^^^^^^^^^^^^^^ missing `token_code_hash` and `viewing_key`
[INFO] [stdout] 
[INFO] [stdout] 
[INFO] [stdout] error[E0283]: type annotations needed
[INFO] [stdout]    --> contracts/secretswap_pair/src/mock_querier.rs:20:9
[INFO] [stdout]     |
[INFO] [stdout] 20  |         MockQuerier::new(&[(&contract_addr, contract_balance)]),
[INFO] [stdout]     |         ^^^^^^^^^^^^^^^^ cannot infer type for type parameter `C`
[INFO] [stdout]     |
[INFO] [stdout]     = note: cannot satisfy `_: DeserializeOwned`
[INFO] [stdout] note: required by `MockQuerier::<C>::new`
[INFO] [stdout]    --> /opt/rustwide/cargo-home/git/checkouts/secretnetwork-2885a5c51d1243af/004c6bc/cosmwasm/packages/std/src/mock.rs:158:5
[INFO] [stdout]     |
[INFO] [stdout] 158 |     pub fn new(balances: &[(&HumanAddr, &[Coin])]) -> Self {
[INFO] [stdout]     |     ^^^^^^^^^^^^^^^^^^^^^^^^^^^^^^^^^^^^^^^^^^^^^^^^^^^^^^
[INFO] [stdout] 
[INFO] [stdout] 
[INFO] [stdout] error[E0308]: mismatched types
[INFO] [stdout]    --> contracts/secretswap_pair/src/mock_querier.rs:144:59
[INFO] [stdout]     |
[INFO] [stdout] 144 |                     match self.token_querier.balances.get(contract_addr) {
[INFO] [stdout]     |                                                           ^^^^^^^^^^^^^
[INFO] [stdout]     |                                                           |
[INFO] [stdout]     |                                                           expected `&HumanAddr`, found struct `HumanAddr`
[INFO] [stdout]     |                                                           help: consider borrowing here: `&contract_addr`
[INFO] [stdout] 
[INFO] [stdout] 
[INFO] [stdout] error[E0277]: the trait bound `TokenInfoResponse: Serialize` is not satisfied
[INFO] [stdout]    --> contracts/secretswap_pair/src/mock_querier.rs:168:36
[INFO] [stdout]     |
[INFO] [stdout] 168 |                           &to_binary(&secret_toolkit::snip20::TokenInfoResponse {
[INFO] [stdout]     |  ____________________________________^
[INFO] [stdout] 169 | |                             token_info: secret_toolkit::snip20::TokenInfo {
[INFO] [stdout] 170 | |                                 name: "mAPPL".to_string(),
[INFO] [stdout] 171 | |                                 symbol: "mAPPL".to_string(),
[INFO] [stdout] ...   |
[INFO] [stdout] 174 | |                             },
[INFO] [stdout] 175 | |                         })
[INFO] [stdout]     | |_________________________^ the trait `Serialize` is not implemented for `TokenInfoResponse`
[INFO] [stdout]     | 
[INFO] [stdout]    ::: /opt/rustwide/cargo-home/git/checkouts/secretnetwork-2885a5c51d1243af/004c6bc/cosmwasm/packages/std/src/serde.rs:28:8
[INFO] [stdout]     |
[INFO] [stdout] 28  |       T: Serialize + ?Sized,
[INFO] [stdout]     |          --------- required by this bound in `to_binary`
[INFO] [stdout] 
[INFO] [stdout] 
[INFO] [stdout] error: aborting due to 82 previous errors; 2 warnings emitted
[INFO] [stdout] 
[INFO] [stdout] 
[INFO] [stdout] Some errors have detailed explanations: E0061, E0063, E0277, E0283, E0308, E0412, E0422, E0423, E0432...
[INFO] [stdout] 
[INFO] [stdout] For more information about an error, try `rustc --explain E0061`.
[INFO] [stdout] 
[INFO] [stderr] error: build failed
[INFO] running `Command { std: "docker" "inspect" "7621fe2f0d1a9372a9c69a024671addbb3061671400fd3de3d166605f9d1d189", kill_on_drop: false }`
[INFO] running `Command { std: "docker" "rm" "-f" "7621fe2f0d1a9372a9c69a024671addbb3061671400fd3de3d166605f9d1d189", kill_on_drop: false }`
[INFO] [stdout] 7621fe2f0d1a9372a9c69a024671addbb3061671400fd3de3d166605f9d1d189
