[INFO] cloning repository https://github.com/enex/rui-azure
[INFO] running `Command { std: "git" "-c" "credential.helper=" "-c" "credential.helper=/workspace/cargo-home/bin/git-credential-null" "clone" "--bare" "https://github.com/enex/rui-azure" "/workspace/cache/git-repos/https%3A%2F%2Fgithub.com%2Fenex%2Frui-azure", kill_on_drop: false }`
[INFO] [stderr] Cloning into bare repository '/workspace/cache/git-repos/https%3A%2F%2Fgithub.com%2Fenex%2Frui-azure'...
[INFO] running `Command { std: "git" "rev-parse" "HEAD", kill_on_drop: false }`
[INFO] [stdout] 35aad211bf96db441623d895a8f833543d59d0ec
[INFO] checking enex/rui-azure against 1.55.0 for beta-1.56-3
[INFO] running `Command { std: "git" "clone" "/workspace/cache/git-repos/https%3A%2F%2Fgithub.com%2Fenex%2Frui-azure" "/workspace/builds/worker-10/source", kill_on_drop: false }`
[INFO] [stderr] Cloning into '/workspace/builds/worker-10/source'...
[INFO] [stderr] done.
[INFO] validating manifest of git repo https://github.com/enex/rui-azure on toolchain 1.55.0
[INFO] running `Command { std: "/workspace/cargo-home/bin/cargo" "+1.55.0" "metadata" "--manifest-path" "Cargo.toml" "--no-deps", kill_on_drop: false }`
[INFO] started tweaking git repo https://github.com/enex/rui-azure
[INFO] finished tweaking git repo https://github.com/enex/rui-azure
[INFO] tweaked toml for git repo https://github.com/enex/rui-azure written to /workspace/builds/worker-10/source/Cargo.toml
[INFO] crate git repo https://github.com/enex/rui-azure already has a lockfile, it will not be regenerated
[INFO] running `Command { std: "/workspace/cargo-home/bin/cargo" "+1.55.0" "fetch" "--manifest-path" "Cargo.toml", kill_on_drop: false }`
[INFO] [stderr] warning: unused manifest key: dependencies.layers.varsion
[INFO] [stderr]     Blocking waiting for file lock on package cache
[INFO] [stderr]     Blocking waiting for file lock on package cache
[INFO] [stderr]  Downloading crates ...
[INFO] [stderr]   Downloaded malloc_buf v0.0.5
[INFO] [stderr]   Downloaded glutin_core_graphics v0.1.4
[INFO] [stderr]   Downloaded glutin_core_foundation v0.1.2
[INFO] [stderr]   Downloaded gl_generator v0.0.25
[INFO] [stderr]   Downloaded time v0.1.25
[INFO] [stderr]   Downloaded gcc v0.3.5
[INFO] [stderr]   Downloaded dylib v0.0.1
[INFO] [stderr]   Downloaded rand v0.3.8
[INFO] [stderr]   Downloaded lazy_static v0.1.10
[INFO] [stderr]   Downloaded shared_library v0.1.0
[INFO] [stderr]   Downloaded objc v0.1.5
[INFO] [stderr]   Downloaded kernel32-sys v0.1.0
[INFO] [stderr]   Downloaded android_glue v0.0.2
[INFO] [stderr]   Downloaded log v0.3.1
[INFO] [stderr]   Downloaded gl v0.0.12
[INFO] [stderr]   Downloaded gl_common v0.0.4
[INFO] [stderr]   Downloaded bitflags v0.1.1
[INFO] [stderr]   Downloaded libc v0.1.7
[INFO] [stderr]   Downloaded osmesa-sys v0.0.5
[INFO] [stderr]   Downloaded num v0.1.24
[INFO] [stderr]   Downloaded winapi v0.1.17
[INFO] [stderr]   Downloaded khronos_api v0.0.5
[INFO] [stderr]   Downloaded x11-dl v1.0.1
[INFO] [stderr]   Downloaded xml-rs v0.1.25
[INFO] [stderr]   Downloaded glutin_cocoa v0.1.5
[INFO] [stderr]   Downloaded gdi32-sys v0.1.0
[INFO] [stderr]   Downloaded glutin v0.1.3
[INFO] [stderr]   Downloaded wayland-client v0.1.6
[INFO] [stderr]   Downloaded user32-sys v0.1.0
[INFO] running `Command { std: "docker" "create" "-v" "/var/lib/crater-agent-workspace/builds/worker-10/target:/opt/rustwide/target:rw,Z" "-v" "/var/lib/crater-agent-workspace/builds/worker-10/source:/opt/rustwide/workdir:ro,Z" "-v" "/var/lib/crater-agent-workspace/cargo-home:/opt/rustwide/cargo-home:ro,Z" "-v" "/var/lib/crater-agent-workspace/rustup-home:/opt/rustwide/rustup-home:ro,Z" "-e" "SOURCE_DIR=/opt/rustwide/workdir" "-e" "CARGO_TARGET_DIR=/opt/rustwide/target" "-e" "CARGO_HOME=/opt/rustwide/cargo-home" "-e" "RUSTUP_HOME=/opt/rustwide/rustup-home" "-w" "/opt/rustwide/workdir" "-m" "1610612736" "--user" "0:0" "--network" "none" "ghcr.io/rust-lang/crates-build-env/linux@sha256:a89201d6b5b9fd45c15d5952ece0a0129e7e80cb26ec023fd59cf09bc26f1604" "/opt/rustwide/cargo-home/bin/cargo" "+1.55.0" "metadata" "--no-deps" "--format-version=1", kill_on_drop: false }`
[INFO] [stdout] 6e2f0f5d3d11c3a9198825d0e16133cb06166abd9a316e0feeb9ec17f5682fbf
[INFO] [stderr] WARNING: Your kernel does not support swap limit capabilities or the cgroup is not mounted. Memory limited without swap.
[INFO] running `Command { std: "docker" "start" "-a" "6e2f0f5d3d11c3a9198825d0e16133cb06166abd9a316e0feeb9ec17f5682fbf", kill_on_drop: false }`
[INFO] running `Command { std: "docker" "inspect" "6e2f0f5d3d11c3a9198825d0e16133cb06166abd9a316e0feeb9ec17f5682fbf", kill_on_drop: false }`
[INFO] running `Command { std: "docker" "rm" "-f" "6e2f0f5d3d11c3a9198825d0e16133cb06166abd9a316e0feeb9ec17f5682fbf", kill_on_drop: false }`
[INFO] [stdout] 6e2f0f5d3d11c3a9198825d0e16133cb06166abd9a316e0feeb9ec17f5682fbf
[INFO] running `Command { std: "docker" "create" "-v" "/var/lib/crater-agent-workspace/builds/worker-10/target:/opt/rustwide/target:rw,Z" "-v" "/var/lib/crater-agent-workspace/builds/worker-10/source:/opt/rustwide/workdir:ro,Z" "-v" "/var/lib/crater-agent-workspace/cargo-home:/opt/rustwide/cargo-home:ro,Z" "-v" "/var/lib/crater-agent-workspace/rustup-home:/opt/rustwide/rustup-home:ro,Z" "-e" "SOURCE_DIR=/opt/rustwide/workdir" "-e" "CARGO_TARGET_DIR=/opt/rustwide/target" "-e" "CARGO_INCREMENTAL=0" "-e" "RUST_BACKTRACE=full" "-e" "RUSTFLAGS=--cap-lints=warn" "-e" "CARGO_HOME=/opt/rustwide/cargo-home" "-e" "RUSTUP_HOME=/opt/rustwide/rustup-home" "-w" "/opt/rustwide/workdir" "-m" "1610612736" "--user" "0:0" "--network" "none" "ghcr.io/rust-lang/crates-build-env/linux@sha256:a89201d6b5b9fd45c15d5952ece0a0129e7e80cb26ec023fd59cf09bc26f1604" "/opt/rustwide/cargo-home/bin/cargo" "+1.55.0" "check" "--frozen" "--all" "--all-targets" "--message-format=json", kill_on_drop: false }`
[INFO] [stdout] 2217de4217caa3b03fa784c59692a1fb22fd084f83cc0340f1278d544081e1bc
[INFO] [stderr] WARNING: Your kernel does not support swap limit capabilities or the cgroup is not mounted. Memory limited without swap.
[INFO] running `Command { std: "docker" "start" "-a" "2217de4217caa3b03fa784c59692a1fb22fd084f83cc0340f1278d544081e1bc", kill_on_drop: false }`
[INFO] [stderr] warning: unused manifest key: dependencies.layers.varsion
[INFO] [stderr]     Blocking waiting for file lock on package cache
[INFO] [stderr]     Blocking waiting for file lock on package cache
[INFO] [stderr]     Checking libc v0.1.7
[INFO] [stderr]    Compiling bitflags v0.1.1
[INFO] [stderr]    Compiling khronos_api v0.0.5
[INFO] [stderr]    Compiling expat-sys v2.1.0 (https://github.com/servo/libexpat#91775ceb)
[INFO] [stderr]     Checking rustc-serialize v0.3.14
[INFO] [stderr]    Compiling freetype-sys v2.4.11 (https://github.com/servo/libfreetype2#50c1cf41)
[INFO] [stderr]    Compiling skia v0.0.20130412 (https://github.com/servo/skia#d60e6753)
[INFO] [stderr]     Checking lazy_static v0.1.10
[INFO] [stderr]    Compiling azure v0.1.0 (https://github.com/servo/rust-azure#91e18a32)
[INFO] [stderr]    Compiling gcc v0.3.5
[INFO] [stderr]    Compiling xml-rs v0.1.25
[INFO] [stdout] error[E0642]: patterns aren't allowed in functions without bodies
[INFO] [stdout]    --> /opt/rustwide/cargo-home/registry/src/github.com-1ecc6299db9ec823/rustc-serialize-0.3.14/src/serialize.rs:144:45
[INFO] [stdout]     |
[INFO] [stdout] 144 | ...                   &f_name: &str,
[INFO] [stdout]     |                       ^^^^^^^ pattern not allowed in function without body
[INFO] [stdout] 
[INFO] [stdout] 
[INFO] [stdout] error[E0277]: the size for values of type `Self` cannot be known at compilation time
[INFO] [stdout]    --> /opt/rustwide/cargo-home/registry/src/github.com-1ecc6299db9ec823/rustc-serialize-0.3.14/src/serialize.rs:200:41
[INFO] [stdout]     |
[INFO] [stdout] 200 |     fn decode<D: Decoder>(d: &mut D) -> Result<Self, D::Error>;
[INFO] [stdout]     |                                         ^^^^^^^^^^^^^^^^^^^^^^ doesn't have a size known at compile-time
[INFO] [stdout]     |
[INFO] [stdout] help: consider further restricting `Self`
[INFO] [stdout]     |
[INFO] [stdout] 200 |     fn decode<D: Decoder>(d: &mut D) -> Result<Self, D::Error> where Self: Sized;
[INFO] [stdout]     |                                                                ^^^^^^^^^^^^^^^^^
[INFO] [stdout] 
[INFO] [stdout] 
[INFO] [stdout] error: aborting due to 2 previous errors
[INFO] [stdout] 
[INFO] [stdout] 
[INFO] [stdout] Some errors have detailed explanations: E0277, E0642.
[INFO] [stdout] 
[INFO] [stdout] For more information about an error, try `rustc --explain E0277`.
[INFO] [stdout] 
[INFO] [stderr] error: could not compile `rustc-serialize` due to 3 previous errors
[INFO] [stderr] warning: build failed, waiting for other jobs to finish...
[INFO] [stdout] error[E0277]: the size for values of type `Self` cannot be known at compilation time
[INFO] [stdout]   --> /opt/rustwide/cargo-home/registry/src/github.com-1ecc6299db9ec823/xml-rs-0.1.25/src/util.rs:15:33
[INFO] [stdout]    |
[INFO] [stdout] 15 |     fn cloned_pairwise(self) -> ClonedPairwise<Self>;
[INFO] [stdout]    |                                 ^^^^^^^^^^^^^^^^^^^^ doesn't have a size known at compile-time
[INFO] [stdout] ...
[INFO] [stdout] 27 | pub struct ClonedPairwise<I>(I);
[INFO] [stdout]    |                           - required by this bound in `ClonedPairwise`
[INFO] [stdout]    |
[INFO] [stdout] help: you could relax the implicit `Sized` bound on `I` if it were used through indirection like `&I` or `Box<I>`
[INFO] [stdout]   --> /opt/rustwide/cargo-home/registry/src/github.com-1ecc6299db9ec823/xml-rs-0.1.25/src/util.rs:27:27
[INFO] [stdout]    |
[INFO] [stdout] 27 | pub struct ClonedPairwise<I>(I);
[INFO] [stdout]    |                           ^  - ...if indirection were used here: `Box<I>`
[INFO] [stdout]    |                           |
[INFO] [stdout]    |                           this could be changed to `I: ?Sized`...
[INFO] [stdout] help: consider further restricting `Self`
[INFO] [stdout]    |
[INFO] [stdout] 15 |     fn cloned_pairwise(self) -> ClonedPairwise<Self> where Self: Sized;
[INFO] [stdout]    |                                                      ^^^^^^^^^^^^^^^^^
[INFO] [stdout] 
[INFO] [stdout] 
[INFO] [stdout] error: aborting due to previous error
[INFO] [stdout] 
[INFO] [stdout] 
[INFO] [stdout] For more information about this error, try `rustc --explain E0277`.
[INFO] [stdout] 
[INFO] [stderr] error: build failed
[INFO] running `Command { std: "docker" "inspect" "2217de4217caa3b03fa784c59692a1fb22fd084f83cc0340f1278d544081e1bc", kill_on_drop: false }`
[INFO] running `Command { std: "docker" "rm" "-f" "2217de4217caa3b03fa784c59692a1fb22fd084f83cc0340f1278d544081e1bc", kill_on_drop: false }`
[INFO] [stdout] 2217de4217caa3b03fa784c59692a1fb22fd084f83cc0340f1278d544081e1bc
