[INFO] cloning repository https://github.com/enderian/adventofcode2020
[INFO] running `Command { std: "git" "-c" "credential.helper=" "-c" "credential.helper=/workspace/cargo-home/bin/git-credential-null" "clone" "--bare" "https://github.com/enderian/adventofcode2020" "/workspace/cache/git-repos/https%3A%2F%2Fgithub.com%2Fenderian%2Fadventofcode2020", kill_on_drop: false }`
[INFO] [stderr] Cloning into bare repository '/workspace/cache/git-repos/https%3A%2F%2Fgithub.com%2Fenderian%2Fadventofcode2020'...
[INFO] running `Command { std: "git" "rev-parse" "HEAD", kill_on_drop: false }`
[INFO] [stdout] 2488c56a0da042b2c790f97c185216ef53ccb447
[INFO] checking enderian/adventofcode2020 against beta-2021-10-15 for beta-1.56-3
[INFO] running `Command { std: "git" "clone" "/workspace/cache/git-repos/https%3A%2F%2Fgithub.com%2Fenderian%2Fadventofcode2020" "/workspace/builds/worker-4/source", kill_on_drop: false }`
[INFO] [stderr] Cloning into '/workspace/builds/worker-4/source'...
[INFO] [stderr] done.
[INFO] validating manifest of git repo https://github.com/enderian/adventofcode2020 on toolchain beta-2021-10-15
[INFO] running `Command { std: "/workspace/cargo-home/bin/cargo" "+beta-2021-10-15" "metadata" "--manifest-path" "Cargo.toml" "--no-deps", kill_on_drop: false }`
[INFO] started tweaking git repo https://github.com/enderian/adventofcode2020
[INFO] finished tweaking git repo https://github.com/enderian/adventofcode2020
[INFO] tweaked toml for git repo https://github.com/enderian/adventofcode2020 written to /workspace/builds/worker-4/source/Cargo.toml
[INFO] crate git repo https://github.com/enderian/adventofcode2020 already has a lockfile, it will not be regenerated
[INFO] running `Command { std: "/workspace/cargo-home/bin/cargo" "+beta-2021-10-15" "fetch" "--manifest-path" "Cargo.toml", kill_on_drop: false }`
[INFO] running `Command { std: "docker" "create" "-v" "/var/lib/crater-agent-workspace/builds/worker-4/target:/opt/rustwide/target:rw,Z" "-v" "/var/lib/crater-agent-workspace/builds/worker-4/source:/opt/rustwide/workdir:ro,Z" "-v" "/var/lib/crater-agent-workspace/cargo-home:/opt/rustwide/cargo-home:ro,Z" "-v" "/var/lib/crater-agent-workspace/rustup-home:/opt/rustwide/rustup-home:ro,Z" "-e" "SOURCE_DIR=/opt/rustwide/workdir" "-e" "CARGO_TARGET_DIR=/opt/rustwide/target" "-e" "CARGO_HOME=/opt/rustwide/cargo-home" "-e" "RUSTUP_HOME=/opt/rustwide/rustup-home" "-w" "/opt/rustwide/workdir" "-m" "1610612736" "--user" "0:0" "--network" "none" "ghcr.io/rust-lang/crates-build-env/linux@sha256:a89201d6b5b9fd45c15d5952ece0a0129e7e80cb26ec023fd59cf09bc26f1604" "/opt/rustwide/cargo-home/bin/cargo" "+beta-2021-10-15" "metadata" "--no-deps" "--format-version=1", kill_on_drop: false }`
[INFO] [stdout] 152868ad8535ac28f7cf777747ee206f062af740b584870b2c0179e4a862ee11
[INFO] [stderr] WARNING: Your kernel does not support swap limit capabilities or the cgroup is not mounted. Memory limited without swap.
[INFO] running `Command { std: "docker" "start" "-a" "152868ad8535ac28f7cf777747ee206f062af740b584870b2c0179e4a862ee11", kill_on_drop: false }`
[INFO] running `Command { std: "docker" "inspect" "152868ad8535ac28f7cf777747ee206f062af740b584870b2c0179e4a862ee11", kill_on_drop: false }`
[INFO] running `Command { std: "docker" "rm" "-f" "152868ad8535ac28f7cf777747ee206f062af740b584870b2c0179e4a862ee11", kill_on_drop: false }`
[INFO] [stdout] 152868ad8535ac28f7cf777747ee206f062af740b584870b2c0179e4a862ee11
[INFO] running `Command { std: "docker" "create" "-v" "/var/lib/crater-agent-workspace/builds/worker-4/target:/opt/rustwide/target:rw,Z" "-v" "/var/lib/crater-agent-workspace/builds/worker-4/source:/opt/rustwide/workdir:ro,Z" "-v" "/var/lib/crater-agent-workspace/cargo-home:/opt/rustwide/cargo-home:ro,Z" "-v" "/var/lib/crater-agent-workspace/rustup-home:/opt/rustwide/rustup-home:ro,Z" "-e" "SOURCE_DIR=/opt/rustwide/workdir" "-e" "CARGO_TARGET_DIR=/opt/rustwide/target" "-e" "CARGO_INCREMENTAL=0" "-e" "RUST_BACKTRACE=full" "-e" "RUSTFLAGS=--cap-lints=warn" "-e" "CARGO_HOME=/opt/rustwide/cargo-home" "-e" "RUSTUP_HOME=/opt/rustwide/rustup-home" "-w" "/opt/rustwide/workdir" "-m" "1610612736" "--user" "0:0" "--network" "none" "ghcr.io/rust-lang/crates-build-env/linux@sha256:a89201d6b5b9fd45c15d5952ece0a0129e7e80cb26ec023fd59cf09bc26f1604" "/opt/rustwide/cargo-home/bin/cargo" "+beta-2021-10-15" "check" "--frozen" "--all" "--all-targets" "--message-format=json", kill_on_drop: false }`
[INFO] [stderr] WARNING: Your kernel does not support swap limit capabilities or the cgroup is not mounted. Memory limited without swap.
[INFO] [stdout] c86540b4ad7710275c80c12c7d1297a10c2fd44dada113f117bd73ceed995e0d
[INFO] running `Command { std: "docker" "start" "-a" "c86540b4ad7710275c80c12c7d1297a10c2fd44dada113f117bd73ceed995e0d", kill_on_drop: false }`
[INFO] [stderr]     Blocking waiting for file lock on package cache
[INFO] [stderr]     Checking adventofcode v0.1.0 (/opt/rustwide/workdir)
[INFO] [stdout] error[E0425]: cannot find value `facing` in this scope
[INFO] [stdout]   --> src/dec12.rs:37:5
[INFO] [stdout]    |
[INFO] [stdout] 37 |     facing = if facing < 0 { 360 + facing } else { facing };
[INFO] [stdout]    |     ^^^^^^ not found in this scope
[INFO] [stdout] 
[INFO] [stdout] 
[INFO] [stdout] error[E0425]: cannot find value `facing` in this scope
[INFO] [stdout]   --> src/dec12.rs:37:17
[INFO] [stdout]    |
[INFO] [stdout] 37 |     facing = if facing < 0 { 360 + facing } else { facing };
[INFO] [stdout]    |                 ^^^^^^ not found in this scope
[INFO] [stdout] 
[INFO] [stdout] 
[INFO] [stdout] error[E0425]: cannot find value `facing` in this scope
[INFO] [stdout]   --> src/dec12.rs:37:36
[INFO] [stdout]    |
[INFO] [stdout] 37 |     facing = if facing < 0 { 360 + facing } else { facing };
[INFO] [stdout]    |                                    ^^^^^^ not found in this scope
[INFO] [stdout] 
[INFO] [stdout] 
[INFO] [stdout] error[E0425]: cannot find value `facing` in this scope
[INFO] [stdout]   --> src/dec12.rs:37:52
[INFO] [stdout]    |
[INFO] [stdout] 37 |     facing = if facing < 0 { 360 + facing } else { facing };
[INFO] [stdout]    |                                                    ^^^^^^ not found in this scope
[INFO] [stdout] 
[INFO] [stdout] 
[INFO] [stdout] error[E0425]: cannot find value `facing` in this scope
[INFO] [stdout]   --> src/dec12.rs:38:55
[INFO] [stdout]    |
[INFO] [stdout] 38 |     println!("{}{} {} {} {}", &dir[1], &dir[2], x, y, facing);
[INFO] [stdout]    |                                                       ^^^^^^ not found in this scope
[INFO] [stdout] 
[INFO] [stdout] 
[INFO] [stdout] warning: unused import: `std::f64`
[INFO] [stdout]  --> src/dec12.rs:3:5
[INFO] [stdout]   |
[INFO] [stdout] 3 | use std::f64;
[INFO] [stdout]   |     ^^^^^^^^
[INFO] [stdout]   |
[INFO] [stdout]   = note: `#[warn(unused_imports)]` on by default
[INFO] [stdout] 
[INFO] [stdout] 
[INFO] [stdout] error[E0425]: cannot find value `facing` in this scope
[INFO] [stdout]   --> src/dec12.rs:37:5
[INFO] [stdout]    |
[INFO] [stdout] 37 |     facing = if facing < 0 { 360 + facing } else { facing };
[INFO] [stdout]    |     ^^^^^^ not found in this scope
[INFO] [stdout] 
[INFO] [stdout] 
[INFO] [stdout] error[E0425]: cannot find value `facing` in this scope
[INFO] [stdout]   --> src/dec12.rs:37:17
[INFO] [stdout]    |
[INFO] [stdout] 37 |     facing = if facing < 0 { 360 + facing } else { facing };
[INFO] [stdout]    |                 ^^^^^^ not found in this scope
[INFO] [stdout] 
[INFO] [stdout] 
[INFO] [stdout] error[E0425]: cannot find value `facing` in this scope
[INFO] [stdout]   --> src/dec12.rs:37:36
[INFO] [stdout]    |
[INFO] [stdout] 37 |     facing = if facing < 0 { 360 + facing } else { facing };
[INFO] [stdout]    |                                    ^^^^^^ not found in this scope
[INFO] [stdout] 
[INFO] [stdout] 
[INFO] [stdout] error[E0425]: cannot find value `facing` in this scope
[INFO] [stdout]   --> src/dec12.rs:37:52
[INFO] [stdout]    |
[INFO] [stdout] 37 |     facing = if facing < 0 { 360 + facing } else { facing };
[INFO] [stdout]    |                                                    ^^^^^^ not found in this scope
[INFO] [stdout] 
[INFO] [stdout] 
[INFO] [stdout] error[E0425]: cannot find value `facing` in this scope
[INFO] [stdout]   --> src/dec12.rs:38:55
[INFO] [stdout]    |
[INFO] [stdout] 38 |     println!("{}{} {} {} {}", &dir[1], &dir[2], x, y, facing);
[INFO] [stdout]    |                                                       ^^^^^^ not found in this scope
[INFO] [stdout] 
[INFO] [stdout] 
[INFO] [stdout] warning: unused import: `std::f64`
[INFO] [stdout]  --> src/dec12.rs:3:5
[INFO] [stdout]   |
[INFO] [stdout] 3 | use std::f64;
[INFO] [stdout]   |     ^^^^^^^^
[INFO] [stdout]   |
[INFO] [stdout]   = note: `#[warn(unused_imports)]` on by default
[INFO] [stdout] 
[INFO] [stdout] 
[INFO] [stdout] error[E0308]: mismatched types
[INFO] [stdout]   --> src/dec12.rs:46:9
[INFO] [stdout]    |
[INFO] [stdout] 46 |     y = &(*x * -1 as i32);
[INFO] [stdout]    |         ^^^^^^^^^^^^^^^^^ types differ in mutability
[INFO] [stdout]    |
[INFO] [stdout]    = note: expected mutable reference `&mut i32`
[INFO] [stdout]                       found reference `&i32`
[INFO] [stdout] 
[INFO] [stdout] 
[INFO] [stdout] error: aborting due to 6 previous errors; 1 warning emitted
[INFO] [stdout] 
[INFO] [stdout] 
[INFO] [stdout] Some errors have detailed explanations: E0308, E0425.
[INFO] [stdout] 
[INFO] [stdout] For more information about an error, try `rustc --explain E0308`.
[INFO] [stdout] 
[INFO] [stdout] error[E0308]: mismatched types
[INFO] [stdout]   --> src/dec12.rs:46:9
[INFO] [stdout]    |
[INFO] [stdout] 46 |     y = &(*x * -1 as i32);
[INFO] [stdout]    |         ^^^^^^^^^^^^^^^^^ types differ in mutability
[INFO] [stdout]    |
[INFO] [stdout]    = note: expected mutable reference `&mut i32`
[INFO] [stdout]                       found reference `&i32`
[INFO] [stdout] 
[INFO] [stdout] 
[INFO] [stdout] error: aborting due to 6 previous errors; 1 warning emitted
[INFO] [stdout] 
[INFO] [stdout] 
[INFO] [stdout] Some errors have detailed explanations: E0308, E0425.
[INFO] [stdout] 
[INFO] [stdout] For more information about an error, try `rustc --explain E0308`.
[INFO] [stdout] 
[INFO] [stderr] error: could not compile `adventofcode` due to 7 previous errors; 1 warning emitted
[INFO] [stderr] warning: build failed, waiting for other jobs to finish...
[INFO] [stderr] error: build failed
[INFO] running `Command { std: "docker" "inspect" "c86540b4ad7710275c80c12c7d1297a10c2fd44dada113f117bd73ceed995e0d", kill_on_drop: false }`
[INFO] running `Command { std: "docker" "rm" "-f" "c86540b4ad7710275c80c12c7d1297a10c2fd44dada113f117bd73ceed995e0d", kill_on_drop: false }`
[INFO] [stdout] c86540b4ad7710275c80c12c7d1297a10c2fd44dada113f117bd73ceed995e0d
