[INFO] cloning repository https://github.com/embly/vinyl
[INFO] running `Command { std: "git" "-c" "credential.helper=" "-c" "credential.helper=/workspace/cargo-home/bin/git-credential-null" "clone" "--bare" "https://github.com/embly/vinyl" "/workspace/cache/git-repos/https%3A%2F%2Fgithub.com%2Fembly%2Fvinyl", kill_on_drop: false }`
[INFO] [stderr] Cloning into bare repository '/workspace/cache/git-repos/https%3A%2F%2Fgithub.com%2Fembly%2Fvinyl'...
[INFO] running `Command { std: "git" "rev-parse" "HEAD", kill_on_drop: false }`
[INFO] [stdout] de628fc27e366747adf1d2aecb39e3e923f5c368
[INFO] checking embly/vinyl against beta-2021-10-15 for beta-1.56-3
[INFO] running `Command { std: "git" "clone" "/workspace/cache/git-repos/https%3A%2F%2Fgithub.com%2Fembly%2Fvinyl" "/workspace/builds/worker-0/source", kill_on_drop: false }`
[INFO] [stderr] Cloning into '/workspace/builds/worker-0/source'...
[INFO] [stderr] done.
[INFO] validating manifest of git repo https://github.com/embly/vinyl on toolchain beta-2021-10-15
[INFO] running `Command { std: "/workspace/cargo-home/bin/cargo" "+beta-2021-10-15" "metadata" "--manifest-path" "Cargo.toml" "--no-deps", kill_on_drop: false }`
[INFO] started tweaking git repo https://github.com/embly/vinyl
[INFO] finished tweaking git repo https://github.com/embly/vinyl
[INFO] tweaked toml for git repo https://github.com/embly/vinyl written to /workspace/builds/worker-0/source/Cargo.toml
[INFO] running `Command { std: "/workspace/cargo-home/bin/cargo" "+beta-2021-10-15" "generate-lockfile" "--manifest-path" "Cargo.toml" "-Zno-index-update", kill_on_drop: false }`
[INFO] running `Command { std: "/workspace/cargo-home/bin/cargo" "+beta-2021-10-15" "fetch" "--manifest-path" "Cargo.toml", kill_on_drop: false }`
[INFO] [stderr]  Downloading crates ...
[INFO] [stderr]   Downloaded protoc-rust v2.8.2
[INFO] [stderr]   Downloaded tokio-uds v0.1.7
[INFO] [stderr]   Downloaded grpc v0.6.2
[INFO] [stderr]   Downloaded tls-api-stub v0.1.22
[INFO] [stderr]   Downloaded httpbis v0.7.0
[INFO] [stderr]   Downloaded protobuf-codegen v2.8.2
[INFO] [stderr]   Downloaded protoc v2.8.2
[INFO] [stderr]   Downloaded unix_socket v0.5.0
[INFO] [stderr]   Downloaded tokio-tls-api v0.1.22
[INFO] [stderr]   Downloaded tls-api v0.1.22
[INFO] [stderr]   Downloaded tokio-timer v0.1.2
[INFO] [stderr]   Downloaded tokio-core v0.1.18
[INFO] [stderr]   Downloaded protobuf v2.8.2
[INFO] [stderr]   Downloaded grpc-compiler v0.6.2
[INFO] [stderr]   Downloaded protoc-rust-grpc v0.6.2
[INFO] [stderr]   Downloaded vinyl-core v0.0.2
[INFO] [stderr]   Downloaded embly v0.0.4
[INFO] running `Command { std: "docker" "create" "-v" "/var/lib/crater-agent-workspace/builds/worker-0/target:/opt/rustwide/target:rw,Z" "-v" "/var/lib/crater-agent-workspace/builds/worker-0/source:/opt/rustwide/workdir:ro,Z" "-v" "/var/lib/crater-agent-workspace/cargo-home:/opt/rustwide/cargo-home:ro,Z" "-v" "/var/lib/crater-agent-workspace/rustup-home:/opt/rustwide/rustup-home:ro,Z" "-e" "SOURCE_DIR=/opt/rustwide/workdir" "-e" "CARGO_TARGET_DIR=/opt/rustwide/target" "-e" "CARGO_HOME=/opt/rustwide/cargo-home" "-e" "RUSTUP_HOME=/opt/rustwide/rustup-home" "-w" "/opt/rustwide/workdir" "-m" "1610612736" "--user" "0:0" "--network" "none" "ghcr.io/rust-lang/crates-build-env/linux@sha256:a89201d6b5b9fd45c15d5952ece0a0129e7e80cb26ec023fd59cf09bc26f1604" "/opt/rustwide/cargo-home/bin/cargo" "+beta-2021-10-15" "metadata" "--no-deps" "--format-version=1", kill_on_drop: false }`
[INFO] [stderr] WARNING: Your kernel does not support swap limit capabilities or the cgroup is not mounted. Memory limited without swap.
[INFO] [stdout] 2b809a728dce719153550f0f3fc3b36a1e081b64a6b39f1cb78bf4ff2d2e15f0
[INFO] running `Command { std: "docker" "start" "-a" "2b809a728dce719153550f0f3fc3b36a1e081b64a6b39f1cb78bf4ff2d2e15f0", kill_on_drop: false }`
[INFO] running `Command { std: "docker" "inspect" "2b809a728dce719153550f0f3fc3b36a1e081b64a6b39f1cb78bf4ff2d2e15f0", kill_on_drop: false }`
[INFO] running `Command { std: "docker" "rm" "-f" "2b809a728dce719153550f0f3fc3b36a1e081b64a6b39f1cb78bf4ff2d2e15f0", kill_on_drop: false }`
[INFO] [stdout] 2b809a728dce719153550f0f3fc3b36a1e081b64a6b39f1cb78bf4ff2d2e15f0
[INFO] running `Command { std: "docker" "create" "-v" "/var/lib/crater-agent-workspace/builds/worker-0/target:/opt/rustwide/target:rw,Z" "-v" "/var/lib/crater-agent-workspace/builds/worker-0/source:/opt/rustwide/workdir:ro,Z" "-v" "/var/lib/crater-agent-workspace/cargo-home:/opt/rustwide/cargo-home:ro,Z" "-v" "/var/lib/crater-agent-workspace/rustup-home:/opt/rustwide/rustup-home:ro,Z" "-e" "SOURCE_DIR=/opt/rustwide/workdir" "-e" "CARGO_TARGET_DIR=/opt/rustwide/target" "-e" "CARGO_INCREMENTAL=0" "-e" "RUST_BACKTRACE=full" "-e" "RUSTFLAGS=--cap-lints=warn" "-e" "CARGO_HOME=/opt/rustwide/cargo-home" "-e" "RUSTUP_HOME=/opt/rustwide/rustup-home" "-w" "/opt/rustwide/workdir" "-m" "1610612736" "--user" "0:0" "--network" "none" "ghcr.io/rust-lang/crates-build-env/linux@sha256:a89201d6b5b9fd45c15d5952ece0a0129e7e80cb26ec023fd59cf09bc26f1604" "/opt/rustwide/cargo-home/bin/cargo" "+beta-2021-10-15" "check" "--frozen" "--all" "--all-targets" "--message-format=json", kill_on_drop: false }`
[INFO] [stdout] 0e7d64159897a98b7bbc3675fdd7877c205554c1137c5ae415b1694397a71690
[INFO] [stderr] WARNING: Your kernel does not support swap limit capabilities or the cgroup is not mounted. Memory limited without swap.
[INFO] running `Command { std: "docker" "start" "-a" "0e7d64159897a98b7bbc3675fdd7877c205554c1137c5ae415b1694397a71690", kill_on_drop: false }`
[INFO] [stderr]    Compiling libc v0.2.104
[INFO] [stderr]    Compiling log v0.4.14
[INFO] [stderr]     Checking byteorder v1.4.3
[INFO] [stderr]     Checking futures v0.1.31
[INFO] [stderr]    Compiling maybe-uninit v2.0.0
[INFO] [stderr]     Checking scopeguard v1.1.0
[INFO] [stderr]     Checking slab v0.4.5
[INFO] [stderr]    Compiling protobuf v2.8.2
[INFO] [stderr]    Compiling memchr v2.4.1
[INFO] [stderr]    Compiling cc v1.0.71
[INFO] [stderr]     Checking tinyvec_macros v0.1.0
[INFO] [stderr]     Checking gimli v0.25.0
[INFO] [stderr]     Checking rustc-demangle v0.1.21
[INFO] [stderr]     Checking matches v0.1.9
[INFO] [stderr]     Checking unicode-bidi v0.3.7
[INFO] [stderr]     Checking percent-encoding v2.1.0
[INFO] [stderr]    Compiling ppv-lite86 v0.2.14
[INFO] [stderr]     Checking scoped-tls v0.1.2
[INFO] [stderr]     Checking void v1.0.2
[INFO] [stderr]    Compiling httpbis v0.7.0
[INFO] [stderr]     Checking slab v0.3.0
[INFO] [stderr]    Compiling remove_dir_all v0.5.3
[INFO] [stderr]     Checking safemem v0.3.3
[INFO] [stderr]    Compiling httparse v1.5.1
[INFO] [stderr]     Checking itoa v0.4.8
[INFO] [stderr]    Compiling crossbeam-utils v0.7.2
[INFO] [stderr]    Compiling memoffset v0.5.6
[INFO] [stderr]    Compiling crossbeam-epoch v0.8.2
[INFO] [stderr]     Checking tinyvec v1.5.0
[INFO] [stderr]     Checking lock_api v0.3.4
[INFO] [stderr]     Checking form_urlencoded v1.0.1
[INFO] [stderr]     Checking base64 v0.9.3
[INFO] [stderr]    Compiling parking_lot_core v0.6.2
[INFO] [stderr]    Compiling parking_lot v0.9.0
[INFO] [stderr]     Checking tls-api v0.1.22
[INFO] [stderr]     Checking log v0.3.9
[INFO] [stderr]     Checking smallvec v0.6.14
[INFO] [stderr]    Compiling protoc v2.8.2
[INFO] [stderr]     Checking tls-api-stub v0.1.22
[INFO] [stderr]     Checking object v0.26.2
[INFO] [stderr]     Checking tokio-sync v0.1.8
[INFO] [stderr]     Checking tokio-timer v0.1.2
[INFO] [stderr]    Compiling getrandom v0.2.3
[INFO] [stderr]    Compiling iovec v0.1.4
[INFO] [stderr]     Checking unicode-normalization v0.1.19
[INFO] [stderr]     Checking num_cpus v1.13.0
[INFO] [stderr]     Checking net2 v0.2.37
[INFO] [stderr]     Checking unix_socket v0.5.0
[INFO] [stderr]    Compiling backtrace v0.3.61
[INFO] [stderr]    Compiling rand_core v0.6.3
[INFO] [stderr]    Compiling bytes v0.4.12
[INFO] [stderr]     Checking futures-cpupool v0.1.8
[INFO] [stderr]     Checking tokio-executor v0.1.10
[INFO] [stderr]     Checking crossbeam-queue v0.2.3
[INFO] [stderr]     Checking mio v0.6.23
[INFO] [stderr]    Compiling rand_chacha v0.3.1
[INFO] [stderr]     Checking tokio-timer v0.2.13
[INFO] [stderr]     Checking tokio-current-thread v0.1.7
[INFO] [stderr]     Checking tokio-io v0.1.13
[INFO] [stderr]     Checking http v0.1.21
[INFO] [stderr]     Checking crossbeam-deque v0.7.4
[INFO] [stderr]    Compiling rand v0.8.4
[INFO] [stderr]     Checking tokio-threadpool v0.1.18
[INFO] [stderr]     Checking mio-uds v0.6.8
[INFO] [stderr]     Checking idna v0.2.3
[INFO] [stderr]     Checking tokio-reactor v0.1.12
[INFO] [stderr]     Checking tokio-codec v0.1.2
[INFO] [stderr]     Checking tokio-tls-api v0.1.22
[INFO] [stderr]     Checking addr2line v0.16.0
[INFO] [stderr]     Checking tokio-fs v0.1.7
[INFO] [stderr]     Checking tokio-uds v0.2.7
[INFO] [stderr]     Checking tokio-tcp v0.1.4
[INFO] [stderr]     Checking tokio-udp v0.1.6
[INFO] [stderr]    Compiling tempfile v3.2.0
[INFO] [stderr]     Checking tokio v0.1.22
[INFO] [stderr]     Checking url v2.2.2
[INFO] [stderr]     Checking tokio-core v0.1.18
[INFO] [stderr]     Checking tokio-uds v0.1.7
[INFO] [stderr]     Checking failure v0.1.8
[INFO] [stderr]     Checking vinyl-core v0.0.2
[INFO] [stderr]     Checking embly v0.0.4
[INFO] [stderr]     Checking vinyl-core v0.0.2 (/opt/rustwide/workdir/vinyl-rs-core)
[INFO] [stdout] error[E0425]: cannot find value `VERSION_2_8_1` in crate `protobuf`
[INFO] [stdout]   --> vinyl-rs-core/src/proto/example.rs:27:49
[INFO] [stdout]    |
[INFO] [stdout] 27 | const _PROTOBUF_VERSION_CHECK: () = ::protobuf::VERSION_2_8_1;
[INFO] [stdout]    |                                                 ^^^^^^^^^^^^^ help: a constant with a similar name exists: `VERSION_2_8_2`
[INFO] [stdout]    |
[INFO] [stdout]   ::: /opt/rustwide/target/debug/build/protobuf-9b7494ad55d514bf/out/version.rs:7:1
[INFO] [stdout]    |
[INFO] [stdout] 7  | pub const VERSION_2_8_2: () = ();
[INFO] [stdout]    | --------------------------------- similarly named constant `VERSION_2_8_2` defined here
[INFO] [stdout] 
[INFO] [stdout] 
[INFO] [stdout] error[E0425]: cannot find value `VERSION_2_8_1` in crate `protobuf`
[INFO] [stdout]   --> vinyl-rs-core/src/proto/transport.rs:27:49
[INFO] [stdout]    |
[INFO] [stdout] 27 | const _PROTOBUF_VERSION_CHECK: () = ::protobuf::VERSION_2_8_1;
[INFO] [stdout]    |                                                 ^^^^^^^^^^^^^ help: a constant with a similar name exists: `VERSION_2_8_2`
[INFO] [stdout]    |
[INFO] [stdout]   ::: /opt/rustwide/target/debug/build/protobuf-9b7494ad55d514bf/out/version.rs:7:1
[INFO] [stdout]    |
[INFO] [stdout] 7  | pub const VERSION_2_8_2: () = ();
[INFO] [stdout]    | --------------------------------- similarly named constant `VERSION_2_8_2` defined here
[INFO] [stdout] 
[INFO] [stdout] 
[INFO] [stdout] error[E0425]: cannot find value `VERSION_2_8_1` in crate `protobuf`
[INFO] [stdout]   --> vinyl-rs-core/src/proto/example.rs:27:49
[INFO] [stdout]    |
[INFO] [stdout] 27 | const _PROTOBUF_VERSION_CHECK: () = ::protobuf::VERSION_2_8_1;
[INFO] [stdout]    |                                                 ^^^^^^^^^^^^^ help: a constant with a similar name exists: `VERSION_2_8_2`
[INFO] [stdout]    |
[INFO] [stdout]   ::: /opt/rustwide/target/debug/build/protobuf-9b7494ad55d514bf/out/version.rs:7:1
[INFO] [stdout]    |
[INFO] [stdout] 7  | pub const VERSION_2_8_2: () = ();
[INFO] [stdout]    | --------------------------------- similarly named constant `VERSION_2_8_2` defined here
[INFO] [stdout] 
[INFO] [stdout] 
[INFO] [stdout] error[E0425]: cannot find value `VERSION_2_8_1` in crate `protobuf`
[INFO] [stdout]   --> vinyl-rs-core/src/proto/transport.rs:27:49
[INFO] [stdout]    |
[INFO] [stdout] 27 | const _PROTOBUF_VERSION_CHECK: () = ::protobuf::VERSION_2_8_1;
[INFO] [stdout]    |                                                 ^^^^^^^^^^^^^ help: a constant with a similar name exists: `VERSION_2_8_2`
[INFO] [stdout]    |
[INFO] [stdout]   ::: /opt/rustwide/target/debug/build/protobuf-9b7494ad55d514bf/out/version.rs:7:1
[INFO] [stdout]    |
[INFO] [stdout] 7  | pub const VERSION_2_8_2: () = ();
[INFO] [stdout]    | --------------------------------- similarly named constant `VERSION_2_8_2` defined here
[INFO] [stdout] 
[INFO] [stdout] 
[INFO] [stderr]    Compiling protobuf-codegen v2.8.2
[INFO] [stdout] error[E0425]: cannot find value `VERSION_2_8_1` in crate `protobuf`
[INFO] [stdout]   --> /opt/rustwide/cargo-home/registry/src/github.com-1ecc6299db9ec823/vinyl-core-0.0.2/src/proto/example.rs:27:49
[INFO] [stdout]    |
[INFO] [stdout] 27 | const _PROTOBUF_VERSION_CHECK: () = ::protobuf::VERSION_2_8_1;
[INFO] [stdout]    |                                                 ^^^^^^^^^^^^^ help: a constant with a similar name exists: `VERSION_2_8_2`
[INFO] [stdout]    |
[INFO] [stdout]   ::: /opt/rustwide/target/debug/build/protobuf-9b7494ad55d514bf/out/version.rs:7:1
[INFO] [stdout]    |
[INFO] [stdout] 7  | pub const VERSION_2_8_2: () = ();
[INFO] [stdout]    | --------------------------------- similarly named constant `VERSION_2_8_2` defined here
[INFO] [stdout] 
[INFO] [stdout] 
[INFO] [stdout] error[E0425]: cannot find value `VERSION_2_8_1` in crate `protobuf`
[INFO] [stdout]   --> /opt/rustwide/cargo-home/registry/src/github.com-1ecc6299db9ec823/vinyl-core-0.0.2/src/proto/transport.rs:27:49
[INFO] [stdout]    |
[INFO] [stdout] 27 | const _PROTOBUF_VERSION_CHECK: () = ::protobuf::VERSION_2_8_1;
[INFO] [stdout]    |                                                 ^^^^^^^^^^^^^ help: a constant with a similar name exists: `VERSION_2_8_2`
[INFO] [stdout]    |
[INFO] [stdout]   ::: /opt/rustwide/target/debug/build/protobuf-9b7494ad55d514bf/out/version.rs:7:1
[INFO] [stdout]    |
[INFO] [stdout] 7  | pub const VERSION_2_8_2: () = ();
[INFO] [stdout]    | --------------------------------- similarly named constant `VERSION_2_8_2` defined here
[INFO] [stdout] 
[INFO] [stdout] 
[INFO] [stdout] error: aborting due to 2 previous errors
[INFO] [stdout] 
[INFO] [stdout] 
[INFO] [stdout] For more information about this error, try `rustc --explain E0425`.
[INFO] [stdout] 
[INFO] [stderr] error: could not compile `vinyl-core` due to 3 previous errors
[INFO] [stderr] warning: build failed, waiting for other jobs to finish...
[INFO] [stdout] error: aborting due to 2 previous errors
[INFO] [stdout] 
[INFO] [stdout] 
[INFO] [stdout] For more information about this error, try `rustc --explain E0425`.
[INFO] [stdout] 
[INFO] [stdout] error: aborting due to 2 previous errors
[INFO] [stdout] 
[INFO] [stdout] 
[INFO] [stdout] For more information about this error, try `rustc --explain E0425`.
[INFO] [stdout] 
[INFO] [stderr] error: build failed
[INFO] running `Command { std: "docker" "inspect" "0e7d64159897a98b7bbc3675fdd7877c205554c1137c5ae415b1694397a71690", kill_on_drop: false }`
[INFO] running `Command { std: "docker" "rm" "-f" "0e7d64159897a98b7bbc3675fdd7877c205554c1137c5ae415b1694397a71690", kill_on_drop: false }`
[INFO] [stdout] 0e7d64159897a98b7bbc3675fdd7877c205554c1137c5ae415b1694397a71690
