[INFO] cloning repository https://github.com/elmdash/ethereal-chat
[INFO] running `Command { std: "git" "-c" "credential.helper=" "-c" "credential.helper=/workspace/cargo-home/bin/git-credential-null" "clone" "--bare" "https://github.com/elmdash/ethereal-chat" "/workspace/cache/git-repos/https%3A%2F%2Fgithub.com%2Felmdash%2Fethereal-chat", kill_on_drop: false }`
[INFO] [stderr] Cloning into bare repository '/workspace/cache/git-repos/https%3A%2F%2Fgithub.com%2Felmdash%2Fethereal-chat'...
[INFO] running `Command { std: "git" "rev-parse" "HEAD", kill_on_drop: false }`
[INFO] [stdout] 973171493081bdd6e0abf23a28033c982822c8c2
[INFO] checking elmdash/ethereal-chat against beta-2021-10-15 for beta-1.56-3
[INFO] running `Command { std: "git" "clone" "/workspace/cache/git-repos/https%3A%2F%2Fgithub.com%2Felmdash%2Fethereal-chat" "/workspace/builds/worker-4/source", kill_on_drop: false }`
[INFO] [stderr] Cloning into '/workspace/builds/worker-4/source'...
[INFO] [stderr] done.
[INFO] validating manifest of git repo https://github.com/elmdash/ethereal-chat on toolchain beta-2021-10-15
[INFO] running `Command { std: "/workspace/cargo-home/bin/cargo" "+beta-2021-10-15" "metadata" "--manifest-path" "Cargo.toml" "--no-deps", kill_on_drop: false }`
[INFO] started tweaking git repo https://github.com/elmdash/ethereal-chat
[INFO] finished tweaking git repo https://github.com/elmdash/ethereal-chat
[INFO] tweaked toml for git repo https://github.com/elmdash/ethereal-chat written to /workspace/builds/worker-4/source/Cargo.toml
[INFO] crate git repo https://github.com/elmdash/ethereal-chat already has a lockfile, it will not be regenerated
[INFO] running `Command { std: "/workspace/cargo-home/bin/cargo" "+beta-2021-10-15" "fetch" "--manifest-path" "Cargo.toml", kill_on_drop: false }`
[INFO] [stderr] warning: only one of `license` or `license-file` is necessary
[INFO] [stderr]     Blocking waiting for file lock on package cache
[INFO] running `Command { std: "docker" "create" "-v" "/var/lib/crater-agent-workspace/builds/worker-4/target:/opt/rustwide/target:rw,Z" "-v" "/var/lib/crater-agent-workspace/builds/worker-4/source:/opt/rustwide/workdir:ro,Z" "-v" "/var/lib/crater-agent-workspace/cargo-home:/opt/rustwide/cargo-home:ro,Z" "-v" "/var/lib/crater-agent-workspace/rustup-home:/opt/rustwide/rustup-home:ro,Z" "-e" "SOURCE_DIR=/opt/rustwide/workdir" "-e" "CARGO_TARGET_DIR=/opt/rustwide/target" "-e" "CARGO_HOME=/opt/rustwide/cargo-home" "-e" "RUSTUP_HOME=/opt/rustwide/rustup-home" "-w" "/opt/rustwide/workdir" "-m" "1610612736" "--user" "0:0" "--network" "none" "ghcr.io/rust-lang/crates-build-env/linux@sha256:a89201d6b5b9fd45c15d5952ece0a0129e7e80cb26ec023fd59cf09bc26f1604" "/opt/rustwide/cargo-home/bin/cargo" "+beta-2021-10-15" "metadata" "--no-deps" "--format-version=1", kill_on_drop: false }`
[INFO] [stderr] WARNING: Your kernel does not support swap limit capabilities or the cgroup is not mounted. Memory limited without swap.
[INFO] [stdout] 655d104fcc85aa9decf1ee23de0e56f3a9b23dd3d175e41c4bfa6a11f5be0323
[INFO] running `Command { std: "docker" "start" "-a" "655d104fcc85aa9decf1ee23de0e56f3a9b23dd3d175e41c4bfa6a11f5be0323", kill_on_drop: false }`
[INFO] running `Command { std: "docker" "inspect" "655d104fcc85aa9decf1ee23de0e56f3a9b23dd3d175e41c4bfa6a11f5be0323", kill_on_drop: false }`
[INFO] running `Command { std: "docker" "rm" "-f" "655d104fcc85aa9decf1ee23de0e56f3a9b23dd3d175e41c4bfa6a11f5be0323", kill_on_drop: false }`
[INFO] [stdout] 655d104fcc85aa9decf1ee23de0e56f3a9b23dd3d175e41c4bfa6a11f5be0323
[INFO] running `Command { std: "docker" "create" "-v" "/var/lib/crater-agent-workspace/builds/worker-4/target:/opt/rustwide/target:rw,Z" "-v" "/var/lib/crater-agent-workspace/builds/worker-4/source:/opt/rustwide/workdir:ro,Z" "-v" "/var/lib/crater-agent-workspace/cargo-home:/opt/rustwide/cargo-home:ro,Z" "-v" "/var/lib/crater-agent-workspace/rustup-home:/opt/rustwide/rustup-home:ro,Z" "-e" "SOURCE_DIR=/opt/rustwide/workdir" "-e" "CARGO_TARGET_DIR=/opt/rustwide/target" "-e" "CARGO_INCREMENTAL=0" "-e" "RUST_BACKTRACE=full" "-e" "RUSTFLAGS=--cap-lints=warn" "-e" "CARGO_HOME=/opt/rustwide/cargo-home" "-e" "RUSTUP_HOME=/opt/rustwide/rustup-home" "-w" "/opt/rustwide/workdir" "-m" "1610612736" "--user" "0:0" "--network" "none" "ghcr.io/rust-lang/crates-build-env/linux@sha256:a89201d6b5b9fd45c15d5952ece0a0129e7e80cb26ec023fd59cf09bc26f1604" "/opt/rustwide/cargo-home/bin/cargo" "+beta-2021-10-15" "check" "--frozen" "--all" "--all-targets" "--message-format=json", kill_on_drop: false }`
[INFO] [stdout] d57e1b5cff0c0df7eaa20e3b9e4ae545802673e70370b927385973554a50426a
[INFO] [stderr] WARNING: Your kernel does not support swap limit capabilities or the cgroup is not mounted. Memory limited without swap.
[INFO] running `Command { std: "docker" "start" "-a" "d57e1b5cff0c0df7eaa20e3b9e4ae545802673e70370b927385973554a50426a", kill_on_drop: false }`
[INFO] [stderr] warning: only one of `license` or `license-file` is necessary
[INFO] [stderr]    Compiling syn v1.0.77
[INFO] [stderr]    Compiling typenum v1.14.0
[INFO] [stderr]     Checking matches v0.1.9
[INFO] [stderr]    Compiling serde v1.0.130
[INFO] [stderr]    Compiling crc32fast v1.2.1
[INFO] [stderr]     Checking unicode-bidi v0.3.6
[INFO] [stderr]     Checking adler v1.0.2
[INFO] [stderr]     Checking regex-syntax v0.6.25
[INFO] [stderr]     Checking cpufeatures v0.2.1
[INFO] [stderr]    Compiling serde_json v1.0.68
[INFO] [stderr]     Checking tower-layer v0.3.1
[INFO] [stderr]     Checking bitflags v1.3.2
[INFO] [stderr]     Checking sync_wrapper v0.1.1
[INFO] [stderr]     Checking ansi_term v0.12.1
[INFO] [stderr]    Compiling tokio v1.12.0
[INFO] [stderr]    Compiling indexmap v1.7.0
[INFO] [stderr]    Compiling miniz_oxide v0.4.4
[INFO] [stderr]    Compiling num-integer v0.1.44
[INFO] [stderr]     Checking instant v0.1.11
[INFO] [stderr]     Checking tracing-core v0.1.20
[INFO] [stderr]     Checking sharded-slab v0.1.3
[INFO] [stderr]     Checking http v0.2.5
[INFO] [stderr]     Checking tinyvec v1.4.0
[INFO] [stderr]     Checking thread_local v1.1.3
[INFO] [stderr]     Checking base64 v0.10.1
[INFO] [stderr]     Checking form_urlencoded v1.0.1
[INFO] [stderr]     Checking crossbeam-channel v0.3.9
[INFO] [stderr]     Checking parking_lot_core v0.8.5
[INFO] [stderr]     Checking aho-corasick v0.7.18
[INFO] [stderr]     Checking nom v4.2.3
[INFO] [stderr]     Checking uuid v0.8.2
[INFO] [stderr]     Checking tracing-log v0.1.2
[INFO] [stderr]     Checking rand v0.8.4
[INFO] [stderr]     Checking parking_lot v0.11.2
[INFO] [stderr]     Checking unicode-normalization v0.1.19
[INFO] [stderr]     Checking chrono v0.4.19
[INFO] [stderr]     Checking flate2 v1.0.22
[INFO] [stderr]     Checking generic-array v0.14.4
[INFO] [stderr]     Checking hdrhistogram v6.3.4
[INFO] [stderr]     Checking idna v0.2.3
[INFO] [stderr]     Checking block-buffer v0.9.0
[INFO] [stderr]     Checking digest v0.9.0
[INFO] [stderr]     Checking http-body v0.4.3
[INFO] [stderr]     Checking sha-1 v0.9.8
[INFO] [stderr]     Checking url v2.2.2
[INFO] [stderr]     Checking regex v1.5.4
[INFO] [stderr]     Checking regex-automata v0.1.10
[INFO] [stderr]     Checking matchers v0.0.1
[INFO] [stderr]     Checking serde_urlencoded v0.7.0
[INFO] [stderr]     Checking tracing-serde v0.1.2
[INFO] [stderr]    Compiling futures-macro v0.3.17
[INFO] [stderr]    Compiling tokio-macros v1.3.0
[INFO] [stderr]    Compiling tracing-attributes v0.1.16
[INFO] [stderr]    Compiling pin-project-internal v1.0.8
[INFO] [stderr]    Compiling thiserror-impl v1.0.29
[INFO] [stderr]    Compiling async-trait v0.1.51
[INFO] [stderr]     Checking futures-util v0.3.17
[INFO] [stderr]     Checking pin-project v1.0.8
[INFO] [stderr]     Checking tracing v0.1.28
[INFO] [stderr]     Checking thiserror v1.0.29
[INFO] [stderr]     Checking tungstenite v0.14.0
[INFO] [stderr]     Checking tracing-subscriber v0.2.24
[INFO] [stderr]     Checking tower-http v0.1.1
[INFO] [stderr]     Checking futures-executor v0.3.17
[INFO] [stderr]     Checking futures v0.3.17
[INFO] [stderr]     Checking tokio-util v0.6.8
[INFO] [stderr]     Checking tokio-stream v0.1.7
[INFO] [stderr]     Checking tokio-tungstenite v0.15.0
[INFO] [stderr]     Checking h2 v0.3.4
[INFO] [stderr]     Checking tower v0.4.8
[INFO] [stderr]     Checking hyper v0.14.13
[INFO] [stderr]     Checking axum v0.2.5
[INFO] [stderr]     Checking ethereal-chat v0.1.0 (/opt/rustwide/workdir)
[INFO] [stdout] error[E0599]: the method `clone` exists for struct `HashMap<Uuid, Session>`, but its trait bounds were not satisfied
[INFO] [stdout]    --> src/session.rs:43:31
[INFO] [stdout]     |
[INFO] [stdout] 12  |   pub struct Session {
[INFO] [stdout]     |   ------------------ doesn't satisfy `Session: Clone`
[INFO] [stdout] ...
[INFO] [stdout] 43  |               store: self.store.clone(),
[INFO] [stdout]     |                                 ^^^^^ method cannot be called on `HashMap<Uuid, Session>` due to unsatisfied trait bounds
[INFO] [stdout]     |
[INFO] [stdout]     = note: the following trait bounds were not satisfied:
[INFO] [stdout]             `Session: Clone`
[INFO] [stdout]             which is required by `HashMap<Uuid, Session>: Clone`
[INFO] [stdout] 
[INFO] [stdout] 
[INFO] [stdout] error[E0599]: the method `clone` exists for struct `HashMap<Uuid, Session>`, but its trait bounds were not satisfied
[INFO] [stdout]    --> src/session.rs:43:31
[INFO] [stdout]     |
[INFO] [stdout] 12  |   pub struct Session {
[INFO] [stdout]     |   ------------------ doesn't satisfy `Session: Clone`
[INFO] [stdout] ...
[INFO] [stdout] 43  |               store: self.store.clone(),
[INFO] [stdout]     |                                 ^^^^^ method cannot be called on `HashMap<Uuid, Session>` due to unsatisfied trait bounds
[INFO] [stdout]     |
[INFO] [stdout]     = note: the following trait bounds were not satisfied:
[INFO] [stdout]             `Session: Clone`
[INFO] [stdout]             which is required by `HashMap<Uuid, Session>: Clone`
[INFO] [stdout] 
[INFO] [stdout] 
[INFO] [stdout] error[E0277]: the trait bound `Session: Clone` is not satisfied
[INFO] [stdout]    --> src/session.rs:51:5
[INFO] [stdout]     |
[INFO] [stdout] 49  | #[derive(Clone)]
[INFO] [stdout]     |          ----- in this derive macro expansion
[INFO] [stdout] 50  | pub struct SessionService<S> {
[INFO] [stdout] 51  |     store: HashMap<Uuid, Session>,
[INFO] [stdout]     |     ^^^^^^^^^^^^^^^^^^^^^^^^^^^^^ expected an implementor of trait `Clone`
[INFO] [stdout]     |
[INFO] [stdout]     = note: required because of the requirements on the impl of `Clone` for `HashMap<Uuid, Session>`
[INFO] [stdout] note: required by `clone`
[INFO] [stdout]     = note: this error originates in the derive macro `Clone` (in Nightly builds, run with -Z macro-backtrace for more info)
[INFO] [stdout] 
[INFO] [stdout] 
[INFO] [stdout] error: aborting due to 2 previous errors
[INFO] [stdout] 
[INFO] [stdout] 
[INFO] [stdout] Some errors have detailed explanations: E0277, E0599.
[INFO] [stdout] 
[INFO] [stdout] For more information about an error, try `rustc --explain E0277`.
[INFO] [stdout] 
[INFO] [stderr] error: could not compile `ethereal-chat` due to 3 previous errors
[INFO] [stderr] warning: build failed, waiting for other jobs to finish...
[INFO] [stdout] error[E0277]: the trait bound `Session: Clone` is not satisfied
[INFO] [stdout]    --> src/session.rs:51:5
[INFO] [stdout]     |
[INFO] [stdout] 49  | #[derive(Clone)]
[INFO] [stdout]     |          ----- in this derive macro expansion
[INFO] [stdout] 50  | pub struct SessionService<S> {
[INFO] [stdout] 51  |     store: HashMap<Uuid, Session>,
[INFO] [stdout]     |     ^^^^^^^^^^^^^^^^^^^^^^^^^^^^^ expected an implementor of trait `Clone`
[INFO] [stdout]     |
[INFO] [stdout]     = note: required because of the requirements on the impl of `Clone` for `HashMap<Uuid, Session>`
[INFO] [stdout] note: required by `clone`
[INFO] [stdout]     = note: this error originates in the derive macro `Clone` (in Nightly builds, run with -Z macro-backtrace for more info)
[INFO] [stdout] 
[INFO] [stdout] 
[INFO] [stdout] error: aborting due to 2 previous errors
[INFO] [stdout] 
[INFO] [stdout] 
[INFO] [stdout] Some errors have detailed explanations: E0277, E0599.
[INFO] [stdout] 
[INFO] [stdout] For more information about an error, try `rustc --explain E0277`.
[INFO] [stdout] 
[INFO] [stderr] error: build failed
[INFO] running `Command { std: "docker" "inspect" "d57e1b5cff0c0df7eaa20e3b9e4ae545802673e70370b927385973554a50426a", kill_on_drop: false }`
[INFO] running `Command { std: "docker" "rm" "-f" "d57e1b5cff0c0df7eaa20e3b9e4ae545802673e70370b927385973554a50426a", kill_on_drop: false }`
[INFO] [stdout] d57e1b5cff0c0df7eaa20e3b9e4ae545802673e70370b927385973554a50426a
