[INFO] cloning repository https://github.com/ekzhang/warp-react-template
[INFO] running `Command { std: "git" "-c" "credential.helper=" "-c" "credential.helper=/workspace/cargo-home/bin/git-credential-null" "clone" "--bare" "https://github.com/ekzhang/warp-react-template" "/workspace/cache/git-repos/https%3A%2F%2Fgithub.com%2Fekzhang%2Fwarp-react-template", kill_on_drop: false }`
[INFO] [stderr] Cloning into bare repository '/workspace/cache/git-repos/https%3A%2F%2Fgithub.com%2Fekzhang%2Fwarp-react-template'...
[INFO] running `Command { std: "git" "rev-parse" "HEAD", kill_on_drop: false }`
[INFO] [stdout] 8a87bb97d354f1c7deff6a55ffe9b0fbd8e87635
[INFO] checking ekzhang/warp-react-template against beta-2021-10-15 for beta-1.56-3
[INFO] running `Command { std: "git" "clone" "/workspace/cache/git-repos/https%3A%2F%2Fgithub.com%2Fekzhang%2Fwarp-react-template" "/workspace/builds/worker-6/source", kill_on_drop: false }`
[INFO] [stderr] Cloning into '/workspace/builds/worker-6/source'...
[INFO] [stderr] done.
[INFO] validating manifest of git repo https://github.com/ekzhang/warp-react-template on toolchain beta-2021-10-15
[INFO] running `Command { std: "/workspace/cargo-home/bin/cargo" "+beta-2021-10-15" "metadata" "--manifest-path" "Cargo.toml" "--no-deps", kill_on_drop: false }`
[INFO] started tweaking git repo https://github.com/ekzhang/warp-react-template
[INFO] finished tweaking git repo https://github.com/ekzhang/warp-react-template
[INFO] tweaked toml for git repo https://github.com/ekzhang/warp-react-template written to /workspace/builds/worker-6/source/Cargo.toml
[INFO] crate git repo https://github.com/ekzhang/warp-react-template already has a lockfile, it will not be regenerated
[INFO] running `Command { std: "/workspace/cargo-home/bin/cargo" "+beta-2021-10-15" "fetch" "--manifest-path" "Cargo.toml", kill_on_drop: false }`
[INFO] [stderr]  Downloading crates ...
[INFO] [stderr]   Downloaded hmac v0.9.0
[INFO] [stderr]   Downloaded whoami v0.9.0
[INFO] [stderr]   Downloaded twoway v0.2.1
[INFO] [stderr]   Downloaded async-task v4.0.2
[INFO] [stderr]   Downloaded async-graphql-value v2.0.5
[INFO] [stderr]   Downloaded parse-zoneinfo v0.3.0
[INFO] [stderr]   Downloaded async-graphql-parser v2.1.2
[INFO] [stderr]   Downloaded crypto-mac v0.9.1
[INFO] [stderr]   Downloaded tokio-native-tls v0.1.0
[INFO] [stderr]   Downloaded sqlformat v0.1.1
[INFO] [stderr]   Downloaded spin v0.7.0
[INFO] [stderr]   Downloaded async-graphql v2.1.8
[INFO] [stderr]   Downloaded listenfd v0.3.3
[INFO] [stderr]   Downloaded sharded-slab v0.1.0
[INFO] [stderr]   Downloaded chrono-tz v0.5.3
[INFO] [stderr]   Downloaded sqlx-core v0.4.0
[INFO] [stderr]   Downloaded sqlx v0.4.1
[INFO] [stderr]   Downloaded generator v0.6.23
[INFO] [stderr]   Downloaded loom v0.3.6
[INFO] [stderr]   Downloaded async-graphql-derive v2.1.8
[INFO] [stderr]   Downloaded tracing-subscriber v0.2.15
[INFO] [stderr]   Downloaded multer v1.2.2
[INFO] [stderr]   Downloaded bson v1.1.0
[INFO] [stderr]   Downloaded async-graphql-warp v2.1.8
[INFO] [stderr]   Downloaded atoi v0.3.2
[INFO] [stderr]   Downloaded sqlx-macros v0.4.0
[INFO] running `Command { std: "docker" "create" "-v" "/var/lib/crater-agent-workspace/builds/worker-6/target:/opt/rustwide/target:rw,Z" "-v" "/var/lib/crater-agent-workspace/builds/worker-6/source:/opt/rustwide/workdir:ro,Z" "-v" "/var/lib/crater-agent-workspace/cargo-home:/opt/rustwide/cargo-home:ro,Z" "-v" "/var/lib/crater-agent-workspace/rustup-home:/opt/rustwide/rustup-home:ro,Z" "-e" "SOURCE_DIR=/opt/rustwide/workdir" "-e" "CARGO_TARGET_DIR=/opt/rustwide/target" "-e" "CARGO_HOME=/opt/rustwide/cargo-home" "-e" "RUSTUP_HOME=/opt/rustwide/rustup-home" "-w" "/opt/rustwide/workdir" "-m" "1610612736" "--user" "0:0" "--network" "none" "ghcr.io/rust-lang/crates-build-env/linux@sha256:a89201d6b5b9fd45c15d5952ece0a0129e7e80cb26ec023fd59cf09bc26f1604" "/opt/rustwide/cargo-home/bin/cargo" "+beta-2021-10-15" "metadata" "--no-deps" "--format-version=1", kill_on_drop: false }`
[INFO] [stdout] 4a5218eb990ab2d5605be8c1cd5c48deffcddced74b9050eb86674c9653c49e5
[INFO] [stderr] WARNING: Your kernel does not support swap limit capabilities or the cgroup is not mounted. Memory limited without swap.
[INFO] running `Command { std: "docker" "start" "-a" "4a5218eb990ab2d5605be8c1cd5c48deffcddced74b9050eb86674c9653c49e5", kill_on_drop: false }`
[INFO] running `Command { std: "docker" "inspect" "4a5218eb990ab2d5605be8c1cd5c48deffcddced74b9050eb86674c9653c49e5", kill_on_drop: false }`
[INFO] running `Command { std: "docker" "rm" "-f" "4a5218eb990ab2d5605be8c1cd5c48deffcddced74b9050eb86674c9653c49e5", kill_on_drop: false }`
[INFO] [stdout] 4a5218eb990ab2d5605be8c1cd5c48deffcddced74b9050eb86674c9653c49e5
[INFO] running `Command { std: "docker" "create" "-v" "/var/lib/crater-agent-workspace/builds/worker-6/target:/opt/rustwide/target:rw,Z" "-v" "/var/lib/crater-agent-workspace/builds/worker-6/source:/opt/rustwide/workdir:ro,Z" "-v" "/var/lib/crater-agent-workspace/cargo-home:/opt/rustwide/cargo-home:ro,Z" "-v" "/var/lib/crater-agent-workspace/rustup-home:/opt/rustwide/rustup-home:ro,Z" "-e" "SOURCE_DIR=/opt/rustwide/workdir" "-e" "CARGO_TARGET_DIR=/opt/rustwide/target" "-e" "CARGO_INCREMENTAL=0" "-e" "RUST_BACKTRACE=full" "-e" "RUSTFLAGS=--cap-lints=warn" "-e" "CARGO_HOME=/opt/rustwide/cargo-home" "-e" "RUSTUP_HOME=/opt/rustwide/rustup-home" "-w" "/opt/rustwide/workdir" "-m" "1610612736" "--user" "0:0" "--network" "none" "ghcr.io/rust-lang/crates-build-env/linux@sha256:a89201d6b5b9fd45c15d5952ece0a0129e7e80cb26ec023fd59cf09bc26f1604" "/opt/rustwide/cargo-home/bin/cargo" "+beta-2021-10-15" "check" "--frozen" "--all" "--all-targets" "--message-format=json", kill_on_drop: false }`
[INFO] [stdout] 2e4761ad35c81ce71c4b46d24a992096bc1d2b3a483311a009643205ef16a154
[INFO] [stderr] WARNING: Your kernel does not support swap limit capabilities or the cgroup is not mounted. Memory limited without swap.
[INFO] running `Command { std: "docker" "start" "-a" "2e4761ad35c81ce71c4b46d24a992096bc1d2b3a483311a009643205ef16a154", kill_on_drop: false }`
[INFO] [stderr]     Blocking waiting for file lock on package cache
[INFO] [stderr]    Compiling syn v1.0.44
[INFO] [stderr]    Compiling serde_derive v1.0.118
[INFO] [stderr]    Compiling serde v1.0.118
[INFO] [stderr]     Checking futures-core v0.3.8
[INFO] [stderr]    Compiling proc-macro-nested v0.1.6
[INFO] [stderr]    Compiling cc v1.0.61
[INFO] [stderr]     Checking pin-project-lite v0.1.10
[INFO] [stderr]    Compiling serde_json v1.0.60
[INFO] [stderr]     Checking futures-io v0.3.8
[INFO] [stderr]     Checking futures-sink v0.3.8
[INFO] [stderr]    Compiling openssl v0.10.31
[INFO] [stderr]     Checking arc-swap v0.4.7
[INFO] [stderr]    Compiling slab v0.4.2
[INFO] [stderr]    Compiling native-tls v0.2.6
[INFO] [stderr]     Checking regex-syntax v0.6.20
[INFO] [stderr]    Compiling ucd-trie v0.1.3
[INFO] [stderr]     Checking cpuid-bool v0.1.2
[INFO] [stderr]    Compiling itoa v0.4.6
[INFO] [stderr]    Compiling getrandom v0.2.0
[INFO] [stderr]    Compiling foreign-types-shared v0.1.1
[INFO] [stderr]    Compiling pin-project-internal v0.4.27
[INFO] [stderr]    Compiling ident_case v1.0.1
[INFO] [stderr]    Compiling opaque-debug v0.3.0
[INFO] [stderr]    Compiling openssl-probe v0.1.2
[INFO] [stderr]    Compiling bytes v0.5.6
[INFO] [stderr]    Compiling strsim v0.9.3
[INFO] [stderr]    Compiling pin-utils v0.1.0
[INFO] [stderr]     Checking linked-hash-map v0.5.3
[INFO] [stderr]     Checking cache-padded v1.1.1
[INFO] [stderr]    Compiling encoding_rs v0.8.24
[INFO] [stderr]     Checking remove_dir_all v0.5.3
[INFO] [stderr]    Compiling scopeguard v1.1.0
[INFO] [stderr]     Checking event-listener v2.5.1
[INFO] [stderr]     Checking utf-8 v0.7.5
[INFO] [stderr]     Checking ahash v0.3.8
[INFO] [stderr]     Checking parking v2.0.0
[INFO] [stderr]     Checking fastrand v1.4.0
[INFO] [stderr]     Checking waker-fn v1.1.0
[INFO] [stderr]     Checking unchecked-index v0.2.2
[INFO] [stderr]     Checking tower-service v0.3.0
[INFO] [stderr]     Checking atomic-waker v1.0.0
[INFO] [stderr]     Checking async-task v4.0.2
[INFO] [stderr]    Compiling hex v0.4.2
[INFO] [stderr]     Checking dtoa v0.4.6
[INFO] [stderr]    Compiling whoami v0.9.0
[INFO] [stderr]     Checking maplit v1.0.2
[INFO] [stderr]    Compiling unicode-segmentation v1.6.0
[INFO] [stderr]    Compiling base64 v0.13.0
[INFO] [stderr]    Compiling anyhow v1.0.35
[INFO] [stderr]    Compiling dotenv v0.15.0
[INFO] [stderr]     Checking urlencoding v1.1.1
[INFO] [stderr]     Checking spin v0.7.0
[INFO] [stderr]     Checking pin-project-lite v0.2.0
[INFO] [stderr]     Checking ansi_term v0.12.1
[INFO] [stderr]    Compiling generic-array v0.14.4
[INFO] [stderr]    Compiling crossbeam-utils v0.7.2
[INFO] [stderr]     Checking tracing-core v0.1.17
[INFO] [stderr]    Compiling unicase v2.6.0
[INFO] [stderr]    Compiling num-integer v0.1.43
[INFO] [stderr]    Compiling hashbrown v0.8.2
[INFO] [stderr]    Compiling instant v0.1.7
[INFO] [stderr]     Checking sharded-slab v0.1.0
[INFO] [stderr]     Checking http v0.2.1
[INFO] [stderr]     Checking input_buffer v0.3.1
[INFO] [stderr]     Checking futures-task v0.3.8
[INFO] [stderr]     Checking futures-channel v0.3.8
[INFO] [stderr]    Compiling foreign-types v0.3.2
[INFO] [stderr]    Compiling pest v2.1.3
[INFO] [stderr]     Checking concurrent-queue v1.2.2
[INFO] [stderr]    Compiling lock_api v0.4.1
[INFO] [stderr]     Checking lru-cache v0.1.2
[INFO] [stderr]     Checking async-mutex v1.4.0
[INFO] [stderr]    Compiling ryu v1.0.5
[INFO] [stderr]     Checking idna v0.2.0
[INFO] [stderr]     Checking stringprep v0.1.2
[INFO] [stderr]    Compiling maybe-uninit v2.0.0
[INFO] [stderr]    Compiling heck v0.3.1
[INFO] [stderr]     Checking getrandom v0.1.15
[INFO] [stderr]     Checking net2 v0.2.35
[INFO] [stderr]     Checking iovec v0.1.4
[INFO] [stderr]     Checking num_cpus v1.13.0
[INFO] [stderr]     Checking signal-hook-registry v1.2.1
[INFO] [stderr]     Checking time v0.1.44
[INFO] [stderr]     Checking rand_os v0.1.3
[INFO] [stderr]     Checking socket2 v0.3.15
[INFO] [stderr]     Checking parking_lot_core v0.8.0
[INFO] [stderr]     Checking listenfd v0.3.3
[INFO] [stderr]     Checking aho-corasick v0.7.14
[INFO] [stderr]     Checking twoway v0.1.8
[INFO] [stderr]     Checking buf_redux v0.8.4
[INFO] [stderr]     Checking futures-lite v1.11.1
[INFO] [stderr]     Checking twoway v0.2.1
[INFO] [stderr]     Checking want v0.3.0
[INFO] [stderr]     Checking tracing-log v0.1.1
[INFO] [stderr]     Checking indexmap v1.6.0
[INFO] [stderr]    Compiling num-traits v0.2.12
[INFO] [stderr]    Compiling crc v1.8.1
[INFO] [stderr]     Checking async-channel v1.5.1
[INFO] [stderr]    Compiling openssl-sys v0.9.59
[INFO] [stderr]     Checking rand_core v0.5.1
[INFO] [stderr]     Checking regex-automata v0.1.9
[INFO] [stderr]     Checking url v2.1.1
[INFO] [stderr]     Checking mio v0.6.22
[INFO] [stderr]     Checking ahash v0.5.10
[INFO] [stderr]     Checking parking_lot v0.11.0
[INFO] [stderr]    Compiling pest_meta v2.1.3
[INFO] [stderr]     Checking digest v0.8.1
[INFO] [stderr]     Checking block-buffer v0.7.3
[INFO] [stderr]     Checking atoi v0.3.2
[INFO] [stderr]     Checking rand v0.6.5
[INFO] [stderr]     Checking regex v1.4.1
[INFO] [stderr]     Checking rand_chacha v0.2.2
[INFO] [stderr]     Checking headers-core v0.2.0
[INFO] [stderr]     Checking http-body v0.3.1
[INFO] [stderr]     Checking digest v0.9.0
[INFO] [stderr]     Checking block-buffer v0.9.0
[INFO] [stderr]     Checking crypto-mac v0.9.1
[INFO] [stderr]     Checking blocking v1.0.2
[INFO] [stderr]     Checking lru v0.6.0
[INFO] [stderr]    Compiling mime_guess v2.0.3
[INFO] [stderr]    Compiling crossbeam-channel v0.4.4
[INFO] [stderr]    Compiling crossbeam-queue v0.2.3
[INFO] [stderr]     Checking sha-1 v0.8.2
[INFO] [stderr]     Checking mio-uds v0.6.8
[INFO] [stderr]     Checking matchers v0.0.1
[INFO] [stderr]     Checking chrono v0.4.19
[INFO] [stderr]     Checking sha-1 v0.9.1
[INFO] [stderr]     Checking sha2 v0.9.1
[INFO] [stderr]     Checking md-5 v0.9.1
[INFO] [stderr]     Checking rand v0.7.3
[INFO] [stderr]     Checking hmac v0.9.0
[INFO] [stderr]     Checking headers v0.3.2
[INFO] [stderr]     Checking sqlformat v0.1.1
[INFO] [stderr]    Compiling parse-zoneinfo v0.3.0
[INFO] [stderr]    Compiling Inflector v0.11.4
[INFO] [stderr]     Checking tempfile v3.1.0
[INFO] [stderr]     Checking tungstenite v0.11.1
[INFO] [stderr]     Checking multipart v0.17.0
[INFO] [stderr]    Compiling chrono-tz v0.5.3
[INFO] [stderr]    Compiling pest_generator v2.1.3
[INFO] [stderr]    Compiling darling_core v0.10.2
[INFO] [stderr]    Compiling pin-project-internal v1.0.2
[INFO] [stderr]    Compiling futures-macro v0.3.8
[INFO] [stderr]    Compiling tokio-macros v0.2.6
[INFO] [stderr]    Compiling thiserror-impl v1.0.21
[INFO] [stderr]    Compiling tracing-attributes v0.1.11
[INFO] [stderr]    Compiling pest_derive v2.1.0
[INFO] [stderr]    Compiling derive_more v0.99.11
[INFO] [stderr]    Compiling async-stream-impl v0.3.0
[INFO] [stderr]    Compiling async-trait v0.1.41
[INFO] [stderr]    Compiling darling_macro v0.10.2
[INFO] [stderr]     Checking tokio v0.2.24
[INFO] [stderr]     Checking async-stream v0.3.0
[INFO] [stderr]    Compiling darling v0.10.2
[INFO] [stderr]    Compiling thiserror v1.0.21
[INFO] [stderr]     Checking tracing v0.1.21
[INFO] [stderr]     Checking pin-project v1.0.2
[INFO] [stderr]    Compiling futures-util v0.3.8
[INFO] [stderr]     Checking pin-project v0.4.27
[INFO] [stderr]     Checking tracing-futures v0.2.4
[INFO] [stderr]     Checking tokio-util v0.3.1
[INFO] [stderr]     Checking tokio-native-tls v0.1.0
[INFO] [stderr]     Checking sqlx-rt v0.2.0
[INFO] [stderr]    Compiling futures-executor v0.3.6
[INFO] [stderr]    Compiling futures v0.3.6
[INFO] [stderr]     Checking h2 v0.2.6
[INFO] [stderr]     Checking tokio-tungstenite v0.11.0
[INFO] [stderr]     Checking multer v1.2.2
[INFO] [stderr]     Checking uuid v0.8.1
[INFO] [stderr]     Checking either v1.6.1
[INFO] [stderr]     Checking serde_urlencoded v0.6.1
[INFO] [stderr]     Checking tracing-serde v0.1.2
[INFO] [stderr]    Compiling toml v0.5.7
[INFO] [stderr]     Checking sqlx-core v0.4.0
[INFO] [stderr]     Checking async-graphql-value v2.0.5
[INFO] [stderr]     Checking bson v1.1.0
[INFO] [stderr]     Checking tracing-subscriber v0.2.15
[INFO] [stderr]     Checking async-graphql-parser v2.1.2
[INFO] [stderr]    Compiling proc-macro-crate v0.1.5
[INFO] [stderr]     Checking hyper v0.13.9
[INFO] [stderr]    Compiling async-graphql-derive v2.1.8
[INFO] [stderr]     Checking warp v0.2.5
[INFO] [stderr]    Compiling sqlx-macros v0.4.0
[INFO] [stderr]     Checking async-graphql v2.1.8
[INFO] [stderr]     Checking sqlx v0.4.1
[INFO] [stderr]     Checking async-graphql-warp v2.1.8
[INFO] [stderr]     Checking server v0.1.0 (/opt/rustwide/workdir)
[INFO] [stdout] error: error communicating with the server: Cannot assign requested address (os error 99)
[INFO] [stdout]   --> src/graphql.rs:48:9
[INFO] [stdout]    |
[INFO] [stdout] 48 |         sqlx::query_as_unchecked!(Human, "SELECT * FROM humans WHERE id = $1", id)
[INFO] [stdout]    |         ^^^^^^^^^^^^^^^^^^^^^^^^^^^^^^^^^^^^^^^^^^^^^^^^^^^^^^^^^^^^^^^^^^^^^^^^^^
[INFO] [stdout]    |
[INFO] [stdout]    = note: this error originates in the macro `$crate::sqlx_macros::expand_query` (in Nightly builds, run with -Z macro-backtrace for more info)
[INFO] [stdout] 
[INFO] [stdout] 
[INFO] [stdout] error: error communicating with the server: Cannot assign requested address (os error 99)
[INFO] [stdout]   --> src/graphql.rs:55:9
[INFO] [stdout]    |
[INFO] [stdout] 55 |         sqlx::query_as_unchecked!(Human, "SELECT * FROM humans")
[INFO] [stdout]    |         ^^^^^^^^^^^^^^^^^^^^^^^^^^^^^^^^^^^^^^^^^^^^^^^^^^^^^^^^
[INFO] [stdout]    |
[INFO] [stdout]    = note: this error originates in the macro `$crate::sqlx_macros::expand_query` (in Nightly builds, run with -Z macro-backtrace for more info)
[INFO] [stdout] 
[INFO] [stdout] 
[INFO] [stdout] error: error communicating with the server: Cannot assign requested address (os error 99)
[INFO] [stdout]   --> src/graphql.rs:75:9
[INFO] [stdout]    |
[INFO] [stdout] 75 | /         sqlx::query_as_unchecked!(
[INFO] [stdout] 76 | |             Human,
[INFO] [stdout] 77 | |             "
[INFO] [stdout] 78 | | INSERT INTO humans (name, appears_in, home_planet)
[INFO] [stdout] ...  |
[INFO] [stdout] 84 | |             new_human.home_planet,
[INFO] [stdout] 85 | |         )
[INFO] [stdout]    | |_________^
[INFO] [stdout]    |
[INFO] [stdout]    = note: this error originates in the macro `$crate::sqlx_macros::expand_query` (in Nightly builds, run with -Z macro-backtrace for more info)
[INFO] [stdout] 
[INFO] [stdout] 
[INFO] [stdout] error: error communicating with the server: Cannot assign requested address (os error 99)
[INFO] [stdout]   --> src/graphql.rs:48:9
[INFO] [stdout]    |
[INFO] [stdout] 48 |         sqlx::query_as_unchecked!(Human, "SELECT * FROM humans WHERE id = $1", id)
[INFO] [stdout]    |         ^^^^^^^^^^^^^^^^^^^^^^^^^^^^^^^^^^^^^^^^^^^^^^^^^^^^^^^^^^^^^^^^^^^^^^^^^^
[INFO] [stdout]    |
[INFO] [stdout]    = note: this error originates in the macro `$crate::sqlx_macros::expand_query` (in Nightly builds, run with -Z macro-backtrace for more info)
[INFO] [stdout] 
[INFO] [stdout] 
[INFO] [stdout] error: error communicating with the server: Cannot assign requested address (os error 99)
[INFO] [stdout]   --> src/graphql.rs:55:9
[INFO] [stdout]    |
[INFO] [stdout] 55 |         sqlx::query_as_unchecked!(Human, "SELECT * FROM humans")
[INFO] [stdout]    |         ^^^^^^^^^^^^^^^^^^^^^^^^^^^^^^^^^^^^^^^^^^^^^^^^^^^^^^^^
[INFO] [stdout]    |
[INFO] [stdout]    = note: this error originates in the macro `$crate::sqlx_macros::expand_query` (in Nightly builds, run with -Z macro-backtrace for more info)
[INFO] [stdout] 
[INFO] [stdout] 
[INFO] [stdout] error: error communicating with the server: Cannot assign requested address (os error 99)
[INFO] [stdout]   --> src/graphql.rs:75:9
[INFO] [stdout]    |
[INFO] [stdout] 75 | /         sqlx::query_as_unchecked!(
[INFO] [stdout] 76 | |             Human,
[INFO] [stdout] 77 | |             "
[INFO] [stdout] 78 | | INSERT INTO humans (name, appears_in, home_planet)
[INFO] [stdout] ...  |
[INFO] [stdout] 84 | |             new_human.home_planet,
[INFO] [stdout] 85 | |         )
[INFO] [stdout]    | |_________^
[INFO] [stdout]    |
[INFO] [stdout]    = note: this error originates in the macro `$crate::sqlx_macros::expand_query` (in Nightly builds, run with -Z macro-backtrace for more info)
[INFO] [stdout] 
[INFO] [stdout] 
[INFO] [stdout] error: aborting due to 3 previous errors
[INFO] [stdout] 
[INFO] [stdout] 
[INFO] [stderr] error: could not compile `server` due to 4 previous errors
[INFO] [stderr] warning: build failed, waiting for other jobs to finish...
[INFO] [stdout] error: aborting due to 3 previous errors
[INFO] [stdout] 
[INFO] [stdout] 
[INFO] [stderr] error: build failed
[INFO] running `Command { std: "docker" "inspect" "2e4761ad35c81ce71c4b46d24a992096bc1d2b3a483311a009643205ef16a154", kill_on_drop: false }`
[INFO] running `Command { std: "docker" "rm" "-f" "2e4761ad35c81ce71c4b46d24a992096bc1d2b3a483311a009643205ef16a154", kill_on_drop: false }`
[INFO] [stdout] 2e4761ad35c81ce71c4b46d24a992096bc1d2b3a483311a009643205ef16a154
