[INFO] cloning repository https://github.com/einbergisak/Fog-of-War-Chess
[INFO] running `Command { std: "git" "-c" "credential.helper=" "-c" "credential.helper=/workspace/cargo-home/bin/git-credential-null" "clone" "--bare" "https://github.com/einbergisak/Fog-of-War-Chess" "/workspace/cache/git-repos/https%3A%2F%2Fgithub.com%2Feinbergisak%2FFog-of-War-Chess", kill_on_drop: false }`
[INFO] [stderr] Cloning into bare repository '/workspace/cache/git-repos/https%3A%2F%2Fgithub.com%2Feinbergisak%2FFog-of-War-Chess'...
[INFO] running `Command { std: "git" "rev-parse" "HEAD", kill_on_drop: false }`
[INFO] [stdout] 8a532d9ab1f4d91e5516ec61beb9b93a55992106
[INFO] checking einbergisak/Fog-of-War-Chess against beta-2021-10-15 for beta-1.56-3
[INFO] running `Command { std: "git" "clone" "/workspace/cache/git-repos/https%3A%2F%2Fgithub.com%2Feinbergisak%2FFog-of-War-Chess" "/workspace/builds/worker-5/source", kill_on_drop: false }`
[INFO] [stderr] Cloning into '/workspace/builds/worker-5/source'...
[INFO] [stderr] done.
[INFO] validating manifest of git repo https://github.com/einbergisak/Fog-of-War-Chess on toolchain beta-2021-10-15
[INFO] running `Command { std: "/workspace/cargo-home/bin/cargo" "+beta-2021-10-15" "metadata" "--manifest-path" "Cargo.toml" "--no-deps", kill_on_drop: false }`
[INFO] started tweaking git repo https://github.com/einbergisak/Fog-of-War-Chess
[INFO] finished tweaking git repo https://github.com/einbergisak/Fog-of-War-Chess
[INFO] tweaked toml for git repo https://github.com/einbergisak/Fog-of-War-Chess written to /workspace/builds/worker-5/source/Cargo.toml
[INFO] crate git repo https://github.com/einbergisak/Fog-of-War-Chess already has a lockfile, it will not be regenerated
[INFO] running `Command { std: "/workspace/cargo-home/bin/cargo" "+beta-2021-10-15" "fetch" "--manifest-path" "Cargo.toml", kill_on_drop: false }`
[INFO] [stderr]  Downloading crates ...
[INFO] [stderr]   Downloaded skeptic v0.13.6
[INFO] [stderr]   Downloaded zip v0.5.12
[INFO] [stderr]   Downloaded byte v0.2.6
[INFO] [stderr]   Downloaded redox_syscall v0.2.7
[INFO] [stderr]   Downloaded backtrace v0.3.58
[INFO] [stderr]   Downloaded rust_socketio v0.2.1
[INFO] running `Command { std: "docker" "create" "-v" "/var/lib/crater-agent-workspace/builds/worker-5/target:/opt/rustwide/target:rw,Z" "-v" "/var/lib/crater-agent-workspace/builds/worker-5/source:/opt/rustwide/workdir:ro,Z" "-v" "/var/lib/crater-agent-workspace/cargo-home:/opt/rustwide/cargo-home:ro,Z" "-v" "/var/lib/crater-agent-workspace/rustup-home:/opt/rustwide/rustup-home:ro,Z" "-e" "SOURCE_DIR=/opt/rustwide/workdir" "-e" "CARGO_TARGET_DIR=/opt/rustwide/target" "-e" "CARGO_HOME=/opt/rustwide/cargo-home" "-e" "RUSTUP_HOME=/opt/rustwide/rustup-home" "-w" "/opt/rustwide/workdir" "-m" "1610612736" "--user" "0:0" "--network" "none" "ghcr.io/rust-lang/crates-build-env/linux@sha256:a89201d6b5b9fd45c15d5952ece0a0129e7e80cb26ec023fd59cf09bc26f1604" "/opt/rustwide/cargo-home/bin/cargo" "+beta-2021-10-15" "metadata" "--no-deps" "--format-version=1", kill_on_drop: false }`
[INFO] [stderr] WARNING: Your kernel does not support swap limit capabilities or the cgroup is not mounted. Memory limited without swap.
[INFO] [stdout] 4449a13d06324331a217554b49724e81ae799cca40c353c66ca89decb48d06e1
[INFO] running `Command { std: "docker" "start" "-a" "4449a13d06324331a217554b49724e81ae799cca40c353c66ca89decb48d06e1", kill_on_drop: false }`
[INFO] running `Command { std: "docker" "inspect" "4449a13d06324331a217554b49724e81ae799cca40c353c66ca89decb48d06e1", kill_on_drop: false }`
[INFO] running `Command { std: "docker" "rm" "-f" "4449a13d06324331a217554b49724e81ae799cca40c353c66ca89decb48d06e1", kill_on_drop: false }`
[INFO] [stdout] 4449a13d06324331a217554b49724e81ae799cca40c353c66ca89decb48d06e1
[INFO] running `Command { std: "docker" "create" "-v" "/var/lib/crater-agent-workspace/builds/worker-5/target:/opt/rustwide/target:rw,Z" "-v" "/var/lib/crater-agent-workspace/builds/worker-5/source:/opt/rustwide/workdir:ro,Z" "-v" "/var/lib/crater-agent-workspace/cargo-home:/opt/rustwide/cargo-home:ro,Z" "-v" "/var/lib/crater-agent-workspace/rustup-home:/opt/rustwide/rustup-home:ro,Z" "-e" "SOURCE_DIR=/opt/rustwide/workdir" "-e" "CARGO_TARGET_DIR=/opt/rustwide/target" "-e" "CARGO_INCREMENTAL=0" "-e" "RUST_BACKTRACE=full" "-e" "RUSTFLAGS=--cap-lints=warn" "-e" "CARGO_HOME=/opt/rustwide/cargo-home" "-e" "RUSTUP_HOME=/opt/rustwide/rustup-home" "-w" "/opt/rustwide/workdir" "-m" "1610612736" "--user" "0:0" "--network" "none" "ghcr.io/rust-lang/crates-build-env/linux@sha256:a89201d6b5b9fd45c15d5952ece0a0129e7e80cb26ec023fd59cf09bc26f1604" "/opt/rustwide/cargo-home/bin/cargo" "+beta-2021-10-15" "check" "--frozen" "--all" "--all-targets" "--message-format=json", kill_on_drop: false }`
[INFO] [stdout] 8f1b4b219a20b20c88f2aa7903791b81077671914ff5e44c2db9c7e3e9817fc0
[INFO] [stderr] WARNING: Your kernel does not support swap limit capabilities or the cgroup is not mounted. Memory limited without swap.
[INFO] running `Command { std: "docker" "start" "-a" "8f1b4b219a20b20c88f2aa7903791b81077671914ff5e44c2db9c7e3e9817fc0", kill_on_drop: false }`
[INFO] [stderr]    Compiling libc v0.2.94
[INFO] [stderr]    Compiling libm v0.2.1
[INFO] [stderr]    Compiling cc v1.0.67
[INFO] [stderr]    Compiling syn v1.0.71
[INFO] [stderr]    Compiling getrandom v0.2.2
[INFO] [stderr]     Checking rand_core v0.4.2
[INFO] [stderr]    Compiling autocfg v0.1.7
[INFO] [stderr]    Compiling syn v0.15.44
[INFO] [stderr]     Checking pin-project-lite v0.2.6
[INFO] [stderr]     Checking rustc-hash v1.1.0
[INFO] [stderr]     Checking futures v0.1.31
[INFO] [stderr]    Compiling openssl v0.10.34
[INFO] [stderr]    Compiling native-tls v0.2.7
[INFO] [stderr]     Checking once_cell v1.7.2
[INFO] [stderr]    Compiling serde_json v1.0.64
[INFO] [stderr]     Checking futures-core v0.3.14
[INFO] [stderr]    Compiling ucd-trie v0.1.3
[INFO] [stderr]    Compiling httparse v1.4.0
[INFO] [stderr]    Compiling arrayvec v0.4.12
[INFO] [stderr]     Checking nodrop v0.1.14
[INFO] [stderr]    Compiling pulldown-cmark v0.8.0
[INFO] [stderr]     Checking futures-io v0.3.14
[INFO] [stderr]     Checking byte-tools v0.3.1
[INFO] [stderr]     Checking futures-sink v0.3.14
[INFO] [stderr]     Checking futures-task v0.3.14
[INFO] [stderr]    Compiling same-file v1.0.6
[INFO] [stderr]     Checking rawpointer v0.2.1
[INFO] [stderr]    Compiling bytecount v0.6.2
[INFO] [stderr]     Checking xi-unicode v0.2.1
[INFO] [stderr]     Checking fake-simd v0.1.2
[INFO] [stderr]     Checking httpdate v1.0.0
[INFO] [stderr]     Checking safemem v0.3.3
[INFO] [stderr]     Checking static_assertions v1.1.0
[INFO] [stderr]     Checking mint v0.5.6
[INFO] [stderr]     Checking uuid v0.8.2
[INFO] [stderr]     Checking traitobject v0.1.0
[INFO] [stderr]     Checking color_quant v1.1.0
[INFO] [stderr]    Compiling winapi v0.3.9
[INFO] [stderr]     Checking ipnet v2.3.0
[INFO] [stderr]     Checking jpeg-decoder v0.1.22
[INFO] [stderr]     Checking hound v3.4.0
[INFO] [stderr]     Checking claxon v0.4.3
[INFO] [stderr]     Checking byte v0.2.6
[INFO] [stderr]     Checking state v0.4.2
[INFO] [stderr]    Compiling num-traits v0.2.14
[INFO] [stderr]     Checking stb_truetype v0.3.1
[INFO] [stderr]     Checking libloading v0.6.7
[INFO] [stderr]    Compiling tokio v1.5.0
[INFO] [stderr]    Compiling num-integer v0.1.44
[INFO] [stderr]    Compiling indexmap v1.6.2
[INFO] [stderr]    Compiling x11-dl v2.18.5
[INFO] [stderr]    Compiling num-complex v0.2.4
[INFO] [stderr]    Compiling num-rational v0.2.4
[INFO] [stderr]    Compiling alsa-sys v0.1.2
[INFO] [stderr]    Compiling libudev-sys v0.1.4
[INFO] [stderr]    Compiling num-iter v0.1.42
[INFO] [stderr]    Compiling crossbeam-utils v0.8.4
[INFO] [stderr]     Checking ogg v0.7.1
[INFO] [stderr]     Checking base64 v0.10.1
[INFO] [stderr]    Compiling unicase v2.6.0
[INFO] [stderr]    Compiling error-chain v0.12.4
[INFO] [stderr]     Checking tinyvec v1.2.0
[INFO] [stderr]     Checking unicode-bidi v0.3.5
[INFO] [stderr]     Checking form_urlencoded v1.0.1
[INFO] [stderr]     Checking futures-channel v0.3.14
[INFO] [stderr]     Checking rand_core v0.3.1
[INFO] [stderr]     Checking rand_jitter v0.1.4
[INFO] [stderr]     Checking inflate v0.4.5
[INFO] [stderr]     Checking deflate v0.7.20
[INFO] [stderr]    Compiling pest v2.1.3
[INFO] [stderr]     Checking block-padding v0.1.5
[INFO] [stderr]     Checking matrixmultiply v0.2.4
[INFO] [stderr]    Compiling walkdir v2.3.2
[INFO] [stderr]    Compiling rand_pcg v0.1.2
[INFO] [stderr]    Compiling rand_chacha v0.1.1
[INFO] [stderr]    Compiling rand v0.6.5
[INFO] [stderr]     Checking base64 v0.9.3
[INFO] [stderr]     Checking gif v0.10.3
[INFO] [stderr]     Checking dlib v0.4.2
[INFO] [stderr]     Checking tracing v0.1.26
[INFO] [stderr]    Compiling memchr v2.3.4
[INFO] [stderr]    Compiling ryu v1.0.5
[INFO] [stderr]     Checking http-body v0.4.1
[INFO] [stderr]     Checking rand_hc v0.1.0
[INFO] [stderr]     Checking rand_xorshift v0.1.1
[INFO] [stderr]     Checking rand_isaac v0.1.1
[INFO] [stderr]     Checking tokio-sync v0.1.8
[INFO] [stderr]     Checking log v0.3.9
[INFO] [stderr]     Checking smallvec v0.6.14
[INFO] [stderr]     Checking futures-util v0.3.14
[INFO] [stderr]    Compiling gl_generator v0.14.0
[INFO] [stderr]     Checking generic-array v0.12.4
[INFO] [stderr]     Checking wayland-sys v0.21.13
[INFO] [stderr]     Checking png v0.15.3
[INFO] [stderr]     Checking gfx_core v0.9.2
[INFO] [stderr]     Checking tokio-executor v0.1.10
[INFO] [stderr]     Checking unicode-normalization v0.1.17
[INFO] [stderr]    Compiling openssl-sys v0.9.63
[INFO] [stderr]    Compiling libloading v0.5.2
[INFO] [stderr]    Compiling bzip2-sys v0.1.10+1.0.8
[INFO] [stderr]    Compiling minimp3-sys v0.3.2
[INFO] [stderr]     Checking mime v0.2.6
[INFO] [stderr]     Checking lewton v0.9.4
[INFO] [stderr]     Checking block-buffer v0.7.3
[INFO] [stderr]     Checking digest v0.8.1
[INFO] [stderr]    Compiling semver-parser v0.10.2
[INFO] [stderr]     Checking sha-1 v0.8.2
[INFO] [stderr]     Checking num_cpus v1.13.0
[INFO] [stderr]     Checking parking_lot_core v0.6.2
[INFO] [stderr]     Checking iovec v0.1.4
[INFO] [stderr]     Checking mio v0.7.11
[INFO] [stderr]     Checking nix v0.14.1
[INFO] [stderr]     Checking getrandom v0.1.16
[INFO] [stderr]     Checking rand_os v0.1.3
[INFO] [stderr]     Checking net2 v0.2.37
[INFO] [stderr]     Checking memmap v0.7.0
[INFO] [stderr]     Checking socket2 v0.4.0
[INFO] [stderr]     Checking raw-window-handle v0.3.3
[INFO] [stderr]     Checking shared_library v0.1.9
[INFO] [stderr]     Checking nix v0.15.0
[INFO] [stderr]     Checking time v0.1.43
[INFO] [stderr]     Checking slice-deque v0.3.0
[INFO] [stderr]     Checking dirs-sys v0.3.6
[INFO] [stderr]     Checking idna v0.1.5
[INFO] [stderr]     Checking idna v0.2.3
[INFO] [stderr]    Compiling glutin_egl_sys v0.1.5
[INFO] [stderr]    Compiling glutin_glx_sys v0.1.7
[INFO] [stderr]    Compiling gfx_gl v0.6.1
[INFO] [stderr]     Checking gfx v0.18.2
[INFO] [stderr]     Checking approx v0.3.2
[INFO] [stderr]     Checking ordered-float v1.1.1
[INFO] [stderr]     Checking line_drawing v0.7.0
[INFO] [stderr]     Checking num-traits v0.1.43
[INFO] [stderr]     Checking bytes v0.4.12
[INFO] [stderr]     Checking parking_lot v0.9.0
[INFO] [stderr]     Checking rand_core v0.5.1
[INFO] [stderr]     Checking mio v0.6.23
[INFO] [stderr]     Checking osmesa-sys v0.1.2
[INFO] [stderr]     Checking rand_core v0.6.2
[INFO] [stderr]     Checking cpal v0.8.2
[INFO] [stderr]     Checking directories v2.0.2
[INFO] [stderr]     Checking minimp3 v0.3.5
[INFO] [stderr]     Checking bzip2 v0.3.3
[INFO] [stderr]     Checking url v1.7.2
[INFO] [stderr]     Checking url v2.2.1
[INFO] [stderr]     Checking rusttype v0.8.3
[INFO] [stderr]     Checking sid v0.5.2
[INFO] [stderr]     Checking rand_chacha v0.2.2
[INFO] [stderr]     Checking tokio-io v0.1.13
[INFO] [stderr]     Checking alga v0.9.3
[INFO] [stderr]     Checking rand_chacha v0.3.0
[INFO] [stderr]     Checking rand v0.7.3
[INFO] [stderr]     Checking rusttype v0.7.9
[INFO] [stderr]     Checking glyph_brush_layout v0.1.9
[INFO] [stderr]     Checking hyper v0.10.16
[INFO] [stderr]     Checking rand v0.8.3
[INFO] [stderr]     Checking andrew v0.2.1
[INFO] [stderr]     Checking tokio-reactor v0.1.12
[INFO] [stderr]     Checking tokio-codec v0.1.2
[INFO] [stderr]     Checking nalgebra v0.18.1
[INFO] [stderr]     Checking tokio-tcp v0.1.4
[INFO] [stderr]     Checking wayland-commons v0.21.13
[INFO] [stderr]     Checking twox-hash v1.6.0
[INFO] [stderr]     Checking wayland-client v0.21.13
[INFO] [stderr]    Compiling tempfile v3.2.0
[INFO] [stderr]     Checking glyph_brush v0.6.3
[INFO] [stderr]     Checking gilrs-core v0.2.6
[INFO] [stderr]     Checking glyph_brush v0.5.4
[INFO] [stderr]     Checking gilrs v0.7.4
[INFO] [stderr]    Compiling euclid_macros v0.1.0
[INFO] [stderr]    Compiling num-derive v0.2.5
[INFO] [stderr]    Compiling smart-default v0.5.2
[INFO] [stderr]     Checking wayland-protocols v0.21.13
[INFO] [stderr]     Checking tokio-util v0.6.6
[INFO] [stderr]     Checking tokio-native-tls v0.3.0
[INFO] [stderr]     Checking tokio-tls v0.2.1
[INFO] [stderr]    Compiling serde_derive v1.0.125
[INFO] [stderr]    Compiling pin-project-internal v1.0.7
[INFO] [stderr]    Compiling thiserror-impl v1.0.24
[INFO] [stderr]     Checking websocket-base v0.26.2
[INFO] [stderr]     Checking h2 v0.3.3
[INFO] [stderr]     Checking websocket v0.26.2
[INFO] [stderr]     Checking euclid v0.19.9
[INFO] [stderr]     Checking gfx_device_gl v0.16.2
[INFO] [stderr]     Checking thiserror v1.0.24
[INFO] [stderr]     Checking zip v0.5.12
[INFO] [stderr]     Checking lyon_geom v0.12.7
[INFO] [stderr]     Checking smithay-client-toolkit v0.4.6
[INFO] [stderr]     Checking tiff v0.3.1
[INFO] [stderr]     Checking pin-project v1.0.7
[INFO] [stderr]     Checking lyon_path v0.13.2
[INFO] [stderr]     Checking image v0.22.5
[INFO] [stderr]     Checking lyon_tessellation v0.13.5
[INFO] [stderr]     Checking lyon_algorithms v0.13.4
[INFO] [stderr]     Checking hyper v0.14.7
[INFO] [stderr]     Checking winit v0.19.5
[INFO] [stderr]     Checking lyon v0.13.5
[INFO] [stderr]     Checking glutin v0.20.1
[INFO] [stderr]    Compiling serde v1.0.125
[INFO] [stderr]     Checking gfx_window_glutin v0.30.0
[INFO] [stderr]     Checking hyper-tls v0.5.0
[INFO] [stderr]     Checking rodio v0.9.0
[INFO] [stderr]     Checking serde_urlencoded v0.7.0
[INFO] [stderr]     Checking toml v0.5.8
[INFO] [stderr]    Compiling semver v0.11.0
[INFO] [stderr]    Compiling cargo-platform v0.1.1
[INFO] [stderr]     Checking reqwest v0.11.3
[INFO] [stderr]     Checking rust_socketio v0.2.1
[INFO] [stderr]    Compiling cargo_metadata v0.12.3
[INFO] [stderr]    Compiling skeptic v0.13.6
[INFO] [stderr]    Compiling ggez v0.5.1
[INFO] [stderr]     Checking fog_of_war v0.1.0 (/opt/rustwide/workdir)
[INFO] [stdout] error[E0433]: failed to resolve: could not find `um` in `winapi`
[INFO] [stdout]   --> src/main.rs:52:13
[INFO] [stdout]    |
[INFO] [stdout] 52 | use winapi::um::wincon::GetConsoleWindow;
[INFO] [stdout]    |             ^^ could not find `um` in `winapi`
[INFO] [stdout] 
[INFO] [stdout] 
[INFO] [stdout] error[E0433]: failed to resolve: could not find `um` in `winapi`
[INFO] [stdout]   --> src/main.rs:53:13
[INFO] [stdout]    |
[INFO] [stdout] 53 | use winapi::um::winuser::{ShowWindow, SW_HIDE};
[INFO] [stdout]    |             ^^ could not find `um` in `winapi`
[INFO] [stdout] 
[INFO] [stdout] 
[INFO] [stdout] error[E0425]: cannot find function, tuple struct or tuple variant `GetConsoleWindow` in this scope
[INFO] [stdout]   --> src/main.rs:62:26
[INFO] [stdout]    |
[INFO] [stdout] 62 |     let window = unsafe {GetConsoleWindow()};
[INFO] [stdout]    |                          ^^^^^^^^^^^^^^^^ not found in this scope
[INFO] [stdout] 
[INFO] [stdout] 
[INFO] [stdout] error[E0425]: cannot find function, tuple struct or tuple variant `ShowWindow` in this scope
[INFO] [stdout]   --> src/main.rs:66:13
[INFO] [stdout]    |
[INFO] [stdout] 66 |             ShowWindow(window, SW_HIDE);
[INFO] [stdout]    |             ^^^^^^^^^^ not found in this scope
[INFO] [stdout] 
[INFO] [stdout] 
[INFO] [stdout] error[E0425]: cannot find value `SW_HIDE` in this scope
[INFO] [stdout]   --> src/main.rs:66:32
[INFO] [stdout]    |
[INFO] [stdout] 66 |             ShowWindow(window, SW_HIDE);
[INFO] [stdout]    |                                ^^^^^^^ not found in this scope
[INFO] [stdout] 
[INFO] [stdout] 
[INFO] [stdout] error[E0433]: failed to resolve: could not find `um` in `winapi`
[INFO] [stdout]   --> src/main.rs:52:13
[INFO] [stdout]    |
[INFO] [stdout] 52 | use winapi::um::wincon::GetConsoleWindow;
[INFO] [stdout]    |             ^^ could not find `um` in `winapi`
[INFO] [stdout] 
[INFO] [stdout] 
[INFO] [stdout] error[E0433]: failed to resolve: could not find `um` in `winapi`
[INFO] [stdout]   --> src/main.rs:53:13
[INFO] [stdout]    |
[INFO] [stdout] 53 | use winapi::um::winuser::{ShowWindow, SW_HIDE};
[INFO] [stdout]    |             ^^ could not find `um` in `winapi`
[INFO] [stdout] 
[INFO] [stdout] 
[INFO] [stdout] error[E0425]: cannot find function, tuple struct or tuple variant `GetConsoleWindow` in this scope
[INFO] [stdout]   --> src/main.rs:62:26
[INFO] [stdout]    |
[INFO] [stdout] 62 |     let window = unsafe {GetConsoleWindow()};
[INFO] [stdout]    |                          ^^^^^^^^^^^^^^^^ not found in this scope
[INFO] [stdout] 
[INFO] [stdout] 
[INFO] [stdout] error[E0425]: cannot find function, tuple struct or tuple variant `ShowWindow` in this scope
[INFO] [stdout]   --> src/main.rs:66:13
[INFO] [stdout]    |
[INFO] [stdout] 66 |             ShowWindow(window, SW_HIDE);
[INFO] [stdout]    |             ^^^^^^^^^^ not found in this scope
[INFO] [stdout] 
[INFO] [stdout] 
[INFO] [stdout] error[E0425]: cannot find value `SW_HIDE` in this scope
[INFO] [stdout]   --> src/main.rs:66:32
[INFO] [stdout]    |
[INFO] [stdout] 66 |             ShowWindow(window, SW_HIDE);
[INFO] [stdout]    |                                ^^^^^^^ not found in this scope
[INFO] [stdout] 
[INFO] [stdout] 
[INFO] [stdout] error: aborting due to 5 previous errors
[INFO] [stdout] 
[INFO] [stdout] 
[INFO] [stdout] Some errors have detailed explanations: E0425, E0433.
[INFO] [stdout] 
[INFO] [stdout] For more information about an error, try `rustc --explain E0425`.
[INFO] [stdout] 
[INFO] [stderr] error: could not compile `fog_of_war` due to 6 previous errors
[INFO] [stderr] warning: build failed, waiting for other jobs to finish...
[INFO] [stdout] error: aborting due to 5 previous errors
[INFO] [stdout] 
[INFO] [stdout] 
[INFO] [stdout] Some errors have detailed explanations: E0425, E0433.
[INFO] [stdout] 
[INFO] [stdout] For more information about an error, try `rustc --explain E0425`.
[INFO] [stdout] 
[INFO] [stderr] error: build failed
[INFO] running `Command { std: "docker" "inspect" "8f1b4b219a20b20c88f2aa7903791b81077671914ff5e44c2db9c7e3e9817fc0", kill_on_drop: false }`
[INFO] running `Command { std: "docker" "rm" "-f" "8f1b4b219a20b20c88f2aa7903791b81077671914ff5e44c2db9c7e3e9817fc0", kill_on_drop: false }`
[INFO] [stdout] 8f1b4b219a20b20c88f2aa7903791b81077671914ff5e44c2db9c7e3e9817fc0
