[INFO] cloning repository https://github.com/eeeeeta/matrix-appservice-sms
[INFO] running `Command { std: "git" "-c" "credential.helper=" "-c" "credential.helper=/workspace/cargo-home/bin/git-credential-null" "clone" "--bare" "https://github.com/eeeeeta/matrix-appservice-sms" "/workspace/cache/git-repos/https%3A%2F%2Fgithub.com%2Feeeeeta%2Fmatrix-appservice-sms", kill_on_drop: false }`
[INFO] [stderr] Cloning into bare repository '/workspace/cache/git-repos/https%3A%2F%2Fgithub.com%2Feeeeeta%2Fmatrix-appservice-sms'...
[INFO] running `Command { std: "git" "rev-parse" "HEAD", kill_on_drop: false }`
[INFO] [stdout] 92ad97f232b227311a3efc4527343a5cc525b8db
[INFO] checking eeeeeta/matrix-appservice-sms against beta-2021-10-15 for beta-1.56-3
[INFO] running `Command { std: "git" "clone" "/workspace/cache/git-repos/https%3A%2F%2Fgithub.com%2Feeeeeta%2Fmatrix-appservice-sms" "/workspace/builds/worker-24/source", kill_on_drop: false }`
[INFO] [stderr] Cloning into '/workspace/builds/worker-24/source'...
[INFO] [stderr] done.
[INFO] validating manifest of git repo https://github.com/eeeeeta/matrix-appservice-sms on toolchain beta-2021-10-15
[INFO] running `Command { std: "/workspace/cargo-home/bin/cargo" "+beta-2021-10-15" "metadata" "--manifest-path" "Cargo.toml" "--no-deps", kill_on_drop: false }`
[INFO] started tweaking git repo https://github.com/eeeeeta/matrix-appservice-sms
[INFO] finished tweaking git repo https://github.com/eeeeeta/matrix-appservice-sms
[INFO] tweaked toml for git repo https://github.com/eeeeeta/matrix-appservice-sms written to /workspace/builds/worker-24/source/Cargo.toml
[INFO] crate git repo https://github.com/eeeeeta/matrix-appservice-sms already has a lockfile, it will not be regenerated
[INFO] running `Command { std: "/workspace/cargo-home/bin/cargo" "+beta-2021-10-15" "fetch" "--manifest-path" "Cargo.toml", kill_on_drop: false }`
[INFO] [stderr]     Blocking waiting for file lock on package cache
[INFO] [stderr]     Blocking waiting for file lock on package cache
[INFO] running `Command { std: "docker" "create" "-v" "/var/lib/crater-agent-workspace/builds/worker-24/target:/opt/rustwide/target:rw,Z" "-v" "/var/lib/crater-agent-workspace/builds/worker-24/source:/opt/rustwide/workdir:ro,Z" "-v" "/var/lib/crater-agent-workspace/cargo-home:/opt/rustwide/cargo-home:ro,Z" "-v" "/var/lib/crater-agent-workspace/rustup-home:/opt/rustwide/rustup-home:ro,Z" "-e" "SOURCE_DIR=/opt/rustwide/workdir" "-e" "CARGO_TARGET_DIR=/opt/rustwide/target" "-e" "CARGO_HOME=/opt/rustwide/cargo-home" "-e" "RUSTUP_HOME=/opt/rustwide/rustup-home" "-w" "/opt/rustwide/workdir" "-m" "1610612736" "--user" "0:0" "--network" "none" "ghcr.io/rust-lang/crates-build-env/linux@sha256:a89201d6b5b9fd45c15d5952ece0a0129e7e80cb26ec023fd59cf09bc26f1604" "/opt/rustwide/cargo-home/bin/cargo" "+beta-2021-10-15" "metadata" "--no-deps" "--format-version=1", kill_on_drop: false }`
[INFO] [stdout] b029cd3ef8837de0d84383335bac7f51eacc7ec3dae7935059e7d8b3c39c2384
[INFO] running `Command { std: "docker" "start" "-a" "b029cd3ef8837de0d84383335bac7f51eacc7ec3dae7935059e7d8b3c39c2384", kill_on_drop: false }`
[INFO] running `Command { std: "docker" "inspect" "b029cd3ef8837de0d84383335bac7f51eacc7ec3dae7935059e7d8b3c39c2384", kill_on_drop: false }`
[INFO] running `Command { std: "docker" "rm" "-f" "b029cd3ef8837de0d84383335bac7f51eacc7ec3dae7935059e7d8b3c39c2384", kill_on_drop: false }`
[INFO] [stdout] b029cd3ef8837de0d84383335bac7f51eacc7ec3dae7935059e7d8b3c39c2384
[INFO] running `Command { std: "docker" "create" "-v" "/var/lib/crater-agent-workspace/builds/worker-24/target:/opt/rustwide/target:rw,Z" "-v" "/var/lib/crater-agent-workspace/builds/worker-24/source:/opt/rustwide/workdir:ro,Z" "-v" "/var/lib/crater-agent-workspace/cargo-home:/opt/rustwide/cargo-home:ro,Z" "-v" "/var/lib/crater-agent-workspace/rustup-home:/opt/rustwide/rustup-home:ro,Z" "-e" "SOURCE_DIR=/opt/rustwide/workdir" "-e" "CARGO_TARGET_DIR=/opt/rustwide/target" "-e" "CARGO_INCREMENTAL=0" "-e" "RUST_BACKTRACE=full" "-e" "RUSTFLAGS=--cap-lints=warn" "-e" "CARGO_HOME=/opt/rustwide/cargo-home" "-e" "RUSTUP_HOME=/opt/rustwide/rustup-home" "-w" "/opt/rustwide/workdir" "-m" "1610612736" "--user" "0:0" "--network" "none" "ghcr.io/rust-lang/crates-build-env/linux@sha256:a89201d6b5b9fd45c15d5952ece0a0129e7e80cb26ec023fd59cf09bc26f1604" "/opt/rustwide/cargo-home/bin/cargo" "+beta-2021-10-15" "check" "--frozen" "--all" "--all-targets" "--message-format=json", kill_on_drop: false }`
[INFO] [stdout] 71e04a9173e37ed04a38ca22211434bf7b327ca4497daed821afc9f9af10ace1
[INFO] running `Command { std: "docker" "start" "-a" "71e04a9173e37ed04a38ca22211434bf7b327ca4497daed821afc9f9af10ace1", kill_on_drop: false }`
[INFO] [stderr]     Blocking waiting for file lock on package cache
[INFO] [stderr]     Checking libc v0.2.41
[INFO] [stderr]     Checking cfg-if v0.1.3
[INFO] [stderr]    Compiling version_check v0.1.3
[INFO] [stderr]    Compiling unicode-xid v0.1.0
[INFO] [stderr]    Compiling cc v1.0.15
[INFO] [stderr]     Checking byteorder v1.2.3
[INFO] [stderr]     Checking futures v0.1.21
[INFO] [stderr]    Compiling nodrop v0.1.12
[INFO] [stderr]    Compiling serde v1.0.59
[INFO] [stderr]     Checking lazy_static v1.0.0
[INFO] [stderr]    Compiling memoffset v0.2.1
[INFO] [stderr]    Compiling scopeguard v0.3.3
[INFO] [stderr]    Compiling rayon-core v1.4.0
[INFO] [stderr]    Compiling num-traits v0.2.4
[INFO] [stderr]    Compiling gcc v0.3.54
[INFO] [stderr]    Compiling num-integer v0.1.38
[INFO] [stderr]    Compiling yansi v0.4.0
[INFO] [stderr]    Compiling pkg-config v0.3.11
[INFO] [stderr]     Checking lazycell v0.6.0
[INFO] [stderr]     Checking slab v0.4.0
[INFO] [stderr]    Compiling unicode-xid v0.0.4
[INFO] [stderr]    Compiling quote v0.3.15
[INFO] [stderr]    Compiling openssl v0.9.24
[INFO] [stderr]    Compiling regex v0.2.11
[INFO] [stderr]     Checking safemem v0.2.0
[INFO] [stderr]     Checking void v1.0.2
[INFO] [stderr]     Checking ucd-util v0.1.1
[INFO] [stderr]     Checking scoped-tls v0.1.2
[INFO] [stderr]     Checking percent-encoding v1.0.1
[INFO] [stderr]    Compiling num-iter v0.1.37
[INFO] [stderr]    Compiling pq-sys v0.4.5
[INFO] [stderr]    Compiling matches v0.1.6
[INFO] [stderr]     Checking encoding_index_tests v0.1.4
[INFO] [stderr]    Compiling unicode-normalization v0.1.7
[INFO] [stderr]     Checking httparse v1.2.4
[INFO] [stderr]     Checking language-tags v0.2.2
[INFO] [stderr]    Compiling regex v1.0.0
[INFO] [stderr]     Checking utf8-ranges v1.0.0
[INFO] [stderr]    Compiling untrusted v0.5.1
[INFO] [stderr]     Checking rustc-serialize v0.3.24
[INFO] [stderr]    Compiling lazy_static v0.2.11
[INFO] [stderr]    Compiling unicode-segmentation v1.2.1
[INFO] [stderr]     Checking foreign-types-shared v0.1.1
[INFO] [stderr]     Checking antidote v1.0.0
[INFO] [stderr]     Checking rustc-demangle v0.1.8
[INFO] [stderr]     Checking itoa v0.4.1
[INFO] [stderr]     Checking bitflags v0.9.1
[INFO] [stderr]     Checking fnv v1.0.6
[INFO] [stderr]     Checking take v0.1.0
[INFO] [stderr]     Checking smallvec v0.2.1
[INFO] [stderr]     Checking try-lock v0.1.0
[INFO] [stderr]     Checking slab v0.3.0
[INFO] [stderr]     Checking dtoa v0.4.2
[INFO] [stderr]    Compiling typeable v0.1.2
[INFO] [stderr]    Compiling traitobject v0.1.0
[INFO] [stderr]    Compiling pear v0.0.17
[INFO] [stderr]    Compiling smallvec v0.6.1
[INFO] [stderr]    Compiling ordermap v0.2.13
[INFO] [stderr]    Compiling state v0.4.1
[INFO] [stderr]     Checking bitflags v1.0.3
[INFO] [stderr]     Checking quick-error v1.2.1
[INFO] [stderr]     Checking futures-await-await-macro v0.1.2 (https://github.com/alexcrichton/futures-await#5aae7352)
[INFO] [stderr]     Checking termcolor v0.3.6
[INFO] [stderr]    Compiling arrayvec v0.4.7
[INFO] [stderr]    Compiling proc-macro2 v0.3.8
[INFO] [stderr]    Compiling proc-macro2 v0.4.3
[INFO] [stderr]    Compiling proc-macro2 v0.2.3
[INFO] [stderr]    Compiling crossbeam-utils v0.2.2
[INFO] [stderr]    Compiling log v0.4.1
[INFO] [stderr]     Checking crossbeam-utils v0.3.2
[INFO] [stderr]     Checking unicode-bidi v0.3.4
[INFO] [stderr]     Checking encoding-index-singlebyte v1.20141219.5
[INFO] [stderr]     Checking encoding-index-korean v1.20141219.5
[INFO] [stderr]     Checking encoding-index-simpchinese v1.20141219.5
[INFO] [stderr]     Checking encoding-index-japanese v1.20141219.5
[INFO] [stderr]     Checking encoding-index-tradchinese v1.20141219.5
[INFO] [stderr]    Compiling synom v0.11.3
[INFO] [stderr]    Compiling base64 v0.6.0
[INFO] [stderr]     Checking base64 v0.9.1
[INFO] [stderr]     Checking regex-syntax v0.5.6
[INFO] [stderr]     Checking regex-syntax v0.6.0
[INFO] [stderr]     Checking foreign-types v0.3.2
[INFO] [stderr]    Compiling log v0.3.9
[INFO] [stdout] error[E0433]: failed to resolve: could not find `Op` in `proc_macro`
[INFO] [stdout]    --> /opt/rustwide/cargo-home/registry/src/github.com-1ecc6299db9ec823/proc-macro2-0.3.8/src/unstable.rs:131:42
[INFO] [stdout]     |
[INFO] [stdout] 131 |                 let mut op = proc_macro::Op::new(tt.op(), spacing);
[INFO] [stdout]     |                                          ^^ not found in `proc_macro`
[INFO] [stdout]     |
[INFO] [stdout] help: consider importing this struct
[INFO] [stdout]     |
[INFO] [stdout] 3   | use Op;
[INFO] [stdout]     |
[INFO] [stdout] 
[INFO] [stdout] 
[INFO] [stdout] error[E0412]: cannot find type `Term` in crate `proc_macro`
[INFO] [stdout]    --> /opt/rustwide/cargo-home/registry/src/github.com-1ecc6299db9ec823/proc-macro2-0.3.8/src/unstable.rs:439:25
[INFO] [stdout]     |
[INFO] [stdout] 439 |     Nightly(proc_macro::Term),
[INFO] [stdout]     |                         ^^^^ not found in `proc_macro`
[INFO] [stdout]     |
[INFO] [stdout] help: consider importing one of these items
[INFO] [stdout]     |
[INFO] [stdout] 3   | use Term;
[INFO] [stdout]     |
[INFO] [stdout] 3   | use stable::Term;
[INFO] [stdout]     |
[INFO] [stdout] 
[INFO] [stdout] 
[INFO] [stdout] error[E0433]: failed to resolve: could not find `Term` in `proc_macro`
[INFO] [stdout]    --> /opt/rustwide/cargo-home/registry/src/github.com-1ecc6299db9ec823/proc-macro2-0.3.8/src/unstable.rs:446:59
[INFO] [stdout]     |
[INFO] [stdout] 446 |             Span::Nightly(s) => Term::Nightly(proc_macro::Term::new(string, s)),
[INFO] [stdout]     |                                                           ^^^^ not found in `proc_macro`
[INFO] [stdout]     |
[INFO] [stdout] help: consider importing one of these items
[INFO] [stdout]     |
[INFO] [stdout] 3   | use Term;
[INFO] [stdout]     |
[INFO] [stdout] 3   | use stable::Term;
[INFO] [stdout]     |
[INFO] [stdout] 
[INFO] [stdout] 
[INFO] [stdout] error[E0412]: cannot find type `Term` in crate `proc_macro`
[INFO] [stdout]    --> /opt/rustwide/cargo-home/registry/src/github.com-1ecc6299db9ec823/proc-macro2-0.3.8/src/unstable.rs:473:44
[INFO] [stdout]     |
[INFO] [stdout] 473 |     fn unwrap_nightly(self) -> proc_macro::Term {
[INFO] [stdout]     |                                            ^^^^ not found in `proc_macro`
[INFO] [stdout]     |
[INFO] [stdout] help: consider importing one of these items
[INFO] [stdout]     |
[INFO] [stdout] 3   | use Term;
[INFO] [stdout]     |
[INFO] [stdout] 3   | use stable::Term;
[INFO] [stdout]     |
[INFO] [stdout] 
[INFO] [stdout] 
[INFO] [stdout] error[E0554]: `#![feature]` may not be used on the beta release channel
[INFO] [stdout]   --> /opt/rustwide/cargo-home/registry/src/github.com-1ecc6299db9ec823/proc-macro2-0.3.8/src/lib.rs:47:34
[INFO] [stdout]    |
[INFO] [stdout] 47 | #![cfg_attr(feature = "nightly", feature(proc_macro))]
[INFO] [stdout]    |                                  ^^^^^^^^^^^^^^^^^^^ help: remove the attribute
[INFO] [stdout]    |
[INFO] [stdout]    = help: the feature `proc_macro` has been stable since 1.29.0 and no longer requires an attribute to enable
[INFO] [stdout] 
[INFO] [stdout] 
[INFO] [stderr]     Checking unreachable v1.0.0
[INFO] [stderr]     Checking iovec v0.1.2
[INFO] [stderr]     Checking rand v0.4.2
[INFO] [stdout] error[E0658]: use of unstable library feature 'proc_macro_span'
[INFO] [stdout]    --> /opt/rustwide/cargo-home/registry/src/github.com-1ecc6299db9ec823/proc-macro2-0.3.8/src/unstable.rs:262:13
[INFO] [stdout]     |
[INFO] [stdout] 262 |     Nightly(proc_macro::SourceFile, FileName),
[INFO] [stdout]     |             ^^^^^^^^^^^^^^^^^^^^^^
[INFO] [stdout]     |
[INFO] [stdout]     = note: see issue #54725 <https://github.com/rust-lang/rust/issues/54725> for more information
[INFO] [stdout] 
[INFO] [stdout] 
[INFO] [stdout] error[E0658]: use of unstable library feature 'proc_macro_span'
[INFO] [stdout]    --> /opt/rustwide/cargo-home/registry/src/github.com-1ecc6299db9ec823/proc-macro2-0.3.8/src/unstable.rs:267:20
[INFO] [stdout]     |
[INFO] [stdout] 267 |     fn nightly(sf: proc_macro::SourceFile) -> Self {
[INFO] [stdout]     |                    ^^^^^^^^^^^^^^^^^^^^^^
[INFO] [stdout]     |
[INFO] [stdout]     = note: see issue #54725 <https://github.com/rust-lang/rust/issues/54725> for more information
[INFO] [stdout] 
[INFO] [stdout] 
[INFO] [stderr]     Checking num_cpus v1.8.0
[INFO] [stderr]     Checking net2 v0.2.32
[INFO] [stderr]     Checking memchr v2.0.1
[INFO] [stderr]     Checking time v0.1.40
[INFO] [stderr] error: could not compile `futures`
[INFO] [stderr] 
[INFO] [stderr] Caused by:
[INFO] [stderr]   process didn't exit successfully: `rustc --crate-name futures /opt/rustwide/cargo-home/registry/src/github.com-1ecc6299db9ec823/futures-0.1.21/src/lib.rs --error-format=json --json=diagnostic-rendered-ansi --crate-type lib --emit=dep-info,metadata -C embed-bitcode=no -C debuginfo=2 --cfg 'feature="default"' --cfg 'feature="use_std"' --cfg 'feature="with-deprecated"' -C metadata=c9e318bbb87d65e2 -C extra-filename=-c9e318bbb87d65e2 --out-dir /opt/rustwide/target/debug/deps -L dependency=/opt/rustwide/target/debug/deps --cap-lints allow --cap-lints=warn` (signal: 9, SIGKILL: kill)
[INFO] [stderr] warning: build failed, waiting for other jobs to finish...
[INFO] [stdout] error[E0599]: no function or associated item named `empty` found for struct `proc_macro::TokenStream` in the current scope
[INFO] [stdout]   --> /opt/rustwide/cargo-home/registry/src/github.com-1ecc6299db9ec823/proc-macro2-0.3.8/src/unstable.rs:45:59
[INFO] [stdout]    |
[INFO] [stdout] 45 |             TokenStream::Nightly(proc_macro::TokenStream::empty())
[INFO] [stdout]    |                                                           ^^^^^ function or associated item not found in `proc_macro::TokenStream`
[INFO] [stdout] 
[INFO] [stdout] 
[INFO] [stdout] error[E0599]: no variant or associated item named `Op` found for enum `proc_macro::TokenTree` in the current scope
[INFO] [stdout]    --> /opt/rustwide/cargo-home/registry/src/github.com-1ecc6299db9ec823/proc-macro2-0.3.8/src/unstable.rs:228:36
[INFO] [stdout]     |
[INFO] [stdout] 228 |             proc_macro::TokenTree::Op(tt) => {
[INFO] [stdout]     |                                    ^^ variant or associated item not found in `proc_macro::TokenTree`
[INFO] [stdout] 
[INFO] [stdout] 
[INFO] [stdout] error[E0599]: no variant or associated item named `Term` found for enum `proc_macro::TokenTree` in the current scope
[INFO] [stdout]    --> /opt/rustwide/cargo-home/registry/src/github.com-1ecc6299db9ec823/proc-macro2-0.3.8/src/unstable.rs:237:36
[INFO] [stdout]     |
[INFO] [stdout] 237 |             proc_macro::TokenTree::Term(s) => ::Term::_new(Term::Nightly(s)).into(),
[INFO] [stdout]     |                                    ^^^^ variant or associated item not found in `proc_macro::TokenTree`
[INFO] [stdout] 
[INFO] [stdout] 
[INFO] [stderr] error: build failed
[INFO] running `Command { std: "docker" "inspect" "71e04a9173e37ed04a38ca22211434bf7b327ca4497daed821afc9f9af10ace1", kill_on_drop: false }`
[INFO] running `Command { std: "docker" "rm" "-f" "71e04a9173e37ed04a38ca22211434bf7b327ca4497daed821afc9f9af10ace1", kill_on_drop: false }`
[INFO] [stdout] 71e04a9173e37ed04a38ca22211434bf7b327ca4497daed821afc9f9af10ace1
