[INFO] cloning repository https://github.com/edef1c/grit
[INFO] running `Command { std: "git" "-c" "credential.helper=" "-c" "credential.helper=/workspace/cargo-home/bin/git-credential-null" "clone" "--bare" "https://github.com/edef1c/grit" "/workspace/cache/git-repos/https%3A%2F%2Fgithub.com%2Fedef1c%2Fgrit", kill_on_drop: false }`
[INFO] [stderr] Cloning into bare repository '/workspace/cache/git-repos/https%3A%2F%2Fgithub.com%2Fedef1c%2Fgrit'...
[INFO] running `Command { std: "git" "rev-parse" "HEAD", kill_on_drop: false }`
[INFO] [stdout] 2f394f8bbdb3ab89fb4a845a4e2353f52187fc8a
[INFO] checking edef1c/grit against beta-2021-10-15 for beta-1.56-3
[INFO] running `Command { std: "git" "clone" "/workspace/cache/git-repos/https%3A%2F%2Fgithub.com%2Fedef1c%2Fgrit" "/workspace/builds/worker-36/source", kill_on_drop: false }`
[INFO] [stderr] Cloning into '/workspace/builds/worker-36/source'...
[INFO] [stderr] done.
[INFO] [stderr] Updating files:   2% (3/118)
Updating files:   3% (4/118)
Updating files:   4% (5/118)
Updating files:   5% (6/118)
Updating files:   6% (8/118)
Updating files:   7% (9/118)
Updating files:   8% (10/118)
Updating files:   9% (11/118)
Updating files:  10% (12/118)
Updating files:  11% (13/118)
Updating files:  11% (14/118)
Updating files:  12% (15/118)
Updating files:  13% (16/118)
Updating files:  14% (17/118)
Updating files:  15% (18/118)
Updating files:  16% (19/118)
Updating files:  17% (21/118)
Updating files:  18% (22/118)
Updating files:  19% (23/118)
Updating files:  20% (24/118)
Updating files:  21% (25/118)
Updating files:  22% (26/118)
Updating files:  23% (28/118)
Updating files:  24% (29/118)
Updating files:  25% (30/118)
Updating files:  26% (31/118)
Updating files:  27% (32/118)
Updating files:  28% (34/118)
Updating files:  29% (35/118)
Updating files:  30% (36/118)
Updating files:  31% (37/118)
Updating files:  32% (38/118)
Updating files:  33% (39/118)
Updating files:  34% (41/118)
Updating files:  35% (42/118)
Updating files:  36% (43/118)
Updating files:  37% (44/118)
Updating files:  38% (45/118)
Updating files:  39% (47/118)
Updating files:  40% (48/118)
Updating files:  41% (49/118)
Updating files:  42% (50/118)
Updating files:  43% (51/118)
Updating files:  44% (52/118)
Updating files:  45% (54/118)
Updating files:  46% (55/118)
Updating files:  47% (56/118)
Updating files:  48% (57/118)
Updating files:  49% (58/118)
Updating files:  50% (59/118)
Updating files:  50% (60/118)
Updating files:  51% (61/118)
Updating files:  52% (62/118)
Updating files:  53% (63/118)
Updating files:  54% (64/118)
Updating files:  55% (65/118)
Updating files:  56% (67/118)
Updating files:  57% (68/118)
Updating files:  58% (69/118)
Updating files:  59% (70/118)
Updating files:  60% (71/118)
Updating files:  61% (72/118)
Updating files:  62% (74/118)
Updating files:  63% (75/118)
Updating files:  64% (76/118)
Updating files:  65% (77/118)
Updating files:  66% (78/118)
Updating files:  67% (80/118)
Updating files:  68% (81/118)
Updating files:  69% (82/118)
Updating files:  70% (83/118)
Updating files:  71% (84/118)
Updating files:  72% (85/118)
Updating files:  73% (87/118)
Updating files:  74% (88/118)
Updating files:  75% (89/118)
Updating files:  76% (90/118)
Updating files:  77% (91/118)
Updating files:  78% (93/118)
Updating files:  79% (94/118)
Updating files:  80% (95/118)
Updating files:  81% (96/118)
Updating files:  82% (97/118)
Updating files:  83% (98/118)
Updating files:  84% (100/118)
Updating files:  85% (101/118)
Updating files:  86% (102/118)
Updating files:  87% (103/118)
Updating files:  88% (104/118)
Updating files:  89% (106/118)
Updating files:  90% (107/118)
Updating files:  91% (108/118)
Updating files:  92% (109/118)
Updating files:  93% (110/118)
Updating files:  94% (111/118)
Updating files:  95% (113/118)
Updating files:  96% (114/118)
Updating files:  97% (115/118)
Updating files:  98% (116/118)
Updating files:  99% (117/118)
Updating files: 100% (118/118)
Updating files: 100% (118/118), done.
[INFO] validating manifest of git repo https://github.com/edef1c/grit on toolchain beta-2021-10-15
[INFO] running `Command { std: "/workspace/cargo-home/bin/cargo" "+beta-2021-10-15" "metadata" "--manifest-path" "Cargo.toml" "--no-deps", kill_on_drop: false }`
[INFO] started tweaking git repo https://github.com/edef1c/grit
[INFO] finished tweaking git repo https://github.com/edef1c/grit
[INFO] tweaked toml for git repo https://github.com/edef1c/grit written to /workspace/builds/worker-36/source/Cargo.toml
[INFO] crate git repo https://github.com/edef1c/grit already has a lockfile, it will not be regenerated
[INFO] running `Command { std: "/workspace/cargo-home/bin/cargo" "+beta-2021-10-15" "fetch" "--manifest-path" "Cargo.toml", kill_on_drop: false }`
[INFO] [stderr]     Blocking waiting for file lock on package cache
[INFO] [stderr]     Blocking waiting for file lock on package cache
[INFO] running `Command { std: "docker" "create" "-v" "/var/lib/crater-agent-workspace/builds/worker-36/target:/opt/rustwide/target:rw,Z" "-v" "/var/lib/crater-agent-workspace/builds/worker-36/source:/opt/rustwide/workdir:ro,Z" "-v" "/var/lib/crater-agent-workspace/cargo-home:/opt/rustwide/cargo-home:ro,Z" "-v" "/var/lib/crater-agent-workspace/rustup-home:/opt/rustwide/rustup-home:ro,Z" "-e" "SOURCE_DIR=/opt/rustwide/workdir" "-e" "CARGO_TARGET_DIR=/opt/rustwide/target" "-e" "CARGO_HOME=/opt/rustwide/cargo-home" "-e" "RUSTUP_HOME=/opt/rustwide/rustup-home" "-w" "/opt/rustwide/workdir" "-m" "1610612736" "--user" "0:0" "--network" "none" "ghcr.io/rust-lang/crates-build-env/linux@sha256:a89201d6b5b9fd45c15d5952ece0a0129e7e80cb26ec023fd59cf09bc26f1604" "/opt/rustwide/cargo-home/bin/cargo" "+beta-2021-10-15" "metadata" "--no-deps" "--format-version=1", kill_on_drop: false }`
[INFO] [stdout] 39a0b55ef9b30e283d6ad9a5b94e9340e9f6fca98da135c983dee03ed706a99d
[INFO] running `Command { std: "docker" "start" "-a" "39a0b55ef9b30e283d6ad9a5b94e9340e9f6fca98da135c983dee03ed706a99d", kill_on_drop: false }`
[INFO] running `Command { std: "docker" "inspect" "39a0b55ef9b30e283d6ad9a5b94e9340e9f6fca98da135c983dee03ed706a99d", kill_on_drop: false }`
[INFO] running `Command { std: "docker" "rm" "-f" "39a0b55ef9b30e283d6ad9a5b94e9340e9f6fca98da135c983dee03ed706a99d", kill_on_drop: false }`
[INFO] [stdout] 39a0b55ef9b30e283d6ad9a5b94e9340e9f6fca98da135c983dee03ed706a99d
[INFO] running `Command { std: "docker" "create" "-v" "/var/lib/crater-agent-workspace/builds/worker-36/target:/opt/rustwide/target:rw,Z" "-v" "/var/lib/crater-agent-workspace/builds/worker-36/source:/opt/rustwide/workdir:ro,Z" "-v" "/var/lib/crater-agent-workspace/cargo-home:/opt/rustwide/cargo-home:ro,Z" "-v" "/var/lib/crater-agent-workspace/rustup-home:/opt/rustwide/rustup-home:ro,Z" "-e" "SOURCE_DIR=/opt/rustwide/workdir" "-e" "CARGO_TARGET_DIR=/opt/rustwide/target" "-e" "CARGO_INCREMENTAL=0" "-e" "RUST_BACKTRACE=full" "-e" "RUSTFLAGS=--cap-lints=warn" "-e" "CARGO_HOME=/opt/rustwide/cargo-home" "-e" "RUSTUP_HOME=/opt/rustwide/rustup-home" "-w" "/opt/rustwide/workdir" "-m" "1610612736" "--user" "0:0" "--network" "none" "ghcr.io/rust-lang/crates-build-env/linux@sha256:a89201d6b5b9fd45c15d5952ece0a0129e7e80cb26ec023fd59cf09bc26f1604" "/opt/rustwide/cargo-home/bin/cargo" "+beta-2021-10-15" "check" "--frozen" "--all" "--all-targets" "--message-format=json", kill_on_drop: false }`
[INFO] [stdout] ce66f798edd6f2e3aa42b59a8d3e358f921460919d6a57ecfa50500d561799e5
[INFO] running `Command { std: "docker" "start" "-a" "ce66f798edd6f2e3aa42b59a8d3e358f921460919d6a57ecfa50500d561799e5", kill_on_drop: false }`
[INFO] [stderr]     Blocking waiting for file lock on package cache
[INFO] [stderr]    Compiling cc v1.0.29
[INFO] [stderr]    Compiling libc v0.2.48
[INFO] [stderr]    Compiling proc-macro2 v0.4.27
[INFO] [stderr]     Checking cfg-if v0.1.6
[INFO] [stderr]    Compiling failure_derive v0.1.5
[INFO] [stderr]     Checking rustc-demangle v0.1.13
[INFO] [stderr]     Checking safe_shl v1.1.0
[INFO] [stderr]     Checking arbitrary v0.1.1
[INFO] [stderr]     Checking byteorder v1.0.0
[INFO] [stderr]    Compiling crc32fast v1.1.2
[INFO] [stderr]    Compiling backtrace-sys v0.1.28
[INFO] [stderr]    Compiling sha1dc v0.1.0 (/opt/rustwide/workdir/sha1dc)
[INFO] [stderr]    Compiling libfuzzer-sys v0.1.0 (https://github.com/rust-fuzz/libfuzzer-sys.git#4a413199)
[INFO] [stderr]    Compiling miniz-sys v0.1.11 (/opt/rustwide/workdir/flate2/miniz-sys)
[INFO] [stdout] warning: use of deprecated function `core::mem::uninitialized`: use `mem::MaybeUninit` instead
[INFO] [stdout]   --> sha1dc/src/lib.rs:12:34
[INFO] [stdout]    |
[INFO] [stdout] 12 |             let mut lower = mem::uninitialized();
[INFO] [stdout]    |                                  ^^^^^^^^^^^^^
[INFO] [stdout]    |
[INFO] [stdout]    = note: `#[warn(deprecated)]` on by default
[INFO] [stdout] 
[INFO] [stdout] 
[INFO] [stdout] warning: use of deprecated function `core::mem::uninitialized`: use `mem::MaybeUninit` instead
[INFO] [stdout]   --> sha1dc/src/lib.rs:12:34
[INFO] [stdout]    |
[INFO] [stdout] 12 |             let mut lower = mem::uninitialized();
[INFO] [stdout]    |                                  ^^^^^^^^^^^^^
[INFO] [stdout]    |
[INFO] [stdout]    = note: `#[warn(deprecated)]` on by default
[INFO] [stdout] 
[INFO] [stdout] 
[INFO] [stdout] warning: use of deprecated function `core::mem::uninitialized`: use `mem::MaybeUninit` instead
[INFO] [stdout]   --> sha1dc/src/lib.rs:24:45
[INFO] [stdout]    |
[INFO] [stdout] 24 |             let mut buffer: [u8; 20] = mem::uninitialized();
[INFO] [stdout]    |                                             ^^^^^^^^^^^^^
[INFO] [stdout] 
[INFO] [stdout] 
[INFO] [stdout] warning: the type `SHA1_CTX` does not permit being left uninitialized
[INFO] [stdout]   --> sha1dc/src/lib.rs:12:29
[INFO] [stdout]    |
[INFO] [stdout] 12 |             let mut lower = mem::uninitialized();
[INFO] [stdout]    |                             ^^^^^^^^^^^^^^^^^^^^
[INFO] [stdout]    |                             |
[INFO] [stdout]    |                             this code causes undefined behavior when executed
[INFO] [stdout]    |                             help: use `MaybeUninit<T>` instead, and only call `assume_init` after initialization is done
[INFO] [stdout]    |
[INFO] [stdout]    = note: `#[warn(invalid_value)]` on by default
[INFO] [stdout] note: function pointers must be non-null (in this struct field)
[INFO] [stdout]   --> sha1dc/src/lib.rs:63:9
[INFO] [stdout]    |
[INFO] [stdout] 63 |         callback: collision_block_callback,
[INFO] [stdout]    |         ^^^^^^^^^^^^^^^^^^^^^^^^^^^^^^^^^^
[INFO] [stdout] 
[INFO] [stdout] 
[INFO] [stdout] warning: use of deprecated function `core::mem::uninitialized`: use `mem::MaybeUninit` instead
[INFO] [stdout]   --> sha1dc/src/lib.rs:24:45
[INFO] [stdout]    |
[INFO] [stdout] 24 |             let mut buffer: [u8; 20] = mem::uninitialized();
[INFO] [stdout]    |                                             ^^^^^^^^^^^^^
[INFO] [stdout] 
[INFO] [stdout] 
[INFO] [stdout] warning: the type `SHA1_CTX` does not permit being left uninitialized
[INFO] [stdout]   --> sha1dc/src/lib.rs:12:29
[INFO] [stdout]    |
[INFO] [stdout] 12 |             let mut lower = mem::uninitialized();
[INFO] [stdout]    |                             ^^^^^^^^^^^^^^^^^^^^
[INFO] [stdout]    |                             |
[INFO] [stdout]    |                             this code causes undefined behavior when executed
[INFO] [stdout]    |                             help: use `MaybeUninit<T>` instead, and only call `assume_init` after initialization is done
[INFO] [stdout]    |
[INFO] [stdout]    = note: `#[warn(invalid_value)]` on by default
[INFO] [stdout] note: function pointers must be non-null (in this struct field)
[INFO] [stdout]   --> sha1dc/src/lib.rs:63:9
[INFO] [stdout]    |
[INFO] [stdout] 63 |         callback: collision_block_callback,
[INFO] [stdout]    |         ^^^^^^^^^^^^^^^^^^^^^^^^^^^^^^^^^^
[INFO] [stdout] 
[INFO] [stdout] 
[INFO] [stderr]    Compiling quote v0.6.11
[INFO] [stdout] warning: 3 warnings emitted
[INFO] [stdout] 
[INFO] [stdout] 
[INFO] [stdout] warning: 3 warnings emitted
[INFO] [stdout] 
[INFO] [stdout] 
[INFO] [stderr]     Checking flate2 v1.0.6 (/opt/rustwide/workdir/flate2)
[INFO] [stderr]     Checking backtrace v0.3.11
[INFO] [stderr]    Compiling syn v0.15.26
[INFO] [stdout] warning: use of deprecated macro `try`: use the `?` operator instead
[INFO] [stdout]    --> flate2/src/crc.rs:170:19
[INFO] [stdout]     |
[INFO] [stdout] 170 |         let amt = try!(self.inner.write(buf));
[INFO] [stdout]     |                   ^^^
[INFO] [stdout]     |
[INFO] [stdout]     = note: `#[warn(deprecated)]` on by default
[INFO] [stdout] 
[INFO] [stdout] 
[INFO] [stdout] warning: use of deprecated macro `try`: use the `?` operator instead
[INFO] [stdout]    --> flate2/src/zio.rs:244:21
[INFO] [stdout]     |
[INFO] [stdout] 244 |             let n = try!(self.obj.as_mut().unwrap().write(&self.buf));
[INFO] [stdout]     |                     ^^^
[INFO] [stdout] 
[INFO] [stdout] 
[INFO] [stdout] warning: use of deprecated associated function `std::error::Error::description`: use the Display impl or to_string()
[INFO] [stdout]    --> flate2/src/mem.rs:547:14
[INFO] [stdout]     |
[INFO] [stdout] 547 |         self.description().fmt(f)
[INFO] [stdout]     |              ^^^^^^^^^^^
[INFO] [stdout] 
[INFO] [stdout] 
[INFO] [stdout] warning: use of deprecated associated function `std::error::Error::description`: use the Display impl or to_string()
[INFO] [stdout]    --> flate2/src/mem.rs:565:14
[INFO] [stdout]     |
[INFO] [stdout] 565 |         self.description().fmt(f)
[INFO] [stdout]     |              ^^^^^^^^^^^
[INFO] [stdout] 
[INFO] [stdout] 
[INFO] [stdout] warning: 4 warnings emitted
[INFO] [stdout] 
[INFO] [stdout] 
[INFO] [stderr]    Compiling synstructure v0.10.1
[INFO] [stderr]     Checking failure v0.1.5
[INFO] [stderr]     Checking void v1.0.2 (/opt/rustwide/workdir/void)
[INFO] [stderr]     Checking gulp v0.1.0 (/opt/rustwide/workdir/gulp)
[INFO] [stderr]     Checking io_at v0.1.0 (/opt/rustwide/workdir/io_at)
[INFO] [stderr]     Checking git v0.1.0 (/opt/rustwide/workdir/git)
[INFO] [stderr]     Checking git_delta v0.1.0 (/opt/rustwide/workdir/git_delta)
[INFO] [stderr]     Checking git_pack v0.1.0 (/opt/rustwide/workdir/git_pack)
[INFO] [stderr]     Checking verify v0.1.0 (/opt/rustwide/workdir/verify)
[INFO] [stdout] error[E0412]: cannot find type `Counter` in this scope
[INFO] [stdout]   --> verify/src/index.rs:29:21
[INFO] [stdout]    |
[INFO] [stdout] 29 |     pub referenced: Counter,
[INFO] [stdout]    |                     ^^^^^^^ not found in this scope
[INFO] [stdout] 
[INFO] [stdout] 
[INFO] [stdout] error[E0412]: cannot find type `Counter` in this scope
[INFO] [stdout]   --> verify/src/index.rs:30:30
[INFO] [stdout]    |
[INFO] [stdout] 30 |     pub referenced_indirect: Counter
[INFO] [stdout]    |                              ^^^^^^^ not found in this scope
[INFO] [stdout] 
[INFO] [stdout] 
[INFO] [stdout] error[E0425]: cannot find function `increment` in this scope
[INFO] [stdout]   --> verify/src/index.rs:68:9
[INFO] [stdout]    |
[INFO] [stdout] 68 |         increment(&layer.stats.referenced);
[INFO] [stdout]    |         ^^^^^^^^^ not found in this scope
[INFO] [stdout] 
[INFO] [stdout] 
[INFO] [stdout] error[E0425]: cannot find function `increment` in this scope
[INFO] [stdout]   --> verify/src/index.rs:77:13
[INFO] [stdout]    |
[INFO] [stdout] 77 |             increment(&layer.stats.referenced_indirect);
[INFO] [stdout]    |             ^^^^^^^^^ not found in this scope
[INFO] [stdout] 
[INFO] [stdout] 
[INFO] [stdout] warning: unused import: `std::cell::Cell`
[INFO] [stdout]  --> verify/src/index.rs:4:5
[INFO] [stdout]   |
[INFO] [stdout] 4 | use std::cell::Cell;
[INFO] [stdout]   |     ^^^^^^^^^^^^^^^
[INFO] [stdout]   |
[INFO] [stdout]   = note: `#[warn(unused_imports)]` on by default
[INFO] [stdout] 
[INFO] [stdout] 
[INFO] [stdout] error[E0412]: cannot find type `Counter` in this scope
[INFO] [stdout]   --> verify/src/index.rs:29:21
[INFO] [stdout]    |
[INFO] [stdout] 29 |     pub referenced: Counter,
[INFO] [stdout]    |                     ^^^^^^^ not found in this scope
[INFO] [stdout] 
[INFO] [stdout] 
[INFO] [stdout] error[E0412]: cannot find type `Counter` in this scope
[INFO] [stdout]   --> verify/src/index.rs:30:30
[INFO] [stdout]    |
[INFO] [stdout] 30 |     pub referenced_indirect: Counter
[INFO] [stdout]    |                              ^^^^^^^ not found in this scope
[INFO] [stdout] 
[INFO] [stdout] 
[INFO] [stdout] error[E0425]: cannot find function `increment` in this scope
[INFO] [stdout]   --> verify/src/index.rs:68:9
[INFO] [stdout]    |
[INFO] [stdout] 68 |         increment(&layer.stats.referenced);
[INFO] [stdout]    |         ^^^^^^^^^ not found in this scope
[INFO] [stdout] 
[INFO] [stdout] 
[INFO] [stdout] error[E0425]: cannot find function `increment` in this scope
[INFO] [stdout]   --> verify/src/index.rs:77:13
[INFO] [stdout]    |
[INFO] [stdout] 77 |             increment(&layer.stats.referenced_indirect);
[INFO] [stdout]    |             ^^^^^^^^^ not found in this scope
[INFO] [stdout] 
[INFO] [stdout] 
[INFO] [stdout] warning: unused import: `std::cell::Cell`
[INFO] [stdout]  --> verify/src/index.rs:4:5
[INFO] [stdout]   |
[INFO] [stdout] 4 | use std::cell::Cell;
[INFO] [stdout]   |     ^^^^^^^^^^^^^^^
[INFO] [stdout]   |
[INFO] [stdout]   = note: `#[warn(unused_imports)]` on by default
[INFO] [stdout] 
[INFO] [stdout] 
[INFO] [stdout] error[E0283]: type annotations needed
[INFO] [stdout]    --> verify/src/index.rs:29:5
[INFO] [stdout]     |
[INFO] [stdout] 27  | #[derive(Debug, Default)]
[INFO] [stdout]     |                 ------- in this derive macro expansion
[INFO] [stdout] 28  | pub struct PackStats {
[INFO] [stdout] 29  |     pub referenced: Counter,
[INFO] [stdout]     |     ^^^^^^^^^^^^^^^^^^^^^^^ cannot infer type
[INFO] [stdout]     |
[INFO] [stdout]     = note: cannot satisfy `_: Default`
[INFO] [stdout] note: required by `std::default::Default::default`
[INFO] [stdout]     = note: this error originates in the derive macro `Default` (in Nightly builds, run with -Z macro-backtrace for more info)
[INFO] [stdout] 
[INFO] [stdout] 
[INFO] [stdout] error: aborting due to 5 previous errors; 1 warning emitted
[INFO] [stdout] 
[INFO] [stdout] 
[INFO] [stdout] Some errors have detailed explanations: E0283, E0412, E0425.
[INFO] [stdout] 
[INFO] [stdout] For more information about an error, try `rustc --explain E0283`.
[INFO] [stdout] 
[INFO] [stdout] error[E0283]: type annotations needed
[INFO] [stdout]    --> verify/src/index.rs:29:5
[INFO] [stdout]     |
[INFO] [stdout] 27  | #[derive(Debug, Default)]
[INFO] [stdout]     |                 ------- in this derive macro expansion
[INFO] [stdout] 28  | pub struct PackStats {
[INFO] [stdout] 29  |     pub referenced: Counter,
[INFO] [stdout]     |     ^^^^^^^^^^^^^^^^^^^^^^^ cannot infer type
[INFO] [stdout]     |
[INFO] [stdout]     = note: cannot satisfy `_: Default`
[INFO] [stdout] note: required by `std::default::Default::default`
[INFO] [stdout]     = note: this error originates in the derive macro `Default` (in Nightly builds, run with -Z macro-backtrace for more info)
[INFO] [stdout] 
[INFO] [stdout] 
[INFO] [stderr] error: could not compile `verify` due to 6 previous errors; 1 warning emitted
[INFO] [stderr] warning: build failed, waiting for other jobs to finish...
[INFO] [stdout] error: aborting due to 5 previous errors; 1 warning emitted
[INFO] [stdout] 
[INFO] [stdout] 
[INFO] [stdout] Some errors have detailed explanations: E0283, E0412, E0425.
[INFO] [stdout] 
[INFO] [stdout] For more information about an error, try `rustc --explain E0283`.
[INFO] [stdout] 
[INFO] [stderr] error: build failed
[INFO] running `Command { std: "docker" "inspect" "ce66f798edd6f2e3aa42b59a8d3e358f921460919d6a57ecfa50500d561799e5", kill_on_drop: false }`
[INFO] running `Command { std: "docker" "rm" "-f" "ce66f798edd6f2e3aa42b59a8d3e358f921460919d6a57ecfa50500d561799e5", kill_on_drop: false }`
[INFO] [stdout] ce66f798edd6f2e3aa42b59a8d3e358f921460919d6a57ecfa50500d561799e5
