[INFO] cloning repository https://github.com/echochamber/tinkering
[INFO] running `Command { std: "git" "-c" "credential.helper=" "-c" "credential.helper=/workspace/cargo-home/bin/git-credential-null" "clone" "--bare" "https://github.com/echochamber/tinkering" "/workspace/cache/git-repos/https%3A%2F%2Fgithub.com%2Fechochamber%2Ftinkering", kill_on_drop: false }`
[INFO] [stderr] Cloning into bare repository '/workspace/cache/git-repos/https%3A%2F%2Fgithub.com%2Fechochamber%2Ftinkering'...
[INFO] running `Command { std: "git" "rev-parse" "HEAD", kill_on_drop: false }`
[INFO] [stdout] 8e17f3360b516c74c1388059fa3c708a33ac4b6b
[INFO] checking echochamber/tinkering against beta-2021-10-15 for beta-1.56-3
[INFO] running `Command { std: "git" "clone" "/workspace/cache/git-repos/https%3A%2F%2Fgithub.com%2Fechochamber%2Ftinkering" "/workspace/builds/worker-116/source", kill_on_drop: false }`
[INFO] [stderr] Cloning into '/workspace/builds/worker-116/source'...
[INFO] [stderr] done.
[INFO] validating manifest of git repo https://github.com/echochamber/tinkering on toolchain beta-2021-10-15
[INFO] running `Command { std: "/workspace/cargo-home/bin/cargo" "+beta-2021-10-15" "metadata" "--manifest-path" "Cargo.toml" "--no-deps", kill_on_drop: false }`
[INFO] started tweaking git repo https://github.com/echochamber/tinkering
[INFO] finished tweaking git repo https://github.com/echochamber/tinkering
[INFO] tweaked toml for git repo https://github.com/echochamber/tinkering written to /workspace/builds/worker-116/source/Cargo.toml
[INFO] crate git repo https://github.com/echochamber/tinkering already has a lockfile, it will not be regenerated
[INFO] running `Command { std: "/workspace/cargo-home/bin/cargo" "+beta-2021-10-15" "fetch" "--manifest-path" "Cargo.toml", kill_on_drop: false }`
[INFO] running `Command { std: "docker" "create" "-v" "/var/lib/crater-agent-workspace/builds/worker-116/target:/opt/rustwide/target:rw,Z" "-v" "/var/lib/crater-agent-workspace/builds/worker-116/source:/opt/rustwide/workdir:ro,Z" "-v" "/var/lib/crater-agent-workspace/cargo-home:/opt/rustwide/cargo-home:ro,Z" "-v" "/var/lib/crater-agent-workspace/rustup-home:/opt/rustwide/rustup-home:ro,Z" "-e" "SOURCE_DIR=/opt/rustwide/workdir" "-e" "CARGO_TARGET_DIR=/opt/rustwide/target" "-e" "CARGO_HOME=/opt/rustwide/cargo-home" "-e" "RUSTUP_HOME=/opt/rustwide/rustup-home" "-w" "/opt/rustwide/workdir" "-m" "1610612736" "--user" "0:0" "--network" "none" "ghcr.io/rust-lang/crates-build-env/linux@sha256:a89201d6b5b9fd45c15d5952ece0a0129e7e80cb26ec023fd59cf09bc26f1604" "/opt/rustwide/cargo-home/bin/cargo" "+beta-2021-10-15" "metadata" "--no-deps" "--format-version=1", kill_on_drop: false }`
[INFO] [stdout] f3378c096c5e5f85b02288441a5bbea4613d2ef82b90e2ecf842ccae8f954d65
[INFO] running `Command { std: "docker" "start" "-a" "f3378c096c5e5f85b02288441a5bbea4613d2ef82b90e2ecf842ccae8f954d65", kill_on_drop: false }`
[INFO] running `Command { std: "docker" "inspect" "f3378c096c5e5f85b02288441a5bbea4613d2ef82b90e2ecf842ccae8f954d65", kill_on_drop: false }`
[INFO] running `Command { std: "docker" "rm" "-f" "f3378c096c5e5f85b02288441a5bbea4613d2ef82b90e2ecf842ccae8f954d65", kill_on_drop: false }`
[INFO] [stdout] f3378c096c5e5f85b02288441a5bbea4613d2ef82b90e2ecf842ccae8f954d65
[INFO] running `Command { std: "docker" "create" "-v" "/var/lib/crater-agent-workspace/builds/worker-116/target:/opt/rustwide/target:rw,Z" "-v" "/var/lib/crater-agent-workspace/builds/worker-116/source:/opt/rustwide/workdir:ro,Z" "-v" "/var/lib/crater-agent-workspace/cargo-home:/opt/rustwide/cargo-home:ro,Z" "-v" "/var/lib/crater-agent-workspace/rustup-home:/opt/rustwide/rustup-home:ro,Z" "-e" "SOURCE_DIR=/opt/rustwide/workdir" "-e" "CARGO_TARGET_DIR=/opt/rustwide/target" "-e" "CARGO_INCREMENTAL=0" "-e" "RUST_BACKTRACE=full" "-e" "RUSTFLAGS=--cap-lints=warn" "-e" "CARGO_HOME=/opt/rustwide/cargo-home" "-e" "RUSTUP_HOME=/opt/rustwide/rustup-home" "-w" "/opt/rustwide/workdir" "-m" "1610612736" "--user" "0:0" "--network" "none" "ghcr.io/rust-lang/crates-build-env/linux@sha256:a89201d6b5b9fd45c15d5952ece0a0129e7e80cb26ec023fd59cf09bc26f1604" "/opt/rustwide/cargo-home/bin/cargo" "+beta-2021-10-15" "check" "--frozen" "--all" "--all-targets" "--message-format=json", kill_on_drop: false }`
[INFO] [stdout] f3e4032a9f3de43e4fdba284943efd9e607037332e47707cab8eac6c29f79863
[INFO] running `Command { std: "docker" "start" "-a" "f3e4032a9f3de43e4fdba284943efd9e607037332e47707cab8eac6c29f79863", kill_on_drop: false }`
[INFO] [stderr]     Blocking waiting for file lock on package cache
[INFO] [stderr]     Checking libc v0.2.33
[INFO] [stderr]     Checking cfg-if v0.1.2
[INFO] [stderr]    Compiling cc v1.0.3
[INFO] [stderr]     Checking byteorder v1.1.0
[INFO] [stderr]     Checking log v0.3.8
[INFO] [stderr]     Checking unicode-width v0.1.4
[INFO] [stderr]     Checking lazycell v0.5.1
[INFO] [stderr]     Checking futures v0.1.17
[INFO] [stderr]     Checking slab v0.3.0
[INFO] [stderr]     Checking rustc-demangle v0.1.5
[INFO] [stderr]     Checking scoped-tls v0.1.0
[INFO] [stderr]     Checking slab v0.4.0
[INFO] [stderr]     Checking ansi_term v0.9.0
[INFO] [stderr]     Checking strsim v0.6.0
[INFO] [stderr]     Checking bitflags v0.9.1
[INFO] [stderr]     Checking vec_map v0.8.0
[INFO] [stderr]     Checking textwrap v0.9.0
[INFO] [stderr]     Checking iovec v0.1.1
[INFO] [stderr]     Checking net2 v0.2.31
[INFO] [stderr]     Checking atty v0.2.3
[INFO] [stderr]     Checking termion v1.5.1
[INFO] [stderr]    Compiling backtrace-sys v0.1.16
[INFO] [stderr]     Checking clap v2.27.1
[INFO] [stderr]     Checking bytes v0.4.5
[INFO] [stderr]     Checking tokio-io v0.1.4
[INFO] [stderr]     Checking mio v0.6.11
[INFO] [stderr]     Checking tokio-core v0.1.10
[INFO] [stderr]     Checking backtrace v0.3.4
[INFO] [stderr]     Checking error-chain v0.11.0
[INFO] [stderr]     Checking echo-edit v0.1.0 (/opt/rustwide/workdir)
[INFO] [stdout] error[E0554]: `#![feature]` may not be used on the beta release channel
[INFO] [stdout]  --> src/main.rs:1:1
[INFO] [stdout]   |
[INFO] [stdout] 1 | #![feature(io)]
[INFO] [stdout]   | ^^^^^^^^^^^^^^^
[INFO] [stdout] 
[INFO] [stdout] 
[INFO] [stdout] warning: unused `#[macro_use]` import
[INFO] [stdout]  --> src/main.rs:7:1
[INFO] [stdout]   |
[INFO] [stdout] 7 | #[macro_use]
[INFO] [stdout]   | ^^^^^^^^^^^^
[INFO] [stdout]   |
[INFO] [stdout]   = note: `#[warn(unused_imports)]` on by default
[INFO] [stdout] 
[INFO] [stdout] 
[INFO] [stdout] warning: unused imports: `BufRead`, `Cursor`
[INFO] [stdout]   --> src/main.rs:12:28
[INFO] [stdout]    |
[INFO] [stdout] 12 | use std::io::{Write, Read, BufRead, Cursor, self};
[INFO] [stdout]    |                            ^^^^^^^  ^^^^^^
[INFO] [stdout] 
[INFO] [stdout] 
[INFO] [stdout] warning: unused import: `std::char::from_u32`
[INFO] [stdout]   --> src/main.rs:16:5
[INFO] [stdout]    |
[INFO] [stdout] 16 | use std::char::from_u32;
[INFO] [stdout]    |     ^^^^^^^^^^^^^^^^^^^
[INFO] [stdout] 
[INFO] [stdout] 
[INFO] [stdout] error[E0554]: `#![feature]` may not be used on the beta release channel
[INFO] [stdout]  --> src/main.rs:1:1
[INFO] [stdout]   |
[INFO] [stdout] 1 | #![feature(io)]
[INFO] [stdout]   | ^^^^^^^^^^^^^^^
[INFO] [stdout] 
[INFO] [stdout] 
[INFO] [stdout] warning: unused `#[macro_use]` import
[INFO] [stdout]  --> src/main.rs:7:1
[INFO] [stdout]   |
[INFO] [stdout] 7 | #[macro_use]
[INFO] [stdout]   | ^^^^^^^^^^^^
[INFO] [stdout]   |
[INFO] [stdout]   = note: `#[warn(unused_imports)]` on by default
[INFO] [stdout] 
[INFO] [stdout] 
[INFO] [stdout] warning: unused imports: `BufRead`, `Cursor`
[INFO] [stdout]   --> src/main.rs:12:28
[INFO] [stdout]    |
[INFO] [stdout] 12 | use std::io::{Write, Read, BufRead, Cursor, self};
[INFO] [stdout]    |                            ^^^^^^^  ^^^^^^
[INFO] [stdout] 
[INFO] [stdout] 
[INFO] [stdout] warning: unused import: `std::char::from_u32`
[INFO] [stdout]   --> src/main.rs:16:5
[INFO] [stdout]    |
[INFO] [stdout] 16 | use std::char::from_u32;
[INFO] [stdout]    |     ^^^^^^^^^^^^^^^^^^^
[INFO] [stdout] 
[INFO] [stdout] 
[INFO] [stdout] error[E0599]: no method named `chars` found for struct `Stdin` in the current scope
[INFO] [stdout]   --> src/main.rs:82:32
[INFO] [stdout]    |
[INFO] [stdout] 82 |     for my_char in io::stdin().chars() {
[INFO] [stdout]    |                                ^^^^^ method not found in `Stdin`
[INFO] [stdout] 
[INFO] [stdout] 
[INFO] [stdout] error: aborting due to 2 previous errors; 3 warnings emitted
[INFO] [stdout] 
[INFO] [stdout] 
[INFO] [stdout] Some errors have detailed explanations: E0554, E0599.
[INFO] [stdout] 
[INFO] [stdout] For more information about an error, try `rustc --explain E0554`.
[INFO] [stdout] 
[INFO] [stdout] error[E0599]: no method named `chars` found for struct `Stdin` in the current scope
[INFO] [stdout]   --> src/main.rs:82:32
[INFO] [stdout]    |
[INFO] [stdout] 82 |     for my_char in io::stdin().chars() {
[INFO] [stdout]    |                                ^^^^^ method not found in `Stdin`
[INFO] [stdout] 
[INFO] [stdout] 
[INFO] [stdout] error: aborting due to 2 previous errors; 3 warnings emitted
[INFO] [stdout] 
[INFO] [stdout] 
[INFO] [stdout] Some errors have detailed explanations: E0554, E0599.
[INFO] [stdout] 
[INFO] [stdout] For more information about an error, try `rustc --explain E0554`.
[INFO] [stdout] 
[INFO] [stderr] error: could not compile `echo-edit` due to 3 previous errors; 3 warnings emitted
[INFO] [stderr] warning: build failed, waiting for other jobs to finish...
[INFO] [stderr] error: build failed
[INFO] running `Command { std: "docker" "inspect" "f3e4032a9f3de43e4fdba284943efd9e607037332e47707cab8eac6c29f79863", kill_on_drop: false }`
[INFO] running `Command { std: "docker" "rm" "-f" "f3e4032a9f3de43e4fdba284943efd9e607037332e47707cab8eac6c29f79863", kill_on_drop: false }`
[INFO] [stdout] f3e4032a9f3de43e4fdba284943efd9e607037332e47707cab8eac6c29f79863
