[INFO] cloning repository https://github.com/dwbrite/briteplayer
[INFO] running `Command { std: "git" "-c" "credential.helper=" "-c" "credential.helper=/workspace/cargo-home/bin/git-credential-null" "clone" "--bare" "https://github.com/dwbrite/briteplayer" "/workspace/cache/git-repos/https%3A%2F%2Fgithub.com%2Fdwbrite%2Fbriteplayer", kill_on_drop: false }`
[INFO] [stderr] Cloning into bare repository '/workspace/cache/git-repos/https%3A%2F%2Fgithub.com%2Fdwbrite%2Fbriteplayer'...
[INFO] running `Command { std: "git" "rev-parse" "HEAD", kill_on_drop: false }`
[INFO] [stdout] 42e622d65d899addd4fa6b0cd4586799a3a8a656
[INFO] checking dwbrite/briteplayer against beta-2021-10-15 for beta-1.56-3
[INFO] running `Command { std: "git" "clone" "/workspace/cache/git-repos/https%3A%2F%2Fgithub.com%2Fdwbrite%2Fbriteplayer" "/workspace/builds/worker-76/source", kill_on_drop: false }`
[INFO] [stderr] Cloning into '/workspace/builds/worker-76/source'...
[INFO] [stderr] done.
[INFO] validating manifest of git repo https://github.com/dwbrite/briteplayer on toolchain beta-2021-10-15
[INFO] running `Command { std: "/workspace/cargo-home/bin/cargo" "+beta-2021-10-15" "metadata" "--manifest-path" "Cargo.toml" "--no-deps", kill_on_drop: false }`
[INFO] started tweaking git repo https://github.com/dwbrite/briteplayer
[INFO] finished tweaking git repo https://github.com/dwbrite/briteplayer
[INFO] tweaked toml for git repo https://github.com/dwbrite/briteplayer written to /workspace/builds/worker-76/source/Cargo.toml
[INFO] crate git repo https://github.com/dwbrite/briteplayer already has a lockfile, it will not be regenerated
[INFO] running `Command { std: "/workspace/cargo-home/bin/cargo" "+beta-2021-10-15" "fetch" "--manifest-path" "Cargo.toml", kill_on_drop: false }`
[INFO] [stderr]  Downloading crates ...
[INFO] [stderr]   Downloaded gtk v0.9.0
[INFO] [stderr]   Downloaded gdk v0.13.0
[INFO] [stderr]   Downloaded muldiv v0.2.1
[INFO] [stderr]   Downloaded pretty-hex v0.1.1
[INFO] [stderr]   Downloaded pango v0.9.0
[INFO] [stderr]   Downloaded gio v0.9.0
[INFO] [stderr]   Downloaded gio-sys v0.10.0
[INFO] [stderr]   Downloaded gstreamer-sys v0.9.0
[INFO] [stderr]   Downloaded gstreamer v0.16.1
[INFO] running `Command { std: "docker" "create" "-v" "/var/lib/crater-agent-workspace/builds/worker-76/target:/opt/rustwide/target:rw,Z" "-v" "/var/lib/crater-agent-workspace/builds/worker-76/source:/opt/rustwide/workdir:ro,Z" "-v" "/var/lib/crater-agent-workspace/cargo-home:/opt/rustwide/cargo-home:ro,Z" "-v" "/var/lib/crater-agent-workspace/rustup-home:/opt/rustwide/rustup-home:ro,Z" "-e" "SOURCE_DIR=/opt/rustwide/workdir" "-e" "CARGO_TARGET_DIR=/opt/rustwide/target" "-e" "CARGO_HOME=/opt/rustwide/cargo-home" "-e" "RUSTUP_HOME=/opt/rustwide/rustup-home" "-w" "/opt/rustwide/workdir" "-m" "1610612736" "--user" "0:0" "--network" "none" "ghcr.io/rust-lang/crates-build-env/linux@sha256:a89201d6b5b9fd45c15d5952ece0a0129e7e80cb26ec023fd59cf09bc26f1604" "/opt/rustwide/cargo-home/bin/cargo" "+beta-2021-10-15" "metadata" "--no-deps" "--format-version=1", kill_on_drop: false }`
[INFO] [stdout] 91e850e104bc8e73d756de3c40e4b898969198dda1d73531a781ace2e678c2c1
[INFO] running `Command { std: "docker" "start" "-a" "91e850e104bc8e73d756de3c40e4b898969198dda1d73531a781ace2e678c2c1", kill_on_drop: false }`
[INFO] running `Command { std: "docker" "inspect" "91e850e104bc8e73d756de3c40e4b898969198dda1d73531a781ace2e678c2c1", kill_on_drop: false }`
[INFO] running `Command { std: "docker" "rm" "-f" "91e850e104bc8e73d756de3c40e4b898969198dda1d73531a781ace2e678c2c1", kill_on_drop: false }`
[INFO] [stdout] 91e850e104bc8e73d756de3c40e4b898969198dda1d73531a781ace2e678c2c1
[INFO] running `Command { std: "docker" "create" "-v" "/var/lib/crater-agent-workspace/builds/worker-76/target:/opt/rustwide/target:rw,Z" "-v" "/var/lib/crater-agent-workspace/builds/worker-76/source:/opt/rustwide/workdir:ro,Z" "-v" "/var/lib/crater-agent-workspace/cargo-home:/opt/rustwide/cargo-home:ro,Z" "-v" "/var/lib/crater-agent-workspace/rustup-home:/opt/rustwide/rustup-home:ro,Z" "-e" "SOURCE_DIR=/opt/rustwide/workdir" "-e" "CARGO_TARGET_DIR=/opt/rustwide/target" "-e" "CARGO_INCREMENTAL=0" "-e" "RUST_BACKTRACE=full" "-e" "RUSTFLAGS=--cap-lints=warn" "-e" "CARGO_HOME=/opt/rustwide/cargo-home" "-e" "RUSTUP_HOME=/opt/rustwide/rustup-home" "-w" "/opt/rustwide/workdir" "-m" "1610612736" "--user" "0:0" "--network" "none" "ghcr.io/rust-lang/crates-build-env/linux@sha256:a89201d6b5b9fd45c15d5952ece0a0129e7e80cb26ec023fd59cf09bc26f1604" "/opt/rustwide/cargo-home/bin/cargo" "+beta-2021-10-15" "check" "--frozen" "--all" "--all-targets" "--message-format=json", kill_on_drop: false }`
[INFO] [stdout] 671edebfedbc98fbfcf0f2bf4b422e859e610a5d2982397240973409bf9eb9c9
[INFO] running `Command { std: "docker" "start" "-a" "671edebfedbc98fbfcf0f2bf4b422e859e610a5d2982397240973409bf9eb9c9", kill_on_drop: false }`
[INFO] [stderr]     Blocking waiting for file lock on package cache
[INFO] [stderr]    Compiling proc-macro2 v1.0.18
[INFO] [stderr]    Compiling unicode-xid v0.2.1
[INFO] [stderr]    Compiling syn v1.0.34
[INFO] [stderr]    Compiling pkg-config v0.3.18
[INFO] [stderr]    Compiling serde v1.0.114
[INFO] [stderr]    Compiling unicode-segmentation v1.6.0
[INFO] [stderr]    Compiling strum v0.18.0
[INFO] [stderr]    Compiling libc v0.2.72
[INFO] [stderr]    Compiling version_check v0.9.2
[INFO] [stderr]    Compiling pin-project-internal v0.4.22
[INFO] [stderr]    Compiling memchr v2.3.3
[INFO] [stderr]    Compiling proc-macro-hack v0.5.16
[INFO] [stderr]    Compiling proc-macro-nested v0.1.6
[INFO] [stderr]    Compiling autocfg v1.0.0
[INFO] [stderr]     Checking once_cell v1.4.0
[INFO] [stderr]     Checking futures-core v0.3.5
[INFO] [stderr]     Checking futures-sink v0.3.5
[INFO] [stderr]     Checking pin-utils v0.1.0
[INFO] [stderr]     Checking futures-io v0.3.5
[INFO] [stderr]     Checking slab v0.4.2
[INFO] [stderr]    Compiling anyhow v1.0.31
[INFO] [stderr]    Compiling either v1.5.3
[INFO] [stderr]    Compiling cc v1.0.58
[INFO] [stderr]    Compiling gio v0.9.0
[INFO] [stderr]     Checking cfg-if v0.1.10
[INFO] [stderr]    Compiling pango v0.9.0
[INFO] [stderr]    Compiling gdk-pixbuf v0.9.0
[INFO] [stderr]    Compiling cairo-rs v0.9.1
[INFO] [stderr]    Compiling atk v0.9.0
[INFO] [stderr]    Compiling gdk v0.13.0
[INFO] [stderr]     Checking linked-hash-map v0.5.3
[INFO] [stderr]    Compiling gstreamer v0.16.1
[INFO] [stderr]     Checking muldiv v0.2.1
[INFO] [stderr]     Checking pretty-hex v0.1.1
[INFO] [stderr]     Checking fallible-iterator v0.2.0
[INFO] [stderr]     Checking fallible-streaming-iterator v0.1.9
[INFO] [stderr]    Compiling paste-impl v0.1.18
[INFO] [stderr]    Compiling itertools v0.9.0
[INFO] [stderr]     Checking futures-channel v0.3.5
[INFO] [stderr]     Checking paste v0.1.18
[INFO] [stderr]     Checking futures-task v0.3.5
[INFO] [stderr]    Compiling proc-macro-error-attr v1.0.3
[INFO] [stderr]    Compiling proc-macro-error v1.0.3
[INFO] [stderr]    Compiling num-traits v0.2.12
[INFO] [stderr]    Compiling num-integer v0.1.43
[INFO] [stderr]    Compiling num-rational v0.3.0
[INFO] [stderr]    Compiling crossbeam-utils v0.7.2
[INFO] [stderr]     Checking lru-cache v0.1.2
[INFO] [stderr]     Checking linked_hash_set v0.1.4
[INFO] [stderr]    Compiling heck v0.3.1
[INFO] [stderr]    Compiling libsqlite3-sys v0.17.3
[INFO] [stderr]    Compiling gtk v0.9.0
[INFO] [stderr]    Compiling ncurses v5.99.0
[INFO] [stderr]    Compiling quote v1.0.7
[INFO] [stderr]     Checking dirs-sys-next v0.1.0
[INFO] [stderr]     Checking time v0.1.43
[INFO] [stderr]    Compiling toml v0.5.6
[INFO] [stderr]     Checking directories-next v1.0.1
[INFO] [stderr]     Checking crossbeam-channel v0.4.3
[INFO] [stderr]    Compiling proc-macro-crate v0.1.5
[INFO] [stderr]    Compiling syn-mid v0.5.0
[INFO] [stderr]     Checking rusqlite v0.21.0
[INFO] [stderr]    Compiling thiserror-impl v1.0.20
[INFO] [stderr]    Compiling strum_macros v0.18.0
[INFO] [stderr]    Compiling futures-macro v0.3.5
[INFO] [stderr]    Compiling glib-macros v0.10.1
[INFO] [stderr]    Compiling thiserror v1.0.20
[INFO] [stderr]    Compiling system-deps v1.3.2
[INFO] [stderr]     Checking pin-project v0.4.22
[INFO] [stderr]    Compiling glib-sys v0.10.0
[INFO] [stderr]    Compiling gobject-sys v0.10.0
[INFO] [stderr]    Compiling gio-sys v0.10.0
[INFO] [stderr]    Compiling gdk-pixbuf-sys v0.10.0
[INFO] [stderr]    Compiling cairo-sys-rs v0.10.0
[INFO] [stderr]    Compiling pango-sys v0.10.0
[INFO] [stderr]    Compiling atk-sys v0.10.0
[INFO] [stderr]    Compiling gdk-sys v0.10.0
[INFO] [stderr]    Compiling gtk-sys v0.10.0
[INFO] [stderr]    Compiling gstreamer-sys v0.9.0
[INFO] [stderr]     Checking futures-util v0.3.5
[INFO] [stderr]     Checking futures-executor v0.3.5
[INFO] [stderr]     Checking glib v0.10.1
[INFO] [stderr]     Checking futures v0.3.5
[INFO] [stderr]     Checking briteplayer v0.1.0 (/opt/rustwide/workdir)
[INFO] [stdout] error[E0583]: file not found for module `core`
[INFO] [stdout]  --> src/main.rs:1:1
[INFO] [stdout]   |
[INFO] [stdout] 1 | mod core;
[INFO] [stdout]   | ^^^^^^^^^
[INFO] [stdout]   |
[INFO] [stdout]   = help: to create the module `core`, create file "src/core.rs" or "src/core/mod.rs"
[INFO] [stdout] 
[INFO] [stdout] 
[INFO] [stdout] error[E0583]: file not found for module `core`
[INFO] [stdout]  --> src/main.rs:1:1
[INFO] [stdout]   |
[INFO] [stdout] 1 | mod core;
[INFO] [stdout]   | ^^^^^^^^^
[INFO] [stdout]   |
[INFO] [stdout]   = help: to create the module `core`, create file "src/core.rs" or "src/core/mod.rs"
[INFO] [stdout] 
[INFO] [stdout] 
[INFO] [stdout] error[E0433]: failed to resolve: could not find `scene` in `core`
[INFO] [stdout]  --> src/main.rs:3:18
[INFO] [stdout]   |
[INFO] [stdout] 3 | use crate::core::scene::music::Music;
[INFO] [stdout]   |                  ^^^^^ could not find `scene` in `core`
[INFO] [stdout] 
[INFO] [stdout] 
[INFO] [stdout] error[E0433]: failed to resolve: could not find `scene` in `core`
[INFO] [stdout]  --> src/main.rs:4:18
[INFO] [stdout]   |
[INFO] [stdout] 4 | use crate::core::scene::spacecasts::Spacecast;
[INFO] [stdout]   |                  ^^^^^ could not find `scene` in `core`
[INFO] [stdout] 
[INFO] [stdout] 
[INFO] [stdout] error[E0432]: unresolved import `crate::core::universe`
[INFO] [stdout]  --> src/main.rs:5:5
[INFO] [stdout]   |
[INFO] [stdout] 5 | use crate::core::universe;
[INFO] [stdout]   |     ^^^^^^^^^^^^^^^^^^^^^ no `universe` in `core`
[INFO] [stdout] 
[INFO] [stdout] 
[INFO] [stdout] error[E0432]: unresolved import `crate::core::universe`
[INFO] [stdout]  --> src/main.rs:6:18
[INFO] [stdout]   |
[INFO] [stdout] 6 | use crate::core::universe::{Universe, UniverseMsg};
[INFO] [stdout]   |                  ^^^^^^^^ could not find `universe` in `core`
[INFO] [stdout] 
[INFO] [stdout] 
[INFO] [stdout] error[E0433]: failed to resolve: could not find `scene` in `core`
[INFO] [stdout]  --> src/main.rs:3:18
[INFO] [stdout]   |
[INFO] [stdout] 3 | use crate::core::scene::music::Music;
[INFO] [stdout]   |                  ^^^^^ could not find `scene` in `core`
[INFO] [stdout] 
[INFO] [stdout] 
[INFO] [stdout] error[E0433]: failed to resolve: could not find `scene` in `core`
[INFO] [stdout]  --> src/main.rs:4:18
[INFO] [stdout]   |
[INFO] [stdout] 4 | use crate::core::scene::spacecasts::Spacecast;
[INFO] [stdout]   |                  ^^^^^ could not find `scene` in `core`
[INFO] [stdout] 
[INFO] [stdout] 
[INFO] [stdout] error[E0432]: unresolved import `crate::core::universe`
[INFO] [stdout]  --> src/main.rs:5:5
[INFO] [stdout]   |
[INFO] [stdout] 5 | use crate::core::universe;
[INFO] [stdout]   |     ^^^^^^^^^^^^^^^^^^^^^ no `universe` in `core`
[INFO] [stdout] 
[INFO] [stdout] 
[INFO] [stdout] error[E0432]: unresolved import `crate::core::universe`
[INFO] [stdout]  --> src/main.rs:6:18
[INFO] [stdout]   |
[INFO] [stdout] 6 | use crate::core::universe::{Universe, UniverseMsg};
[INFO] [stdout]   |                  ^^^^^^^^ could not find `universe` in `core`
[INFO] [stdout] 
[INFO] [stdout] 
[INFO] [stdout] error[E0433]: failed to resolve: could not find `nav` in `core`
[INFO] [stdout]   --> src/main.rs:65:24
[INFO] [stdout]    |
[INFO] [stdout] 65 |     let navbar = core::nav::Nav::new(tx);
[INFO] [stdout]    |                        ^^^ could not find `nav` in `core`
[INFO] [stdout] 
[INFO] [stdout] 
[INFO] [stdout] error[E0433]: failed to resolve: use of undeclared type `Music`
[INFO] [stdout]   --> src/main.rs:67:30
[INFO] [stdout]    |
[INFO] [stdout] 67 |     let test_scene = Rc::new(Music::init());
[INFO] [stdout]    |                              ^^^^^ use of undeclared type `Music`
[INFO] [stdout] 
[INFO] [stdout] 
[INFO] [stdout] error[E0433]: failed to resolve: use of undeclared type `Spacecast`
[INFO] [stdout]   --> src/main.rs:72:28
[INFO] [stdout]    |
[INFO] [stdout] 72 |         .add_scene(Rc::new(Spacecast::init()))
[INFO] [stdout]    |                            ^^^^^^^^^ use of undeclared type `Spacecast`
[INFO] [stdout] 
[INFO] [stdout] 
[INFO] [stdout] warning: unused import: `glib::Continue`
[INFO] [stdout]   --> src/main.rs:12:5
[INFO] [stdout]    |
[INFO] [stdout] 12 | use glib::Continue;
[INFO] [stdout]    |     ^^^^^^^^^^^^^^
[INFO] [stdout]    |
[INFO] [stdout]    = note: `#[warn(unused_imports)]` on by default
[INFO] [stdout] 
[INFO] [stdout] 
[INFO] [stdout] warning: unused import: `std::thread::sleep`
[INFO] [stdout]   --> src/main.rs:16:5
[INFO] [stdout]    |
[INFO] [stdout] 16 | use std::thread::sleep;
[INFO] [stdout]    |     ^^^^^^^^^^^^^^^^^^
[INFO] [stdout] 
[INFO] [stdout] 
[INFO] [stdout] warning: unused import: `std::time::Duration`
[INFO] [stdout]   --> src/main.rs:17:5
[INFO] [stdout]    |
[INFO] [stdout] 17 | use std::time::Duration;
[INFO] [stdout]    |     ^^^^^^^^^^^^^^^^^^^
[INFO] [stdout] 
[INFO] [stdout] 
[INFO] [stdout] error[E0433]: failed to resolve: could not find `nav` in `core`
[INFO] [stdout]   --> src/main.rs:65:24
[INFO] [stdout]    |
[INFO] [stdout] 65 |     let navbar = core::nav::Nav::new(tx);
[INFO] [stdout]    |                        ^^^ could not find `nav` in `core`
[INFO] [stdout] 
[INFO] [stdout] 
[INFO] [stdout] error[E0433]: failed to resolve: use of undeclared type `Music`
[INFO] [stdout]   --> src/main.rs:67:30
[INFO] [stdout]    |
[INFO] [stdout] 67 |     let test_scene = Rc::new(Music::init());
[INFO] [stdout]    |                              ^^^^^ use of undeclared type `Music`
[INFO] [stdout] 
[INFO] [stdout] 
[INFO] [stdout] error[E0433]: failed to resolve: use of undeclared type `Spacecast`
[INFO] [stdout]   --> src/main.rs:72:28
[INFO] [stdout]    |
[INFO] [stdout] 72 |         .add_scene(Rc::new(Spacecast::init()))
[INFO] [stdout]    |                            ^^^^^^^^^ use of undeclared type `Spacecast`
[INFO] [stdout] 
[INFO] [stdout] 
[INFO] [stdout] warning: unused import: `glib::Continue`
[INFO] [stdout]   --> src/main.rs:12:5
[INFO] [stdout]    |
[INFO] [stdout] 12 | use glib::Continue;
[INFO] [stdout]    |     ^^^^^^^^^^^^^^
[INFO] [stdout]    |
[INFO] [stdout]    = note: `#[warn(unused_imports)]` on by default
[INFO] [stdout] 
[INFO] [stdout] 
[INFO] [stdout] warning: unused import: `std::thread::sleep`
[INFO] [stdout]   --> src/main.rs:16:5
[INFO] [stdout]    |
[INFO] [stdout] 16 | use std::thread::sleep;
[INFO] [stdout]    |     ^^^^^^^^^^^^^^^^^^
[INFO] [stdout] 
[INFO] [stdout] 
[INFO] [stdout] warning: unused import: `std::time::Duration`
[INFO] [stdout]   --> src/main.rs:17:5
[INFO] [stdout]    |
[INFO] [stdout] 17 | use std::time::Duration;
[INFO] [stdout]    |     ^^^^^^^^^^^^^^^^^^^
[INFO] [stdout] 
[INFO] [stdout] 
[INFO] [stdout] error[E0599]: no method named `clone` found for struct `Rc<_>` in the current scope
[INFO] [stdout]   --> src/main.rs:71:31
[INFO] [stdout]    |
[INFO] [stdout] 71 |         .add_scene(test_scene.clone())
[INFO] [stdout]    |                               ^^^^^ method not found in `Rc<_>`
[INFO] [stdout]    |
[INFO] [stdout]    = note: `test_scene` is a function, perhaps you wish to call it
[INFO] [stdout] 
[INFO] [stdout] 
[INFO] [stdout] warning: unused import: `gtk::WidgetExt`
[INFO] [stdout]   --> src/main.rs:14:5
[INFO] [stdout]    |
[INFO] [stdout] 14 | use gtk::WidgetExt;
[INFO] [stdout]    |     ^^^^^^^^^^^^^^
[INFO] [stdout] 
[INFO] [stdout] 
[INFO] [stdout] error: aborting due to 9 previous errors; 4 warnings emitted
[INFO] [stdout] 
[INFO] [stdout] 
[INFO] [stdout] Some errors have detailed explanations: E0432, E0433, E0583, E0599.
[INFO] [stdout] 
[INFO] [stdout] For more information about an error, try `rustc --explain E0432`.
[INFO] [stdout] 
[INFO] [stderr] error: could not compile `briteplayer` due to 10 previous errors; 4 warnings emitted
[INFO] [stdout] error[E0599]: no method named `clone` found for struct `Rc<_>` in the current scope
[INFO] [stdout]   --> src/main.rs:71:31
[INFO] [stdout]    |
[INFO] [stdout] 71 |         .add_scene(test_scene.clone())
[INFO] [stdout]    |                               ^^^^^ method not found in `Rc<_>`
[INFO] [stdout]    |
[INFO] [stdout]    = note: `test_scene` is a function, perhaps you wish to call it
[INFO] [stdout] 
[INFO] [stdout] 
[INFO] [stderr] warning: build failed, waiting for other jobs to finish...
[INFO] [stdout] warning: unused import: `gtk::WidgetExt`
[INFO] [stdout]   --> src/main.rs:14:5
[INFO] [stdout]    |
[INFO] [stdout] 14 | use gtk::WidgetExt;
[INFO] [stdout]    |     ^^^^^^^^^^^^^^
[INFO] [stdout] 
[INFO] [stdout] 
[INFO] [stdout] error: aborting due to 9 previous errors; 4 warnings emitted
[INFO] [stdout] 
[INFO] [stdout] 
[INFO] [stdout] Some errors have detailed explanations: E0432, E0433, E0583, E0599.
[INFO] [stdout] 
[INFO] [stdout] For more information about an error, try `rustc --explain E0432`.
[INFO] [stdout] 
[INFO] [stderr] error: build failed
[INFO] running `Command { std: "docker" "inspect" "671edebfedbc98fbfcf0f2bf4b422e859e610a5d2982397240973409bf9eb9c9", kill_on_drop: false }`
[INFO] running `Command { std: "docker" "rm" "-f" "671edebfedbc98fbfcf0f2bf4b422e859e610a5d2982397240973409bf9eb9c9", kill_on_drop: false }`
[INFO] [stdout] 671edebfedbc98fbfcf0f2bf4b422e859e610a5d2982397240973409bf9eb9c9
